I20260709 13:05:55.783167 24053 leader_election.cc:304] T 2c616d7af9db4e388a4fae2ecf756c3e P b3427f54a7c04b1ba89209448e457faa [CANDIDATE]: Term 1 pre-election: Election decided. Result: candidate won. Election summary: received 3 responses out of 3 voters: 2 yes votes; 1 no votes. yes voters: 309054581f1448e5bf28ef082134498e, b3427f54a7c04b1ba89209448e457faa; no voters: ff8db372340b404183016ce3598154e8
I20260709 13:05:55.784353 24169 raft_consensus.cc:2804] T 2c616d7af9db4e388a4fae2ecf756c3e P b3427f54a7c04b1ba89209448e457faa [term 0 FOLLOWER]: Leader pre-election won for term 1
I20260709 13:05:55.784801 24169 raft_consensus.cc:493] T 2c616d7af9db4e388a4fae2ecf756c3e P b3427f54a7c04b1ba89209448e457faa [term 0 FOLLOWER]: Starting leader election (no leader contacted us within the election timeout)
I20260709 13:05:55.785220 24169 raft_consensus.cc:3060] T 2c616d7af9db4e388a4fae2ecf756c3e P b3427f54a7c04b1ba89209448e457faa [term 0 FOLLOWER]: Advancing to term 1
I20260709 13:05:55.789530 24128 tablet_bootstrap.cc:492] T 6bd85fbaf4094bf18a0d1086a7b51573 P ff8db372340b404183016ce3598154e8: No bootstrap required, opened a new log
I20260709 13:05:55.792992 24128 ts_tablet_manager.cc:1403] T 6bd85fbaf4094bf18a0d1086a7b51573 P ff8db372340b404183016ce3598154e8: Time spent bootstrapping tablet: real 0.061s	user 0.015s	sys 0.004s
I20260709 13:05:55.797794 24197 leader_election.cc:290] T 2c616d7af9db4e388a4fae2ecf756c3e P b3427f54a7c04b1ba89209448e457faa [CANDIDATE]: Term 1 pre-election: Requested pre-vote from peers ff8db372340b404183016ce3598154e8 (127.22.70.65:35153), 309054581f1448e5bf28ef082134498e (127.22.70.66:45223)
I20260709 13:05:55.790371 24160 consensus_queue.cc:1048] T 3b55348606cb43d29f3341bc69ded078 P ff8db372340b404183016ce3598154e8 [LEADER]: Connected to new peer: Peer: permanent_uuid: "309054581f1448e5bf28ef082134498e" member_type: VOTER last_known_addr { host: "127.22.70.66" port: 45223 }, Status: LMP_MISMATCH, Last received: 0.0, Next index: 1, Last known committed idx: 0, Time since last communication: 0.009s
I20260709 13:05:55.804736 24086 tablet_service.cc:1917] Received RequestConsensusVote() RPC: tablet_id: "7b39efea3a404537bb0e6346eda89803" candidate_uuid: "ff8db372340b404183016ce3598154e8" candidate_term: 1 candidate_status { last_received { term: 0 index: 0 } } ignore_live_leader: false dest_uuid: "b3427f54a7c04b1ba89209448e457faa" is_pre_election: true
W20260709 13:05:55.806717 23903 leader_election.cc:343] T 7b39efea3a404537bb0e6346eda89803 P ff8db372340b404183016ce3598154e8 [CANDIDATE]: Term 1 pre-election: Tablet error from VoteRequest() call to peer b3427f54a7c04b1ba89209448e457faa (127.22.70.67:40581): Illegal state: must be running to vote when last-logged opid is not known
I20260709 13:05:55.806535 24128 raft_consensus.cc:359] T 6bd85fbaf4094bf18a0d1086a7b51573 P ff8db372340b404183016ce3598154e8 [term 0 FOLLOWER]: Replica starting. Triggering 0 pending ops. Active config: opid_index: -1 OBSOLETE_local: false peers { permanent_uuid: "ff8db372340b404183016ce3598154e8" member_type: VOTER last_known_addr { host: "127.22.70.65" port: 35153 } } peers { permanent_uuid: "309054581f1448e5bf28ef082134498e" member_type: VOTER last_known_addr { host: "127.22.70.66" port: 45223 } } peers { permanent_uuid: "b3427f54a7c04b1ba89209448e457faa" member_type: VOTER last_known_addr { host: "127.22.70.67" port: 40581 } }
I20260709 13:05:55.807268 24128 raft_consensus.cc:385] T 6bd85fbaf4094bf18a0d1086a7b51573 P ff8db372340b404183016ce3598154e8 [term 0 FOLLOWER]: Consensus starting up: Expiring failure detector timer to make a prompt election more likely
I20260709 13:05:55.807653 24128 raft_consensus.cc:740] T 6bd85fbaf4094bf18a0d1086a7b51573 P ff8db372340b404183016ce3598154e8 [term 0 FOLLOWER]: Becoming Follower/Learner. State: Replica: ff8db372340b404183016ce3598154e8, State: Initialized, Role: FOLLOWER
I20260709 13:05:55.808494 24128 consensus_queue.cc:260] T 6bd85fbaf4094bf18a0d1086a7b51573 P ff8db372340b404183016ce3598154e8 [NON_LEADER]: Queue going to NON_LEADER mode. State: All replicated index: 0, Majority replicated index: 0, Committed index: 0, Last appended: 0.0, Last appended by leader: 0, Current term: 0, Majority size: -1, State: 0, Mode: NON_LEADER, active raft config: opid_index: -1 OBSOLETE_local: false peers { permanent_uuid: "ff8db372340b404183016ce3598154e8" member_type: VOTER last_known_addr { host: "127.22.70.65" port: 35153 } } peers { permanent_uuid: "309054581f1448e5bf28ef082134498e" member_type: VOTER last_known_addr { host: "127.22.70.66" port: 45223 } } peers { permanent_uuid: "b3427f54a7c04b1ba89209448e457faa" member_type: VOTER last_known_addr { host: "127.22.70.67" port: 40581 } }
I20260709 13:05:55.806568 24136 leader_election.cc:290] T 7b39efea3a404537bb0e6346eda89803 P ff8db372340b404183016ce3598154e8 [CANDIDATE]: Term 1 pre-election: Requested pre-vote from peers 309054581f1448e5bf28ef082134498e (127.22.70.66:45223), b3427f54a7c04b1ba89209448e457faa (127.22.70.67:40581)
I20260709 13:05:55.800256 24161 raft_consensus.cc:515] T 3c7e43435efb486a9bf13ed7de5990d8 P ff8db372340b404183016ce3598154e8 [term 1 FOLLOWER]: Starting leader election with config: opid_index: -1 OBSOLETE_local: false peers { permanent_uuid: "ff8db372340b404183016ce3598154e8" member_type: VOTER last_known_addr { host: "127.22.70.65" port: 35153 } } peers { permanent_uuid: "309054581f1448e5bf28ef082134498e" member_type: VOTER last_known_addr { host: "127.22.70.66" port: 45223 } } peers { permanent_uuid: "b3427f54a7c04b1ba89209448e457faa" member_type: VOTER last_known_addr { host: "127.22.70.67" port: 40581 } }
I20260709 13:05:55.792886 24013 tablet_service.cc:1917] Received RequestConsensusVote() RPC: tablet_id: "7b39efea3a404537bb0e6346eda89803" candidate_uuid: "ff8db372340b404183016ce3598154e8" candidate_term: 1 candidate_status { last_received { term: 0 index: 0 } } ignore_live_leader: false dest_uuid: "309054581f1448e5bf28ef082134498e" is_pre_election: true
W20260709 13:05:55.812160 23904 outbound_call.cc:321] RPC callback for RPC call kudu.consensus.ConsensusService.UpdateConsensus -> {remote=127.22.70.66:45223, user_credentials={real_user=slave}} blocked reactor thread for 51569.1us
I20260709 13:05:55.812425 24161 leader_election.cc:290] T 3c7e43435efb486a9bf13ed7de5990d8 P ff8db372340b404183016ce3598154e8 [CANDIDATE]: Term 1 election: Requested vote from peers 309054581f1448e5bf28ef082134498e (127.22.70.66:45223), b3427f54a7c04b1ba89209448e457faa (127.22.70.67:40581)
W20260709 13:05:55.813246 23903 consensus_peers.cc:597] T 3b55348606cb43d29f3341bc69ded078 P ff8db372340b404183016ce3598154e8 -> Peer b3427f54a7c04b1ba89209448e457faa (127.22.70.67:40581): Couldn't send request to peer b3427f54a7c04b1ba89209448e457faa. Error code: TABLET_NOT_RUNNING (12). Status: Illegal state: Tablet not RUNNING: BOOTSTRAPPING. This is attempt 1: this message will repeat every 5th retry.
W20260709 13:05:55.813941 23904 leader_election.cc:343] T 7b39efea3a404537bb0e6346eda89803 P ff8db372340b404183016ce3598154e8 [CANDIDATE]: Term 1 pre-election: Tablet error from VoteRequest() call to peer 309054581f1448e5bf28ef082134498e (127.22.70.66:45223): Illegal state: must be running to vote when last-logged opid is not known
I20260709 13:05:55.814438 23904 leader_election.cc:304] T 7b39efea3a404537bb0e6346eda89803 P ff8db372340b404183016ce3598154e8 [CANDIDATE]: Term 1 pre-election: Election decided. Result: candidate lost. Election summary: received 3 responses out of 3 voters: 1 yes votes; 2 no votes. yes voters: ff8db372340b404183016ce3598154e8; no voters: 309054581f1448e5bf28ef082134498e, b3427f54a7c04b1ba89209448e457faa
I20260709 13:05:55.814540 24086 tablet_service.cc:1917] Received RequestConsensusVote() RPC: tablet_id: "3c7e43435efb486a9bf13ed7de5990d8" candidate_uuid: "ff8db372340b404183016ce3598154e8" candidate_term: 1 candidate_status { last_received { term: 0 index: 0 } } ignore_live_leader: false dest_uuid: "b3427f54a7c04b1ba89209448e457faa"
I20260709 13:05:55.815177 24086 raft_consensus.cc:3060] T 3c7e43435efb486a9bf13ed7de5990d8 P b3427f54a7c04b1ba89209448e457faa [term 0 FOLLOWER]: Advancing to term 1
I20260709 13:05:55.815830 24136 raft_consensus.cc:2749] T 7b39efea3a404537bb0e6346eda89803 P ff8db372340b404183016ce3598154e8 [term 0 FOLLOWER]: Leader pre-election lost for term 1. Reason: could not achieve majority
I20260709 13:05:55.818017 24013 tablet_service.cc:1917] Received RequestConsensusVote() RPC: tablet_id: "3c7e43435efb486a9bf13ed7de5990d8" candidate_uuid: "ff8db372340b404183016ce3598154e8" candidate_term: 1 candidate_status { last_received { term: 0 index: 0 } } ignore_live_leader: false dest_uuid: "309054581f1448e5bf28ef082134498e"
W20260709 13:05:55.820251 23904 leader_election.cc:343] T 3c7e43435efb486a9bf13ed7de5990d8 P ff8db372340b404183016ce3598154e8 [CANDIDATE]: Term 1 election: Tablet error from VoteRequest() call to peer 309054581f1448e5bf28ef082134498e (127.22.70.66:45223): Illegal state: must be running to vote when last-logged opid is not known
I20260709 13:05:55.821753 24128 ts_tablet_manager.cc:1434] T 6bd85fbaf4094bf18a0d1086a7b51573 P ff8db372340b404183016ce3598154e8: Time spent starting tablet: real 0.027s	user 0.008s	sys 0.000s
I20260709 13:05:55.822808 24128 tablet_bootstrap.cc:492] T 53dcf1d3483b4dc1b4088a135e875fe7 P ff8db372340b404183016ce3598154e8: Bootstrap starting.
I20260709 13:05:55.825493 24199 consensus_queue.cc:1048] T a29fdd282e57481082b1700ab8e4fe67 P ff8db372340b404183016ce3598154e8 [LEADER]: Connected to new peer: Peer: permanent_uuid: "b3427f54a7c04b1ba89209448e457faa" member_type: VOTER last_known_addr { host: "127.22.70.67" port: 40581 }, Status: LMP_MISMATCH, Last received: 0.0, Next index: 1, Last known committed idx: 0, Time since last communication: 0.001s
I20260709 13:05:55.826676 24086 raft_consensus.cc:2468] T 3c7e43435efb486a9bf13ed7de5990d8 P b3427f54a7c04b1ba89209448e457faa [term 1 FOLLOWER]: Leader election vote request: Granting yes vote for candidate ff8db372340b404183016ce3598154e8 in term 1.
I20260709 13:05:55.828570 23903 leader_election.cc:304] T 3c7e43435efb486a9bf13ed7de5990d8 P ff8db372340b404183016ce3598154e8 [CANDIDATE]: Term 1 election: Election decided. Result: candidate won. Election summary: received 3 responses out of 3 voters: 2 yes votes; 1 no votes. yes voters: b3427f54a7c04b1ba89209448e457faa, ff8db372340b404183016ce3598154e8; no voters: 309054581f1448e5bf28ef082134498e
I20260709 13:05:55.830758 24127 tablet_bootstrap.cc:492] T a821faaff1bf4e668d435e453f73a166 P 309054581f1448e5bf28ef082134498e: No bootstrap required, opened a new log
I20260709 13:05:55.831625 24127 ts_tablet_manager.cc:1403] T a821faaff1bf4e668d435e453f73a166 P 309054581f1448e5bf28ef082134498e: Time spent bootstrapping tablet: real 0.183s	user 0.047s	sys 0.036s
I20260709 13:05:55.831892 24128 tablet_bootstrap.cc:654] T 53dcf1d3483b4dc1b4088a135e875fe7 P ff8db372340b404183016ce3598154e8: Neither blocks nor log segments found. Creating new log.
I20260709 13:05:55.833997 24161 raft_consensus.cc:2804] T 3c7e43435efb486a9bf13ed7de5990d8 P ff8db372340b404183016ce3598154e8 [term 1 FOLLOWER]: Leader election won for term 1
I20260709 13:05:55.834844 24161 raft_consensus.cc:697] T 3c7e43435efb486a9bf13ed7de5990d8 P ff8db372340b404183016ce3598154e8 [term 1 LEADER]: Becoming Leader. State: Replica: ff8db372340b404183016ce3598154e8, State: Running, Role: LEADER
I20260709 13:05:55.835851 24161 consensus_queue.cc:237] T 3c7e43435efb486a9bf13ed7de5990d8 P ff8db372340b404183016ce3598154e8 [LEADER]: Queue going to LEADER mode. State: All replicated index: 0, Majority replicated index: 0, Committed index: 0, Last appended: 0.0, Last appended by leader: 0, Current term: 1, Majority size: 2, State: 0, Mode: LEADER, active raft config: opid_index: -1 OBSOLETE_local: false peers { permanent_uuid: "ff8db372340b404183016ce3598154e8" member_type: VOTER last_known_addr { host: "127.22.70.65" port: 35153 } } peers { permanent_uuid: "309054581f1448e5bf28ef082134498e" member_type: VOTER last_known_addr { host: "127.22.70.66" port: 45223 } } peers { permanent_uuid: "b3427f54a7c04b1ba89209448e457faa" member_type: VOTER last_known_addr { host: "127.22.70.67" port: 40581 } }
I20260709 13:05:55.837118 23834 catalog_manager.cc:5697] T a821faaff1bf4e668d435e453f73a166 P b3427f54a7c04b1ba89209448e457faa reported cstate change: term changed from 0 to 1, leader changed from <none> to b3427f54a7c04b1ba89209448e457faa (127.22.70.67). New cstate: current_term: 1 leader_uuid: "b3427f54a7c04b1ba89209448e457faa" committed_config { opid_index: -1 OBSOLETE_local: false peers { permanent_uuid: "ff8db372340b404183016ce3598154e8" member_type: VOTER last_known_addr { host: "127.22.70.65" port: 35153 } health_report { overall_health: UNKNOWN } } peers { permanent_uuid: "309054581f1448e5bf28ef082134498e" member_type: VOTER last_known_addr { host: "127.22.70.66" port: 45223 } health_report { overall_health: UNKNOWN } } peers { permanent_uuid: "b3427f54a7c04b1ba89209448e457faa" member_type: VOTER last_known_addr { host: "127.22.70.67" port: 40581 } health_report { overall_health: HEALTHY } } }
I20260709 13:05:55.838184 24131 tablet_bootstrap.cc:492] T 3b55348606cb43d29f3341bc69ded078 P b3427f54a7c04b1ba89209448e457faa: No bootstrap required, opened a new log
I20260709 13:05:55.839198 24131 ts_tablet_manager.cc:1403] T 3b55348606cb43d29f3341bc69ded078 P b3427f54a7c04b1ba89209448e457faa: Time spent bootstrapping tablet: real 0.131s	user 0.043s	sys 0.043s
I20260709 13:05:55.841898 24127 raft_consensus.cc:359] T a821faaff1bf4e668d435e453f73a166 P 309054581f1448e5bf28ef082134498e [term 0 FOLLOWER]: Replica starting. Triggering 0 pending ops. Active config: opid_index: -1 OBSOLETE_local: false peers { permanent_uuid: "ff8db372340b404183016ce3598154e8" member_type: VOTER last_known_addr { host: "127.22.70.65" port: 35153 } } peers { permanent_uuid: "309054581f1448e5bf28ef082134498e" member_type: VOTER last_known_addr { host: "127.22.70.66" port: 45223 } } peers { permanent_uuid: "b3427f54a7c04b1ba89209448e457faa" member_type: VOTER last_known_addr { host: "127.22.70.67" port: 40581 } }
I20260709 13:05:55.841969 24131 raft_consensus.cc:359] T 3b55348606cb43d29f3341bc69ded078 P b3427f54a7c04b1ba89209448e457faa [term 0 FOLLOWER]: Replica starting. Triggering 0 pending ops. Active config: opid_index: -1 OBSOLETE_local: false peers { permanent_uuid: "ff8db372340b404183016ce3598154e8" member_type: VOTER last_known_addr { host: "127.22.70.65" port: 35153 } } peers { permanent_uuid: "309054581f1448e5bf28ef082134498e" member_type: VOTER last_known_addr { host: "127.22.70.66" port: 45223 } } peers { permanent_uuid: "b3427f54a7c04b1ba89209448e457faa" member_type: VOTER last_known_addr { host: "127.22.70.67" port: 40581 } }
I20260709 13:05:55.845539 24131 raft_consensus.cc:385] T 3b55348606cb43d29f3341bc69ded078 P b3427f54a7c04b1ba89209448e457faa [term 0 FOLLOWER]: Consensus starting up: Expiring failure detector timer to make a prompt election more likely
I20260709 13:05:55.845913 24131 raft_consensus.cc:740] T 3b55348606cb43d29f3341bc69ded078 P b3427f54a7c04b1ba89209448e457faa [term 0 FOLLOWER]: Becoming Follower/Learner. State: Replica: b3427f54a7c04b1ba89209448e457faa, State: Initialized, Role: FOLLOWER
I20260709 13:05:55.846653 24131 consensus_queue.cc:260] T 3b55348606cb43d29f3341bc69ded078 P b3427f54a7c04b1ba89209448e457faa [NON_LEADER]: Queue going to NON_LEADER mode. State: All replicated index: 0, Majority replicated index: 0, Committed index: 0, Last appended: 0.0, Last appended by leader: 0, Current term: 0, Majority size: -1, State: 0, Mode: NON_LEADER, active raft config: opid_index: -1 OBSOLETE_local: false peers { permanent_uuid: "ff8db372340b404183016ce3598154e8" member_type: VOTER last_known_addr { host: "127.22.70.65" port: 35153 } } peers { permanent_uuid: "309054581f1448e5bf28ef082134498e" member_type: VOTER last_known_addr { host: "127.22.70.66" port: 45223 } } peers { permanent_uuid: "b3427f54a7c04b1ba89209448e457faa" member_type: VOTER last_known_addr { host: "127.22.70.67" port: 40581 } }
I20260709 13:05:55.848950 24131 ts_tablet_manager.cc:1434] T 3b55348606cb43d29f3341bc69ded078 P b3427f54a7c04b1ba89209448e457faa: Time spent starting tablet: real 0.009s	user 0.004s	sys 0.000s
I20260709 13:05:55.849997 24131 tablet_bootstrap.cc:492] T 32f68d9fa56242c4909acadd2246c79b P b3427f54a7c04b1ba89209448e457faa: Bootstrap starting.
I20260709 13:05:55.856978 24169 raft_consensus.cc:515] T 2c616d7af9db4e388a4fae2ecf756c3e P b3427f54a7c04b1ba89209448e457faa [term 1 FOLLOWER]: Starting leader election with config: opid_index: -1 OBSOLETE_local: false peers { permanent_uuid: "ff8db372340b404183016ce3598154e8" member_type: VOTER last_known_addr { host: "127.22.70.65" port: 35153 } } peers { permanent_uuid: "309054581f1448e5bf28ef082134498e" member_type: VOTER last_known_addr { host: "127.22.70.66" port: 45223 } } peers { permanent_uuid: "b3427f54a7c04b1ba89209448e457faa" member_type: VOTER last_known_addr { host: "127.22.70.67" port: 40581 } }
I20260709 13:05:55.858201 24131 tablet_bootstrap.cc:654] T 32f68d9fa56242c4909acadd2246c79b P b3427f54a7c04b1ba89209448e457faa: Neither blocks nor log segments found. Creating new log.
I20260709 13:05:55.860685 23938 tablet_service.cc:1917] Received RequestConsensusVote() RPC: tablet_id: "2c616d7af9db4e388a4fae2ecf756c3e" candidate_uuid: "b3427f54a7c04b1ba89209448e457faa" candidate_term: 1 candidate_status { last_received { term: 0 index: 0 } } ignore_live_leader: false dest_uuid: "ff8db372340b404183016ce3598154e8"
I20260709 13:05:55.845546 24127 raft_consensus.cc:385] T a821faaff1bf4e668d435e453f73a166 P 309054581f1448e5bf28ef082134498e [term 0 FOLLOWER]: Consensus starting up: Expiring failure detector timer to make a prompt election more likely
I20260709 13:05:55.861332 24128 tablet_bootstrap.cc:492] T 53dcf1d3483b4dc1b4088a135e875fe7 P ff8db372340b404183016ce3598154e8: No bootstrap required, opened a new log
I20260709 13:05:55.861428 24127 raft_consensus.cc:740] T a821faaff1bf4e668d435e453f73a166 P 309054581f1448e5bf28ef082134498e [term 0 FOLLOWER]: Becoming Follower/Learner. State: Replica: 309054581f1448e5bf28ef082134498e, State: Initialized, Role: FOLLOWER
I20260709 13:05:55.862253 24128 ts_tablet_manager.cc:1403] T 53dcf1d3483b4dc1b4088a135e875fe7 P ff8db372340b404183016ce3598154e8: Time spent bootstrapping tablet: real 0.040s	user 0.012s	sys 0.000s
W20260709 13:05:55.862375 24050 leader_election.cc:343] T 2c616d7af9db4e388a4fae2ecf756c3e P b3427f54a7c04b1ba89209448e457faa [CANDIDATE]: Term 1 election: Tablet error from VoteRequest() call to peer ff8db372340b404183016ce3598154e8 (127.22.70.65:35153): Illegal state: must be running to vote when last-logged opid is not known
I20260709 13:05:55.860564 24011 tablet_service.cc:1917] Received RequestConsensusVote() RPC: tablet_id: "2c616d7af9db4e388a4fae2ecf756c3e" candidate_uuid: "b3427f54a7c04b1ba89209448e457faa" candidate_term: 1 candidate_status { last_received { term: 0 index: 0 } } ignore_live_leader: false dest_uuid: "309054581f1448e5bf28ef082134498e"
I20260709 13:05:55.862257 24127 consensus_queue.cc:260] T a821faaff1bf4e668d435e453f73a166 P 309054581f1448e5bf28ef082134498e [NON_LEADER]: Queue going to NON_LEADER mode. State: All replicated index: 0, Majority replicated index: 0, Committed index: 0, Last appended: 0.0, Last appended by leader: 0, Current term: 0, Majority size: -1, State: 0, Mode: NON_LEADER, active raft config: opid_index: -1 OBSOLETE_local: false peers { permanent_uuid: "ff8db372340b404183016ce3598154e8" member_type: VOTER last_known_addr { host: "127.22.70.65" port: 35153 } } peers { permanent_uuid: "309054581f1448e5bf28ef082134498e" member_type: VOTER last_known_addr { host: "127.22.70.66" port: 45223 } } peers { permanent_uuid: "b3427f54a7c04b1ba89209448e457faa" member_type: VOTER last_known_addr { host: "127.22.70.67" port: 40581 } }
I20260709 13:05:55.863036 24011 raft_consensus.cc:3060] T 2c616d7af9db4e388a4fae2ecf756c3e P 309054581f1448e5bf28ef082134498e [term 0 FOLLOWER]: Advancing to term 1
I20260709 13:05:55.864676 24127 ts_tablet_manager.cc:1434] T a821faaff1bf4e668d435e453f73a166 P 309054581f1448e5bf28ef082134498e: Time spent starting tablet: real 0.033s	user 0.006s	sys 0.000s
I20260709 13:05:55.865681 24127 tablet_bootstrap.cc:492] T 07c85bfbc0164c25a3e021e70c96bae6 P 309054581f1448e5bf28ef082134498e: Bootstrap starting.
I20260709 13:05:55.872880 24011 raft_consensus.cc:2468] T 2c616d7af9db4e388a4fae2ecf756c3e P 309054581f1448e5bf28ef082134498e [term 1 FOLLOWER]: Leader election vote request: Granting yes vote for candidate b3427f54a7c04b1ba89209448e457faa in term 1.
I20260709 13:05:55.874570 24128 raft_consensus.cc:359] T 53dcf1d3483b4dc1b4088a135e875fe7 P ff8db372340b404183016ce3598154e8 [term 0 FOLLOWER]: Replica starting. Triggering 0 pending ops. Active config: opid_index: -1 OBSOLETE_local: false peers { permanent_uuid: "ff8db372340b404183016ce3598154e8" member_type: VOTER last_known_addr { host: "127.22.70.65" port: 35153 } } peers { permanent_uuid: "309054581f1448e5bf28ef082134498e" member_type: VOTER last_known_addr { host: "127.22.70.66" port: 45223 } } peers { permanent_uuid: "b3427f54a7c04b1ba89209448e457faa" member_type: VOTER last_known_addr { host: "127.22.70.67" port: 40581 } }
I20260709 13:05:55.875765 24128 raft_consensus.cc:385] T 53dcf1d3483b4dc1b4088a135e875fe7 P ff8db372340b404183016ce3598154e8 [term 0 FOLLOWER]: Consensus starting up: Expiring failure detector timer to make a prompt election more likely
I20260709 13:05:55.875677 24053 leader_election.cc:304] T 2c616d7af9db4e388a4fae2ecf756c3e P b3427f54a7c04b1ba89209448e457faa [CANDIDATE]: Term 1 election: Election decided. Result: candidate won. Election summary: received 3 responses out of 3 voters: 2 yes votes; 1 no votes. yes voters: 309054581f1448e5bf28ef082134498e, b3427f54a7c04b1ba89209448e457faa; no voters: ff8db372340b404183016ce3598154e8
I20260709 13:05:55.876837 24127 tablet_bootstrap.cc:654] T 07c85bfbc0164c25a3e021e70c96bae6 P 309054581f1448e5bf28ef082134498e: Neither blocks nor log segments found. Creating new log.
I20260709 13:05:55.876753 24197 raft_consensus.cc:2804] T 2c616d7af9db4e388a4fae2ecf756c3e P b3427f54a7c04b1ba89209448e457faa [term 1 FOLLOWER]: Leader election won for term 1
I20260709 13:05:55.877430 24197 raft_consensus.cc:697] T 2c616d7af9db4e388a4fae2ecf756c3e P b3427f54a7c04b1ba89209448e457faa [term 1 LEADER]: Becoming Leader. State: Replica: b3427f54a7c04b1ba89209448e457faa, State: Running, Role: LEADER
I20260709 13:05:55.878384 24197 consensus_queue.cc:237] T 2c616d7af9db4e388a4fae2ecf756c3e P b3427f54a7c04b1ba89209448e457faa [LEADER]: Queue going to LEADER mode. State: All replicated index: 0, Majority replicated index: 0, Committed index: 0, Last appended: 0.0, Last appended by leader: 0, Current term: 1, Majority size: 2, State: 0, Mode: LEADER, active raft config: opid_index: -1 OBSOLETE_local: false peers { permanent_uuid: "ff8db372340b404183016ce3598154e8" member_type: VOTER last_known_addr { host: "127.22.70.65" port: 35153 } } peers { permanent_uuid: "309054581f1448e5bf28ef082134498e" member_type: VOTER last_known_addr { host: "127.22.70.66" port: 45223 } } peers { permanent_uuid: "b3427f54a7c04b1ba89209448e457faa" member_type: VOTER last_known_addr { host: "127.22.70.67" port: 40581 } }
I20260709 13:05:55.881917 24138 raft_consensus.cc:493] T 3b55348606cb43d29f3341bc69ded078 P b3427f54a7c04b1ba89209448e457faa [term 0 FOLLOWER]: Starting pre-election (no leader contacted us within the election timeout)
I20260709 13:05:55.882463 24138 raft_consensus.cc:515] T 3b55348606cb43d29f3341bc69ded078 P b3427f54a7c04b1ba89209448e457faa [term 0 FOLLOWER]: Starting pre-election with config: opid_index: -1 OBSOLETE_local: false peers { permanent_uuid: "ff8db372340b404183016ce3598154e8" member_type: VOTER last_known_addr { host: "127.22.70.65" port: 35153 } } peers { permanent_uuid: "309054581f1448e5bf28ef082134498e" member_type: VOTER last_known_addr { host: "127.22.70.66" port: 45223 } } peers { permanent_uuid: "b3427f54a7c04b1ba89209448e457faa" member_type: VOTER last_known_addr { host: "127.22.70.67" port: 40581 } }
I20260709 13:05:55.884642 24138 leader_election.cc:290] T 3b55348606cb43d29f3341bc69ded078 P b3427f54a7c04b1ba89209448e457faa [CANDIDATE]: Term 1 pre-election: Requested pre-vote from peers ff8db372340b404183016ce3598154e8 (127.22.70.65:35153), 309054581f1448e5bf28ef082134498e (127.22.70.66:45223)
I20260709 13:05:55.886487 23938 tablet_service.cc:1917] Received RequestConsensusVote() RPC: tablet_id: "3b55348606cb43d29f3341bc69ded078" candidate_uuid: "b3427f54a7c04b1ba89209448e457faa" candidate_term: 1 candidate_status { last_received { term: 0 index: 0 } } ignore_live_leader: false dest_uuid: "ff8db372340b404183016ce3598154e8" is_pre_election: true
I20260709 13:05:55.888366 24136 raft_consensus.cc:493] T 6bd85fbaf4094bf18a0d1086a7b51573 P ff8db372340b404183016ce3598154e8 [term 0 FOLLOWER]: Starting pre-election (no leader contacted us within the election timeout)
I20260709 13:05:55.889031 24136 raft_consensus.cc:515] T 6bd85fbaf4094bf18a0d1086a7b51573 P ff8db372340b404183016ce3598154e8 [term 0 FOLLOWER]: Starting pre-election with config: opid_index: -1 OBSOLETE_local: false peers { permanent_uuid: "ff8db372340b404183016ce3598154e8" member_type: VOTER last_known_addr { host: "127.22.70.65" port: 35153 } } peers { permanent_uuid: "309054581f1448e5bf28ef082134498e" member_type: VOTER last_known_addr { host: "127.22.70.66" port: 45223 } } peers { permanent_uuid: "b3427f54a7c04b1ba89209448e457faa" member_type: VOTER last_known_addr { host: "127.22.70.67" port: 40581 } }
I20260709 13:05:55.893011 24013 tablet_service.cc:1917] Received RequestConsensusVote() RPC: tablet_id: "6bd85fbaf4094bf18a0d1086a7b51573" candidate_uuid: "ff8db372340b404183016ce3598154e8" candidate_term: 1 candidate_status { last_received { term: 0 index: 0 } } ignore_live_leader: false dest_uuid: "309054581f1448e5bf28ef082134498e" is_pre_election: true
I20260709 13:05:55.893550 24011 tablet_service.cc:1917] Received RequestConsensusVote() RPC: tablet_id: "3b55348606cb43d29f3341bc69ded078" candidate_uuid: "b3427f54a7c04b1ba89209448e457faa" candidate_term: 1 candidate_status { last_received { term: 0 index: 0 } } ignore_live_leader: false dest_uuid: "309054581f1448e5bf28ef082134498e" is_pre_election: true
I20260709 13:05:55.893857 24087 tablet_service.cc:1917] Received RequestConsensusVote() RPC: tablet_id: "6bd85fbaf4094bf18a0d1086a7b51573" candidate_uuid: "ff8db372340b404183016ce3598154e8" candidate_term: 1 candidate_status { last_received { term: 0 index: 0 } } ignore_live_leader: false dest_uuid: "b3427f54a7c04b1ba89209448e457faa" is_pre_election: true
I20260709 13:05:55.894949 24087 raft_consensus.cc:2393] T 6bd85fbaf4094bf18a0d1086a7b51573 P b3427f54a7c04b1ba89209448e457faa [term 1 FOLLOWER]: Leader pre-election vote request: Denying vote to candidate ff8db372340b404183016ce3598154e8 in current term 1: Already voted for candidate 309054581f1448e5bf28ef082134498e in this term.
I20260709 13:05:55.895380 24053 leader_election.cc:304] T 3b55348606cb43d29f3341bc69ded078 P b3427f54a7c04b1ba89209448e457faa [CANDIDATE]: Term 1 pre-election: Election decided. Result: candidate lost. Election summary: received 3 responses out of 3 voters: 1 yes votes; 2 no votes. yes voters: b3427f54a7c04b1ba89209448e457faa; no voters: 309054581f1448e5bf28ef082134498e, ff8db372340b404183016ce3598154e8
I20260709 13:05:55.896740 24138 raft_consensus.cc:2749] T 3b55348606cb43d29f3341bc69ded078 P b3427f54a7c04b1ba89209448e457faa [term 0 FOLLOWER]: Leader pre-election lost for term 1. Reason: could not achieve majority
I20260709 13:05:55.897320 24136 leader_election.cc:290] T 6bd85fbaf4094bf18a0d1086a7b51573 P ff8db372340b404183016ce3598154e8 [CANDIDATE]: Term 1 pre-election: Requested pre-vote from peers 309054581f1448e5bf28ef082134498e (127.22.70.66:45223), b3427f54a7c04b1ba89209448e457faa (127.22.70.67:40581)
I20260709 13:05:55.896586 23903 leader_election.cc:304] T 6bd85fbaf4094bf18a0d1086a7b51573 P ff8db372340b404183016ce3598154e8 [CANDIDATE]: Term 1 pre-election: Election decided. Result: candidate lost. Election summary: received 3 responses out of 3 voters: 1 yes votes; 2 no votes. yes voters: ff8db372340b404183016ce3598154e8; no voters: 309054581f1448e5bf28ef082134498e, b3427f54a7c04b1ba89209448e457faa
I20260709 13:05:55.898041 24169 leader_election.cc:290] T 2c616d7af9db4e388a4fae2ecf756c3e P b3427f54a7c04b1ba89209448e457faa [CANDIDATE]: Term 1 election: Requested vote from peers ff8db372340b404183016ce3598154e8 (127.22.70.65:35153), 309054581f1448e5bf28ef082134498e (127.22.70.66:45223)
I20260709 13:05:55.899155 24136 raft_consensus.cc:3060] T 6bd85fbaf4094bf18a0d1086a7b51573 P ff8db372340b404183016ce3598154e8 [term 0 FOLLOWER]: Advancing to term 1
I20260709 13:05:55.901772 24128 raft_consensus.cc:740] T 53dcf1d3483b4dc1b4088a135e875fe7 P ff8db372340b404183016ce3598154e8 [term 0 FOLLOWER]: Becoming Follower/Learner. State: Replica: ff8db372340b404183016ce3598154e8, State: Initialized, Role: FOLLOWER
I20260709 13:05:55.903510 24128 consensus_queue.cc:260] T 53dcf1d3483b4dc1b4088a135e875fe7 P ff8db372340b404183016ce3598154e8 [NON_LEADER]: Queue going to NON_LEADER mode. State: All replicated index: 0, Majority replicated index: 0, Committed index: 0, Last appended: 0.0, Last appended by leader: 0, Current term: 0, Majority size: -1, State: 0, Mode: NON_LEADER, active raft config: opid_index: -1 OBSOLETE_local: false peers { permanent_uuid: "ff8db372340b404183016ce3598154e8" member_type: VOTER last_known_addr { host: "127.22.70.65" port: 35153 } } peers { permanent_uuid: "309054581f1448e5bf28ef082134498e" member_type: VOTER last_known_addr { host: "127.22.70.66" port: 45223 } } peers { permanent_uuid: "b3427f54a7c04b1ba89209448e457faa" member_type: VOTER last_known_addr { host: "127.22.70.67" port: 40581 } }
I20260709 13:05:55.908258 24131 tablet_bootstrap.cc:492] T 32f68d9fa56242c4909acadd2246c79b P b3427f54a7c04b1ba89209448e457faa: No bootstrap required, opened a new log
I20260709 13:05:55.908861 24131 ts_tablet_manager.cc:1403] T 32f68d9fa56242c4909acadd2246c79b P b3427f54a7c04b1ba89209448e457faa: Time spent bootstrapping tablet: real 0.059s	user 0.017s	sys 0.012s
I20260709 13:05:55.911322 24128 ts_tablet_manager.cc:1434] T 53dcf1d3483b4dc1b4088a135e875fe7 P ff8db372340b404183016ce3598154e8: Time spent starting tablet: real 0.048s	user 0.006s	sys 0.000s
I20260709 13:05:55.912155 24131 raft_consensus.cc:359] T 32f68d9fa56242c4909acadd2246c79b P b3427f54a7c04b1ba89209448e457faa [term 0 FOLLOWER]: Replica starting. Triggering 0 pending ops. Active config: opid_index: -1 OBSOLETE_local: false peers { permanent_uuid: "ff8db372340b404183016ce3598154e8" member_type: VOTER last_known_addr { host: "127.22.70.65" port: 35153 } } peers { permanent_uuid: "309054581f1448e5bf28ef082134498e" member_type: VOTER last_known_addr { host: "127.22.70.66" port: 45223 } } peers { permanent_uuid: "b3427f54a7c04b1ba89209448e457faa" member_type: VOTER last_known_addr { host: "127.22.70.67" port: 40581 } }
I20260709 13:05:55.915138 24131 raft_consensus.cc:385] T 32f68d9fa56242c4909acadd2246c79b P b3427f54a7c04b1ba89209448e457faa [term 0 FOLLOWER]: Consensus starting up: Expiring failure detector timer to make a prompt election more likely
I20260709 13:05:55.915459 24131 raft_consensus.cc:740] T 32f68d9fa56242c4909acadd2246c79b P b3427f54a7c04b1ba89209448e457faa [term 0 FOLLOWER]: Becoming Follower/Learner. State: Replica: b3427f54a7c04b1ba89209448e457faa, State: Initialized, Role: FOLLOWER
I20260709 13:05:55.916080 24128 tablet_bootstrap.cc:492] T 2c616d7af9db4e388a4fae2ecf756c3e P ff8db372340b404183016ce3598154e8: Bootstrap starting.
I20260709 13:05:55.916925 24131 consensus_queue.cc:260] T 32f68d9fa56242c4909acadd2246c79b P b3427f54a7c04b1ba89209448e457faa [NON_LEADER]: Queue going to NON_LEADER mode. State: All replicated index: 0, Majority replicated index: 0, Committed index: 0, Last appended: 0.0, Last appended by leader: 0, Current term: 0, Majority size: -1, State: 0, Mode: NON_LEADER, active raft config: opid_index: -1 OBSOLETE_local: false peers { permanent_uuid: "ff8db372340b404183016ce3598154e8" member_type: VOTER last_known_addr { host: "127.22.70.65" port: 35153 } } peers { permanent_uuid: "309054581f1448e5bf28ef082134498e" member_type: VOTER last_known_addr { host: "127.22.70.66" port: 45223 } } peers { permanent_uuid: "b3427f54a7c04b1ba89209448e457faa" member_type: VOTER last_known_addr { host: "127.22.70.67" port: 40581 } }
I20260709 13:05:55.917992 24201 raft_consensus.cc:493] T e1af815b11774810bb3349dd3b26678e P ff8db372340b404183016ce3598154e8 [term 0 FOLLOWER]: Starting pre-election (no leader contacted us within the election timeout)
I20260709 13:05:55.918483 24201 raft_consensus.cc:515] T e1af815b11774810bb3349dd3b26678e P ff8db372340b404183016ce3598154e8 [term 0 FOLLOWER]: Starting pre-election with config: opid_index: -1 OBSOLETE_local: false peers { permanent_uuid: "ff8db372340b404183016ce3598154e8" member_type: VOTER last_known_addr { host: "127.22.70.65" port: 35153 } } peers { permanent_uuid: "309054581f1448e5bf28ef082134498e" member_type: VOTER last_known_addr { host: "127.22.70.66" port: 45223 } } peers { permanent_uuid: "b3427f54a7c04b1ba89209448e457faa" member_type: VOTER last_known_addr { host: "127.22.70.67" port: 40581 } }
I20260709 13:05:55.919476 23833 catalog_manager.cc:5697] T 3c7e43435efb486a9bf13ed7de5990d8 P ff8db372340b404183016ce3598154e8 reported cstate change: term changed from 0 to 1, leader changed from <none> to ff8db372340b404183016ce3598154e8 (127.22.70.65). New cstate: current_term: 1 leader_uuid: "ff8db372340b404183016ce3598154e8" committed_config { opid_index: -1 OBSOLETE_local: false peers { permanent_uuid: "ff8db372340b404183016ce3598154e8" member_type: VOTER last_known_addr { host: "127.22.70.65" port: 35153 } health_report { overall_health: HEALTHY } } peers { permanent_uuid: "309054581f1448e5bf28ef082134498e" member_type: VOTER last_known_addr { host: "127.22.70.66" port: 45223 } health_report { overall_health: UNKNOWN } } peers { permanent_uuid: "b3427f54a7c04b1ba89209448e457faa" member_type: VOTER last_known_addr { host: "127.22.70.67" port: 40581 } health_report { overall_health: UNKNOWN } } }
I20260709 13:05:55.923293 24131 ts_tablet_manager.cc:1434] T 32f68d9fa56242c4909acadd2246c79b P b3427f54a7c04b1ba89209448e457faa: Time spent starting tablet: real 0.014s	user 0.004s	sys 0.004s
I20260709 13:05:55.924345 24131 tablet_bootstrap.cc:492] T 53dcf1d3483b4dc1b4088a135e875fe7 P b3427f54a7c04b1ba89209448e457faa: Bootstrap starting.
I20260709 13:05:55.926139 24201 leader_election.cc:290] T e1af815b11774810bb3349dd3b26678e P ff8db372340b404183016ce3598154e8 [CANDIDATE]: Term 1 pre-election: Requested pre-vote from peers 309054581f1448e5bf28ef082134498e (127.22.70.66:45223), b3427f54a7c04b1ba89209448e457faa (127.22.70.67:40581)
I20260709 13:05:55.928160 24011 tablet_service.cc:1917] Received RequestConsensusVote() RPC: tablet_id: "e1af815b11774810bb3349dd3b26678e" candidate_uuid: "ff8db372340b404183016ce3598154e8" candidate_term: 1 candidate_status { last_received { term: 0 index: 0 } } ignore_live_leader: false dest_uuid: "309054581f1448e5bf28ef082134498e" is_pre_election: true
I20260709 13:05:55.928160 24086 tablet_service.cc:1917] Received RequestConsensusVote() RPC: tablet_id: "e1af815b11774810bb3349dd3b26678e" candidate_uuid: "ff8db372340b404183016ce3598154e8" candidate_term: 1 candidate_status { last_received { term: 0 index: 0 } } ignore_live_leader: false dest_uuid: "b3427f54a7c04b1ba89209448e457faa" is_pre_election: true
I20260709 13:05:55.928977 24011 raft_consensus.cc:2468] T e1af815b11774810bb3349dd3b26678e P 309054581f1448e5bf28ef082134498e [term 0 FOLLOWER]: Leader pre-election vote request: Granting yes vote for candidate ff8db372340b404183016ce3598154e8 in term 0.
I20260709 13:05:55.936017 23904 leader_election.cc:304] T e1af815b11774810bb3349dd3b26678e P ff8db372340b404183016ce3598154e8 [CANDIDATE]: Term 1 pre-election: Election decided. Result: candidate won. Election summary: received 2 responses out of 3 voters: 2 yes votes; 0 no votes. yes voters: 309054581f1448e5bf28ef082134498e, ff8db372340b404183016ce3598154e8; no voters: 
I20260709 13:05:55.937804 24201 raft_consensus.cc:2804] T e1af815b11774810bb3349dd3b26678e P ff8db372340b404183016ce3598154e8 [term 0 FOLLOWER]: Leader pre-election won for term 1
I20260709 13:05:55.937315 24197 raft_consensus.cc:493] T 32f68d9fa56242c4909acadd2246c79b P b3427f54a7c04b1ba89209448e457faa [term 0 FOLLOWER]: Starting pre-election (no leader contacted us within the election timeout)
I20260709 13:05:55.964715 24197 raft_consensus.cc:515] T 32f68d9fa56242c4909acadd2246c79b P b3427f54a7c04b1ba89209448e457faa [term 0 FOLLOWER]: Starting pre-election with config: opid_index: -1 OBSOLETE_local: false peers { permanent_uuid: "ff8db372340b404183016ce3598154e8" member_type: VOTER last_known_addr { host: "127.22.70.65" port: 35153 } } peers { permanent_uuid: "309054581f1448e5bf28ef082134498e" member_type: VOTER last_known_addr { host: "127.22.70.66" port: 45223 } } peers { permanent_uuid: "b3427f54a7c04b1ba89209448e457faa" member_type: VOTER last_known_addr { host: "127.22.70.67" port: 40581 } }
I20260709 13:05:55.963928 24201 raft_consensus.cc:493] T e1af815b11774810bb3349dd3b26678e P ff8db372340b404183016ce3598154e8 [term 0 FOLLOWER]: Starting leader election (no leader contacted us within the election timeout)
I20260709 13:05:55.938459 23834 catalog_manager.cc:5697] T 2c616d7af9db4e388a4fae2ecf756c3e P b3427f54a7c04b1ba89209448e457faa reported cstate change: term changed from 0 to 1, leader changed from <none> to b3427f54a7c04b1ba89209448e457faa (127.22.70.67). New cstate: current_term: 1 leader_uuid: "b3427f54a7c04b1ba89209448e457faa" committed_config { opid_index: -1 OBSOLETE_local: false peers { permanent_uuid: "ff8db372340b404183016ce3598154e8" member_type: VOTER last_known_addr { host: "127.22.70.65" port: 35153 } health_report { overall_health: UNKNOWN } } peers { permanent_uuid: "309054581f1448e5bf28ef082134498e" member_type: VOTER last_known_addr { host: "127.22.70.66" port: 45223 } health_report { overall_health: UNKNOWN } } peers { permanent_uuid: "b3427f54a7c04b1ba89209448e457faa" member_type: VOTER last_known_addr { host: "127.22.70.67" port: 40581 } health_report { overall_health: HEALTHY } } }
I20260709 13:05:55.967316 24197 leader_election.cc:290] T 32f68d9fa56242c4909acadd2246c79b P b3427f54a7c04b1ba89209448e457faa [CANDIDATE]: Term 1 pre-election: Requested pre-vote from peers ff8db372340b404183016ce3598154e8 (127.22.70.65:35153), 309054581f1448e5bf28ef082134498e (127.22.70.66:45223)
I20260709 13:05:55.960590 24131 tablet_bootstrap.cc:654] T 53dcf1d3483b4dc1b4088a135e875fe7 P b3427f54a7c04b1ba89209448e457faa: Neither blocks nor log segments found. Creating new log.
I20260709 13:05:55.968520 23938 tablet_service.cc:1917] Received RequestConsensusVote() RPC: tablet_id: "32f68d9fa56242c4909acadd2246c79b" candidate_uuid: "b3427f54a7c04b1ba89209448e457faa" candidate_term: 1 candidate_status { last_received { term: 0 index: 0 } } ignore_live_leader: false dest_uuid: "ff8db372340b404183016ce3598154e8" is_pre_election: true
I20260709 13:05:55.968874 24011 tablet_service.cc:1917] Received RequestConsensusVote() RPC: tablet_id: "32f68d9fa56242c4909acadd2246c79b" candidate_uuid: "b3427f54a7c04b1ba89209448e457faa" candidate_term: 1 candidate_status { last_received { term: 0 index: 0 } } ignore_live_leader: false dest_uuid: "309054581f1448e5bf28ef082134498e" is_pre_election: true
I20260709 13:05:55.938373 24136 raft_consensus.cc:2749] T 6bd85fbaf4094bf18a0d1086a7b51573 P ff8db372340b404183016ce3598154e8 [term 1 FOLLOWER]: Leader pre-election lost for term 1. Reason: could not achieve majority
W20260709 13:05:55.940379 23903 leader_election.cc:343] T e1af815b11774810bb3349dd3b26678e P ff8db372340b404183016ce3598154e8 [CANDIDATE]: Term 1 pre-election: Tablet error from VoteRequest() call to peer b3427f54a7c04b1ba89209448e457faa (127.22.70.67:40581): Illegal state: must be running to vote when last-logged opid is not known
I20260709 13:05:55.972556 24050 leader_election.cc:304] T 32f68d9fa56242c4909acadd2246c79b P b3427f54a7c04b1ba89209448e457faa [CANDIDATE]: Term 1 pre-election: Election decided. Result: candidate lost. Election summary: received 3 responses out of 3 voters: 1 yes votes; 2 no votes. yes voters: b3427f54a7c04b1ba89209448e457faa; no voters: 309054581f1448e5bf28ef082134498e, ff8db372340b404183016ce3598154e8
I20260709 13:05:55.972749 24149 consensus_queue.cc:1048] T 53e39230a1f440c58b55935a8a6b417f P 309054581f1448e5bf28ef082134498e [LEADER]: Connected to new peer: Peer: permanent_uuid: "ff8db372340b404183016ce3598154e8" member_type: VOTER last_known_addr { host: "127.22.70.65" port: 35153 }, Status: LMP_MISMATCH, Last received: 0.0, Next index: 1, Last known committed idx: 0, Time since last communication: 0.000s
I20260709 13:05:55.973866 24197 raft_consensus.cc:2749] T 32f68d9fa56242c4909acadd2246c79b P b3427f54a7c04b1ba89209448e457faa [term 0 FOLLOWER]: Leader pre-election lost for term 1. Reason: could not achieve majority
I20260709 13:05:55.974980 24127 tablet_bootstrap.cc:492] T 07c85bfbc0164c25a3e021e70c96bae6 P 309054581f1448e5bf28ef082134498e: No bootstrap required, opened a new log
I20260709 13:05:55.975421 24127 ts_tablet_manager.cc:1403] T 07c85bfbc0164c25a3e021e70c96bae6 P 309054581f1448e5bf28ef082134498e: Time spent bootstrapping tablet: real 0.110s	user 0.018s	sys 0.017s
I20260709 13:05:55.977928 24161 consensus_queue.cc:1048] T 07c85bfbc0164c25a3e021e70c96bae6 P ff8db372340b404183016ce3598154e8 [LEADER]: Connected to new peer: Peer: permanent_uuid: "b3427f54a7c04b1ba89209448e457faa" member_type: VOTER last_known_addr { host: "127.22.70.67" port: 40581 }, Status: LMP_MISMATCH, Last received: 0.0, Next index: 1, Last known committed idx: 0, Time since last communication: 0.000s
I20260709 13:05:55.965946 24201 raft_consensus.cc:3060] T e1af815b11774810bb3349dd3b26678e P ff8db372340b404183016ce3598154e8 [term 0 FOLLOWER]: Advancing to term 1
I20260709 13:05:55.978885 24149 consensus_queue.cc:1048] T 53e39230a1f440c58b55935a8a6b417f P 309054581f1448e5bf28ef082134498e [LEADER]: Connected to new peer: Peer: permanent_uuid: "b3427f54a7c04b1ba89209448e457faa" member_type: VOTER last_known_addr { host: "127.22.70.67" port: 40581 }, Status: LMP_MISMATCH, Last received: 0.0, Next index: 1, Last known committed idx: 0, Time since last communication: 0.000s
I20260709 13:05:55.981068 24127 raft_consensus.cc:359] T 07c85bfbc0164c25a3e021e70c96bae6 P 309054581f1448e5bf28ef082134498e [term 0 FOLLOWER]: Replica starting. Triggering 0 pending ops. Active config: opid_index: -1 OBSOLETE_local: false peers { permanent_uuid: "ff8db372340b404183016ce3598154e8" member_type: VOTER last_known_addr { host: "127.22.70.65" port: 35153 } } peers { permanent_uuid: "309054581f1448e5bf28ef082134498e" member_type: VOTER last_known_addr { host: "127.22.70.66" port: 45223 } } peers { permanent_uuid: "b3427f54a7c04b1ba89209448e457faa" member_type: VOTER last_known_addr { host: "127.22.70.67" port: 40581 } }
I20260709 13:05:55.981940 24127 raft_consensus.cc:385] T 07c85bfbc0164c25a3e021e70c96bae6 P 309054581f1448e5bf28ef082134498e [term 0 FOLLOWER]: Consensus starting up: Expiring failure detector timer to make a prompt election more likely
I20260709 13:05:55.982215 24127 raft_consensus.cc:740] T 07c85bfbc0164c25a3e021e70c96bae6 P 309054581f1448e5bf28ef082134498e [term 0 FOLLOWER]: Becoming Follower/Learner. State: Replica: 309054581f1448e5bf28ef082134498e, State: Initialized, Role: FOLLOWER
I20260709 13:05:55.983083 24127 consensus_queue.cc:260] T 07c85bfbc0164c25a3e021e70c96bae6 P 309054581f1448e5bf28ef082134498e [NON_LEADER]: Queue going to NON_LEADER mode. State: All replicated index: 0, Majority replicated index: 0, Committed index: 0, Last appended: 0.0, Last appended by leader: 0, Current term: 0, Majority size: -1, State: 0, Mode: NON_LEADER, active raft config: opid_index: -1 OBSOLETE_local: false peers { permanent_uuid: "ff8db372340b404183016ce3598154e8" member_type: VOTER last_known_addr { host: "127.22.70.65" port: 35153 } } peers { permanent_uuid: "309054581f1448e5bf28ef082134498e" member_type: VOTER last_known_addr { host: "127.22.70.66" port: 45223 } } peers { permanent_uuid: "b3427f54a7c04b1ba89209448e457faa" member_type: VOTER last_known_addr { host: "127.22.70.67" port: 40581 } }
I20260709 13:05:56.028435 24136 raft_consensus.cc:493] T 9bc8fcea9a614a35a7fae4b42ff01fab P ff8db372340b404183016ce3598154e8 [term 0 FOLLOWER]: Starting pre-election (no leader contacted us within the election timeout)
I20260709 13:05:56.029156 24136 raft_consensus.cc:515] T 9bc8fcea9a614a35a7fae4b42ff01fab P ff8db372340b404183016ce3598154e8 [term 0 FOLLOWER]: Starting pre-election with config: opid_index: -1 OBSOLETE_local: false peers { permanent_uuid: "ff8db372340b404183016ce3598154e8" member_type: VOTER last_known_addr { host: "127.22.70.65" port: 35153 } } peers { permanent_uuid: "309054581f1448e5bf28ef082134498e" member_type: VOTER last_known_addr { host: "127.22.70.66" port: 45223 } } peers { permanent_uuid: "b3427f54a7c04b1ba89209448e457faa" member_type: VOTER last_known_addr { host: "127.22.70.67" port: 40581 } }
I20260709 13:05:56.032847 24011 tablet_service.cc:1917] Received RequestConsensusVote() RPC: tablet_id: "9bc8fcea9a614a35a7fae4b42ff01fab" candidate_uuid: "ff8db372340b404183016ce3598154e8" candidate_term: 1 candidate_status { last_received { term: 0 index: 0 } } ignore_live_leader: false dest_uuid: "309054581f1448e5bf28ef082134498e" is_pre_election: true
W20260709 13:05:56.034677 23904 leader_election.cc:343] T 9bc8fcea9a614a35a7fae4b42ff01fab P ff8db372340b404183016ce3598154e8 [CANDIDATE]: Term 1 pre-election: Tablet error from VoteRequest() call to peer 309054581f1448e5bf28ef082134498e (127.22.70.66:45223): Illegal state: must be running to vote when last-logged opid is not known
I20260709 13:05:56.043907 24127 ts_tablet_manager.cc:1434] T 07c85bfbc0164c25a3e021e70c96bae6 P 309054581f1448e5bf28ef082134498e: Time spent starting tablet: real 0.068s	user 0.013s	sys 0.009s
I20260709 13:05:56.044873 24127 tablet_bootstrap.cc:492] T 3c7e43435efb486a9bf13ed7de5990d8 P 309054581f1448e5bf28ef082134498e: Bootstrap starting.
I20260709 13:05:56.042867 24136 leader_election.cc:290] T 9bc8fcea9a614a35a7fae4b42ff01fab P ff8db372340b404183016ce3598154e8 [CANDIDATE]: Term 1 pre-election: Requested pre-vote from peers 309054581f1448e5bf28ef082134498e (127.22.70.66:45223), b3427f54a7c04b1ba89209448e457faa (127.22.70.67:40581)
I20260709 13:05:56.055141 24197 raft_consensus.cc:493] T 5fdfea507e144b6996157ff36c6b93ea P b3427f54a7c04b1ba89209448e457faa [term 0 FOLLOWER]: Starting pre-election (no leader contacted us within the election timeout)
I20260709 13:05:56.055962 24197 raft_consensus.cc:515] T 5fdfea507e144b6996157ff36c6b93ea P b3427f54a7c04b1ba89209448e457faa [term 0 FOLLOWER]: Starting pre-election with config: opid_index: -1 OBSOLETE_local: false peers { permanent_uuid: "ff8db372340b404183016ce3598154e8" member_type: VOTER last_known_addr { host: "127.22.70.65" port: 35153 } } peers { permanent_uuid: "309054581f1448e5bf28ef082134498e" member_type: VOTER last_known_addr { host: "127.22.70.66" port: 45223 } } peers { permanent_uuid: "b3427f54a7c04b1ba89209448e457faa" member_type: VOTER last_known_addr { host: "127.22.70.67" port: 40581 } }
I20260709 13:05:56.063385 23937 tablet_service.cc:1917] Received RequestConsensusVote() RPC: tablet_id: "5fdfea507e144b6996157ff36c6b93ea" candidate_uuid: "b3427f54a7c04b1ba89209448e457faa" candidate_term: 1 candidate_status { last_received { term: 0 index: 0 } } ignore_live_leader: false dest_uuid: "ff8db372340b404183016ce3598154e8" is_pre_election: true
I20260709 13:05:56.063922 24127 tablet_bootstrap.cc:654] T 3c7e43435efb486a9bf13ed7de5990d8 P 309054581f1448e5bf28ef082134498e: Neither blocks nor log segments found. Creating new log.
I20260709 13:05:56.064138 23937 raft_consensus.cc:2468] T 5fdfea507e144b6996157ff36c6b93ea P ff8db372340b404183016ce3598154e8 [term 0 FOLLOWER]: Leader pre-election vote request: Granting yes vote for candidate b3427f54a7c04b1ba89209448e457faa in term 0.
I20260709 13:05:56.066179 24201 raft_consensus.cc:515] T e1af815b11774810bb3349dd3b26678e P ff8db372340b404183016ce3598154e8 [term 1 FOLLOWER]: Starting leader election with config: opid_index: -1 OBSOLETE_local: false peers { permanent_uuid: "ff8db372340b404183016ce3598154e8" member_type: VOTER last_known_addr { host: "127.22.70.65" port: 35153 } } peers { permanent_uuid: "309054581f1448e5bf28ef082134498e" member_type: VOTER last_known_addr { host: "127.22.70.66" port: 45223 } } peers { permanent_uuid: "b3427f54a7c04b1ba89209448e457faa" member_type: VOTER last_known_addr { host: "127.22.70.67" port: 40581 } }
I20260709 13:05:56.066836 24050 leader_election.cc:304] T 5fdfea507e144b6996157ff36c6b93ea P b3427f54a7c04b1ba89209448e457faa [CANDIDATE]: Term 1 pre-election: Election decided. Result: candidate won. Election summary: received 2 responses out of 3 voters: 2 yes votes; 0 no votes. yes voters: b3427f54a7c04b1ba89209448e457faa, ff8db372340b404183016ce3598154e8; no voters: 
I20260709 13:05:56.067730 24169 raft_consensus.cc:2804] T 5fdfea507e144b6996157ff36c6b93ea P b3427f54a7c04b1ba89209448e457faa [term 0 FOLLOWER]: Leader pre-election won for term 1
I20260709 13:05:56.068104 24169 raft_consensus.cc:493] T 5fdfea507e144b6996157ff36c6b93ea P b3427f54a7c04b1ba89209448e457faa [term 0 FOLLOWER]: Starting leader election (no leader contacted us within the election timeout)
I20260709 13:05:56.068475 24169 raft_consensus.cc:3060] T 5fdfea507e144b6996157ff36c6b93ea P b3427f54a7c04b1ba89209448e457faa [term 0 FOLLOWER]: Advancing to term 1
