I20260709 13:05:40.617408 18304 sys_catalog.cc:458] T 00000000000000000000000000000000 P d909bf9e494a4ddd9e6dcb9f75a56564 [sys.catalog]: This master's current role is: LEADER
I20260709 13:05:40.624327 18310 catalog_manager.cc:1520] Initializing Kudu cluster ID...
I20260709 13:05:40.627115 17741 internal_mini_cluster.cc:184] Waiting to initialize catalog manager on master 0
I20260709 13:05:40.634073 18310 catalog_manager.cc:1383] Generated new cluster ID: 19f4651723ed40c799715528b83f1bbf
I20260709 13:05:40.634409 18310 catalog_manager.cc:1531] Initializing Kudu internal certificate authority...
I20260709 13:05:40.662438 18310 catalog_manager.cc:1406] Generated new certificate authority record
I20260709 13:05:40.663718 18310 catalog_manager.cc:1540] Loading token signing keys...
I20260709 13:05:40.678435 18310 catalog_manager.cc:6070] T 00000000000000000000000000000000 P d909bf9e494a4ddd9e6dcb9f75a56564: Generated new TSK 0
I20260709 13:05:40.679229 18310 catalog_manager.cc:1550] Initializing in-progress tserver states...
I20260709 13:05:40.693593 17741 file_cache.cc:504] Constructed file cache file cache with capacity 419430
W20260709 13:05:40.699615 18321 instance_detector.cc:116] could not retrieve AWS instance metadata: Network error: curl error: HTTP response code said error: The requested URL returned error: 404
W20260709 13:05:40.700416 18322 instance_detector.cc:116] could not retrieve Azure instance metadata: Network error: curl error: HTTP response code said error: The requested URL returned error: 404
W20260709 13:05:40.702170 18324 instance_detector.cc:116] could not retrieve OpenStack instance metadata: Network error: curl error: HTTP response code said error: The requested URL returned error: 404
I20260709 13:05:40.702620 17741 server_base.cc:1061] running on GCE node
I20260709 13:05:40.703599 17741 hybrid_clock.cc:584] initializing the hybrid clock with 'system_unsync' time source
W20260709 13:05:40.703799 17741 system_unsync_time.cc:38] NTP support is disabled. Clock error bounds will not be accurate. This configuration is not suitable for distributed clusters.
I20260709 13:05:40.704007 17741 hybrid_clock.cc:648] HybridClock initialized: now 1783602340703992 us; error 0 us; skew 500 ppm
I20260709 13:05:40.704663 17741 server_base.cc:861] Flag tcmalloc_max_total_thread_cache_bytes is not working since tcmalloc is not enabled.
I20260709 13:05:40.707319 17741 webserver.cc:533] Webserver started at http://127.17.83.65:35309/ using document root <none> and password file <none>
I20260709 13:05:40.707821 17741 fs_manager.cc:362] Metadata directory not provided
I20260709 13:05:40.708027 17741 fs_manager.cc:368] Using write-ahead log directory (fs_wal_dir) as metadata directory
I20260709 13:05:40.708326 17741 server_base.cc:909] This appears to be a new deployment of Kudu; creating new FS layout
I20260709 13:05:40.709373 17741 fs_manager.cc:1068] Generated new instance metadata in path /tmp/dist-test-taskz05Obt/test-tmp/auto_leader_rebalancer-test.0.LeaderRebalancerTest.FunctionalTestForNotDivided.1783602327530073-17741-0/minicluster-data/ts-0-root/instance:
uuid: "c8fc5a14f1e94727af64c44b28c4c79e"
format_stamp: "Formatted at 2026-07-09 13:05:40 on dist-test-slave-ghwz"
I20260709 13:05:40.714238 17741 fs_manager.cc:696] Time spent creating directory manager: real 0.004s	user 0.003s	sys 0.003s
I20260709 13:05:40.717628 18329 log_block_manager.cc:4127] Time spent loading block containers with low live blocks: real 0.000s	user 0.000s	sys 0.000s
I20260709 13:05:40.718633 17741 fs_manager.cc:730] Time spent opening block manager: real 0.002s	user 0.003s	sys 0.000s
I20260709 13:05:40.718997 17741 fs_manager.cc:647] Opened local filesystem: /tmp/dist-test-taskz05Obt/test-tmp/auto_leader_rebalancer-test.0.LeaderRebalancerTest.FunctionalTestForNotDivided.1783602327530073-17741-0/minicluster-data/ts-0-root
uuid: "c8fc5a14f1e94727af64c44b28c4c79e"
format_stamp: "Formatted at 2026-07-09 13:05:40 on dist-test-slave-ghwz"
I20260709 13:05:40.719334 17741 fs_report.cc:389] FS layout report
--------------------
wal directory: /tmp/dist-test-taskz05Obt/test-tmp/auto_leader_rebalancer-test.0.LeaderRebalancerTest.FunctionalTestForNotDivided.1783602327530073-17741-0/minicluster-data/ts-0-root
metadata directory: /tmp/dist-test-taskz05Obt/test-tmp/auto_leader_rebalancer-test.0.LeaderRebalancerTest.FunctionalTestForNotDivided.1783602327530073-17741-0/minicluster-data/ts-0-root
1 data directories: /tmp/dist-test-taskz05Obt/test-tmp/auto_leader_rebalancer-test.0.LeaderRebalancerTest.FunctionalTestForNotDivided.1783602327530073-17741-0/minicluster-data/ts-0-root/data
Total live blocks: 0
Total live bytes: 0
Total live bytes (after alignment): 0
Total number of LBM containers: 0 (0 full)
Did not check for missing blocks
Did not check for orphaned blocks
Total full LBM containers with extra space: 0 (0 repaired)
Total full LBM container extra space in bytes: 0 (0 repaired)
Total incomplete LBM containers: 0 (0 repaired)
Total LBM partial records: 0 (0 repaired)
Total corrupted LBM metadata records in RocksDB: 0 (0 repaired)
I20260709 13:05:40.733366 17741 rpc_server.cc:225] running with OpenSSL 1.1.1  11 Sep 2018
I20260709 13:05:40.734812 17741 kserver.cc:163] Server-wide thread pool size limit: 3276
I20260709 13:05:40.736479 17741 txn_system_client.cc:432] TxnSystemClient initialization is disabled...
I20260709 13:05:40.738898 17741 ts_tablet_manager.cc:585] Loaded tablet metadata (0 total tablets, 0 live tablets)
I20260709 13:05:40.739137 17741 ts_tablet_manager.cc:531] Time spent load tablet metadata: real 0.000s	user 0.000s	sys 0.000s
I20260709 13:05:40.739444 17741 ts_tablet_manager.cc:616] Registered 0 tablets
I20260709 13:05:40.739694 17741 ts_tablet_manager.cc:595] Time spent register tablets: real 0.000s	user 0.000s	sys 0.000s
I20260709 13:05:40.781126 17741 rpc_server.cc:307] RPC server started. Bound to: 127.17.83.65:33199
I20260709 13:05:40.781229 18391 acceptor_pool.cc:272] collecting diagnostics on the listening RPC socket 127.17.83.65:33199 every 8 connection(s)
I20260709 13:05:40.786090 17741 file_cache.cc:504] Constructed file cache file cache with capacity 419430
W20260709 13:05:40.793110 18396 instance_detector.cc:116] could not retrieve AWS instance metadata: Network error: curl error: HTTP response code said error: The requested URL returned error: 404
W20260709 13:05:40.794546 18397 instance_detector.cc:116] could not retrieve Azure instance metadata: Network error: curl error: HTTP response code said error: The requested URL returned error: 404
I20260709 13:05:40.797608 17741 server_base.cc:1061] running on GCE node
W20260709 13:05:40.798506 18399 instance_detector.cc:116] could not retrieve OpenStack instance metadata: Network error: curl error: HTTP response code said error: The requested URL returned error: 404
I20260709 13:05:40.799789 17741 hybrid_clock.cc:584] initializing the hybrid clock with 'system_unsync' time source
W20260709 13:05:40.800035 17741 system_unsync_time.cc:38] NTP support is disabled. Clock error bounds will not be accurate. This configuration is not suitable for distributed clusters.
I20260709 13:05:40.800210 17741 hybrid_clock.cc:648] HybridClock initialized: now 1783602340800191 us; error 0 us; skew 500 ppm
I20260709 13:05:40.800930 17741 server_base.cc:861] Flag tcmalloc_max_total_thread_cache_bytes is not working since tcmalloc is not enabled.
I20260709 13:05:40.804728 17741 webserver.cc:533] Webserver started at http://127.17.83.66:34713/ using document root <none> and password file <none>
I20260709 13:05:40.804786 18392 heartbeater.cc:344] Connected to a master server at 127.17.83.126:37909
I20260709 13:05:40.805253 18392 heartbeater.cc:461] Registering TS with master...
I20260709 13:05:40.805337 17741 fs_manager.cc:362] Metadata directory not provided
I20260709 13:05:40.805632 17741 fs_manager.cc:368] Using write-ahead log directory (fs_wal_dir) as metadata directory
I20260709 13:05:40.805917 17741 server_base.cc:909] This appears to be a new deployment of Kudu; creating new FS layout
I20260709 13:05:40.806211 18392 heartbeater.cc:507] Master 127.17.83.126:37909 requested a full tablet report, sending...
I20260709 13:05:40.807193 17741 fs_manager.cc:1068] Generated new instance metadata in path /tmp/dist-test-taskz05Obt/test-tmp/auto_leader_rebalancer-test.0.LeaderRebalancerTest.FunctionalTestForNotDivided.1783602327530073-17741-0/minicluster-data/ts-1-root/instance:
uuid: "7b94f49d065d4fa4a8667fba76ac04d5"
format_stamp: "Formatted at 2026-07-09 13:05:40 on dist-test-slave-ghwz"
I20260709 13:05:40.808745 18265 ts_manager.cc:194] Registered new tserver with Master: c8fc5a14f1e94727af64c44b28c4c79e (127.17.83.65:33199)
I20260709 13:05:40.811163 18265 master_service.cc:502] Signed X509 certificate for tserver {username='slave'} at 127.0.0.1:41934
I20260709 13:05:40.813266 17741 fs_manager.cc:696] Time spent creating directory manager: real 0.005s	user 0.005s	sys 0.001s
I20260709 13:05:40.816883 18404 log_block_manager.cc:4127] Time spent loading block containers with low live blocks: real 0.000s	user 0.000s	sys 0.000s
I20260709 13:05:40.817713 17741 fs_manager.cc:730] Time spent opening block manager: real 0.002s	user 0.000s	sys 0.002s
I20260709 13:05:40.817960 17741 fs_manager.cc:647] Opened local filesystem: /tmp/dist-test-taskz05Obt/test-tmp/auto_leader_rebalancer-test.0.LeaderRebalancerTest.FunctionalTestForNotDivided.1783602327530073-17741-0/minicluster-data/ts-1-root
uuid: "7b94f49d065d4fa4a8667fba76ac04d5"
format_stamp: "Formatted at 2026-07-09 13:05:40 on dist-test-slave-ghwz"
I20260709 13:05:40.818202 17741 fs_report.cc:389] FS layout report
--------------------
wal directory: /tmp/dist-test-taskz05Obt/test-tmp/auto_leader_rebalancer-test.0.LeaderRebalancerTest.FunctionalTestForNotDivided.1783602327530073-17741-0/minicluster-data/ts-1-root
metadata directory: /tmp/dist-test-taskz05Obt/test-tmp/auto_leader_rebalancer-test.0.LeaderRebalancerTest.FunctionalTestForNotDivided.1783602327530073-17741-0/minicluster-data/ts-1-root
1 data directories: /tmp/dist-test-taskz05Obt/test-tmp/auto_leader_rebalancer-test.0.LeaderRebalancerTest.FunctionalTestForNotDivided.1783602327530073-17741-0/minicluster-data/ts-1-root/data
Total live blocks: 0
Total live bytes: 0
Total live bytes (after alignment): 0
Total number of LBM containers: 0 (0 full)
Did not check for missing blocks
Did not check for orphaned blocks
Total full LBM containers with extra space: 0 (0 repaired)
Total full LBM container extra space in bytes: 0 (0 repaired)
Total incomplete LBM containers: 0 (0 repaired)
Total LBM partial records: 0 (0 repaired)
Total corrupted LBM metadata records in RocksDB: 0 (0 repaired)
I20260709 13:05:40.837002 17741 rpc_server.cc:225] running with OpenSSL 1.1.1  11 Sep 2018
I20260709 13:05:40.838245 17741 kserver.cc:163] Server-wide thread pool size limit: 3276
I20260709 13:05:40.839814 17741 txn_system_client.cc:432] TxnSystemClient initialization is disabled...
I20260709 13:05:40.842087 17741 ts_tablet_manager.cc:585] Loaded tablet metadata (0 total tablets, 0 live tablets)
I20260709 13:05:40.842285 17741 ts_tablet_manager.cc:531] Time spent load tablet metadata: real 0.000s	user 0.000s	sys 0.000s
I20260709 13:05:40.842638 17741 ts_tablet_manager.cc:616] Registered 0 tablets
I20260709 13:05:40.842826 17741 ts_tablet_manager.cc:595] Time spent register tablets: real 0.000s	user 0.000s	sys 0.000s
I20260709 13:05:40.883016 17741 rpc_server.cc:307] RPC server started. Bound to: 127.17.83.66:33951
I20260709 13:05:40.883100 18466 acceptor_pool.cc:272] collecting diagnostics on the listening RPC socket 127.17.83.66:33951 every 8 connection(s)
I20260709 13:05:40.887763 17741 file_cache.cc:504] Constructed file cache file cache with capacity 419430
W20260709 13:05:40.895064 18470 instance_detector.cc:116] could not retrieve AWS instance metadata: Network error: curl error: HTTP response code said error: The requested URL returned error: 404
W20260709 13:05:40.897418 18471 instance_detector.cc:116] could not retrieve Azure instance metadata: Network error: curl error: HTTP response code said error: The requested URL returned error: 404
W20260709 13:05:40.898418 18473 instance_detector.cc:116] could not retrieve OpenStack instance metadata: Network error: curl error: HTTP response code said error: The requested URL returned error: 404
I20260709 13:05:40.900243 17741 server_base.cc:1061] running on GCE node
I20260709 13:05:40.901356 17741 hybrid_clock.cc:584] initializing the hybrid clock with 'system_unsync' time source
W20260709 13:05:40.901641 17741 system_unsync_time.cc:38] NTP support is disabled. Clock error bounds will not be accurate. This configuration is not suitable for distributed clusters.
I20260709 13:05:40.901916 17741 hybrid_clock.cc:648] HybridClock initialized: now 1783602340901889 us; error 0 us; skew 500 ppm
I20260709 13:05:40.902211 18467 heartbeater.cc:344] Connected to a master server at 127.17.83.126:37909
I20260709 13:05:40.902663 18467 heartbeater.cc:461] Registering TS with master...
I20260709 13:05:40.902679 17741 server_base.cc:861] Flag tcmalloc_max_total_thread_cache_bytes is not working since tcmalloc is not enabled.
I20260709 13:05:40.903797 18467 heartbeater.cc:507] Master 127.17.83.126:37909 requested a full tablet report, sending...
I20260709 13:05:40.906304 17741 webserver.cc:533] Webserver started at http://127.17.83.67:37151/ using document root <none> and password file <none>
I20260709 13:05:40.906827 18265 ts_manager.cc:194] Registered new tserver with Master: 7b94f49d065d4fa4a8667fba76ac04d5 (127.17.83.66:33951)
I20260709 13:05:40.907063 17741 fs_manager.cc:362] Metadata directory not provided
I20260709 13:05:40.907348 17741 fs_manager.cc:368] Using write-ahead log directory (fs_wal_dir) as metadata directory
I20260709 13:05:40.907706 17741 server_base.cc:909] This appears to be a new deployment of Kudu; creating new FS layout
I20260709 13:05:40.908797 18265 master_service.cc:502] Signed X509 certificate for tserver {username='slave'} at 127.0.0.1:41944
I20260709 13:05:40.909327 17741 fs_manager.cc:1068] Generated new instance metadata in path /tmp/dist-test-taskz05Obt/test-tmp/auto_leader_rebalancer-test.0.LeaderRebalancerTest.FunctionalTestForNotDivided.1783602327530073-17741-0/minicluster-data/ts-2-root/instance:
uuid: "005a62228b354899a9b3d52c0361f8a3"
format_stamp: "Formatted at 2026-07-09 13:05:40 on dist-test-slave-ghwz"
I20260709 13:05:40.914848 17741 fs_manager.cc:696] Time spent creating directory manager: real 0.005s	user 0.004s	sys 0.004s
I20260709 13:05:40.918344 18478 log_block_manager.cc:4127] Time spent loading block containers with low live blocks: real 0.000s	user 0.000s	sys 0.000s
I20260709 13:05:40.919385 17741 fs_manager.cc:730] Time spent opening block manager: real 0.003s	user 0.003s	sys 0.000s
I20260709 13:05:40.919690 17741 fs_manager.cc:647] Opened local filesystem: /tmp/dist-test-taskz05Obt/test-tmp/auto_leader_rebalancer-test.0.LeaderRebalancerTest.FunctionalTestForNotDivided.1783602327530073-17741-0/minicluster-data/ts-2-root
uuid: "005a62228b354899a9b3d52c0361f8a3"
format_stamp: "Formatted at 2026-07-09 13:05:40 on dist-test-slave-ghwz"
I20260709 13:05:40.919986 17741 fs_report.cc:389] FS layout report
--------------------
wal directory: /tmp/dist-test-taskz05Obt/test-tmp/auto_leader_rebalancer-test.0.LeaderRebalancerTest.FunctionalTestForNotDivided.1783602327530073-17741-0/minicluster-data/ts-2-root
metadata directory: /tmp/dist-test-taskz05Obt/test-tmp/auto_leader_rebalancer-test.0.LeaderRebalancerTest.FunctionalTestForNotDivided.1783602327530073-17741-0/minicluster-data/ts-2-root
1 data directories: /tmp/dist-test-taskz05Obt/test-tmp/auto_leader_rebalancer-test.0.LeaderRebalancerTest.FunctionalTestForNotDivided.1783602327530073-17741-0/minicluster-data/ts-2-root/data
Total live blocks: 0
Total live bytes: 0
Total live bytes (after alignment): 0
Total number of LBM containers: 0 (0 full)
Did not check for missing blocks
Did not check for orphaned blocks
Total full LBM containers with extra space: 0 (0 repaired)
Total full LBM container extra space in bytes: 0 (0 repaired)
Total incomplete LBM containers: 0 (0 repaired)
Total LBM partial records: 0 (0 repaired)
Total corrupted LBM metadata records in RocksDB: 0 (0 repaired)
I20260709 13:05:40.932767 17741 rpc_server.cc:225] running with OpenSSL 1.1.1  11 Sep 2018
I20260709 13:05:40.933941 17741 kserver.cc:163] Server-wide thread pool size limit: 3276
I20260709 13:05:40.935459 17741 txn_system_client.cc:432] TxnSystemClient initialization is disabled...
I20260709 13:05:40.937640 17741 ts_tablet_manager.cc:585] Loaded tablet metadata (0 total tablets, 0 live tablets)
I20260709 13:05:40.937870 17741 ts_tablet_manager.cc:531] Time spent load tablet metadata: real 0.000s	user 0.000s	sys 0.000s
I20260709 13:05:40.938108 17741 ts_tablet_manager.cc:616] Registered 0 tablets
I20260709 13:05:40.938287 17741 ts_tablet_manager.cc:595] Time spent register tablets: real 0.000s	user 0.000s	sys 0.000s
I20260709 13:05:40.978679 17741 rpc_server.cc:307] RPC server started. Bound to: 127.17.83.67:44215
I20260709 13:05:40.978883 18540 acceptor_pool.cc:272] collecting diagnostics on the listening RPC socket 127.17.83.67:44215 every 8 connection(s)
I20260709 13:05:40.992484 18541 heartbeater.cc:344] Connected to a master server at 127.17.83.126:37909
I20260709 13:05:40.992903 18541 heartbeater.cc:461] Registering TS with master...
I20260709 13:05:40.993649 18541 heartbeater.cc:507] Master 127.17.83.126:37909 requested a full tablet report, sending...
I20260709 13:05:40.995677 18265 ts_manager.cc:194] Registered new tserver with Master: 005a62228b354899a9b3d52c0361f8a3 (127.17.83.67:44215)
I20260709 13:05:40.996222 17741 internal_mini_cluster.cc:371] 3 TS(s) registered with all masters after 0.014357218s
I20260709 13:05:40.997109 18265 master_service.cc:502] Signed X509 certificate for tserver {username='slave'} at 127.0.0.1:41956
I20260709 13:05:41.023991 18265 catalog_manager.cc:2283] Servicing CreateTable request from {username='slave'} at 127.0.0.1:41972:
name: "test-workload"
schema {
  columns {
    name: "key"
    type: INT32
    is_key: true
    is_nullable: false
    encoding: AUTO_ENCODING
    compression: DEFAULT_COMPRESSION
    cfile_block_size: 0
    immutable: false
  }
  columns {
    name: "int_val"
    type: INT32
    is_key: false
    is_nullable: false
    encoding: AUTO_ENCODING
    compression: DEFAULT_COMPRESSION
    cfile_block_size: 0
    immutable: false
  }
  columns {
    name: "string_val"
    type: STRING
    is_key: false
    is_nullable: true
    encoding: AUTO_ENCODING
    compression: DEFAULT_COMPRESSION
    cfile_block_size: 0
    immutable: false
  }
}
num_replicas: 3
split_rows_range_bounds {
  rows: "\004\001\000\314\314\314\014\004\001\000\230\231\231\031\004\001\000dff&\004\001\0000333\004\001\000\374\377\377?\004\001\000\310\314\314L\004\001\000\224\231\231Y\004\001\000`fff\004\001\000,33s""\004\001\000\314\314\314\014\004\001\000\230\231\231\031\004\001\000dff&\004\001\0000333\004\001\000\374\377\377?\004\001\000\310\314\314L\004\001\000\224\231\231Y\004\001\000`fff\004\001\000,33s"
  indirect_data: """"
}
partition_schema {
  range_schema {
    columns {
      name: "key"
    }
  }
}
W20260709 13:05:41.027220 18265 catalog_manager.cc:7077] The number of live tablet servers is not enough to re-replicate a tablet replica of the newly created table test-workload in case of a server failure: 4 tablet servers would be needed, 3 are available. Consider bringing up more tablet servers.
I20260709 13:05:41.104679 18506 tablet_service.cc:1511] Processing CreateTablet for tablet 79cda8168db54b40ae3b7a70b13c1dbd (DEFAULT_TABLE table=test-workload [id=2b11bc10459047dd8ab173d1e5cc81b8]), partition=RANGE (key) PARTITION VALUES < 214748364
I20260709 13:05:41.106421 18506 data_dirs.cc:400] Could only allocate 1 dirs of requested 3 for tablet 79cda8168db54b40ae3b7a70b13c1dbd. 1 dirs total, 0 dirs full, 0 dirs failed
I20260709 13:05:41.110390 18505 tablet_service.cc:1511] Processing CreateTablet for tablet 3412e60f84464a60bf6c064a977788cd (DEFAULT_TABLE table=test-workload [id=2b11bc10459047dd8ab173d1e5cc81b8]), partition=RANGE (key) PARTITION 214748364 <= VALUES < 429496728
I20260709 13:05:41.111910 18505 data_dirs.cc:400] Could only allocate 1 dirs of requested 3 for tablet 3412e60f84464a60bf6c064a977788cd. 1 dirs total, 0 dirs full, 0 dirs failed
I20260709 13:05:41.114403 18432 tablet_service.cc:1511] Processing CreateTablet for tablet 79cda8168db54b40ae3b7a70b13c1dbd (DEFAULT_TABLE table=test-workload [id=2b11bc10459047dd8ab173d1e5cc81b8]), partition=RANGE (key) PARTITION VALUES < 214748364
I20260709 13:05:41.115911 18432 data_dirs.cc:400] Could only allocate 1 dirs of requested 3 for tablet 79cda8168db54b40ae3b7a70b13c1dbd. 1 dirs total, 0 dirs full, 0 dirs failed
I20260709 13:05:41.121165 18429 tablet_service.cc:1511] Processing CreateTablet for tablet 1830c97904c04db882b69a34ec8c240d (DEFAULT_TABLE table=test-workload [id=2b11bc10459047dd8ab173d1e5cc81b8]), partition=RANGE (key) PARTITION 644245092 <= VALUES < 858993456
I20260709 13:05:41.123644 18430 tablet_service.cc:1511] Processing CreateTablet for tablet 0977d67165024b1c9676fcd45b4c2224 (DEFAULT_TABLE table=test-workload [id=2b11bc10459047dd8ab173d1e5cc81b8]), partition=RANGE (key) PARTITION 429496728 <= VALUES < 644245092
I20260709 13:05:41.124001 18504 tablet_service.cc:1511] Processing CreateTablet for tablet 0977d67165024b1c9676fcd45b4c2224 (DEFAULT_TABLE table=test-workload [id=2b11bc10459047dd8ab173d1e5cc81b8]), partition=RANGE (key) PARTITION 429496728 <= VALUES < 644245092
I20260709 13:05:41.125334 18504 data_dirs.cc:400] Could only allocate 1 dirs of requested 3 for tablet 0977d67165024b1c9676fcd45b4c2224. 1 dirs total, 0 dirs full, 0 dirs failed
I20260709 13:05:41.126073 18431 tablet_service.cc:1511] Processing CreateTablet for tablet 3412e60f84464a60bf6c064a977788cd (DEFAULT_TABLE table=test-workload [id=2b11bc10459047dd8ab173d1e5cc81b8]), partition=RANGE (key) PARTITION 214748364 <= VALUES < 429496728
I20260709 13:05:41.135557 18429 data_dirs.cc:400] Could only allocate 1 dirs of requested 3 for tablet 1830c97904c04db882b69a34ec8c240d. 1 dirs total, 0 dirs full, 0 dirs failed
I20260709 13:05:41.138132 18503 tablet_service.cc:1511] Processing CreateTablet for tablet 1830c97904c04db882b69a34ec8c240d (DEFAULT_TABLE table=test-workload [id=2b11bc10459047dd8ab173d1e5cc81b8]), partition=RANGE (key) PARTITION 644245092 <= VALUES < 858993456
I20260709 13:05:41.139652 18503 data_dirs.cc:400] Could only allocate 1 dirs of requested 3 for tablet 1830c97904c04db882b69a34ec8c240d. 1 dirs total, 0 dirs full, 0 dirs failed
I20260709 13:05:41.139878 18430 data_dirs.cc:400] Could only allocate 1 dirs of requested 3 for tablet 0977d67165024b1c9676fcd45b4c2224. 1 dirs total, 0 dirs full, 0 dirs failed
I20260709 13:05:41.144286 18504 tablet_service.cc:1511] Processing CreateTablet for tablet a8856c1258464524914838456ab86d31 (DEFAULT_TABLE table=test-workload [id=2b11bc10459047dd8ab173d1e5cc81b8]), partition=RANGE (key) PARTITION 858993456 <= VALUES < 1073741820
I20260709 13:05:41.144366 18428 tablet_service.cc:1511] Processing CreateTablet for tablet a8856c1258464524914838456ab86d31 (DEFAULT_TABLE table=test-workload [id=2b11bc10459047dd8ab173d1e5cc81b8]), partition=RANGE (key) PARTITION 858993456 <= VALUES < 1073741820
I20260709 13:05:41.146338 18427 tablet_service.cc:1511] Processing CreateTablet for tablet 33eca4084d1e40198954433152d998cf (DEFAULT_TABLE table=test-workload [id=2b11bc10459047dd8ab173d1e5cc81b8]), partition=RANGE (key) PARTITION 1073741820 <= VALUES < 1288490184
I20260709 13:05:41.147253 18502 tablet_service.cc:1511] Processing CreateTablet for tablet 33eca4084d1e40198954433152d998cf (DEFAULT_TABLE table=test-workload [id=2b11bc10459047dd8ab173d1e5cc81b8]), partition=RANGE (key) PARTITION 1073741820 <= VALUES < 1288490184
I20260709 13:05:41.150046 18501 tablet_service.cc:1511] Processing CreateTablet for tablet c272b52894e24304a50b7d86594caef7 (DEFAULT_TABLE table=test-workload [id=2b11bc10459047dd8ab173d1e5cc81b8]), partition=RANGE (key) PARTITION 1288490184 <= VALUES < 1503238548
I20260709 13:05:41.158381 18354 tablet_service.cc:1511] Processing CreateTablet for tablet 1830c97904c04db882b69a34ec8c240d (DEFAULT_TABLE table=test-workload [id=2b11bc10459047dd8ab173d1e5cc81b8]), partition=RANGE (key) PARTITION 644245092 <= VALUES < 858993456
I20260709 13:05:41.148347 18431 data_dirs.cc:400] Could only allocate 1 dirs of requested 3 for tablet 3412e60f84464a60bf6c064a977788cd. 1 dirs total, 0 dirs full, 0 dirs failed
I20260709 13:05:41.159704 18354 data_dirs.cc:400] Could only allocate 1 dirs of requested 3 for tablet 1830c97904c04db882b69a34ec8c240d. 1 dirs total, 0 dirs full, 0 dirs failed
I20260709 13:05:41.150070 18426 tablet_service.cc:1511] Processing CreateTablet for tablet c272b52894e24304a50b7d86594caef7 (DEFAULT_TABLE table=test-workload [id=2b11bc10459047dd8ab173d1e5cc81b8]), partition=RANGE (key) PARTITION 1288490184 <= VALUES < 1503238548
I20260709 13:05:41.163622 18499 tablet_service.cc:1511] Processing CreateTablet for tablet a8eba2a2200745319cd6d820d70a6a4c (DEFAULT_TABLE table=test-workload [id=2b11bc10459047dd8ab173d1e5cc81b8]), partition=RANGE (key) PARTITION 1932735276 <= VALUES
I20260709 13:05:41.164209 18426 data_dirs.cc:400] Could only allocate 1 dirs of requested 3 for tablet c272b52894e24304a50b7d86594caef7. 1 dirs total, 0 dirs full, 0 dirs failed
I20260709 13:05:41.164954 18353 tablet_service.cc:1511] Processing CreateTablet for tablet a8856c1258464524914838456ab86d31 (DEFAULT_TABLE table=test-workload [id=2b11bc10459047dd8ab173d1e5cc81b8]), partition=RANGE (key) PARTITION 858993456 <= VALUES < 1073741820
I20260709 13:05:41.151711 18425 tablet_service.cc:1511] Processing CreateTablet for tablet 68f98f13144042a1bdabb4a2add4f11b (DEFAULT_TABLE table=test-workload [id=2b11bc10459047dd8ab173d1e5cc81b8]), partition=RANGE (key) PARTITION 1503238548 <= VALUES < 1717986912
I20260709 13:05:41.166244 18353 data_dirs.cc:400] Could only allocate 1 dirs of requested 3 for tablet a8856c1258464524914838456ab86d31. 1 dirs total, 0 dirs full, 0 dirs failed
I20260709 13:05:41.167205 18425 data_dirs.cc:400] Could only allocate 1 dirs of requested 3 for tablet 68f98f13144042a1bdabb4a2add4f11b. 1 dirs total, 0 dirs full, 0 dirs failed
I20260709 13:05:41.167750 18352 tablet_service.cc:1511] Processing CreateTablet for tablet 33eca4084d1e40198954433152d998cf (DEFAULT_TABLE table=test-workload [id=2b11bc10459047dd8ab173d1e5cc81b8]), partition=RANGE (key) PARTITION 1073741820 <= VALUES < 1288490184
I20260709 13:05:41.169615 18351 tablet_service.cc:1511] Processing CreateTablet for tablet c272b52894e24304a50b7d86594caef7 (DEFAULT_TABLE table=test-workload [id=2b11bc10459047dd8ab173d1e5cc81b8]), partition=RANGE (key) PARTITION 1288490184 <= VALUES < 1503238548
I20260709 13:05:41.153578 18424 tablet_service.cc:1511] Processing CreateTablet for tablet d0cde134b4ad4216a24fbc59cafd78c2 (DEFAULT_TABLE table=test-workload [id=2b11bc10459047dd8ab173d1e5cc81b8]), partition=RANGE (key) PARTITION 1717986912 <= VALUES < 1932735276
I20260709 13:05:41.154130 18357 tablet_service.cc:1511] Processing CreateTablet for tablet 79cda8168db54b40ae3b7a70b13c1dbd (DEFAULT_TABLE table=test-workload [id=2b11bc10459047dd8ab173d1e5cc81b8]), partition=RANGE (key) PARTITION VALUES < 214748364
I20260709 13:05:41.155872 18356 tablet_service.cc:1511] Processing CreateTablet for tablet 3412e60f84464a60bf6c064a977788cd (DEFAULT_TABLE table=test-workload [id=2b11bc10459047dd8ab173d1e5cc81b8]), partition=RANGE (key) PARTITION 214748364 <= VALUES < 429496728
I20260709 13:05:41.156353 18355 tablet_service.cc:1511] Processing CreateTablet for tablet 0977d67165024b1c9676fcd45b4c2224 (DEFAULT_TABLE table=test-workload [id=2b11bc10459047dd8ab173d1e5cc81b8]), partition=RANGE (key) PARTITION 429496728 <= VALUES < 644245092
I20260709 13:05:41.152755 18500 tablet_service.cc:1511] Processing CreateTablet for tablet 68f98f13144042a1bdabb4a2add4f11b (DEFAULT_TABLE table=test-workload [id=2b11bc10459047dd8ab173d1e5cc81b8]), partition=RANGE (key) PARTITION 1503238548 <= VALUES < 1717986912
I20260709 13:05:41.181243 18427 data_dirs.cc:400] Could only allocate 1 dirs of requested 3 for tablet 33eca4084d1e40198954433152d998cf. 1 dirs total, 0 dirs full, 0 dirs failed
I20260709 13:05:41.183931 18424 data_dirs.cc:400] Could only allocate 1 dirs of requested 3 for tablet d0cde134b4ad4216a24fbc59cafd78c2. 1 dirs total, 0 dirs full, 0 dirs failed
I20260709 13:05:41.184809 18428 data_dirs.cc:400] Could only allocate 1 dirs of requested 3 for tablet a8856c1258464524914838456ab86d31. 1 dirs total, 0 dirs full, 0 dirs failed
I20260709 13:05:41.171025 18352 data_dirs.cc:400] Could only allocate 1 dirs of requested 3 for tablet 33eca4084d1e40198954433152d998cf. 1 dirs total, 0 dirs full, 0 dirs failed
I20260709 13:05:41.172592 18350 tablet_service.cc:1511] Processing CreateTablet for tablet 68f98f13144042a1bdabb4a2add4f11b (DEFAULT_TABLE table=test-workload [id=2b11bc10459047dd8ab173d1e5cc81b8]), partition=RANGE (key) PARTITION 1503238548 <= VALUES < 1717986912
I20260709 13:05:41.188437 18357 data_dirs.cc:400] Could only allocate 1 dirs of requested 3 for tablet 79cda8168db54b40ae3b7a70b13c1dbd. 1 dirs total, 0 dirs full, 0 dirs failed
I20260709 13:05:41.191053 18355 data_dirs.cc:400] Could only allocate 1 dirs of requested 3 for tablet 0977d67165024b1c9676fcd45b4c2224. 1 dirs total, 0 dirs full, 0 dirs failed
I20260709 13:05:41.195791 18349 tablet_service.cc:1511] Processing CreateTablet for tablet d0cde134b4ad4216a24fbc59cafd78c2 (DEFAULT_TABLE table=test-workload [id=2b11bc10459047dd8ab173d1e5cc81b8]), partition=RANGE (key) PARTITION 1717986912 <= VALUES < 1932735276
I20260709 13:05:41.197261 18349 data_dirs.cc:400] Could only allocate 1 dirs of requested 3 for tablet d0cde134b4ad4216a24fbc59cafd78c2. 1 dirs total, 0 dirs full, 0 dirs failed
I20260709 13:05:41.199806 18356 data_dirs.cc:400] Could only allocate 1 dirs of requested 3 for tablet 3412e60f84464a60bf6c064a977788cd. 1 dirs total, 0 dirs full, 0 dirs failed
I20260709 13:05:41.200520 18351 data_dirs.cc:400] Could only allocate 1 dirs of requested 3 for tablet c272b52894e24304a50b7d86594caef7. 1 dirs total, 0 dirs full, 0 dirs failed
I20260709 13:05:41.200335 18348 tablet_service.cc:1511] Processing CreateTablet for tablet a8eba2a2200745319cd6d820d70a6a4c (DEFAULT_TABLE table=test-workload [id=2b11bc10459047dd8ab173d1e5cc81b8]), partition=RANGE (key) PARTITION 1932735276 <= VALUES
I20260709 13:05:41.201232 18350 data_dirs.cc:400] Could only allocate 1 dirs of requested 3 for tablet 68f98f13144042a1bdabb4a2add4f11b. 1 dirs total, 0 dirs full, 0 dirs failed
I20260709 13:05:41.155503 18423 tablet_service.cc:1511] Processing CreateTablet for tablet a8eba2a2200745319cd6d820d70a6a4c (DEFAULT_TABLE table=test-workload [id=2b11bc10459047dd8ab173d1e5cc81b8]), partition=RANGE (key) PARTITION 1932735276 <= VALUES
I20260709 13:05:41.202615 18423 data_dirs.cc:400] Could only allocate 1 dirs of requested 3 for tablet a8eba2a2200745319cd6d820d70a6a4c. 1 dirs total, 0 dirs full, 0 dirs failed
I20260709 13:05:41.214991 18348 data_dirs.cc:400] Could only allocate 1 dirs of requested 3 for tablet a8eba2a2200745319cd6d820d70a6a4c. 1 dirs total, 0 dirs full, 0 dirs failed
I20260709 13:05:41.152309 18504 data_dirs.cc:400] Could only allocate 1 dirs of requested 3 for tablet a8856c1258464524914838456ab86d31. 1 dirs total, 0 dirs full, 0 dirs failed
I20260709 13:05:41.279268 18503 tablet_service.cc:1511] Processing CreateTablet for tablet d0cde134b4ad4216a24fbc59cafd78c2 (DEFAULT_TABLE table=test-workload [id=2b11bc10459047dd8ab173d1e5cc81b8]), partition=RANGE (key) PARTITION 1717986912 <= VALUES < 1932735276
I20260709 13:05:41.280937 18556 tablet_bootstrap.cc:492] T 79cda8168db54b40ae3b7a70b13c1dbd P 005a62228b354899a9b3d52c0361f8a3: Bootstrap starting.
I20260709 13:05:41.281451 18501 data_dirs.cc:400] Could only allocate 1 dirs of requested 3 for tablet c272b52894e24304a50b7d86594caef7. 1 dirs total, 0 dirs full, 0 dirs failed
I20260709 13:05:41.281515 18557 tablet_bootstrap.cc:492] T 68f98f13144042a1bdabb4a2add4f11b P 7b94f49d065d4fa4a8667fba76ac04d5: Bootstrap starting.
I20260709 13:05:41.294921 18499 data_dirs.cc:400] Could only allocate 1 dirs of requested 3 for tablet a8eba2a2200745319cd6d820d70a6a4c. 1 dirs total, 0 dirs full, 0 dirs failed
I20260709 13:05:41.302443 18557 tablet_bootstrap.cc:654] T 68f98f13144042a1bdabb4a2add4f11b P 7b94f49d065d4fa4a8667fba76ac04d5: Neither blocks nor log segments found. Creating new log.
I20260709 13:05:41.309475 18558 tablet_bootstrap.cc:492] T 1830c97904c04db882b69a34ec8c240d P c8fc5a14f1e94727af64c44b28c4c79e: Bootstrap starting.
I20260709 13:05:41.306649 18503 data_dirs.cc:400] Could only allocate 1 dirs of requested 3 for tablet d0cde134b4ad4216a24fbc59cafd78c2. 1 dirs total, 0 dirs full, 0 dirs failed
I20260709 13:05:41.320385 18558 tablet_bootstrap.cc:654] T 1830c97904c04db882b69a34ec8c240d P c8fc5a14f1e94727af64c44b28c4c79e: Neither blocks nor log segments found. Creating new log.
I20260709 13:05:41.323012 18500 data_dirs.cc:400] Could only allocate 1 dirs of requested 3 for tablet 68f98f13144042a1bdabb4a2add4f11b. 1 dirs total, 0 dirs full, 0 dirs failed
I20260709 13:05:41.326121 18502 data_dirs.cc:400] Could only allocate 1 dirs of requested 3 for tablet 33eca4084d1e40198954433152d998cf. 1 dirs total, 0 dirs full, 0 dirs failed
I20260709 13:05:41.353298 18556 tablet_bootstrap.cc:654] T 79cda8168db54b40ae3b7a70b13c1dbd P 005a62228b354899a9b3d52c0361f8a3: Neither blocks nor log segments found. Creating new log.
I20260709 13:05:41.383920 18557 tablet_bootstrap.cc:492] T 68f98f13144042a1bdabb4a2add4f11b P 7b94f49d065d4fa4a8667fba76ac04d5: No bootstrap required, opened a new log
I20260709 13:05:41.384554 18557 ts_tablet_manager.cc:1403] T 68f98f13144042a1bdabb4a2add4f11b P 7b94f49d065d4fa4a8667fba76ac04d5: Time spent bootstrapping tablet: real 0.103s	user 0.023s	sys 0.045s
I20260709 13:05:41.387758 18557 raft_consensus.cc:359] T 68f98f13144042a1bdabb4a2add4f11b P 7b94f49d065d4fa4a8667fba76ac04d5 [term 0 FOLLOWER]: Replica starting. Triggering 0 pending ops. Active config: opid_index: -1 OBSOLETE_local: false peers { permanent_uuid: "c8fc5a14f1e94727af64c44b28c4c79e" member_type: VOTER last_known_addr { host: "127.17.83.65" port: 33199 } } peers { permanent_uuid: "7b94f49d065d4fa4a8667fba76ac04d5" member_type: VOTER last_known_addr { host: "127.17.83.66" port: 33951 } } peers { permanent_uuid: "005a62228b354899a9b3d52c0361f8a3" member_type: VOTER last_known_addr { host: "127.17.83.67" port: 44215 } }
I20260709 13:05:41.388607 18557 raft_consensus.cc:385] T 68f98f13144042a1bdabb4a2add4f11b P 7b94f49d065d4fa4a8667fba76ac04d5 [term 0 FOLLOWER]: Consensus starting up: Expiring failure detector timer to make a prompt election more likely
I20260709 13:05:41.388986 18557 raft_consensus.cc:740] T 68f98f13144042a1bdabb4a2add4f11b P 7b94f49d065d4fa4a8667fba76ac04d5 [term 0 FOLLOWER]: Becoming Follower/Learner. State: Replica: 7b94f49d065d4fa4a8667fba76ac04d5, State: Initialized, Role: FOLLOWER
I20260709 13:05:41.389856 18557 consensus_queue.cc:260] T 68f98f13144042a1bdabb4a2add4f11b P 7b94f49d065d4fa4a8667fba76ac04d5 [NON_LEADER]: Queue going to NON_LEADER mode. State: All replicated index: 0, Majority replicated index: 0, Committed index: 0, Last appended: 0.0, Last appended by leader: 0, Current term: 0, Majority size: -1, State: 0, Mode: NON_LEADER, active raft config: opid_index: -1 OBSOLETE_local: false peers { permanent_uuid: "c8fc5a14f1e94727af64c44b28c4c79e" member_type: VOTER last_known_addr { host: "127.17.83.65" port: 33199 } } peers { permanent_uuid: "7b94f49d065d4fa4a8667fba76ac04d5" member_type: VOTER last_known_addr { host: "127.17.83.66" port: 33951 } } peers { permanent_uuid: "005a62228b354899a9b3d52c0361f8a3" member_type: VOTER last_known_addr { host: "127.17.83.67" port: 44215 } }
I20260709 13:05:41.392210 18558 tablet_bootstrap.cc:492] T 1830c97904c04db882b69a34ec8c240d P c8fc5a14f1e94727af64c44b28c4c79e: No bootstrap required, opened a new log
I20260709 13:05:41.393020 18558 ts_tablet_manager.cc:1403] T 1830c97904c04db882b69a34ec8c240d P c8fc5a14f1e94727af64c44b28c4c79e: Time spent bootstrapping tablet: real 0.084s	user 0.011s	sys 0.022s
I20260709 13:05:41.394351 18467 heartbeater.cc:499] Master 127.17.83.126:37909 was elected leader, sending a full tablet report...
I20260709 13:05:41.395090 18557 ts_tablet_manager.cc:1434] T 68f98f13144042a1bdabb4a2add4f11b P 7b94f49d065d4fa4a8667fba76ac04d5: Time spent starting tablet: real 0.010s	user 0.008s	sys 0.000s
I20260709 13:05:41.396178 18557 tablet_bootstrap.cc:492] T a8856c1258464524914838456ab86d31 P 7b94f49d065d4fa4a8667fba76ac04d5: Bootstrap starting.
I20260709 13:05:41.398857 18556 tablet_bootstrap.cc:492] T 79cda8168db54b40ae3b7a70b13c1dbd P 005a62228b354899a9b3d52c0361f8a3: No bootstrap required, opened a new log
I20260709 13:05:41.396193 18558 raft_consensus.cc:359] T 1830c97904c04db882b69a34ec8c240d P c8fc5a14f1e94727af64c44b28c4c79e [term 0 FOLLOWER]: Replica starting. Triggering 0 pending ops. Active config: opid_index: -1 OBSOLETE_local: false peers { permanent_uuid: "c8fc5a14f1e94727af64c44b28c4c79e" member_type: VOTER last_known_addr { host: "127.17.83.65" port: 33199 } } peers { permanent_uuid: "7b94f49d065d4fa4a8667fba76ac04d5" member_type: VOTER last_known_addr { host: "127.17.83.66" port: 33951 } } peers { permanent_uuid: "005a62228b354899a9b3d52c0361f8a3" member_type: VOTER last_known_addr { host: "127.17.83.67" port: 44215 } }
I20260709 13:05:41.399499 18556 ts_tablet_manager.cc:1403] T 79cda8168db54b40ae3b7a70b13c1dbd P 005a62228b354899a9b3d52c0361f8a3: Time spent bootstrapping tablet: real 0.119s	user 0.013s	sys 0.000s
I20260709 13:05:41.399507 18558 raft_consensus.cc:385] T 1830c97904c04db882b69a34ec8c240d P c8fc5a14f1e94727af64c44b28c4c79e [term 0 FOLLOWER]: Consensus starting up: Expiring failure detector timer to make a prompt election more likely
I20260709 13:05:41.400200 18558 raft_consensus.cc:740] T 1830c97904c04db882b69a34ec8c240d P c8fc5a14f1e94727af64c44b28c4c79e [term 0 FOLLOWER]: Becoming Follower/Learner. State: Replica: c8fc5a14f1e94727af64c44b28c4c79e, State: Initialized, Role: FOLLOWER
I20260709 13:05:41.401505 18558 consensus_queue.cc:260] T 1830c97904c04db882b69a34ec8c240d P c8fc5a14f1e94727af64c44b28c4c79e [NON_LEADER]: Queue going to NON_LEADER mode. State: All replicated index: 0, Majority replicated index: 0, Committed index: 0, Last appended: 0.0, Last appended by leader: 0, Current term: 0, Majority size: -1, State: 0, Mode: NON_LEADER, active raft config: opid_index: -1 OBSOLETE_local: false peers { permanent_uuid: "c8fc5a14f1e94727af64c44b28c4c79e" member_type: VOTER last_known_addr { host: "127.17.83.65" port: 33199 } } peers { permanent_uuid: "7b94f49d065d4fa4a8667fba76ac04d5" member_type: VOTER last_known_addr { host: "127.17.83.66" port: 33951 } } peers { permanent_uuid: "005a62228b354899a9b3d52c0361f8a3" member_type: VOTER last_known_addr { host: "127.17.83.67" port: 44215 } }
I20260709 13:05:41.403383 18556 raft_consensus.cc:359] T 79cda8168db54b40ae3b7a70b13c1dbd P 005a62228b354899a9b3d52c0361f8a3 [term 0 FOLLOWER]: Replica starting. Triggering 0 pending ops. Active config: opid_index: -1 OBSOLETE_local: false peers { permanent_uuid: "005a62228b354899a9b3d52c0361f8a3" member_type: VOTER last_known_addr { host: "127.17.83.67" port: 44215 } } peers { permanent_uuid: "7b94f49d065d4fa4a8667fba76ac04d5" member_type: VOTER last_known_addr { host: "127.17.83.66" port: 33951 } } peers { permanent_uuid: "c8fc5a14f1e94727af64c44b28c4c79e" member_type: VOTER last_known_addr { host: "127.17.83.65" port: 33199 } }
I20260709 13:05:41.404407 18557 tablet_bootstrap.cc:654] T a8856c1258464524914838456ab86d31 P 7b94f49d065d4fa4a8667fba76ac04d5: Neither blocks nor log segments found. Creating new log.
I20260709 13:05:41.404577 18556 raft_consensus.cc:385] T 79cda8168db54b40ae3b7a70b13c1dbd P 005a62228b354899a9b3d52c0361f8a3 [term 0 FOLLOWER]: Consensus starting up: Expiring failure detector timer to make a prompt election more likely
I20260709 13:05:41.405134 18556 raft_consensus.cc:740] T 79cda8168db54b40ae3b7a70b13c1dbd P 005a62228b354899a9b3d52c0361f8a3 [term 0 FOLLOWER]: Becoming Follower/Learner. State: Replica: 005a62228b354899a9b3d52c0361f8a3, State: Initialized, Role: FOLLOWER
I20260709 13:05:41.406165 18556 consensus_queue.cc:260] T 79cda8168db54b40ae3b7a70b13c1dbd P 005a62228b354899a9b3d52c0361f8a3 [NON_LEADER]: Queue going to NON_LEADER mode. State: All replicated index: 0, Majority replicated index: 0, Committed index: 0, Last appended: 0.0, Last appended by leader: 0, Current term: 0, Majority size: -1, State: 0, Mode: NON_LEADER, active raft config: opid_index: -1 OBSOLETE_local: false peers { permanent_uuid: "005a62228b354899a9b3d52c0361f8a3" member_type: VOTER last_known_addr { host: "127.17.83.67" port: 44215 } } peers { permanent_uuid: "7b94f49d065d4fa4a8667fba76ac04d5" member_type: VOTER last_known_addr { host: "127.17.83.66" port: 33951 } } peers { permanent_uuid: "c8fc5a14f1e94727af64c44b28c4c79e" member_type: VOTER last_known_addr { host: "127.17.83.65" port: 33199 } }
I20260709 13:05:41.421653 18541 heartbeater.cc:499] Master 127.17.83.126:37909 was elected leader, sending a full tablet report...
I20260709 13:05:41.421950 18557 tablet_bootstrap.cc:492] T a8856c1258464524914838456ab86d31 P 7b94f49d065d4fa4a8667fba76ac04d5: No bootstrap required, opened a new log
I20260709 13:05:41.421821 18556 ts_tablet_manager.cc:1434] T 79cda8168db54b40ae3b7a70b13c1dbd P 005a62228b354899a9b3d52c0361f8a3: Time spent starting tablet: real 0.022s	user 0.007s	sys 0.013s
I20260709 13:05:41.422326 18558 ts_tablet_manager.cc:1434] T 1830c97904c04db882b69a34ec8c240d P c8fc5a14f1e94727af64c44b28c4c79e: Time spent starting tablet: real 0.029s	user 0.011s	sys 0.014s
I20260709 13:05:41.422521 18557 ts_tablet_manager.cc:1403] T a8856c1258464524914838456ab86d31 P 7b94f49d065d4fa4a8667fba76ac04d5: Time spent bootstrapping tablet: real 0.027s	user 0.010s	sys 0.014s
I20260709 13:05:41.423465 18556 tablet_bootstrap.cc:492] T 0977d67165024b1c9676fcd45b4c2224 P 005a62228b354899a9b3d52c0361f8a3: Bootstrap starting.
I20260709 13:05:41.424203 18392 heartbeater.cc:499] Master 127.17.83.126:37909 was elected leader, sending a full tablet report...
I20260709 13:05:41.425753 18557 raft_consensus.cc:359] T a8856c1258464524914838456ab86d31 P 7b94f49d065d4fa4a8667fba76ac04d5 [term 0 FOLLOWER]: Replica starting. Triggering 0 pending ops. Active config: opid_index: -1 OBSOLETE_local: false peers { permanent_uuid: "c8fc5a14f1e94727af64c44b28c4c79e" member_type: VOTER last_known_addr { host: "127.17.83.65" port: 33199 } } peers { permanent_uuid: "7b94f49d065d4fa4a8667fba76ac04d5" member_type: VOTER last_known_addr { host: "127.17.83.66" port: 33951 } } peers { permanent_uuid: "005a62228b354899a9b3d52c0361f8a3" member_type: VOTER last_known_addr { host: "127.17.83.67" port: 44215 } }
I20260709 13:05:41.426554 18557 raft_consensus.cc:385] T a8856c1258464524914838456ab86d31 P 7b94f49d065d4fa4a8667fba76ac04d5 [term 0 FOLLOWER]: Consensus starting up: Expiring failure detector timer to make a prompt election more likely
I20260709 13:05:41.426906 18557 raft_consensus.cc:740] T a8856c1258464524914838456ab86d31 P 7b94f49d065d4fa4a8667fba76ac04d5 [term 0 FOLLOWER]: Becoming Follower/Learner. State: Replica: 7b94f49d065d4fa4a8667fba76ac04d5, State: Initialized, Role: FOLLOWER
I20260709 13:05:41.427851 18557 consensus_queue.cc:260] T a8856c1258464524914838456ab86d31 P 7b94f49d065d4fa4a8667fba76ac04d5 [NON_LEADER]: Queue going to NON_LEADER mode. State: All replicated index: 0, Majority replicated index: 0, Committed index: 0, Last appended: 0.0, Last appended by leader: 0, Current term: 0, Majority size: -1, State: 0, Mode: NON_LEADER, active raft config: opid_index: -1 OBSOLETE_local: false peers { permanent_uuid: "c8fc5a14f1e94727af64c44b28c4c79e" member_type: VOTER last_known_addr { host: "127.17.83.65" port: 33199 } } peers { permanent_uuid: "7b94f49d065d4fa4a8667fba76ac04d5" member_type: VOTER last_known_addr { host: "127.17.83.66" port: 33951 } } peers { permanent_uuid: "005a62228b354899a9b3d52c0361f8a3" member_type: VOTER last_known_addr { host: "127.17.83.67" port: 44215 } }
I20260709 13:05:41.429385 18558 tablet_bootstrap.cc:492] T a8eba2a2200745319cd6d820d70a6a4c P c8fc5a14f1e94727af64c44b28c4c79e: Bootstrap starting.
I20260709 13:05:41.430150 18557 ts_tablet_manager.cc:1434] T a8856c1258464524914838456ab86d31 P 7b94f49d065d4fa4a8667fba76ac04d5: Time spent starting tablet: real 0.007s	user 0.003s	sys 0.002s
I20260709 13:05:41.431231 18557 tablet_bootstrap.cc:492] T a8eba2a2200745319cd6d820d70a6a4c P 7b94f49d065d4fa4a8667fba76ac04d5: Bootstrap starting.
I20260709 13:05:41.436935 18558 tablet_bootstrap.cc:654] T a8eba2a2200745319cd6d820d70a6a4c P c8fc5a14f1e94727af64c44b28c4c79e: Neither blocks nor log segments found. Creating new log.
I20260709 13:05:41.438333 18557 tablet_bootstrap.cc:654] T a8eba2a2200745319cd6d820d70a6a4c P 7b94f49d065d4fa4a8667fba76ac04d5: Neither blocks nor log segments found. Creating new log.
I20260709 13:05:41.443019 18556 tablet_bootstrap.cc:654] T 0977d67165024b1c9676fcd45b4c2224 P 005a62228b354899a9b3d52c0361f8a3: Neither blocks nor log segments found. Creating new log.
I20260709 13:05:41.451934 18563 raft_consensus.cc:493] T 1830c97904c04db882b69a34ec8c240d P c8fc5a14f1e94727af64c44b28c4c79e [term 0 FOLLOWER]: Starting pre-election (no leader contacted us within the election timeout)
I20260709 13:05:41.452521 18563 raft_consensus.cc:515] T 1830c97904c04db882b69a34ec8c240d P c8fc5a14f1e94727af64c44b28c4c79e [term 0 FOLLOWER]: Starting pre-election with config: opid_index: -1 OBSOLETE_local: false peers { permanent_uuid: "c8fc5a14f1e94727af64c44b28c4c79e" member_type: VOTER last_known_addr { host: "127.17.83.65" port: 33199 } } peers { permanent_uuid: "7b94f49d065d4fa4a8667fba76ac04d5" member_type: VOTER last_known_addr { host: "127.17.83.66" port: 33951 } } peers { permanent_uuid: "005a62228b354899a9b3d52c0361f8a3" member_type: VOTER last_known_addr { host: "127.17.83.67" port: 44215 } }
I20260709 13:05:41.464597 18558 tablet_bootstrap.cc:492] T a8eba2a2200745319cd6d820d70a6a4c P c8fc5a14f1e94727af64c44b28c4c79e: No bootstrap required, opened a new log
I20260709 13:05:41.465502 18558 ts_tablet_manager.cc:1403] T a8eba2a2200745319cd6d820d70a6a4c P c8fc5a14f1e94727af64c44b28c4c79e: Time spent bootstrapping tablet: real 0.036s	user 0.013s	sys 0.021s
I20260709 13:05:41.466061 18563 leader_election.cc:290] T 1830c97904c04db882b69a34ec8c240d P c8fc5a14f1e94727af64c44b28c4c79e [CANDIDATE]: Term 1 pre-election: Requested pre-vote from peers 7b94f49d065d4fa4a8667fba76ac04d5 (127.17.83.66:33951), 005a62228b354899a9b3d52c0361f8a3 (127.17.83.67:44215)
I20260709 13:05:41.469928 18558 raft_consensus.cc:359] T a8eba2a2200745319cd6d820d70a6a4c P c8fc5a14f1e94727af64c44b28c4c79e [term 0 FOLLOWER]: Replica starting. Triggering 0 pending ops. Active config: opid_index: -1 OBSOLETE_local: false peers { permanent_uuid: "c8fc5a14f1e94727af64c44b28c4c79e" member_type: VOTER last_known_addr { host: "127.17.83.65" port: 33199 } } peers { permanent_uuid: "7b94f49d065d4fa4a8667fba76ac04d5" member_type: VOTER last_known_addr { host: "127.17.83.66" port: 33951 } } peers { permanent_uuid: "005a62228b354899a9b3d52c0361f8a3" member_type: VOTER last_known_addr { host: "127.17.83.67" port: 44215 } }
I20260709 13:05:41.470930 18558 raft_consensus.cc:385] T a8eba2a2200745319cd6d820d70a6a4c P c8fc5a14f1e94727af64c44b28c4c79e [term 0 FOLLOWER]: Consensus starting up: Expiring failure detector timer to make a prompt election more likely
I20260709 13:05:41.471340 18558 raft_consensus.cc:740] T a8eba2a2200745319cd6d820d70a6a4c P c8fc5a14f1e94727af64c44b28c4c79e [term 0 FOLLOWER]: Becoming Follower/Learner. State: Replica: c8fc5a14f1e94727af64c44b28c4c79e, State: Initialized, Role: FOLLOWER
I20260709 13:05:41.472271 18558 consensus_queue.cc:260] T a8eba2a2200745319cd6d820d70a6a4c P c8fc5a14f1e94727af64c44b28c4c79e [NON_LEADER]: Queue going to NON_LEADER mode. State: All replicated index: 0, Majority replicated index: 0, Committed index: 0, Last appended: 0.0, Last appended by leader: 0, Current term: 0, Majority size: -1, State: 0, Mode: NON_LEADER, active raft config: opid_index: -1 OBSOLETE_local: false peers { permanent_uuid: "c8fc5a14f1e94727af64c44b28c4c79e" member_type: VOTER last_known_addr { host: "127.17.83.65" port: 33199 } } peers { permanent_uuid: "7b94f49d065d4fa4a8667fba76ac04d5" member_type: VOTER last_known_addr { host: "127.17.83.66" port: 33951 } } peers { permanent_uuid: "005a62228b354899a9b3d52c0361f8a3" member_type: VOTER last_known_addr { host: "127.17.83.67" port: 44215 } }
I20260709 13:05:41.475023 18558 ts_tablet_manager.cc:1434] T a8eba2a2200745319cd6d820d70a6a4c P c8fc5a14f1e94727af64c44b28c4c79e: Time spent starting tablet: real 0.009s	user 0.005s	sys 0.003s
I20260709 13:05:41.476297 18558 tablet_bootstrap.cc:492] T c272b52894e24304a50b7d86594caef7 P c8fc5a14f1e94727af64c44b28c4c79e: Bootstrap starting.
I20260709 13:05:41.479672 18557 tablet_bootstrap.cc:492] T a8eba2a2200745319cd6d820d70a6a4c P 7b94f49d065d4fa4a8667fba76ac04d5: No bootstrap required, opened a new log
I20260709 13:05:41.480228 18557 ts_tablet_manager.cc:1403] T a8eba2a2200745319cd6d820d70a6a4c P 7b94f49d065d4fa4a8667fba76ac04d5: Time spent bootstrapping tablet: real 0.049s	user 0.005s	sys 0.016s
