I20260709 13:05:36.296903 17875 consensus_queue.cc:260] T f069d228f3fd4bf795d4a9fba4a5feb4 P 8115e06e5b3d4784b8ba63378f2fbd59 [NON_LEADER]: Queue going to NON_LEADER mode. State: All replicated index: 0, Majority replicated index: 1, Committed index: 1, Last appended: 1.1, Last appended by leader: 1, Current term: 1, Majority size: -1, State: 0, Mode: NON_LEADER, active raft config: opid_index: -1 OBSOLETE_local: false peers { permanent_uuid: "8115e06e5b3d4784b8ba63378f2fbd59" member_type: VOTER last_known_addr { host: "127.17.83.65" port: 33325 } } peers { permanent_uuid: "0e7c6d8080474ebda3173457665ba223" member_type: VOTER last_known_addr { host: "127.17.83.66" port: 41685 } } peers { permanent_uuid: "f8fab1a52cb841f2b416ef11a35db605" member_type: VOTER last_known_addr { host: "127.17.83.67" port: 38107 } }
I20260709 13:05:36.297358 17876 tablet_service.cc:1917] Received RequestConsensusVote() RPC: tablet_id: "8fc9b86625f148279c343ea2d51dab94" candidate_uuid: "0e7c6d8080474ebda3173457665ba223" candidate_term: 4 candidate_status { last_received { term: 3 index: 3 } } ignore_live_leader: true dest_uuid: "8115e06e5b3d4784b8ba63378f2fbd59"
I20260709 13:05:36.298023 17875 raft_consensus.cc:3060] T f069d228f3fd4bf795d4a9fba4a5feb4 P 8115e06e5b3d4784b8ba63378f2fbd59 [term 1 FOLLOWER]: Advancing to term 2
I20260709 13:05:36.298089 17876 raft_consensus.cc:3060] T 8fc9b86625f148279c343ea2d51dab94 P 8115e06e5b3d4784b8ba63378f2fbd59 [term 3 FOLLOWER]: Advancing to term 4
I20260709 13:05:36.301234 18025 tablet_service.cc:1917] Received RequestConsensusVote() RPC: tablet_id: "f069d228f3fd4bf795d4a9fba4a5feb4" candidate_uuid: "0e7c6d8080474ebda3173457665ba223" candidate_term: 2 candidate_status { last_received { term: 1 index: 1 } } ignore_live_leader: true dest_uuid: "f8fab1a52cb841f2b416ef11a35db605"
I20260709 13:05:36.301820 18025 raft_consensus.cc:3060] T f069d228f3fd4bf795d4a9fba4a5feb4 P f8fab1a52cb841f2b416ef11a35db605 [term 1 FOLLOWER]: Advancing to term 2
I20260709 13:05:36.302120 18024 tablet_service.cc:1917] Received RequestConsensusVote() RPC: tablet_id: "8fc9b86625f148279c343ea2d51dab94" candidate_uuid: "0e7c6d8080474ebda3173457665ba223" candidate_term: 4 candidate_status { last_received { term: 3 index: 3 } } ignore_live_leader: true dest_uuid: "f8fab1a52cb841f2b416ef11a35db605"
I20260709 13:05:36.302685 18024 raft_consensus.cc:3055] T 8fc9b86625f148279c343ea2d51dab94 P f8fab1a52cb841f2b416ef11a35db605 [term 3 LEADER]: Stepping down as leader of term 3
I20260709 13:05:36.302983 18024 raft_consensus.cc:740] T 8fc9b86625f148279c343ea2d51dab94 P f8fab1a52cb841f2b416ef11a35db605 [term 3 LEADER]: Becoming Follower/Learner. State: Replica: f8fab1a52cb841f2b416ef11a35db605, State: Running, Role: LEADER
I20260709 13:05:36.303769 18024 consensus_queue.cc:260] T 8fc9b86625f148279c343ea2d51dab94 P f8fab1a52cb841f2b416ef11a35db605 [NON_LEADER]: Queue going to NON_LEADER mode. State: All replicated index: 0, Majority replicated index: 3, Committed index: 3, Last appended: 3.3, Last appended by leader: 3, Current term: 3, Majority size: -1, State: 0, Mode: NON_LEADER, active raft config: opid_index: -1 OBSOLETE_local: false peers { permanent_uuid: "8115e06e5b3d4784b8ba63378f2fbd59" member_type: VOTER last_known_addr { host: "127.17.83.65" port: 33325 } } peers { permanent_uuid: "0e7c6d8080474ebda3173457665ba223" member_type: VOTER last_known_addr { host: "127.17.83.66" port: 41685 } } peers { permanent_uuid: "f8fab1a52cb841f2b416ef11a35db605" member_type: VOTER last_known_addr { host: "127.17.83.67" port: 38107 } }
I20260709 13:05:36.304785 18024 raft_consensus.cc:3060] T 8fc9b86625f148279c343ea2d51dab94 P f8fab1a52cb841f2b416ef11a35db605 [term 3 FOLLOWER]: Advancing to term 4
I20260709 13:05:36.304767 17875 raft_consensus.cc:2468] T f069d228f3fd4bf795d4a9fba4a5feb4 P 8115e06e5b3d4784b8ba63378f2fbd59 [term 2 FOLLOWER]: Leader election vote request: Granting yes vote for candidate 0e7c6d8080474ebda3173457665ba223 in term 2.
I20260709 13:05:36.305886 17876 raft_consensus.cc:2468] T 8fc9b86625f148279c343ea2d51dab94 P 8115e06e5b3d4784b8ba63378f2fbd59 [term 4 FOLLOWER]: Leader election vote request: Granting yes vote for candidate 0e7c6d8080474ebda3173457665ba223 in term 4.
I20260709 13:05:36.305991 17916 leader_election.cc:304] T f069d228f3fd4bf795d4a9fba4a5feb4 P 0e7c6d8080474ebda3173457665ba223 [CANDIDATE]: Term 2 election: Election decided. Result: candidate won. Election summary: received 2 responses out of 3 voters: 2 yes votes; 0 no votes. yes voters: 0e7c6d8080474ebda3173457665ba223, 8115e06e5b3d4784b8ba63378f2fbd59; no voters: 
I20260709 13:05:36.307051 17874 raft_consensus.cc:1240] T 8fc9b86625f148279c343ea2d51dab94 P 8115e06e5b3d4784b8ba63378f2fbd59 [term 4 FOLLOWER]: Rejecting Update request from peer f8fab1a52cb841f2b416ef11a35db605 for earlier term 3. Current term is 4. Ops: []
I20260709 13:05:36.307291 18160 raft_consensus.cc:2804] T f069d228f3fd4bf795d4a9fba4a5feb4 P 0e7c6d8080474ebda3173457665ba223 [term 2 FOLLOWER]: Leader election won for term 2
I20260709 13:05:36.307834 18160 raft_consensus.cc:697] T f069d228f3fd4bf795d4a9fba4a5feb4 P 0e7c6d8080474ebda3173457665ba223 [term 2 LEADER]: Becoming Leader. State: Replica: 0e7c6d8080474ebda3173457665ba223, State: Running, Role: LEADER
I20260709 13:05:36.308718 18025 raft_consensus.cc:2468] T f069d228f3fd4bf795d4a9fba4a5feb4 P f8fab1a52cb841f2b416ef11a35db605 [term 2 FOLLOWER]: Leader election vote request: Granting yes vote for candidate 0e7c6d8080474ebda3173457665ba223 in term 2.
I20260709 13:05:36.308712 18160 consensus_queue.cc:237] T f069d228f3fd4bf795d4a9fba4a5feb4 P 0e7c6d8080474ebda3173457665ba223 [LEADER]: Queue going to LEADER mode. State: All replicated index: 0, Majority replicated index: 1, Committed index: 1, Last appended: 1.1, Last appended by leader: 1, Current term: 2, Majority size: 2, State: 0, Mode: LEADER, active raft config: opid_index: -1 OBSOLETE_local: false peers { permanent_uuid: "8115e06e5b3d4784b8ba63378f2fbd59" member_type: VOTER last_known_addr { host: "127.17.83.65" port: 33325 } } peers { permanent_uuid: "0e7c6d8080474ebda3173457665ba223" member_type: VOTER last_known_addr { host: "127.17.83.66" port: 41685 } } peers { permanent_uuid: "f8fab1a52cb841f2b416ef11a35db605" member_type: VOTER last_known_addr { host: "127.17.83.67" port: 38107 } }
I20260709 13:05:36.309590 17916 leader_election.cc:304] T 8fc9b86625f148279c343ea2d51dab94 P 0e7c6d8080474ebda3173457665ba223 [CANDIDATE]: Term 4 election: Election decided. Result: candidate won. Election summary: received 2 responses out of 3 voters: 2 yes votes; 0 no votes. yes voters: 0e7c6d8080474ebda3173457665ba223, 8115e06e5b3d4784b8ba63378f2fbd59; no voters: 
I20260709 13:05:36.310376 18183 raft_consensus.cc:2804] T 8fc9b86625f148279c343ea2d51dab94 P 0e7c6d8080474ebda3173457665ba223 [term 4 FOLLOWER]: Leader election won for term 4
I20260709 13:05:36.311493 18024 raft_consensus.cc:2468] T 8fc9b86625f148279c343ea2d51dab94 P f8fab1a52cb841f2b416ef11a35db605 [term 4 FOLLOWER]: Leader election vote request: Granting yes vote for candidate 0e7c6d8080474ebda3173457665ba223 in term 4.
I20260709 13:05:36.311851 18183 raft_consensus.cc:697] T 8fc9b86625f148279c343ea2d51dab94 P 0e7c6d8080474ebda3173457665ba223 [term 4 LEADER]: Becoming Leader. State: Replica: 0e7c6d8080474ebda3173457665ba223, State: Running, Role: LEADER
I20260709 13:05:36.312696 18183 consensus_queue.cc:237] T 8fc9b86625f148279c343ea2d51dab94 P 0e7c6d8080474ebda3173457665ba223 [LEADER]: Queue going to LEADER mode. State: All replicated index: 0, Majority replicated index: 3, Committed index: 3, Last appended: 3.3, Last appended by leader: 3, Current term: 4, Majority size: 2, State: 0, Mode: LEADER, active raft config: opid_index: -1 OBSOLETE_local: false peers { permanent_uuid: "8115e06e5b3d4784b8ba63378f2fbd59" member_type: VOTER last_known_addr { host: "127.17.83.65" port: 33325 } } peers { permanent_uuid: "0e7c6d8080474ebda3173457665ba223" member_type: VOTER last_known_addr { host: "127.17.83.66" port: 41685 } } peers { permanent_uuid: "f8fab1a52cb841f2b416ef11a35db605" member_type: VOTER last_known_addr { host: "127.17.83.67" port: 38107 } }
I20260709 13:05:36.317442 17773 catalog_manager.cc:5697] T f069d228f3fd4bf795d4a9fba4a5feb4 P 0e7c6d8080474ebda3173457665ba223 reported cstate change: term changed from 1 to 2, leader changed from 8115e06e5b3d4784b8ba63378f2fbd59 (127.17.83.65) to 0e7c6d8080474ebda3173457665ba223 (127.17.83.66). New cstate: current_term: 2 leader_uuid: "0e7c6d8080474ebda3173457665ba223" committed_config { opid_index: -1 OBSOLETE_local: false peers { permanent_uuid: "8115e06e5b3d4784b8ba63378f2fbd59" member_type: VOTER last_known_addr { host: "127.17.83.65" port: 33325 } health_report { overall_health: UNKNOWN } } peers { permanent_uuid: "0e7c6d8080474ebda3173457665ba223" member_type: VOTER last_known_addr { host: "127.17.83.66" port: 41685 } health_report { overall_health: HEALTHY } } peers { permanent_uuid: "f8fab1a52cb841f2b416ef11a35db605" member_type: VOTER last_known_addr { host: "127.17.83.67" port: 38107 } health_report { overall_health: UNKNOWN } } }
I20260709 13:05:36.328445 17773 catalog_manager.cc:5697] T 8fc9b86625f148279c343ea2d51dab94 P 0e7c6d8080474ebda3173457665ba223 reported cstate change: term changed from 3 to 4, leader changed from f8fab1a52cb841f2b416ef11a35db605 (127.17.83.67) to 0e7c6d8080474ebda3173457665ba223 (127.17.83.66). New cstate: current_term: 4 leader_uuid: "0e7c6d8080474ebda3173457665ba223" committed_config { opid_index: -1 OBSOLETE_local: false peers { permanent_uuid: "8115e06e5b3d4784b8ba63378f2fbd59" member_type: VOTER last_known_addr { host: "127.17.83.65" port: 33325 } health_report { overall_health: UNKNOWN } } peers { permanent_uuid: "0e7c6d8080474ebda3173457665ba223" member_type: VOTER last_known_addr { host: "127.17.83.66" port: 41685 } health_report { overall_health: HEALTHY } } peers { permanent_uuid: "f8fab1a52cb841f2b416ef11a35db605" member_type: VOTER last_known_addr { host: "127.17.83.67" port: 38107 } health_report { overall_health: UNKNOWN } } }
I20260709 13:05:36.358891 18100 raft_consensus.cc:993] T 0754864dd5da4b1d88b22749533f6291 P 8115e06e5b3d4784b8ba63378f2fbd59: : Instructing follower 0e7c6d8080474ebda3173457665ba223 to start an election
I20260709 13:05:36.359361 18182 raft_consensus.cc:1081] T 0754864dd5da4b1d88b22749533f6291 P 8115e06e5b3d4784b8ba63378f2fbd59 [term 2 LEADER]: Signalling peer 0e7c6d8080474ebda3173457665ba223 to start an election
I20260709 13:05:36.360679 17950 tablet_service.cc:2044] Received Run Leader Election RPC: tablet_id: "0754864dd5da4b1d88b22749533f6291"
dest_uuid: "0e7c6d8080474ebda3173457665ba223"
 from {username='slave'} at 127.0.0.1:43324
I20260709 13:05:36.361171 17950 raft_consensus.cc:493] T 0754864dd5da4b1d88b22749533f6291 P 0e7c6d8080474ebda3173457665ba223 [term 2 FOLLOWER]: Starting forced leader election (received explicit request)
I20260709 13:05:36.361477 17950 raft_consensus.cc:3060] T 0754864dd5da4b1d88b22749533f6291 P 0e7c6d8080474ebda3173457665ba223 [term 2 FOLLOWER]: Advancing to term 3
I20260709 13:05:36.365974 17950 raft_consensus.cc:515] T 0754864dd5da4b1d88b22749533f6291 P 0e7c6d8080474ebda3173457665ba223 [term 3 FOLLOWER]: Starting forced leader election with config: opid_index: -1 OBSOLETE_local: false peers { permanent_uuid: "8115e06e5b3d4784b8ba63378f2fbd59" member_type: VOTER last_known_addr { host: "127.17.83.65" port: 33325 } } peers { permanent_uuid: "0e7c6d8080474ebda3173457665ba223" member_type: VOTER last_known_addr { host: "127.17.83.66" port: 41685 } } peers { permanent_uuid: "f8fab1a52cb841f2b416ef11a35db605" member_type: VOTER last_known_addr { host: "127.17.83.67" port: 38107 } }
I20260709 13:05:36.367553 17950 leader_election.cc:290] T 0754864dd5da4b1d88b22749533f6291 P 0e7c6d8080474ebda3173457665ba223 [CANDIDATE]: Term 3 election: Requested vote from peers 8115e06e5b3d4784b8ba63378f2fbd59 (127.17.83.65:33325), f8fab1a52cb841f2b416ef11a35db605 (127.17.83.67:38107)
I20260709 13:05:36.368789 17875 tablet_service.cc:1917] Received RequestConsensusVote() RPC: tablet_id: "0754864dd5da4b1d88b22749533f6291" candidate_uuid: "0e7c6d8080474ebda3173457665ba223" candidate_term: 3 candidate_status { last_received { term: 2 index: 2 } } ignore_live_leader: true dest_uuid: "8115e06e5b3d4784b8ba63378f2fbd59"
I20260709 13:05:36.369185 18024 tablet_service.cc:1917] Received RequestConsensusVote() RPC: tablet_id: "0754864dd5da4b1d88b22749533f6291" candidate_uuid: "0e7c6d8080474ebda3173457665ba223" candidate_term: 3 candidate_status { last_received { term: 2 index: 2 } } ignore_live_leader: true dest_uuid: "f8fab1a52cb841f2b416ef11a35db605"
I20260709 13:05:36.369575 17875 raft_consensus.cc:3055] T 0754864dd5da4b1d88b22749533f6291 P 8115e06e5b3d4784b8ba63378f2fbd59 [term 2 LEADER]: Stepping down as leader of term 2
I20260709 13:05:36.369728 18024 raft_consensus.cc:3060] T 0754864dd5da4b1d88b22749533f6291 P f8fab1a52cb841f2b416ef11a35db605 [term 2 FOLLOWER]: Advancing to term 3
I20260709 13:05:36.369931 17875 raft_consensus.cc:740] T 0754864dd5da4b1d88b22749533f6291 P 8115e06e5b3d4784b8ba63378f2fbd59 [term 2 LEADER]: Becoming Follower/Learner. State: Replica: 8115e06e5b3d4784b8ba63378f2fbd59, State: Running, Role: LEADER
I20260709 13:05:36.370708 17875 consensus_queue.cc:260] T 0754864dd5da4b1d88b22749533f6291 P 8115e06e5b3d4784b8ba63378f2fbd59 [NON_LEADER]: Queue going to NON_LEADER mode. State: All replicated index: 0, Majority replicated index: 2, Committed index: 2, Last appended: 2.2, Last appended by leader: 2, Current term: 2, Majority size: -1, State: 0, Mode: NON_LEADER, active raft config: opid_index: -1 OBSOLETE_local: false peers { permanent_uuid: "8115e06e5b3d4784b8ba63378f2fbd59" member_type: VOTER last_known_addr { host: "127.17.83.65" port: 33325 } } peers { permanent_uuid: "0e7c6d8080474ebda3173457665ba223" member_type: VOTER last_known_addr { host: "127.17.83.66" port: 41685 } } peers { permanent_uuid: "f8fab1a52cb841f2b416ef11a35db605" member_type: VOTER last_known_addr { host: "127.17.83.67" port: 38107 } }
I20260709 13:05:36.371719 17875 raft_consensus.cc:3060] T 0754864dd5da4b1d88b22749533f6291 P 8115e06e5b3d4784b8ba63378f2fbd59 [term 2 FOLLOWER]: Advancing to term 3
I20260709 13:05:36.374331 17874 raft_consensus.cc:1275] T 0c4fd1d963894e46811d9b50795929a4 P 8115e06e5b3d4784b8ba63378f2fbd59 [term 3 FOLLOWER]: Refusing update from remote peer 0e7c6d8080474ebda3173457665ba223: Log matching property violated. Preceding OpId in replica: term: 2 index: 2. Preceding OpId from leader: term: 3 index: 3. (index mismatch)
I20260709 13:05:36.376503 18024 raft_consensus.cc:2468] T 0754864dd5da4b1d88b22749533f6291 P f8fab1a52cb841f2b416ef11a35db605 [term 3 FOLLOWER]: Leader election vote request: Granting yes vote for candidate 0e7c6d8080474ebda3173457665ba223 in term 3.
I20260709 13:05:36.376389 18183 consensus_queue.cc:1048] T 0c4fd1d963894e46811d9b50795929a4 P 0e7c6d8080474ebda3173457665ba223 [LEADER]: Connected to new peer: Peer: permanent_uuid: "8115e06e5b3d4784b8ba63378f2fbd59" member_type: VOTER last_known_addr { host: "127.17.83.65" port: 33325 }, Status: LMP_MISMATCH, Last received: 0.0, Next index: 3, Last known committed idx: 2, Time since last communication: 0.000s
I20260709 13:05:36.377358 17875 raft_consensus.cc:2468] T 0754864dd5da4b1d88b22749533f6291 P 8115e06e5b3d4784b8ba63378f2fbd59 [term 3 FOLLOWER]: Leader election vote request: Granting yes vote for candidate 0e7c6d8080474ebda3173457665ba223 in term 3.
I20260709 13:05:36.377578 17914 leader_election.cc:304] T 0754864dd5da4b1d88b22749533f6291 P 0e7c6d8080474ebda3173457665ba223 [CANDIDATE]: Term 3 election: Election decided. Result: candidate won. Election summary: received 2 responses out of 3 voters: 2 yes votes; 0 no votes. yes voters: 0e7c6d8080474ebda3173457665ba223, f8fab1a52cb841f2b416ef11a35db605; no voters: 
I20260709 13:05:36.378401 18183 raft_consensus.cc:2804] T 0754864dd5da4b1d88b22749533f6291 P 0e7c6d8080474ebda3173457665ba223 [term 3 FOLLOWER]: Leader election won for term 3
I20260709 13:05:36.378865 18183 raft_consensus.cc:697] T 0754864dd5da4b1d88b22749533f6291 P 0e7c6d8080474ebda3173457665ba223 [term 3 LEADER]: Becoming Leader. State: Replica: 0e7c6d8080474ebda3173457665ba223, State: Running, Role: LEADER
I20260709 13:05:36.379683 18183 consensus_queue.cc:237] T 0754864dd5da4b1d88b22749533f6291 P 0e7c6d8080474ebda3173457665ba223 [LEADER]: Queue going to LEADER mode. State: All replicated index: 0, Majority replicated index: 2, Committed index: 2, Last appended: 2.2, Last appended by leader: 2, Current term: 3, Majority size: 2, State: 0, Mode: LEADER, active raft config: opid_index: -1 OBSOLETE_local: false peers { permanent_uuid: "8115e06e5b3d4784b8ba63378f2fbd59" member_type: VOTER last_known_addr { host: "127.17.83.65" port: 33325 } } peers { permanent_uuid: "0e7c6d8080474ebda3173457665ba223" member_type: VOTER last_known_addr { host: "127.17.83.66" port: 41685 } } peers { permanent_uuid: "f8fab1a52cb841f2b416ef11a35db605" member_type: VOTER last_known_addr { host: "127.17.83.67" port: 38107 } }
I20260709 13:05:36.387773 17772 catalog_manager.cc:5697] T 0754864dd5da4b1d88b22749533f6291 P 0e7c6d8080474ebda3173457665ba223 reported cstate change: term changed from 2 to 3, leader changed from 8115e06e5b3d4784b8ba63378f2fbd59 (127.17.83.65) to 0e7c6d8080474ebda3173457665ba223 (127.17.83.66). New cstate: current_term: 3 leader_uuid: "0e7c6d8080474ebda3173457665ba223" committed_config { opid_index: -1 OBSOLETE_local: false peers { permanent_uuid: "8115e06e5b3d4784b8ba63378f2fbd59" member_type: VOTER last_known_addr { host: "127.17.83.65" port: 33325 } health_report { overall_health: UNKNOWN } } peers { permanent_uuid: "0e7c6d8080474ebda3173457665ba223" member_type: VOTER last_known_addr { host: "127.17.83.66" port: 41685 } health_report { overall_health: HEALTHY } } peers { permanent_uuid: "f8fab1a52cb841f2b416ef11a35db605" member_type: VOTER last_known_addr { host: "127.17.83.67" port: 38107 } health_report { overall_health: UNKNOWN } } }
I20260709 13:05:36.392360 18024 raft_consensus.cc:1275] T 0c4fd1d963894e46811d9b50795929a4 P f8fab1a52cb841f2b416ef11a35db605 [term 3 FOLLOWER]: Refusing update from remote peer 0e7c6d8080474ebda3173457665ba223: Log matching property violated. Preceding OpId in replica: term: 2 index: 2. Preceding OpId from leader: term: 3 index: 3. (index mismatch)
I20260709 13:05:36.393635 18183 consensus_queue.cc:1048] T 0c4fd1d963894e46811d9b50795929a4 P 0e7c6d8080474ebda3173457665ba223 [LEADER]: Connected to new peer: Peer: permanent_uuid: "f8fab1a52cb841f2b416ef11a35db605" member_type: VOTER last_known_addr { host: "127.17.83.67" port: 38107 }, Status: LMP_MISMATCH, Last received: 0.0, Next index: 3, Last known committed idx: 2, Time since last communication: 0.000s
I20260709 13:05:36.425374 18024 raft_consensus.cc:1275] T 6abe4f6fd5d7479684e727d253fee093 P f8fab1a52cb841f2b416ef11a35db605 [term 4 FOLLOWER]: Refusing update from remote peer 0e7c6d8080474ebda3173457665ba223: Log matching property violated. Preceding OpId in replica: term: 3 index: 3. Preceding OpId from leader: term: 4 index: 4. (index mismatch)
I20260709 13:05:36.426602 18183 consensus_queue.cc:1048] T 6abe4f6fd5d7479684e727d253fee093 P 0e7c6d8080474ebda3173457665ba223 [LEADER]: Connected to new peer: Peer: permanent_uuid: "f8fab1a52cb841f2b416ef11a35db605" member_type: VOTER last_known_addr { host: "127.17.83.67" port: 38107 }, Status: LMP_MISMATCH, Last received: 0.0, Next index: 4, Last known committed idx: 3, Time since last communication: 0.000s
I20260709 13:05:36.434623 17875 raft_consensus.cc:1275] T 6abe4f6fd5d7479684e727d253fee093 P 8115e06e5b3d4784b8ba63378f2fbd59 [term 4 FOLLOWER]: Refusing update from remote peer 0e7c6d8080474ebda3173457665ba223: Log matching property violated. Preceding OpId in replica: term: 3 index: 3. Preceding OpId from leader: term: 4 index: 4. (index mismatch)
I20260709 13:05:36.436015 18183 consensus_queue.cc:1048] T 6abe4f6fd5d7479684e727d253fee093 P 0e7c6d8080474ebda3173457665ba223 [LEADER]: Connected to new peer: Peer: permanent_uuid: "8115e06e5b3d4784b8ba63378f2fbd59" member_type: VOTER last_known_addr { host: "127.17.83.65" port: 33325 }, Status: LMP_MISMATCH, Last received: 0.0, Next index: 4, Last known committed idx: 3, Time since last communication: 0.000s
I20260709 13:05:36.794358 18024 raft_consensus.cc:1275] T 0754864dd5da4b1d88b22749533f6291 P f8fab1a52cb841f2b416ef11a35db605 [term 3 FOLLOWER]: Refusing update from remote peer 0e7c6d8080474ebda3173457665ba223: Log matching property violated. Preceding OpId in replica: term: 2 index: 2. Preceding OpId from leader: term: 3 index: 3. (index mismatch)
I20260709 13:05:36.795625 18183 consensus_queue.cc:1048] T 0754864dd5da4b1d88b22749533f6291 P 0e7c6d8080474ebda3173457665ba223 [LEADER]: Connected to new peer: Peer: permanent_uuid: "f8fab1a52cb841f2b416ef11a35db605" member_type: VOTER last_known_addr { host: "127.17.83.67" port: 38107 }, Status: LMP_MISMATCH, Last received: 0.0, Next index: 3, Last known committed idx: 2, Time since last communication: 0.000s
I20260709 13:05:36.804373 17875 raft_consensus.cc:1275] T 0754864dd5da4b1d88b22749533f6291 P 8115e06e5b3d4784b8ba63378f2fbd59 [term 3 FOLLOWER]: Refusing update from remote peer 0e7c6d8080474ebda3173457665ba223: Log matching property violated. Preceding OpId in replica: term: 2 index: 2. Preceding OpId from leader: term: 3 index: 3. (index mismatch)
I20260709 13:05:36.806165 18199 consensus_queue.cc:1048] T 0754864dd5da4b1d88b22749533f6291 P 0e7c6d8080474ebda3173457665ba223 [LEADER]: Connected to new peer: Peer: permanent_uuid: "8115e06e5b3d4784b8ba63378f2fbd59" member_type: VOTER last_known_addr { host: "127.17.83.65" port: 33325 }, Status: LMP_MISMATCH, Last received: 0.0, Next index: 3, Last known committed idx: 2, Time since last communication: 0.000s
I20260709 13:05:36.835390 18024 raft_consensus.cc:1275] T 8fc9b86625f148279c343ea2d51dab94 P f8fab1a52cb841f2b416ef11a35db605 [term 4 FOLLOWER]: Refusing update from remote peer 0e7c6d8080474ebda3173457665ba223: Log matching property violated. Preceding OpId in replica: term: 3 index: 3. Preceding OpId from leader: term: 4 index: 4. (index mismatch)
I20260709 13:05:36.836607 18199 consensus_queue.cc:1048] T 8fc9b86625f148279c343ea2d51dab94 P 0e7c6d8080474ebda3173457665ba223 [LEADER]: Connected to new peer: Peer: permanent_uuid: "f8fab1a52cb841f2b416ef11a35db605" member_type: VOTER last_known_addr { host: "127.17.83.67" port: 38107 }, Status: LMP_MISMATCH, Last received: 0.0, Next index: 4, Last known committed idx: 3, Time since last communication: 0.000s
I20260709 13:05:36.844926 17875 raft_consensus.cc:1275] T 8fc9b86625f148279c343ea2d51dab94 P 8115e06e5b3d4784b8ba63378f2fbd59 [term 4 FOLLOWER]: Refusing update from remote peer 0e7c6d8080474ebda3173457665ba223: Log matching property violated. Preceding OpId in replica: term: 3 index: 3. Preceding OpId from leader: term: 4 index: 4. (index mismatch)
I20260709 13:05:36.846632 18183 consensus_queue.cc:1048] T 8fc9b86625f148279c343ea2d51dab94 P 0e7c6d8080474ebda3173457665ba223 [LEADER]: Connected to new peer: Peer: permanent_uuid: "8115e06e5b3d4784b8ba63378f2fbd59" member_type: VOTER last_known_addr { host: "127.17.83.65" port: 33325 }, Status: LMP_MISMATCH, Last received: 0.0, Next index: 4, Last known committed idx: 3, Time since last communication: 0.000s
I20260709 13:05:36.880633 18024 raft_consensus.cc:1275] T f069d228f3fd4bf795d4a9fba4a5feb4 P f8fab1a52cb841f2b416ef11a35db605 [term 2 FOLLOWER]: Refusing update from remote peer 0e7c6d8080474ebda3173457665ba223: Log matching property violated. Preceding OpId in replica: term: 1 index: 1. Preceding OpId from leader: term: 2 index: 2. (index mismatch)
I20260709 13:05:36.881910 18183 consensus_queue.cc:1048] T f069d228f3fd4bf795d4a9fba4a5feb4 P 0e7c6d8080474ebda3173457665ba223 [LEADER]: Connected to new peer: Peer: permanent_uuid: "f8fab1a52cb841f2b416ef11a35db605" member_type: VOTER last_known_addr { host: "127.17.83.67" port: 38107 }, Status: LMP_MISMATCH, Last received: 0.0, Next index: 2, Last known committed idx: 1, Time since last communication: 0.000s
I20260709 13:05:36.889986 17875 raft_consensus.cc:1275] T f069d228f3fd4bf795d4a9fba4a5feb4 P 8115e06e5b3d4784b8ba63378f2fbd59 [term 2 FOLLOWER]: Refusing update from remote peer 0e7c6d8080474ebda3173457665ba223: Log matching property violated. Preceding OpId in replica: term: 1 index: 1. Preceding OpId from leader: term: 2 index: 2. (index mismatch)
I20260709 13:05:36.891711 18160 consensus_queue.cc:1048] T f069d228f3fd4bf795d4a9fba4a5feb4 P 0e7c6d8080474ebda3173457665ba223 [LEADER]: Connected to new peer: Peer: permanent_uuid: "8115e06e5b3d4784b8ba63378f2fbd59" member_type: VOTER last_known_addr { host: "127.17.83.65" port: 33325 }, Status: LMP_MISMATCH, Last received: 0.0, Next index: 2, Last known committed idx: 1, Time since last communication: 0.000s
I20260709 13:05:38.828877 17741 auto_leader_rebalancer.cc:141] leader rebalance for table test-workload
I20260709 13:05:38.836309 17950 tablet_service.cc:2072] Received LeaderStepDown RPC: tablet_id: "0c4fd1d963894e46811d9b50795929a4"
dest_uuid: "0e7c6d8080474ebda3173457665ba223"
mode: GRACEFUL
new_leader_uuid: "8115e06e5b3d4784b8ba63378f2fbd59"
 from {username='slave'} at 127.0.0.1:43352
I20260709 13:05:38.837170 17950 raft_consensus.cc:606] T 0c4fd1d963894e46811d9b50795929a4 P 0e7c6d8080474ebda3173457665ba223 [term 3 LEADER]: Received request to transfer leadership to TS 8115e06e5b3d4784b8ba63378f2fbd59
I20260709 13:05:38.840349 17950 tablet_service.cc:2072] Received LeaderStepDown RPC: tablet_id: "1ac69f9427fa440db770265a2f9d2888"
dest_uuid: "0e7c6d8080474ebda3173457665ba223"
mode: GRACEFUL
new_leader_uuid: "f8fab1a52cb841f2b416ef11a35db605"
 from {username='slave'} at 127.0.0.1:43352
I20260709 13:05:38.840894 17950 raft_consensus.cc:606] T 1ac69f9427fa440db770265a2f9d2888 P 0e7c6d8080474ebda3173457665ba223 [term 2 LEADER]: Received request to transfer leadership to TS f8fab1a52cb841f2b416ef11a35db605
I20260709 13:05:38.843487 17950 tablet_service.cc:2072] Received LeaderStepDown RPC: tablet_id: "8f5595eb2fbe4ee48cf42800c1ca7c22"
dest_uuid: "0e7c6d8080474ebda3173457665ba223"
mode: GRACEFUL
new_leader_uuid: "f8fab1a52cb841f2b416ef11a35db605"
 from {username='slave'} at 127.0.0.1:43352
I20260709 13:05:38.843884 17950 raft_consensus.cc:606] T 8f5595eb2fbe4ee48cf42800c1ca7c22 P 0e7c6d8080474ebda3173457665ba223 [term 2 LEADER]: Received request to transfer leadership to TS f8fab1a52cb841f2b416ef11a35db605
I20260709 13:05:38.845921 17950 tablet_service.cc:2072] Received LeaderStepDown RPC: tablet_id: "8fc9b86625f148279c343ea2d51dab94"
dest_uuid: "0e7c6d8080474ebda3173457665ba223"
mode: GRACEFUL
new_leader_uuid: "8115e06e5b3d4784b8ba63378f2fbd59"
 from {username='slave'} at 127.0.0.1:43352
I20260709 13:05:38.846341 17950 raft_consensus.cc:606] T 8fc9b86625f148279c343ea2d51dab94 P 0e7c6d8080474ebda3173457665ba223 [term 4 LEADER]: Received request to transfer leadership to TS 8115e06e5b3d4784b8ba63378f2fbd59
I20260709 13:05:38.848552 17950 tablet_service.cc:2072] Received LeaderStepDown RPC: tablet_id: "f069d228f3fd4bf795d4a9fba4a5feb4"
dest_uuid: "0e7c6d8080474ebda3173457665ba223"
mode: GRACEFUL
new_leader_uuid: "8115e06e5b3d4784b8ba63378f2fbd59"
 from {username='slave'} at 127.0.0.1:43352
I20260709 13:05:38.848938 17950 raft_consensus.cc:606] T f069d228f3fd4bf795d4a9fba4a5feb4 P 0e7c6d8080474ebda3173457665ba223 [term 2 LEADER]: Received request to transfer leadership to TS 8115e06e5b3d4784b8ba63378f2fbd59
I20260709 13:05:38.849799 17741 auto_leader_rebalancer.cc:452] table: test-workload, leader rebalance finish, leader transfer count: 5
I20260709 13:05:38.850159 17741 auto_leader_rebalancer.cc:527] All tables' leader rebalancing finished this round
I20260709 13:05:38.860867 18183 raft_consensus.cc:993] T f069d228f3fd4bf795d4a9fba4a5feb4 P 0e7c6d8080474ebda3173457665ba223: : Instructing follower 8115e06e5b3d4784b8ba63378f2fbd59 to start an election
I20260709 13:05:38.861416 18206 raft_consensus.cc:1081] T f069d228f3fd4bf795d4a9fba4a5feb4 P 0e7c6d8080474ebda3173457665ba223 [term 2 LEADER]: Signalling peer 8115e06e5b3d4784b8ba63378f2fbd59 to start an election
I20260709 13:05:38.862941 17875 tablet_service.cc:2044] Received Run Leader Election RPC: tablet_id: "f069d228f3fd4bf795d4a9fba4a5feb4"
dest_uuid: "8115e06e5b3d4784b8ba63378f2fbd59"
 from {username='slave'} at 127.0.0.1:32896
I20260709 13:05:38.863386 17875 raft_consensus.cc:493] T f069d228f3fd4bf795d4a9fba4a5feb4 P 8115e06e5b3d4784b8ba63378f2fbd59 [term 2 FOLLOWER]: Starting forced leader election (received explicit request)
I20260709 13:05:38.863664 17875 raft_consensus.cc:3060] T f069d228f3fd4bf795d4a9fba4a5feb4 P 8115e06e5b3d4784b8ba63378f2fbd59 [term 2 FOLLOWER]: Advancing to term 3
I20260709 13:05:38.868269 17875 raft_consensus.cc:515] T f069d228f3fd4bf795d4a9fba4a5feb4 P 8115e06e5b3d4784b8ba63378f2fbd59 [term 3 FOLLOWER]: Starting forced leader election with config: opid_index: -1 OBSOLETE_local: false peers { permanent_uuid: "8115e06e5b3d4784b8ba63378f2fbd59" member_type: VOTER last_known_addr { host: "127.17.83.65" port: 33325 } } peers { permanent_uuid: "0e7c6d8080474ebda3173457665ba223" member_type: VOTER last_known_addr { host: "127.17.83.66" port: 41685 } } peers { permanent_uuid: "f8fab1a52cb841f2b416ef11a35db605" member_type: VOTER last_known_addr { host: "127.17.83.67" port: 38107 } }
I20260709 13:05:38.869979 17875 leader_election.cc:290] T f069d228f3fd4bf795d4a9fba4a5feb4 P 8115e06e5b3d4784b8ba63378f2fbd59 [CANDIDATE]: Term 3 election: Requested vote from peers 0e7c6d8080474ebda3173457665ba223 (127.17.83.66:41685), f8fab1a52cb841f2b416ef11a35db605 (127.17.83.67:38107)
I20260709 13:05:38.870994 17950 tablet_service.cc:1917] Received RequestConsensusVote() RPC: tablet_id: "f069d228f3fd4bf795d4a9fba4a5feb4" candidate_uuid: "8115e06e5b3d4784b8ba63378f2fbd59" candidate_term: 3 candidate_status { last_received { term: 2 index: 2 } } ignore_live_leader: true dest_uuid: "0e7c6d8080474ebda3173457665ba223"
I20260709 13:05:38.871438 18025 tablet_service.cc:1917] Received RequestConsensusVote() RPC: tablet_id: "f069d228f3fd4bf795d4a9fba4a5feb4" candidate_uuid: "8115e06e5b3d4784b8ba63378f2fbd59" candidate_term: 3 candidate_status { last_received { term: 2 index: 2 } } ignore_live_leader: true dest_uuid: "f8fab1a52cb841f2b416ef11a35db605"
I20260709 13:05:38.871791 17950 raft_consensus.cc:3055] T f069d228f3fd4bf795d4a9fba4a5feb4 P 0e7c6d8080474ebda3173457665ba223 [term 2 LEADER]: Stepping down as leader of term 2
I20260709 13:05:38.871938 18025 raft_consensus.cc:3060] T f069d228f3fd4bf795d4a9fba4a5feb4 P f8fab1a52cb841f2b416ef11a35db605 [term 2 FOLLOWER]: Advancing to term 3
I20260709 13:05:38.872143 17950 raft_consensus.cc:740] T f069d228f3fd4bf795d4a9fba4a5feb4 P 0e7c6d8080474ebda3173457665ba223 [term 2 LEADER]: Becoming Follower/Learner. State: Replica: 0e7c6d8080474ebda3173457665ba223, State: Running, Role: LEADER
I20260709 13:05:38.873044 17950 consensus_queue.cc:260] T f069d228f3fd4bf795d4a9fba4a5feb4 P 0e7c6d8080474ebda3173457665ba223 [NON_LEADER]: Queue going to NON_LEADER mode. State: All replicated index: 0, Majority replicated index: 2, Committed index: 2, Last appended: 2.2, Last appended by leader: 2, Current term: 2, Majority size: -1, State: 0, Mode: NON_LEADER, active raft config: opid_index: -1 OBSOLETE_local: false peers { permanent_uuid: "8115e06e5b3d4784b8ba63378f2fbd59" member_type: VOTER last_known_addr { host: "127.17.83.65" port: 33325 } } peers { permanent_uuid: "0e7c6d8080474ebda3173457665ba223" member_type: VOTER last_known_addr { host: "127.17.83.66" port: 41685 } } peers { permanent_uuid: "f8fab1a52cb841f2b416ef11a35db605" member_type: VOTER last_known_addr { host: "127.17.83.67" port: 38107 } }
I20260709 13:05:38.874353 17950 raft_consensus.cc:3060] T f069d228f3fd4bf795d4a9fba4a5feb4 P 0e7c6d8080474ebda3173457665ba223 [term 2 FOLLOWER]: Advancing to term 3
I20260709 13:05:38.878814 18025 raft_consensus.cc:2468] T f069d228f3fd4bf795d4a9fba4a5feb4 P f8fab1a52cb841f2b416ef11a35db605 [term 3 FOLLOWER]: Leader election vote request: Granting yes vote for candidate 8115e06e5b3d4784b8ba63378f2fbd59 in term 3.
I20260709 13:05:38.880270 17839 leader_election.cc:304] T f069d228f3fd4bf795d4a9fba4a5feb4 P 8115e06e5b3d4784b8ba63378f2fbd59 [CANDIDATE]: Term 3 election: Election decided. Result: candidate won. Election summary: received 2 responses out of 3 voters: 2 yes votes; 0 no votes. yes voters: 8115e06e5b3d4784b8ba63378f2fbd59, f8fab1a52cb841f2b416ef11a35db605; no voters: 
I20260709 13:05:38.881139 17950 raft_consensus.cc:2468] T f069d228f3fd4bf795d4a9fba4a5feb4 P 0e7c6d8080474ebda3173457665ba223 [term 3 FOLLOWER]: Leader election vote request: Granting yes vote for candidate 8115e06e5b3d4784b8ba63378f2fbd59 in term 3.
I20260709 13:05:38.882064 18208 raft_consensus.cc:2804] T f069d228f3fd4bf795d4a9fba4a5feb4 P 8115e06e5b3d4784b8ba63378f2fbd59 [term 3 FOLLOWER]: Leader election won for term 3
I20260709 13:05:38.883109 18208 raft_consensus.cc:697] T f069d228f3fd4bf795d4a9fba4a5feb4 P 8115e06e5b3d4784b8ba63378f2fbd59 [term 3 LEADER]: Becoming Leader. State: Replica: 8115e06e5b3d4784b8ba63378f2fbd59, State: Running, Role: LEADER
I20260709 13:05:38.883885 18208 consensus_queue.cc:237] T f069d228f3fd4bf795d4a9fba4a5feb4 P 8115e06e5b3d4784b8ba63378f2fbd59 [LEADER]: Queue going to LEADER mode. State: All replicated index: 0, Majority replicated index: 2, Committed index: 2, Last appended: 2.2, Last appended by leader: 2, Current term: 3, Majority size: 2, State: 0, Mode: LEADER, active raft config: opid_index: -1 OBSOLETE_local: false peers { permanent_uuid: "8115e06e5b3d4784b8ba63378f2fbd59" member_type: VOTER last_known_addr { host: "127.17.83.65" port: 33325 } } peers { permanent_uuid: "0e7c6d8080474ebda3173457665ba223" member_type: VOTER last_known_addr { host: "127.17.83.66" port: 41685 } } peers { permanent_uuid: "f8fab1a52cb841f2b416ef11a35db605" member_type: VOTER last_known_addr { host: "127.17.83.67" port: 38107 } }
I20260709 13:05:38.891597 17772 catalog_manager.cc:5697] T f069d228f3fd4bf795d4a9fba4a5feb4 P 8115e06e5b3d4784b8ba63378f2fbd59 reported cstate change: term changed from 2 to 3, leader changed from 0e7c6d8080474ebda3173457665ba223 (127.17.83.66) to 8115e06e5b3d4784b8ba63378f2fbd59 (127.17.83.65). New cstate: current_term: 3 leader_uuid: "8115e06e5b3d4784b8ba63378f2fbd59" committed_config { opid_index: -1 OBSOLETE_local: false peers { permanent_uuid: "8115e06e5b3d4784b8ba63378f2fbd59" member_type: VOTER last_known_addr { host: "127.17.83.65" port: 33325 } health_report { overall_health: HEALTHY } } peers { permanent_uuid: "0e7c6d8080474ebda3173457665ba223" member_type: VOTER last_known_addr { host: "127.17.83.66" port: 41685 } health_report { overall_health: UNKNOWN } } peers { permanent_uuid: "f8fab1a52cb841f2b416ef11a35db605" member_type: VOTER last_known_addr { host: "127.17.83.67" port: 38107 } health_report { overall_health: UNKNOWN } } }
I20260709 13:05:38.963307 18183 raft_consensus.cc:993] T 8f5595eb2fbe4ee48cf42800c1ca7c22 P 0e7c6d8080474ebda3173457665ba223: : Instructing follower f8fab1a52cb841f2b416ef11a35db605 to start an election
I20260709 13:05:38.963738 18183 raft_consensus.cc:1081] T 8f5595eb2fbe4ee48cf42800c1ca7c22 P 0e7c6d8080474ebda3173457665ba223 [term 2 LEADER]: Signalling peer f8fab1a52cb841f2b416ef11a35db605 to start an election
I20260709 13:05:38.965209 18025 tablet_service.cc:2044] Received Run Leader Election RPC: tablet_id: "8f5595eb2fbe4ee48cf42800c1ca7c22"
dest_uuid: "f8fab1a52cb841f2b416ef11a35db605"
 from {username='slave'} at 127.0.0.1:53866
I20260709 13:05:38.965662 18025 raft_consensus.cc:493] T 8f5595eb2fbe4ee48cf42800c1ca7c22 P f8fab1a52cb841f2b416ef11a35db605 [term 2 FOLLOWER]: Starting forced leader election (received explicit request)
I20260709 13:05:38.965945 18025 raft_consensus.cc:3060] T 8f5595eb2fbe4ee48cf42800c1ca7c22 P f8fab1a52cb841f2b416ef11a35db605 [term 2 FOLLOWER]: Advancing to term 3
I20260709 13:05:38.970284 18025 raft_consensus.cc:515] T 8f5595eb2fbe4ee48cf42800c1ca7c22 P f8fab1a52cb841f2b416ef11a35db605 [term 3 FOLLOWER]: Starting forced leader election with config: opid_index: -1 OBSOLETE_local: false peers { permanent_uuid: "8115e06e5b3d4784b8ba63378f2fbd59" member_type: VOTER last_known_addr { host: "127.17.83.65" port: 33325 } } peers { permanent_uuid: "0e7c6d8080474ebda3173457665ba223" member_type: VOTER last_known_addr { host: "127.17.83.66" port: 41685 } } peers { permanent_uuid: "f8fab1a52cb841f2b416ef11a35db605" member_type: VOTER last_known_addr { host: "127.17.83.67" port: 38107 } }
I20260709 13:05:38.971897 18025 leader_election.cc:290] T 8f5595eb2fbe4ee48cf42800c1ca7c22 P f8fab1a52cb841f2b416ef11a35db605 [CANDIDATE]: Term 3 election: Requested vote from peers 8115e06e5b3d4784b8ba63378f2fbd59 (127.17.83.65:33325), 0e7c6d8080474ebda3173457665ba223 (127.17.83.66:41685)
I20260709 13:05:38.972769 17875 tablet_service.cc:1917] Received RequestConsensusVote() RPC: tablet_id: "8f5595eb2fbe4ee48cf42800c1ca7c22" candidate_uuid: "f8fab1a52cb841f2b416ef11a35db605" candidate_term: 3 candidate_status { last_received { term: 2 index: 2 } } ignore_live_leader: true dest_uuid: "8115e06e5b3d4784b8ba63378f2fbd59"
I20260709 13:05:38.972958 17950 tablet_service.cc:1917] Received RequestConsensusVote() RPC: tablet_id: "8f5595eb2fbe4ee48cf42800c1ca7c22" candidate_uuid: "f8fab1a52cb841f2b416ef11a35db605" candidate_term: 3 candidate_status { last_received { term: 2 index: 2 } } ignore_live_leader: true dest_uuid: "0e7c6d8080474ebda3173457665ba223"
I20260709 13:05:38.973318 17875 raft_consensus.cc:3060] T 8f5595eb2fbe4ee48cf42800c1ca7c22 P 8115e06e5b3d4784b8ba63378f2fbd59 [term 2 FOLLOWER]: Advancing to term 3
I20260709 13:05:38.973417 17950 raft_consensus.cc:3055] T 8f5595eb2fbe4ee48cf42800c1ca7c22 P 0e7c6d8080474ebda3173457665ba223 [term 2 LEADER]: Stepping down as leader of term 2
I20260709 13:05:38.973733 17950 raft_consensus.cc:740] T 8f5595eb2fbe4ee48cf42800c1ca7c22 P 0e7c6d8080474ebda3173457665ba223 [term 2 LEADER]: Becoming Follower/Learner. State: Replica: 0e7c6d8080474ebda3173457665ba223, State: Running, Role: LEADER
I20260709 13:05:38.974437 17950 consensus_queue.cc:260] T 8f5595eb2fbe4ee48cf42800c1ca7c22 P 0e7c6d8080474ebda3173457665ba223 [NON_LEADER]: Queue going to NON_LEADER mode. State: All replicated index: 0, Majority replicated index: 2, Committed index: 2, Last appended: 2.2, Last appended by leader: 2, Current term: 2, Majority size: -1, State: 0, Mode: NON_LEADER, active raft config: opid_index: -1 OBSOLETE_local: false peers { permanent_uuid: "8115e06e5b3d4784b8ba63378f2fbd59" member_type: VOTER last_known_addr { host: "127.17.83.65" port: 33325 } } peers { permanent_uuid: "0e7c6d8080474ebda3173457665ba223" member_type: VOTER last_known_addr { host: "127.17.83.66" port: 41685 } } peers { permanent_uuid: "f8fab1a52cb841f2b416ef11a35db605" member_type: VOTER last_known_addr { host: "127.17.83.67" port: 38107 } }
I20260709 13:05:38.975582 17950 raft_consensus.cc:3060] T 8f5595eb2fbe4ee48cf42800c1ca7c22 P 0e7c6d8080474ebda3173457665ba223 [term 2 FOLLOWER]: Advancing to term 3
I20260709 13:05:38.979453 17875 raft_consensus.cc:2468] T 8f5595eb2fbe4ee48cf42800c1ca7c22 P 8115e06e5b3d4784b8ba63378f2fbd59 [term 3 FOLLOWER]: Leader election vote request: Granting yes vote for candidate f8fab1a52cb841f2b416ef11a35db605 in term 3.
I20260709 13:05:38.980686 18183 raft_consensus.cc:993] T 0c4fd1d963894e46811d9b50795929a4 P 0e7c6d8080474ebda3173457665ba223: : Instructing follower 8115e06e5b3d4784b8ba63378f2fbd59 to start an election
I20260709 13:05:38.980731 17990 leader_election.cc:304] T 8f5595eb2fbe4ee48cf42800c1ca7c22 P f8fab1a52cb841f2b416ef11a35db605 [CANDIDATE]: Term 3 election: Election decided. Result: candidate won. Election summary: received 2 responses out of 3 voters: 2 yes votes; 0 no votes. yes voters: 8115e06e5b3d4784b8ba63378f2fbd59, f8fab1a52cb841f2b416ef11a35db605; no voters: 
I20260709 13:05:38.981191 18183 raft_consensus.cc:1081] T 0c4fd1d963894e46811d9b50795929a4 P 0e7c6d8080474ebda3173457665ba223 [term 3 LEADER]: Signalling peer 8115e06e5b3d4784b8ba63378f2fbd59 to start an election
I20260709 13:05:38.981745 17950 raft_consensus.cc:2468] T 8f5595eb2fbe4ee48cf42800c1ca7c22 P 0e7c6d8080474ebda3173457665ba223 [term 3 FOLLOWER]: Leader election vote request: Granting yes vote for candidate f8fab1a52cb841f2b416ef11a35db605 in term 3.
I20260709 13:05:38.981786 18207 raft_consensus.cc:2804] T 8f5595eb2fbe4ee48cf42800c1ca7c22 P f8fab1a52cb841f2b416ef11a35db605 [term 3 FOLLOWER]: Leader election won for term 3
I20260709 13:05:38.983091 17875 tablet_service.cc:2044] Received Run Leader Election RPC: tablet_id: "0c4fd1d963894e46811d9b50795929a4"
dest_uuid: "8115e06e5b3d4784b8ba63378f2fbd59"
 from {username='slave'} at 127.0.0.1:32896
I20260709 13:05:38.983543 17875 raft_consensus.cc:493] T 0c4fd1d963894e46811d9b50795929a4 P 8115e06e5b3d4784b8ba63378f2fbd59 [term 3 FOLLOWER]: Starting forced leader election (received explicit request)
I20260709 13:05:38.983464 18207 raft_consensus.cc:697] T 8f5595eb2fbe4ee48cf42800c1ca7c22 P f8fab1a52cb841f2b416ef11a35db605 [term 3 LEADER]: Becoming Leader. State: Replica: f8fab1a52cb841f2b416ef11a35db605, State: Running, Role: LEADER
I20260709 13:05:38.983975 17875 raft_consensus.cc:3060] T 0c4fd1d963894e46811d9b50795929a4 P 8115e06e5b3d4784b8ba63378f2fbd59 [term 3 FOLLOWER]: Advancing to term 4
I20260709 13:05:38.984535 18207 consensus_queue.cc:237] T 8f5595eb2fbe4ee48cf42800c1ca7c22 P f8fab1a52cb841f2b416ef11a35db605 [LEADER]: Queue going to LEADER mode. State: All replicated index: 0, Majority replicated index: 2, Committed index: 2, Last appended: 2.2, Last appended by leader: 2, Current term: 3, Majority size: 2, State: 0, Mode: LEADER, active raft config: opid_index: -1 OBSOLETE_local: false peers { permanent_uuid: "8115e06e5b3d4784b8ba63378f2fbd59" member_type: VOTER last_known_addr { host: "127.17.83.65" port: 33325 } } peers { permanent_uuid: "0e7c6d8080474ebda3173457665ba223" member_type: VOTER last_known_addr { host: "127.17.83.66" port: 41685 } } peers { permanent_uuid: "f8fab1a52cb841f2b416ef11a35db605" member_type: VOTER last_known_addr { host: "127.17.83.67" port: 38107 } }
I20260709 13:05:38.988431 17875 raft_consensus.cc:515] T 0c4fd1d963894e46811d9b50795929a4 P 8115e06e5b3d4784b8ba63378f2fbd59 [term 4 FOLLOWER]: Starting forced leader election with config: opid_index: -1 OBSOLETE_local: false peers { permanent_uuid: "f8fab1a52cb841f2b416ef11a35db605" member_type: VOTER last_known_addr { host: "127.17.83.67" port: 38107 } } peers { permanent_uuid: "0e7c6d8080474ebda3173457665ba223" member_type: VOTER last_known_addr { host: "127.17.83.66" port: 41685 } } peers { permanent_uuid: "8115e06e5b3d4784b8ba63378f2fbd59" member_type: VOTER last_known_addr { host: "127.17.83.65" port: 33325 } }
I20260709 13:05:38.990391 17875 leader_election.cc:290] T 0c4fd1d963894e46811d9b50795929a4 P 8115e06e5b3d4784b8ba63378f2fbd59 [CANDIDATE]: Term 4 election: Requested vote from peers f8fab1a52cb841f2b416ef11a35db605 (127.17.83.67:38107), 0e7c6d8080474ebda3173457665ba223 (127.17.83.66:41685)
I20260709 13:05:38.991595 17950 tablet_service.cc:1917] Received RequestConsensusVote() RPC: tablet_id: "0c4fd1d963894e46811d9b50795929a4" candidate_uuid: "8115e06e5b3d4784b8ba63378f2fbd59" candidate_term: 4 candidate_status { last_received { term: 3 index: 3 } } ignore_live_leader: true dest_uuid: "0e7c6d8080474ebda3173457665ba223"
I20260709 13:05:38.991643 18025 tablet_service.cc:1917] Received RequestConsensusVote() RPC: tablet_id: "0c4fd1d963894e46811d9b50795929a4" candidate_uuid: "8115e06e5b3d4784b8ba63378f2fbd59" candidate_term: 4 candidate_status { last_received { term: 3 index: 3 } } ignore_live_leader: true dest_uuid: "f8fab1a52cb841f2b416ef11a35db605"
I20260709 13:05:38.992277 17950 raft_consensus.cc:3055] T 0c4fd1d963894e46811d9b50795929a4 P 0e7c6d8080474ebda3173457665ba223 [term 3 LEADER]: Stepping down as leader of term 3
I20260709 13:05:38.992381 18025 raft_consensus.cc:3060] T 0c4fd1d963894e46811d9b50795929a4 P f8fab1a52cb841f2b416ef11a35db605 [term 3 FOLLOWER]: Advancing to term 4
I20260709 13:05:38.992667 17950 raft_consensus.cc:740] T 0c4fd1d963894e46811d9b50795929a4 P 0e7c6d8080474ebda3173457665ba223 [term 3 LEADER]: Becoming Follower/Learner. State: Replica: 0e7c6d8080474ebda3173457665ba223, State: Running, Role: LEADER
I20260709 13:05:38.992837 17772 catalog_manager.cc:5697] T 8f5595eb2fbe4ee48cf42800c1ca7c22 P f8fab1a52cb841f2b416ef11a35db605 reported cstate change: term changed from 2 to 3, leader changed from 0e7c6d8080474ebda3173457665ba223 (127.17.83.66) to f8fab1a52cb841f2b416ef11a35db605 (127.17.83.67). New cstate: current_term: 3 leader_uuid: "f8fab1a52cb841f2b416ef11a35db605" committed_config { opid_index: -1 OBSOLETE_local: false peers { permanent_uuid: "8115e06e5b3d4784b8ba63378f2fbd59" member_type: VOTER last_known_addr { host: "127.17.83.65" port: 33325 } health_report { overall_health: UNKNOWN } } peers { permanent_uuid: "0e7c6d8080474ebda3173457665ba223" member_type: VOTER last_known_addr { host: "127.17.83.66" port: 41685 } health_report { overall_health: UNKNOWN } } peers { permanent_uuid: "f8fab1a52cb841f2b416ef11a35db605" member_type: VOTER last_known_addr { host: "127.17.83.67" port: 38107 } health_report { overall_health: HEALTHY } } }
I20260709 13:05:38.993507 17950 consensus_queue.cc:260] T 0c4fd1d963894e46811d9b50795929a4 P 0e7c6d8080474ebda3173457665ba223 [NON_LEADER]: Queue going to NON_LEADER mode. State: All replicated index: 0, Majority replicated index: 3, Committed index: 3, Last appended: 3.3, Last appended by leader: 3, Current term: 3, Majority size: -1, State: 0, Mode: NON_LEADER, active raft config: opid_index: -1 OBSOLETE_local: false peers { permanent_uuid: "f8fab1a52cb841f2b416ef11a35db605" member_type: VOTER last_known_addr { host: "127.17.83.67" port: 38107 } } peers { permanent_uuid: "0e7c6d8080474ebda3173457665ba223" member_type: VOTER last_known_addr { host: "127.17.83.66" port: 41685 } } peers { permanent_uuid: "8115e06e5b3d4784b8ba63378f2fbd59" member_type: VOTER last_known_addr { host: "127.17.83.65" port: 33325 } }
I20260709 13:05:38.994378 17950 raft_consensus.cc:3060] T 0c4fd1d963894e46811d9b50795929a4 P 0e7c6d8080474ebda3173457665ba223 [term 3 FOLLOWER]: Advancing to term 4
I20260709 13:05:38.997306 18025 raft_consensus.cc:2468] T 0c4fd1d963894e46811d9b50795929a4 P f8fab1a52cb841f2b416ef11a35db605 [term 4 FOLLOWER]: Leader election vote request: Granting yes vote for candidate 8115e06e5b3d4784b8ba63378f2fbd59 in term 4.
I20260709 13:05:38.998296 17839 leader_election.cc:304] T 0c4fd1d963894e46811d9b50795929a4 P 8115e06e5b3d4784b8ba63378f2fbd59 [CANDIDATE]: Term 4 election: Election decided. Result: candidate won. Election summary: received 2 responses out of 3 voters: 2 yes votes; 0 no votes. yes voters: 8115e06e5b3d4784b8ba63378f2fbd59, f8fab1a52cb841f2b416ef11a35db605; no voters: 
I20260709 13:05:38.999166 18208 raft_consensus.cc:2804] T 0c4fd1d963894e46811d9b50795929a4 P 8115e06e5b3d4784b8ba63378f2fbd59 [term 4 FOLLOWER]: Leader election won for term 4
I20260709 13:05:38.999689 18208 raft_consensus.cc:697] T 0c4fd1d963894e46811d9b50795929a4 P 8115e06e5b3d4784b8ba63378f2fbd59 [term 4 LEADER]: Becoming Leader. State: Replica: 8115e06e5b3d4784b8ba63378f2fbd59, State: Running, Role: LEADER
I20260709 13:05:39.000139 17950 raft_consensus.cc:2468] T 0c4fd1d963894e46811d9b50795929a4 P 0e7c6d8080474ebda3173457665ba223 [term 4 FOLLOWER]: Leader election vote request: Granting yes vote for candidate 8115e06e5b3d4784b8ba63378f2fbd59 in term 4.
I20260709 13:05:39.000574 18208 consensus_queue.cc:237] T 0c4fd1d963894e46811d9b50795929a4 P 8115e06e5b3d4784b8ba63378f2fbd59 [LEADER]: Queue going to LEADER mode. State: All replicated index: 0, Majority replicated index: 3, Committed index: 3, Last appended: 3.3, Last appended by leader: 3, Current term: 4, Majority size: 2, State: 0, Mode: LEADER, active raft config: opid_index: -1 OBSOLETE_local: false peers { permanent_uuid: "f8fab1a52cb841f2b416ef11a35db605" member_type: VOTER last_known_addr { host: "127.17.83.67" port: 38107 } } peers { permanent_uuid: "0e7c6d8080474ebda3173457665ba223" member_type: VOTER last_known_addr { host: "127.17.83.66" port: 41685 } } peers { permanent_uuid: "8115e06e5b3d4784b8ba63378f2fbd59" member_type: VOTER last_known_addr { host: "127.17.83.65" port: 33325 } }
I20260709 13:05:39.008229 17772 catalog_manager.cc:5697] T 0c4fd1d963894e46811d9b50795929a4 P 8115e06e5b3d4784b8ba63378f2fbd59 reported cstate change: term changed from 3 to 4, leader changed from 0e7c6d8080474ebda3173457665ba223 (127.17.83.66) to 8115e06e5b3d4784b8ba63378f2fbd59 (127.17.83.65). New cstate: current_term: 4 leader_uuid: "8115e06e5b3d4784b8ba63378f2fbd59" committed_config { opid_index: -1 OBSOLETE_local: false peers { permanent_uuid: "f8fab1a52cb841f2b416ef11a35db605" member_type: VOTER last_known_addr { host: "127.17.83.67" port: 38107 } health_report { overall_health: UNKNOWN } } peers { permanent_uuid: "0e7c6d8080474ebda3173457665ba223" member_type: VOTER last_known_addr { host: "127.17.83.66" port: 41685 } health_report { overall_health: UNKNOWN } } peers { permanent_uuid: "8115e06e5b3d4784b8ba63378f2fbd59" member_type: VOTER last_known_addr { host: "127.17.83.65" port: 33325 } health_report { overall_health: HEALTHY } } }
I20260709 13:05:39.038286 18206 raft_consensus.cc:993] T 1ac69f9427fa440db770265a2f9d2888 P 0e7c6d8080474ebda3173457665ba223: : Instructing follower f8fab1a52cb841f2b416ef11a35db605 to start an election
I20260709 13:05:39.038833 18183 raft_consensus.cc:1081] T 1ac69f9427fa440db770265a2f9d2888 P 0e7c6d8080474ebda3173457665ba223 [term 2 LEADER]: Signalling peer f8fab1a52cb841f2b416ef11a35db605 to start an election
