I20260709 13:05:56.473233 19063 consensus_queue.cc:1048] T ff1c40750b8c4ad1abc598efbd4d9d88 P 92eeeeb03c8d41f3bb08007d431ea987 [LEADER]: Connected to new peer: Peer: permanent_uuid: "9046095d92854fef9a9a7e4fa897db83" member_type: VOTER last_known_addr { host: "127.17.47.193" port: 41705 }, Status: LMP_MISMATCH, Last received: 0.0, Next index: 1, Last known committed idx: 0, Time since last communication: 0.000s
I20260709 13:05:56.471901 19016 raft_consensus.cc:515] T b6f362f6e59c4501bd2668ab13f699aa P 9046095d92854fef9a9a7e4fa897db83 [term 1 FOLLOWER]: Starting leader election with config: opid_index: -1 OBSOLETE_local: false peers { permanent_uuid: "9046095d92854fef9a9a7e4fa897db83" member_type: VOTER last_known_addr { host: "127.17.47.193" port: 41705 } } peers { permanent_uuid: "693cd92fb44b4bddbd444ab99fe9bb11" member_type: VOTER last_known_addr { host: "127.17.47.194" port: 40725 } } peers { permanent_uuid: "92eeeeb03c8d41f3bb08007d431ea987" member_type: VOTER last_known_addr { host: "127.17.47.195" port: 38445 } }
I20260709 13:05:56.478123 18905 tablet_bootstrap.cc:492] T d0788cac72f24779a4acc4a079f6f828 P 92eeeeb03c8d41f3bb08007d431ea987: No bootstrap required, opened a new log
I20260709 13:05:56.478621 18905 ts_tablet_manager.cc:1403] T d0788cac72f24779a4acc4a079f6f828 P 92eeeeb03c8d41f3bb08007d431ea987: Time spent bootstrapping tablet: real 0.032s	user 0.010s	sys 0.007s
I20260709 13:05:56.478451 18789 tablet_service.cc:1917] Received RequestConsensusVote() RPC: tablet_id: "b6f362f6e59c4501bd2668ab13f699aa" candidate_uuid: "9046095d92854fef9a9a7e4fa897db83" candidate_term: 1 candidate_status { last_received { term: 0 index: 0 } } ignore_live_leader: false dest_uuid: "693cd92fb44b4bddbd444ab99fe9bb11"
I20260709 13:05:56.469480 19066 consensus_queue.cc:237] T a5078833d0094d459b220bcbf7712b6d P 92eeeeb03c8d41f3bb08007d431ea987 [LEADER]: Queue going to LEADER mode. State: All replicated index: 0, Majority replicated index: 0, Committed index: 0, Last appended: 0.0, Last appended by leader: 0, Current term: 1, Majority size: 2, State: 0, Mode: LEADER, active raft config: opid_index: -1 OBSOLETE_local: false peers { permanent_uuid: "9046095d92854fef9a9a7e4fa897db83" member_type: VOTER last_known_addr { host: "127.17.47.193" port: 41705 } } peers { permanent_uuid: "693cd92fb44b4bddbd444ab99fe9bb11" member_type: VOTER last_known_addr { host: "127.17.47.194" port: 40725 } } peers { permanent_uuid: "92eeeeb03c8d41f3bb08007d431ea987" member_type: VOTER last_known_addr { host: "127.17.47.195" port: 38445 } }
I20260709 13:05:56.478494 18930 raft_consensus.cc:493] T 780bdf83eae04eb58f945a2a2dd8d47f P 9046095d92854fef9a9a7e4fa897db83 [term 0 FOLLOWER]: Starting pre-election (no leader contacted us within the election timeout)
I20260709 13:05:56.481545 18930 raft_consensus.cc:515] T 780bdf83eae04eb58f945a2a2dd8d47f P 9046095d92854fef9a9a7e4fa897db83 [term 0 FOLLOWER]: Starting pre-election with config: opid_index: -1 OBSOLETE_local: false peers { permanent_uuid: "9046095d92854fef9a9a7e4fa897db83" member_type: VOTER last_known_addr { host: "127.17.47.193" port: 41705 } } peers { permanent_uuid: "693cd92fb44b4bddbd444ab99fe9bb11" member_type: VOTER last_known_addr { host: "127.17.47.194" port: 40725 } } peers { permanent_uuid: "92eeeeb03c8d41f3bb08007d431ea987" member_type: VOTER last_known_addr { host: "127.17.47.195" port: 38445 } }
I20260709 13:05:56.479168 18789 raft_consensus.cc:3060] T b6f362f6e59c4501bd2668ab13f699aa P 693cd92fb44b4bddbd444ab99fe9bb11 [term 0 FOLLOWER]: Advancing to term 1
I20260709 13:05:56.483582 18930 leader_election.cc:290] T 780bdf83eae04eb58f945a2a2dd8d47f P 9046095d92854fef9a9a7e4fa897db83 [CANDIDATE]: Term 1 pre-election: Requested pre-vote from peers 693cd92fb44b4bddbd444ab99fe9bb11 (127.17.47.194:40725), 92eeeeb03c8d41f3bb08007d431ea987 (127.17.47.195:38445)
I20260709 13:05:56.484805 19116 leader_election.cc:290] T 157d86c527844f58a8843a081195165e P 693cd92fb44b4bddbd444ab99fe9bb11 [CANDIDATE]: Term 1 pre-election: Requested pre-vote from peers 9046095d92854fef9a9a7e4fa897db83 (127.17.47.193:41705), 92eeeeb03c8d41f3bb08007d431ea987 (127.17.47.195:38445)
I20260709 13:05:56.484846 18862 raft_consensus.cc:3060] T 7b8fdcf07ec446bcb8aff71e43ec3ec4 P 92eeeeb03c8d41f3bb08007d431ea987 [term 0 FOLLOWER]: Advancing to term 1
I20260709 13:05:56.485666 18864 tablet_service.cc:1917] Received RequestConsensusVote() RPC: tablet_id: "780bdf83eae04eb58f945a2a2dd8d47f" candidate_uuid: "9046095d92854fef9a9a7e4fa897db83" candidate_term: 1 candidate_status { last_received { term: 0 index: 0 } } ignore_live_leader: false dest_uuid: "92eeeeb03c8d41f3bb08007d431ea987" is_pre_election: true
I20260709 13:05:56.487663 18905 raft_consensus.cc:359] T d0788cac72f24779a4acc4a079f6f828 P 92eeeeb03c8d41f3bb08007d431ea987 [term 0 FOLLOWER]: Replica starting. Triggering 0 pending ops. Active config: opid_index: -1 OBSOLETE_local: false peers { permanent_uuid: "9046095d92854fef9a9a7e4fa897db83" member_type: VOTER last_known_addr { host: "127.17.47.193" port: 41705 } } peers { permanent_uuid: "693cd92fb44b4bddbd444ab99fe9bb11" member_type: VOTER last_known_addr { host: "127.17.47.194" port: 40725 } } peers { permanent_uuid: "92eeeeb03c8d41f3bb08007d431ea987" member_type: VOTER last_known_addr { host: "127.17.47.195" port: 38445 } }
I20260709 13:05:56.488322 18905 raft_consensus.cc:385] T d0788cac72f24779a4acc4a079f6f828 P 92eeeeb03c8d41f3bb08007d431ea987 [term 0 FOLLOWER]: Consensus starting up: Expiring failure detector timer to make a prompt election more likely
I20260709 13:05:56.488582 18905 raft_consensus.cc:740] T d0788cac72f24779a4acc4a079f6f828 P 92eeeeb03c8d41f3bb08007d431ea987 [term 0 FOLLOWER]: Becoming Follower/Learner. State: Replica: 92eeeeb03c8d41f3bb08007d431ea987, State: Initialized, Role: FOLLOWER
I20260709 13:05:56.489214 18905 consensus_queue.cc:260] T d0788cac72f24779a4acc4a079f6f828 P 92eeeeb03c8d41f3bb08007d431ea987 [NON_LEADER]: Queue going to NON_LEADER mode. State: All replicated index: 0, Majority replicated index: 0, Committed index: 0, Last appended: 0.0, Last appended by leader: 0, Current term: 0, Majority size: -1, State: 0, Mode: NON_LEADER, active raft config: opid_index: -1 OBSOLETE_local: false peers { permanent_uuid: "9046095d92854fef9a9a7e4fa897db83" member_type: VOTER last_known_addr { host: "127.17.47.193" port: 41705 } } peers { permanent_uuid: "693cd92fb44b4bddbd444ab99fe9bb11" member_type: VOTER last_known_addr { host: "127.17.47.194" port: 40725 } } peers { permanent_uuid: "92eeeeb03c8d41f3bb08007d431ea987" member_type: VOTER last_known_addr { host: "127.17.47.195" port: 38445 } }
I20260709 13:05:56.464916 18753 leader_election.cc:304] T 157d86c527844f58a8843a081195165e P 693cd92fb44b4bddbd444ab99fe9bb11 [CANDIDATE]: Term 1 pre-election: Election decided. Result: candidate lost. Election summary: received 3 responses out of 3 voters: 1 yes votes; 2 no votes. yes voters: 693cd92fb44b4bddbd444ab99fe9bb11; no voters: 9046095d92854fef9a9a7e4fa897db83, 92eeeeb03c8d41f3bb08007d431ea987
I20260709 13:05:56.496487 18905 ts_tablet_manager.cc:1434] T d0788cac72f24779a4acc4a079f6f828 P 92eeeeb03c8d41f3bb08007d431ea987: Time spent starting tablet: real 0.018s	user 0.006s	sys 0.000s
I20260709 13:05:56.497812 18905 tablet_bootstrap.cc:492] T b6f362f6e59c4501bd2668ab13f699aa P 92eeeeb03c8d41f3bb08007d431ea987: Bootstrap starting.
I20260709 13:05:56.434742 18863 tablet_service.cc:1917] Received RequestConsensusVote() RPC: tablet_id: "b6f362f6e59c4501bd2668ab13f699aa" candidate_uuid: "9046095d92854fef9a9a7e4fa897db83" candidate_term: 1 candidate_status { last_received { term: 0 index: 0 } } ignore_live_leader: false dest_uuid: "92eeeeb03c8d41f3bb08007d431ea987" is_pre_election: true
W20260709 13:05:56.500409 18679 leader_election.cc:343] T b6f362f6e59c4501bd2668ab13f699aa P 9046095d92854fef9a9a7e4fa897db83 [CANDIDATE]: Term 1 pre-election: Tablet error from VoteRequest() call to peer 92eeeeb03c8d41f3bb08007d431ea987 (127.17.47.195:38445): Illegal state: must be running to vote when last-logged opid is not known
I20260709 13:05:56.505066 18790 tablet_service.cc:1917] Received RequestConsensusVote() RPC: tablet_id: "780bdf83eae04eb58f945a2a2dd8d47f" candidate_uuid: "9046095d92854fef9a9a7e4fa897db83" candidate_term: 1 candidate_status { last_received { term: 0 index: 0 } } ignore_live_leader: false dest_uuid: "693cd92fb44b4bddbd444ab99fe9bb11" is_pre_election: true
I20260709 13:05:56.506027 18790 raft_consensus.cc:2393] T 780bdf83eae04eb58f945a2a2dd8d47f P 693cd92fb44b4bddbd444ab99fe9bb11 [term 1 FOLLOWER]: Leader pre-election vote request: Denying vote to candidate 9046095d92854fef9a9a7e4fa897db83 in current term 1: Already voted for candidate 92eeeeb03c8d41f3bb08007d431ea987 in this term.
W20260709 13:05:56.510063 18753 outbound_call.cc:321] RPC callback for RPC call kudu.consensus.ConsensusService.RequestConsensusVote -> {remote=127.17.47.193:41705, user_credentials={real_user=slave}} blocked reactor thread for 53279us
I20260709 13:05:56.504033 19084 raft_consensus.cc:2749] T 157d86c527844f58a8843a081195165e P 693cd92fb44b4bddbd444ab99fe9bb11 [term 0 FOLLOWER]: Leader pre-election lost for term 1. Reason: could not achieve majority
I20260709 13:05:56.516677 18678 leader_election.cc:304] T 780bdf83eae04eb58f945a2a2dd8d47f P 9046095d92854fef9a9a7e4fa897db83 [CANDIDATE]: Term 1 pre-election: Election decided. Result: candidate lost. Election summary: received 3 responses out of 3 voters: 1 yes votes; 2 no votes. yes voters: 9046095d92854fef9a9a7e4fa897db83; no voters: 693cd92fb44b4bddbd444ab99fe9bb11, 92eeeeb03c8d41f3bb08007d431ea987
I20260709 13:05:56.520795 19077 raft_consensus.cc:3060] T 780bdf83eae04eb58f945a2a2dd8d47f P 9046095d92854fef9a9a7e4fa897db83 [term 0 FOLLOWER]: Advancing to term 1
I20260709 13:05:56.526253 19016 leader_election.cc:290] T b6f362f6e59c4501bd2668ab13f699aa P 9046095d92854fef9a9a7e4fa897db83 [CANDIDATE]: Term 1 election: Requested vote from peers 693cd92fb44b4bddbd444ab99fe9bb11 (127.17.47.194:40725), 92eeeeb03c8d41f3bb08007d431ea987 (127.17.47.195:38445)
I20260709 13:05:56.538489 18789 raft_consensus.cc:2468] T b6f362f6e59c4501bd2668ab13f699aa P 693cd92fb44b4bddbd444ab99fe9bb11 [term 1 FOLLOWER]: Leader election vote request: Granting yes vote for candidate 9046095d92854fef9a9a7e4fa897db83 in term 1.
I20260709 13:05:56.542510 19016 consensus_queue.cc:1048] T 7b8fdcf07ec446bcb8aff71e43ec3ec4 P 9046095d92854fef9a9a7e4fa897db83 [LEADER]: Connected to new peer: Peer: permanent_uuid: "92eeeeb03c8d41f3bb08007d431ea987" member_type: VOTER last_known_addr { host: "127.17.47.195" port: 38445 }, Status: LMP_MISMATCH, Last received: 0.0, Next index: 1, Last known committed idx: 0, Time since last communication: 0.001s
I20260709 13:05:56.546384 18862 tablet_service.cc:1917] Received RequestConsensusVote() RPC: tablet_id: "b6f362f6e59c4501bd2668ab13f699aa" candidate_uuid: "9046095d92854fef9a9a7e4fa897db83" candidate_term: 1 candidate_status { last_received { term: 0 index: 0 } } ignore_live_leader: false dest_uuid: "92eeeeb03c8d41f3bb08007d431ea987"
W20260709 13:05:56.548662 18679 leader_election.cc:343] T b6f362f6e59c4501bd2668ab13f699aa P 9046095d92854fef9a9a7e4fa897db83 [CANDIDATE]: Term 1 election: Tablet error from VoteRequest() call to peer 92eeeeb03c8d41f3bb08007d431ea987 (127.17.47.195:38445): Illegal state: must be running to vote when last-logged opid is not known
I20260709 13:05:56.551488 19077 raft_consensus.cc:2749] T 780bdf83eae04eb58f945a2a2dd8d47f P 9046095d92854fef9a9a7e4fa897db83 [term 1 FOLLOWER]: Leader pre-election lost for term 1. Reason: could not achieve majority
I20260709 13:05:56.551333 18613 catalog_manager.cc:5697] T a5078833d0094d459b220bcbf7712b6d P 92eeeeb03c8d41f3bb08007d431ea987 reported cstate change: term changed from 0 to 1, leader changed from <none> to 92eeeeb03c8d41f3bb08007d431ea987 (127.17.47.195). New cstate: current_term: 1 leader_uuid: "92eeeeb03c8d41f3bb08007d431ea987" committed_config { opid_index: -1 OBSOLETE_local: false peers { permanent_uuid: "9046095d92854fef9a9a7e4fa897db83" member_type: VOTER last_known_addr { host: "127.17.47.193" port: 41705 } health_report { overall_health: UNKNOWN } } peers { permanent_uuid: "693cd92fb44b4bddbd444ab99fe9bb11" member_type: VOTER last_known_addr { host: "127.17.47.194" port: 40725 } health_report { overall_health: UNKNOWN } } peers { permanent_uuid: "92eeeeb03c8d41f3bb08007d431ea987" member_type: VOTER last_known_addr { host: "127.17.47.195" port: 38445 } health_report { overall_health: HEALTHY } } }
I20260709 13:05:56.563829 19026 consensus_queue.cc:1048] T 780bdf83eae04eb58f945a2a2dd8d47f P 92eeeeb03c8d41f3bb08007d431ea987 [LEADER]: Connected to new peer: Peer: permanent_uuid: "9046095d92854fef9a9a7e4fa897db83" member_type: VOTER last_known_addr { host: "127.17.47.193" port: 41705 }, Status: LMP_MISMATCH, Last received: 0.0, Next index: 1, Last known committed idx: 0, Time since last communication: 0.003s
I20260709 13:05:56.569585 18942 consensus_queue.cc:1048] T 6281c01057544b7ab7a39a03f06968c8 P 693cd92fb44b4bddbd444ab99fe9bb11 [LEADER]: Connected to new peer: Peer: permanent_uuid: "9046095d92854fef9a9a7e4fa897db83" member_type: VOTER last_known_addr { host: "127.17.47.193" port: 41705 }, Status: LMP_MISMATCH, Last received: 0.0, Next index: 1, Last known committed idx: 0, Time since last communication: 0.000s
I20260709 13:05:56.576058 19084 consensus_queue.cc:1048] T 6281c01057544b7ab7a39a03f06968c8 P 693cd92fb44b4bddbd444ab99fe9bb11 [LEADER]: Connected to new peer: Peer: permanent_uuid: "92eeeeb03c8d41f3bb08007d431ea987" member_type: VOTER last_known_addr { host: "127.17.47.195" port: 38445 }, Status: LMP_MISMATCH, Last received: 0.0, Next index: 1, Last known committed idx: 0, Time since last communication: 0.001s
I20260709 13:05:56.582870 19026 raft_consensus.cc:493] T b2be01c26209440ebd0caca12db57d60 P 92eeeeb03c8d41f3bb08007d431ea987 [term 0 FOLLOWER]: Starting pre-election (no leader contacted us within the election timeout)
I20260709 13:05:56.585944 19026 raft_consensus.cc:515] T b2be01c26209440ebd0caca12db57d60 P 92eeeeb03c8d41f3bb08007d431ea987 [term 0 FOLLOWER]: Starting pre-election with config: opid_index: -1 OBSOLETE_local: false peers { permanent_uuid: "9046095d92854fef9a9a7e4fa897db83" member_type: VOTER last_known_addr { host: "127.17.47.193" port: 41705 } } peers { permanent_uuid: "693cd92fb44b4bddbd444ab99fe9bb11" member_type: VOTER last_known_addr { host: "127.17.47.194" port: 40725 } } peers { permanent_uuid: "92eeeeb03c8d41f3bb08007d431ea987" member_type: VOTER last_known_addr { host: "127.17.47.195" port: 38445 } }
I20260709 13:05:56.587953 19026 leader_election.cc:290] T b2be01c26209440ebd0caca12db57d60 P 92eeeeb03c8d41f3bb08007d431ea987 [CANDIDATE]: Term 1 pre-election: Requested pre-vote from peers 9046095d92854fef9a9a7e4fa897db83 (127.17.47.193:41705), 693cd92fb44b4bddbd444ab99fe9bb11 (127.17.47.194:40725)
I20260709 13:05:56.589231 18710 tablet_service.cc:1917] Received RequestConsensusVote() RPC: tablet_id: "b2be01c26209440ebd0caca12db57d60" candidate_uuid: "92eeeeb03c8d41f3bb08007d431ea987" candidate_term: 1 candidate_status { last_received { term: 0 index: 0 } } ignore_live_leader: false dest_uuid: "9046095d92854fef9a9a7e4fa897db83" is_pre_election: true
W20260709 13:05:56.581743 18678 outbound_call.cc:321] RPC callback for RPC call kudu.consensus.ConsensusService.UpdateConsensus -> {remote=127.17.47.194:40725, user_credentials={real_user=slave}} blocked reactor thread for 48355.9us
I20260709 13:05:56.594117 18904 tablet_bootstrap.cc:492] T b2be01c26209440ebd0caca12db57d60 P 693cd92fb44b4bddbd444ab99fe9bb11: No bootstrap required, opened a new log
W20260709 13:05:56.595434 18827 leader_election.cc:343] T b2be01c26209440ebd0caca12db57d60 P 92eeeeb03c8d41f3bb08007d431ea987 [CANDIDATE]: Term 1 pre-election: Tablet error from VoteRequest() call to peer 9046095d92854fef9a9a7e4fa897db83 (127.17.47.193:41705): Illegal state: must be running to vote when last-logged opid is not known
I20260709 13:05:56.595875 18904 ts_tablet_manager.cc:1403] T b2be01c26209440ebd0caca12db57d60 P 693cd92fb44b4bddbd444ab99fe9bb11: Time spent bootstrapping tablet: real 0.163s	user 0.026s	sys 0.015s
I20260709 13:05:56.601821 18678 leader_election.cc:304] T b6f362f6e59c4501bd2668ab13f699aa P 9046095d92854fef9a9a7e4fa897db83 [CANDIDATE]: Term 1 election: Election decided. Result: candidate won. Election summary: received 3 responses out of 3 voters: 2 yes votes; 1 no votes. yes voters: 693cd92fb44b4bddbd444ab99fe9bb11, 9046095d92854fef9a9a7e4fa897db83; no voters: 92eeeeb03c8d41f3bb08007d431ea987
I20260709 13:05:56.607106 19016 raft_consensus.cc:2804] T b6f362f6e59c4501bd2668ab13f699aa P 9046095d92854fef9a9a7e4fa897db83 [term 1 FOLLOWER]: Leader election won for term 1
I20260709 13:05:56.607635 19016 raft_consensus.cc:697] T b6f362f6e59c4501bd2668ab13f699aa P 9046095d92854fef9a9a7e4fa897db83 [term 1 LEADER]: Becoming Leader. State: Replica: 9046095d92854fef9a9a7e4fa897db83, State: Running, Role: LEADER
I20260709 13:05:56.607999 18789 tablet_service.cc:1917] Received RequestConsensusVote() RPC: tablet_id: "b2be01c26209440ebd0caca12db57d60" candidate_uuid: "92eeeeb03c8d41f3bb08007d431ea987" candidate_term: 1 candidate_status { last_received { term: 0 index: 0 } } ignore_live_leader: false dest_uuid: "693cd92fb44b4bddbd444ab99fe9bb11" is_pre_election: true
I20260709 13:05:56.608484 19016 consensus_queue.cc:237] T b6f362f6e59c4501bd2668ab13f699aa P 9046095d92854fef9a9a7e4fa897db83 [LEADER]: Queue going to LEADER mode. State: All replicated index: 0, Majority replicated index: 0, Committed index: 0, Last appended: 0.0, Last appended by leader: 0, Current term: 1, Majority size: 2, State: 0, Mode: LEADER, active raft config: opid_index: -1 OBSOLETE_local: false peers { permanent_uuid: "9046095d92854fef9a9a7e4fa897db83" member_type: VOTER last_known_addr { host: "127.17.47.193" port: 41705 } } peers { permanent_uuid: "693cd92fb44b4bddbd444ab99fe9bb11" member_type: VOTER last_known_addr { host: "127.17.47.194" port: 40725 } } peers { permanent_uuid: "92eeeeb03c8d41f3bb08007d431ea987" member_type: VOTER last_known_addr { host: "127.17.47.195" port: 38445 } }
I20260709 13:05:56.619272 18906 tablet_bootstrap.cc:492] T a5078833d0094d459b220bcbf7712b6d P 9046095d92854fef9a9a7e4fa897db83: No bootstrap required, opened a new log
I20260709 13:05:56.619733 18906 ts_tablet_manager.cc:1403] T a5078833d0094d459b220bcbf7712b6d P 9046095d92854fef9a9a7e4fa897db83: Time spent bootstrapping tablet: real 0.166s	user 0.021s	sys 0.045s
I20260709 13:05:56.620606 19140 raft_consensus.cc:493] T c39e750fcfa347278a69242f2bd97489 P 9046095d92854fef9a9a7e4fa897db83 [term 0 FOLLOWER]: Starting pre-election (no leader contacted us within the election timeout)
I20260709 13:05:56.621320 19140 raft_consensus.cc:515] T c39e750fcfa347278a69242f2bd97489 P 9046095d92854fef9a9a7e4fa897db83 [term 0 FOLLOWER]: Starting pre-election with config: opid_index: -1 OBSOLETE_local: false peers { permanent_uuid: "9046095d92854fef9a9a7e4fa897db83" member_type: VOTER last_known_addr { host: "127.17.47.193" port: 41705 } } peers { permanent_uuid: "693cd92fb44b4bddbd444ab99fe9bb11" member_type: VOTER last_known_addr { host: "127.17.47.194" port: 40725 } } peers { permanent_uuid: "92eeeeb03c8d41f3bb08007d431ea987" member_type: VOTER last_known_addr { host: "127.17.47.195" port: 38445 } }
I20260709 13:05:56.624581 18905 tablet_bootstrap.cc:654] T b6f362f6e59c4501bd2668ab13f699aa P 92eeeeb03c8d41f3bb08007d431ea987: Neither blocks nor log segments found. Creating new log.
I20260709 13:05:56.642272 18788 tablet_service.cc:1917] Received RequestConsensusVote() RPC: tablet_id: "c39e750fcfa347278a69242f2bd97489" candidate_uuid: "9046095d92854fef9a9a7e4fa897db83" candidate_term: 1 candidate_status { last_received { term: 0 index: 0 } } ignore_live_leader: false dest_uuid: "693cd92fb44b4bddbd444ab99fe9bb11" is_pre_election: true
I20260709 13:05:56.642985 18788 raft_consensus.cc:2468] T c39e750fcfa347278a69242f2bd97489 P 693cd92fb44b4bddbd444ab99fe9bb11 [term 0 FOLLOWER]: Leader pre-election vote request: Granting yes vote for candidate 9046095d92854fef9a9a7e4fa897db83 in term 0.
I20260709 13:05:56.643992 18863 tablet_service.cc:1917] Received RequestConsensusVote() RPC: tablet_id: "c39e750fcfa347278a69242f2bd97489" candidate_uuid: "9046095d92854fef9a9a7e4fa897db83" candidate_term: 1 candidate_status { last_received { term: 0 index: 0 } } ignore_live_leader: false dest_uuid: "92eeeeb03c8d41f3bb08007d431ea987" is_pre_election: true
I20260709 13:05:56.644505 18906 raft_consensus.cc:359] T a5078833d0094d459b220bcbf7712b6d P 9046095d92854fef9a9a7e4fa897db83 [term 0 FOLLOWER]: Replica starting. Triggering 0 pending ops. Active config: opid_index: -1 OBSOLETE_local: false peers { permanent_uuid: "9046095d92854fef9a9a7e4fa897db83" member_type: VOTER last_known_addr { host: "127.17.47.193" port: 41705 } } peers { permanent_uuid: "693cd92fb44b4bddbd444ab99fe9bb11" member_type: VOTER last_known_addr { host: "127.17.47.194" port: 40725 } } peers { permanent_uuid: "92eeeeb03c8d41f3bb08007d431ea987" member_type: VOTER last_known_addr { host: "127.17.47.195" port: 38445 } }
I20260709 13:05:56.645129 18906 raft_consensus.cc:385] T a5078833d0094d459b220bcbf7712b6d P 9046095d92854fef9a9a7e4fa897db83 [term 0 FOLLOWER]: Consensus starting up: Expiring failure detector timer to make a prompt election more likely
I20260709 13:05:56.645375 18906 raft_consensus.cc:740] T a5078833d0094d459b220bcbf7712b6d P 9046095d92854fef9a9a7e4fa897db83 [term 0 FOLLOWER]: Becoming Follower/Learner. State: Replica: 9046095d92854fef9a9a7e4fa897db83, State: Initialized, Role: FOLLOWER
W20260709 13:05:56.645557 18679 leader_election.cc:343] T c39e750fcfa347278a69242f2bd97489 P 9046095d92854fef9a9a7e4fa897db83 [CANDIDATE]: Term 1 pre-election: Tablet error from VoteRequest() call to peer 92eeeeb03c8d41f3bb08007d431ea987 (127.17.47.195:38445): Illegal state: must be running to vote when last-logged opid is not known
I20260709 13:05:56.646966 18678 leader_election.cc:304] T c39e750fcfa347278a69242f2bd97489 P 9046095d92854fef9a9a7e4fa897db83 [CANDIDATE]: Term 1 pre-election: Election decided. Result: candidate won. Election summary: received 3 responses out of 3 voters: 2 yes votes; 1 no votes. yes voters: 693cd92fb44b4bddbd444ab99fe9bb11, 9046095d92854fef9a9a7e4fa897db83; no voters: 92eeeeb03c8d41f3bb08007d431ea987
I20260709 13:05:56.647023 18930 consensus_queue.cc:1048] T 7b8fdcf07ec446bcb8aff71e43ec3ec4 P 9046095d92854fef9a9a7e4fa897db83 [LEADER]: Connected to new peer: Peer: permanent_uuid: "693cd92fb44b4bddbd444ab99fe9bb11" member_type: VOTER last_known_addr { host: "127.17.47.194" port: 40725 }, Status: LMP_MISMATCH, Last received: 0.0, Next index: 1, Last known committed idx: 0, Time since last communication: 0.000s
I20260709 13:05:56.647866 18904 raft_consensus.cc:359] T b2be01c26209440ebd0caca12db57d60 P 693cd92fb44b4bddbd444ab99fe9bb11 [term 0 FOLLOWER]: Replica starting. Triggering 0 pending ops. Active config: opid_index: -1 OBSOLETE_local: false peers { permanent_uuid: "9046095d92854fef9a9a7e4fa897db83" member_type: VOTER last_known_addr { host: "127.17.47.193" port: 41705 } } peers { permanent_uuid: "693cd92fb44b4bddbd444ab99fe9bb11" member_type: VOTER last_known_addr { host: "127.17.47.194" port: 40725 } } peers { permanent_uuid: "92eeeeb03c8d41f3bb08007d431ea987" member_type: VOTER last_known_addr { host: "127.17.47.195" port: 38445 } }
I20260709 13:05:56.648413 18930 raft_consensus.cc:2804] T c39e750fcfa347278a69242f2bd97489 P 9046095d92854fef9a9a7e4fa897db83 [term 0 FOLLOWER]: Leader pre-election won for term 1
I20260709 13:05:56.648531 18904 raft_consensus.cc:385] T b2be01c26209440ebd0caca12db57d60 P 693cd92fb44b4bddbd444ab99fe9bb11 [term 0 FOLLOWER]: Consensus starting up: Expiring failure detector timer to make a prompt election more likely
I20260709 13:05:56.650063 18904 raft_consensus.cc:740] T b2be01c26209440ebd0caca12db57d60 P 693cd92fb44b4bddbd444ab99fe9bb11 [term 0 FOLLOWER]: Becoming Follower/Learner. State: Replica: 693cd92fb44b4bddbd444ab99fe9bb11, State: Initialized, Role: FOLLOWER
I20260709 13:05:56.650724 18904 consensus_queue.cc:260] T b2be01c26209440ebd0caca12db57d60 P 693cd92fb44b4bddbd444ab99fe9bb11 [NON_LEADER]: Queue going to NON_LEADER mode. State: All replicated index: 0, Majority replicated index: 0, Committed index: 0, Last appended: 0.0, Last appended by leader: 0, Current term: 0, Majority size: -1, State: 0, Mode: NON_LEADER, active raft config: opid_index: -1 OBSOLETE_local: false peers { permanent_uuid: "9046095d92854fef9a9a7e4fa897db83" member_type: VOTER last_known_addr { host: "127.17.47.193" port: 41705 } } peers { permanent_uuid: "693cd92fb44b4bddbd444ab99fe9bb11" member_type: VOTER last_known_addr { host: "127.17.47.194" port: 40725 } } peers { permanent_uuid: "92eeeeb03c8d41f3bb08007d431ea987" member_type: VOTER last_known_addr { host: "127.17.47.195" port: 38445 } }
I20260709 13:05:56.648854 18930 raft_consensus.cc:493] T c39e750fcfa347278a69242f2bd97489 P 9046095d92854fef9a9a7e4fa897db83 [term 0 FOLLOWER]: Starting leader election (no leader contacted us within the election timeout)
I20260709 13:05:56.652901 18930 raft_consensus.cc:3060] T c39e750fcfa347278a69242f2bd97489 P 9046095d92854fef9a9a7e4fa897db83 [term 0 FOLLOWER]: Advancing to term 1
I20260709 13:05:56.654387 19140 leader_election.cc:290] T c39e750fcfa347278a69242f2bd97489 P 9046095d92854fef9a9a7e4fa897db83 [CANDIDATE]: Term 1 pre-election: Requested pre-vote from peers 693cd92fb44b4bddbd444ab99fe9bb11 (127.17.47.194:40725), 92eeeeb03c8d41f3bb08007d431ea987 (127.17.47.195:38445)
I20260709 13:05:56.655632 19084 raft_consensus.cc:493] T c6924efc94804d38adde648619e6a46e P 693cd92fb44b4bddbd444ab99fe9bb11 [term 0 FOLLOWER]: Starting pre-election (no leader contacted us within the election timeout)
I20260709 13:05:56.656087 19084 raft_consensus.cc:515] T c6924efc94804d38adde648619e6a46e P 693cd92fb44b4bddbd444ab99fe9bb11 [term 0 FOLLOWER]: Starting pre-election with config: opid_index: -1 OBSOLETE_local: false peers { permanent_uuid: "9046095d92854fef9a9a7e4fa897db83" member_type: VOTER last_known_addr { host: "127.17.47.193" port: 41705 } } peers { permanent_uuid: "693cd92fb44b4bddbd444ab99fe9bb11" member_type: VOTER last_known_addr { host: "127.17.47.194" port: 40725 } } peers { permanent_uuid: "92eeeeb03c8d41f3bb08007d431ea987" member_type: VOTER last_known_addr { host: "127.17.47.195" port: 38445 } }
I20260709 13:05:56.660398 18789 raft_consensus.cc:2468] T b2be01c26209440ebd0caca12db57d60 P 693cd92fb44b4bddbd444ab99fe9bb11 [term 0 FOLLOWER]: Leader pre-election vote request: Granting yes vote for candidate 92eeeeb03c8d41f3bb08007d431ea987 in term 0.
I20260709 13:05:56.662667 18827 leader_election.cc:304] T b2be01c26209440ebd0caca12db57d60 P 92eeeeb03c8d41f3bb08007d431ea987 [CANDIDATE]: Term 1 pre-election: Election decided. Result: candidate won. Election summary: received 3 responses out of 3 voters: 2 yes votes; 1 no votes. yes voters: 693cd92fb44b4bddbd444ab99fe9bb11, 92eeeeb03c8d41f3bb08007d431ea987; no voters: 9046095d92854fef9a9a7e4fa897db83
I20260709 13:05:56.662614 18710 tablet_service.cc:1917] Received RequestConsensusVote() RPC: tablet_id: "c6924efc94804d38adde648619e6a46e" candidate_uuid: "693cd92fb44b4bddbd444ab99fe9bb11" candidate_term: 1 candidate_status { last_received { term: 0 index: 0 } } ignore_live_leader: false dest_uuid: "9046095d92854fef9a9a7e4fa897db83" is_pre_election: true
W20260709 13:05:56.664038 18753 leader_election.cc:343] T c6924efc94804d38adde648619e6a46e P 693cd92fb44b4bddbd444ab99fe9bb11 [CANDIDATE]: Term 1 pre-election: Tablet error from VoteRequest() call to peer 9046095d92854fef9a9a7e4fa897db83 (127.17.47.193:41705): Illegal state: must be running to vote when last-logged opid is not known
I20260709 13:05:56.664234 19084 leader_election.cc:290] T c6924efc94804d38adde648619e6a46e P 693cd92fb44b4bddbd444ab99fe9bb11 [CANDIDATE]: Term 1 pre-election: Requested pre-vote from peers 9046095d92854fef9a9a7e4fa897db83 (127.17.47.193:41705), 92eeeeb03c8d41f3bb08007d431ea987 (127.17.47.195:38445)
I20260709 13:05:56.652170 18906 consensus_queue.cc:260] T a5078833d0094d459b220bcbf7712b6d P 9046095d92854fef9a9a7e4fa897db83 [NON_LEADER]: Queue going to NON_LEADER mode. State: All replicated index: 0, Majority replicated index: 0, Committed index: 0, Last appended: 0.0, Last appended by leader: 0, Current term: 0, Majority size: -1, State: 0, Mode: NON_LEADER, active raft config: opid_index: -1 OBSOLETE_local: false peers { permanent_uuid: "9046095d92854fef9a9a7e4fa897db83" member_type: VOTER last_known_addr { host: "127.17.47.193" port: 41705 } } peers { permanent_uuid: "693cd92fb44b4bddbd444ab99fe9bb11" member_type: VOTER last_known_addr { host: "127.17.47.194" port: 40725 } } peers { permanent_uuid: "92eeeeb03c8d41f3bb08007d431ea987" member_type: VOTER last_known_addr { host: "127.17.47.195" port: 38445 } }
I20260709 13:05:56.665558 19066 raft_consensus.cc:2804] T b2be01c26209440ebd0caca12db57d60 P 92eeeeb03c8d41f3bb08007d431ea987 [term 0 FOLLOWER]: Leader pre-election won for term 1
I20260709 13:05:56.665711 18863 tablet_service.cc:1917] Received RequestConsensusVote() RPC: tablet_id: "c6924efc94804d38adde648619e6a46e" candidate_uuid: "693cd92fb44b4bddbd444ab99fe9bb11" candidate_term: 1 candidate_status { last_received { term: 0 index: 0 } } ignore_live_leader: false dest_uuid: "92eeeeb03c8d41f3bb08007d431ea987" is_pre_election: true
I20260709 13:05:56.665997 19066 raft_consensus.cc:493] T b2be01c26209440ebd0caca12db57d60 P 92eeeeb03c8d41f3bb08007d431ea987 [term 0 FOLLOWER]: Starting leader election (no leader contacted us within the election timeout)
I20260709 13:05:56.666462 19066 raft_consensus.cc:3060] T b2be01c26209440ebd0caca12db57d60 P 92eeeeb03c8d41f3bb08007d431ea987 [term 0 FOLLOWER]: Advancing to term 1
I20260709 13:05:56.667116 18906 ts_tablet_manager.cc:1434] T a5078833d0094d459b220bcbf7712b6d P 9046095d92854fef9a9a7e4fa897db83: Time spent starting tablet: real 0.047s	user 0.001s	sys 0.005s
W20260709 13:05:56.668020 18754 leader_election.cc:343] T c6924efc94804d38adde648619e6a46e P 693cd92fb44b4bddbd444ab99fe9bb11 [CANDIDATE]: Term 1 pre-election: Tablet error from VoteRequest() call to peer 92eeeeb03c8d41f3bb08007d431ea987 (127.17.47.195:38445): Illegal state: must be running to vote when last-logged opid is not known
I20260709 13:05:56.668987 18904 ts_tablet_manager.cc:1434] T b2be01c26209440ebd0caca12db57d60 P 693cd92fb44b4bddbd444ab99fe9bb11: Time spent starting tablet: real 0.073s	user 0.006s	sys 0.000s
I20260709 13:05:56.670863 18754 leader_election.cc:304] T c6924efc94804d38adde648619e6a46e P 693cd92fb44b4bddbd444ab99fe9bb11 [CANDIDATE]: Term 1 pre-election: Election decided. Result: candidate lost. Election summary: received 3 responses out of 3 voters: 1 yes votes; 2 no votes. yes voters: 693cd92fb44b4bddbd444ab99fe9bb11; no voters: 9046095d92854fef9a9a7e4fa897db83, 92eeeeb03c8d41f3bb08007d431ea987
I20260709 13:05:56.671849 19084 raft_consensus.cc:2749] T c6924efc94804d38adde648619e6a46e P 693cd92fb44b4bddbd444ab99fe9bb11 [term 0 FOLLOWER]: Leader pre-election lost for term 1. Reason: could not achieve majority
I20260709 13:05:56.670863 18904 tablet_bootstrap.cc:492] T e233b9d278ba4be8b583a13886fcdd9d P 693cd92fb44b4bddbd444ab99fe9bb11: Bootstrap starting.
I20260709 13:05:56.668047 18906 tablet_bootstrap.cc:492] T d3465c68701f43d7b83f242a44a1733c P 9046095d92854fef9a9a7e4fa897db83: Bootstrap starting.
I20260709 13:05:56.677666 19066 raft_consensus.cc:515] T b2be01c26209440ebd0caca12db57d60 P 92eeeeb03c8d41f3bb08007d431ea987 [term 1 FOLLOWER]: Starting leader election with config: opid_index: -1 OBSOLETE_local: false peers { permanent_uuid: "9046095d92854fef9a9a7e4fa897db83" member_type: VOTER last_known_addr { host: "127.17.47.193" port: 41705 } } peers { permanent_uuid: "693cd92fb44b4bddbd444ab99fe9bb11" member_type: VOTER last_known_addr { host: "127.17.47.194" port: 40725 } } peers { permanent_uuid: "92eeeeb03c8d41f3bb08007d431ea987" member_type: VOTER last_known_addr { host: "127.17.47.195" port: 38445 } }
I20260709 13:05:56.700820 18930 raft_consensus.cc:515] T c39e750fcfa347278a69242f2bd97489 P 9046095d92854fef9a9a7e4fa897db83 [term 1 FOLLOWER]: Starting leader election with config: opid_index: -1 OBSOLETE_local: false peers { permanent_uuid: "9046095d92854fef9a9a7e4fa897db83" member_type: VOTER last_known_addr { host: "127.17.47.193" port: 41705 } } peers { permanent_uuid: "693cd92fb44b4bddbd444ab99fe9bb11" member_type: VOTER last_known_addr { host: "127.17.47.194" port: 40725 } } peers { permanent_uuid: "92eeeeb03c8d41f3bb08007d431ea987" member_type: VOTER last_known_addr { host: "127.17.47.195" port: 38445 } }
I20260709 13:05:56.704648 18609 catalog_manager.cc:5697] T b6f362f6e59c4501bd2668ab13f699aa P 9046095d92854fef9a9a7e4fa897db83 reported cstate change: term changed from 0 to 1, leader changed from <none> to 9046095d92854fef9a9a7e4fa897db83 (127.17.47.193). New cstate: current_term: 1 leader_uuid: "9046095d92854fef9a9a7e4fa897db83" committed_config { opid_index: -1 OBSOLETE_local: false peers { permanent_uuid: "9046095d92854fef9a9a7e4fa897db83" member_type: VOTER last_known_addr { host: "127.17.47.193" port: 41705 } health_report { overall_health: HEALTHY } } peers { permanent_uuid: "693cd92fb44b4bddbd444ab99fe9bb11" member_type: VOTER last_known_addr { host: "127.17.47.194" port: 40725 } health_report { overall_health: UNKNOWN } } peers { permanent_uuid: "92eeeeb03c8d41f3bb08007d431ea987" member_type: VOTER last_known_addr { host: "127.17.47.195" port: 38445 } health_report { overall_health: UNKNOWN } } }
I20260709 13:05:56.707726 18710 tablet_service.cc:1917] Received RequestConsensusVote() RPC: tablet_id: "b2be01c26209440ebd0caca12db57d60" candidate_uuid: "92eeeeb03c8d41f3bb08007d431ea987" candidate_term: 1 candidate_status { last_received { term: 0 index: 0 } } ignore_live_leader: false dest_uuid: "9046095d92854fef9a9a7e4fa897db83"
I20260709 13:05:56.708897 19140 raft_consensus.cc:493] T a5078833d0094d459b220bcbf7712b6d P 9046095d92854fef9a9a7e4fa897db83 [term 0 FOLLOWER]: Starting pre-election (no leader contacted us within the election timeout)
W20260709 13:05:56.709167 18827 leader_election.cc:343] T b2be01c26209440ebd0caca12db57d60 P 92eeeeb03c8d41f3bb08007d431ea987 [CANDIDATE]: Term 1 election: Tablet error from VoteRequest() call to peer 9046095d92854fef9a9a7e4fa897db83 (127.17.47.193:41705): Illegal state: must be running to vote when last-logged opid is not known
I20260709 13:05:56.709414 19140 raft_consensus.cc:515] T a5078833d0094d459b220bcbf7712b6d P 9046095d92854fef9a9a7e4fa897db83 [term 0 FOLLOWER]: Starting pre-election with config: opid_index: -1 OBSOLETE_local: false peers { permanent_uuid: "9046095d92854fef9a9a7e4fa897db83" member_type: VOTER last_known_addr { host: "127.17.47.193" port: 41705 } } peers { permanent_uuid: "693cd92fb44b4bddbd444ab99fe9bb11" member_type: VOTER last_known_addr { host: "127.17.47.194" port: 40725 } } peers { permanent_uuid: "92eeeeb03c8d41f3bb08007d431ea987" member_type: VOTER last_known_addr { host: "127.17.47.195" port: 38445 } }
I20260709 13:05:56.711491 19140 leader_election.cc:290] T a5078833d0094d459b220bcbf7712b6d P 9046095d92854fef9a9a7e4fa897db83 [CANDIDATE]: Term 1 pre-election: Requested pre-vote from peers 693cd92fb44b4bddbd444ab99fe9bb11 (127.17.47.194:40725), 92eeeeb03c8d41f3bb08007d431ea987 (127.17.47.195:38445)
I20260709 13:05:56.711724 18930 leader_election.cc:290] T c39e750fcfa347278a69242f2bd97489 P 9046095d92854fef9a9a7e4fa897db83 [CANDIDATE]: Term 1 election: Requested vote from peers 693cd92fb44b4bddbd444ab99fe9bb11 (127.17.47.194:40725), 92eeeeb03c8d41f3bb08007d431ea987 (127.17.47.195:38445)
I20260709 13:05:56.715283 18864 tablet_service.cc:1917] Received RequestConsensusVote() RPC: tablet_id: "c39e750fcfa347278a69242f2bd97489" candidate_uuid: "9046095d92854fef9a9a7e4fa897db83" candidate_term: 1 candidate_status { last_received { term: 0 index: 0 } } ignore_live_leader: false dest_uuid: "92eeeeb03c8d41f3bb08007d431ea987"
I20260709 13:05:56.715590 18788 tablet_service.cc:1917] Received RequestConsensusVote() RPC: tablet_id: "a5078833d0094d459b220bcbf7712b6d" candidate_uuid: "9046095d92854fef9a9a7e4fa897db83" candidate_term: 1 candidate_status { last_received { term: 0 index: 0 } } ignore_live_leader: false dest_uuid: "693cd92fb44b4bddbd444ab99fe9bb11" is_pre_election: true
I20260709 13:05:56.717108 18863 tablet_service.cc:1917] Received RequestConsensusVote() RPC: tablet_id: "a5078833d0094d459b220bcbf7712b6d" candidate_uuid: "9046095d92854fef9a9a7e4fa897db83" candidate_term: 1 candidate_status { last_received { term: 0 index: 0 } } ignore_live_leader: false dest_uuid: "92eeeeb03c8d41f3bb08007d431ea987" is_pre_election: true
I20260709 13:05:56.717415 18788 raft_consensus.cc:2393] T a5078833d0094d459b220bcbf7712b6d P 693cd92fb44b4bddbd444ab99fe9bb11 [term 1 FOLLOWER]: Leader pre-election vote request: Denying vote to candidate 9046095d92854fef9a9a7e4fa897db83 in current term 1: Already voted for candidate 92eeeeb03c8d41f3bb08007d431ea987 in this term.
W20260709 13:05:56.718628 18679 leader_election.cc:343] T c39e750fcfa347278a69242f2bd97489 P 9046095d92854fef9a9a7e4fa897db83 [CANDIDATE]: Term 1 election: Tablet error from VoteRequest() call to peer 92eeeeb03c8d41f3bb08007d431ea987 (127.17.47.195:38445): Illegal state: must be running to vote when last-logged opid is not known
I20260709 13:05:56.719642 18678 leader_election.cc:304] T a5078833d0094d459b220bcbf7712b6d P 9046095d92854fef9a9a7e4fa897db83 [CANDIDATE]: Term 1 pre-election: Election decided. Result: candidate lost. Election summary: received 3 responses out of 3 voters: 1 yes votes; 2 no votes. yes voters: 9046095d92854fef9a9a7e4fa897db83; no voters: 693cd92fb44b4bddbd444ab99fe9bb11, 92eeeeb03c8d41f3bb08007d431ea987
I20260709 13:05:56.720600 18789 tablet_service.cc:1917] Received RequestConsensusVote() RPC: tablet_id: "c39e750fcfa347278a69242f2bd97489" candidate_uuid: "9046095d92854fef9a9a7e4fa897db83" candidate_term: 1 candidate_status { last_received { term: 0 index: 0 } } ignore_live_leader: false dest_uuid: "693cd92fb44b4bddbd444ab99fe9bb11"
I20260709 13:05:56.721185 18789 raft_consensus.cc:3060] T c39e750fcfa347278a69242f2bd97489 P 693cd92fb44b4bddbd444ab99fe9bb11 [term 0 FOLLOWER]: Advancing to term 1
I20260709 13:05:56.721977 18930 raft_consensus.cc:3060] T a5078833d0094d459b220bcbf7712b6d P 9046095d92854fef9a9a7e4fa897db83 [term 0 FOLLOWER]: Advancing to term 1
I20260709 13:05:56.718147 19066 leader_election.cc:290] T b2be01c26209440ebd0caca12db57d60 P 92eeeeb03c8d41f3bb08007d431ea987 [CANDIDATE]: Term 1 election: Requested vote from peers 9046095d92854fef9a9a7e4fa897db83 (127.17.47.193:41705), 693cd92fb44b4bddbd444ab99fe9bb11 (127.17.47.194:40725)
I20260709 13:05:56.725023 19066 consensus_queue.cc:1048] T 780bdf83eae04eb58f945a2a2dd8d47f P 92eeeeb03c8d41f3bb08007d431ea987 [LEADER]: Connected to new peer: Peer: permanent_uuid: "693cd92fb44b4bddbd444ab99fe9bb11" member_type: VOTER last_known_addr { host: "127.17.47.194" port: 40725 }, Status: LMP_MISMATCH, Last received: 0.0, Next index: 1, Last known committed idx: 0, Time since last communication: 0.000s
I20260709 13:05:56.719267 19063 consensus_queue.cc:1048] T cdf7b0f390a14b1a812feec63002e211 P 92eeeeb03c8d41f3bb08007d431ea987 [LEADER]: Connected to new peer: Peer: permanent_uuid: "9046095d92854fef9a9a7e4fa897db83" member_type: VOTER last_known_addr { host: "127.17.47.193" port: 41705 }, Status: LMP_MISMATCH, Last received: 0.0, Next index: 1, Last known committed idx: 0, Time since last communication: 0.001s
I20260709 13:05:56.728078 18905 tablet_bootstrap.cc:492] T b6f362f6e59c4501bd2668ab13f699aa P 92eeeeb03c8d41f3bb08007d431ea987: No bootstrap required, opened a new log
I20260709 13:05:56.728554 18905 ts_tablet_manager.cc:1403] T b6f362f6e59c4501bd2668ab13f699aa P 92eeeeb03c8d41f3bb08007d431ea987: Time spent bootstrapping tablet: real 0.231s	user 0.012s	sys 0.010s
I20260709 13:05:56.731894 18904 tablet_bootstrap.cc:654] T e233b9d278ba4be8b583a13886fcdd9d P 693cd92fb44b4bddbd444ab99fe9bb11: Neither blocks nor log segments found. Creating new log.
W20260709 13:05:56.734133 18661 auto_rebalancer.cc:288] Could not retrieve cluster info: Service unavailable: Tablet not running
I20260709 13:05:56.735442 18905 raft_consensus.cc:359] T b6f362f6e59c4501bd2668ab13f699aa P 92eeeeb03c8d41f3bb08007d431ea987 [term 0 FOLLOWER]: Replica starting. Triggering 0 pending ops. Active config: opid_index: -1 OBSOLETE_local: false peers { permanent_uuid: "9046095d92854fef9a9a7e4fa897db83" member_type: VOTER last_known_addr { host: "127.17.47.193" port: 41705 } } peers { permanent_uuid: "693cd92fb44b4bddbd444ab99fe9bb11" member_type: VOTER last_known_addr { host: "127.17.47.194" port: 40725 } } peers { permanent_uuid: "92eeeeb03c8d41f3bb08007d431ea987" member_type: VOTER last_known_addr { host: "127.17.47.195" port: 38445 } }
I20260709 13:05:56.736158 18789 raft_consensus.cc:2468] T c39e750fcfa347278a69242f2bd97489 P 693cd92fb44b4bddbd444ab99fe9bb11 [term 1 FOLLOWER]: Leader election vote request: Granting yes vote for candidate 9046095d92854fef9a9a7e4fa897db83 in term 1.
I20260709 13:05:56.736385 18905 raft_consensus.cc:385] T b6f362f6e59c4501bd2668ab13f699aa P 92eeeeb03c8d41f3bb08007d431ea987 [term 0 FOLLOWER]: Consensus starting up: Expiring failure detector timer to make a prompt election more likely
I20260709 13:05:56.736753 18905 raft_consensus.cc:740] T b6f362f6e59c4501bd2668ab13f699aa P 92eeeeb03c8d41f3bb08007d431ea987 [term 0 FOLLOWER]: Becoming Follower/Learner. State: Replica: 92eeeeb03c8d41f3bb08007d431ea987, State: Initialized, Role: FOLLOWER
I20260709 13:05:56.737613 18905 consensus_queue.cc:260] T b6f362f6e59c4501bd2668ab13f699aa P 92eeeeb03c8d41f3bb08007d431ea987 [NON_LEADER]: Queue going to NON_LEADER mode. State: All replicated index: 0, Majority replicated index: 0, Committed index: 0, Last appended: 0.0, Last appended by leader: 0, Current term: 0, Majority size: -1, State: 0, Mode: NON_LEADER, active raft config: opid_index: -1 OBSOLETE_local: false peers { permanent_uuid: "9046095d92854fef9a9a7e4fa897db83" member_type: VOTER last_known_addr { host: "127.17.47.193" port: 41705 } } peers { permanent_uuid: "693cd92fb44b4bddbd444ab99fe9bb11" member_type: VOTER last_known_addr { host: "127.17.47.194" port: 40725 } } peers { permanent_uuid: "92eeeeb03c8d41f3bb08007d431ea987" member_type: VOTER last_known_addr { host: "127.17.47.195" port: 38445 } }
I20260709 13:05:56.739883 18905 ts_tablet_manager.cc:1434] T b6f362f6e59c4501bd2668ab13f699aa P 92eeeeb03c8d41f3bb08007d431ea987: Time spent starting tablet: real 0.011s	user 0.006s	sys 0.002s
I20260709 13:05:56.740474 18788 tablet_service.cc:1917] Received RequestConsensusVote() RPC: tablet_id: "b2be01c26209440ebd0caca12db57d60" candidate_uuid: "92eeeeb03c8d41f3bb08007d431ea987" candidate_term: 1 candidate_status { last_received { term: 0 index: 0 } } ignore_live_leader: false dest_uuid: "693cd92fb44b4bddbd444ab99fe9bb11"
I20260709 13:05:56.741080 18788 raft_consensus.cc:3060] T b2be01c26209440ebd0caca12db57d60 P 693cd92fb44b4bddbd444ab99fe9bb11 [term 0 FOLLOWER]: Advancing to term 1
I20260709 13:05:56.741479 18678 leader_election.cc:304] T c39e750fcfa347278a69242f2bd97489 P 9046095d92854fef9a9a7e4fa897db83 [CANDIDATE]: Term 1 election: Election decided. Result: candidate won. Election summary: received 3 responses out of 3 voters: 2 yes votes; 1 no votes. yes voters: 693cd92fb44b4bddbd444ab99fe9bb11, 9046095d92854fef9a9a7e4fa897db83; no voters: 92eeeeb03c8d41f3bb08007d431ea987
I20260709 13:05:56.742651 19016 raft_consensus.cc:2804] T c39e750fcfa347278a69242f2bd97489 P 9046095d92854fef9a9a7e4fa897db83 [term 1 FOLLOWER]: Leader election won for term 1
I20260709 13:05:56.743101 19016 raft_consensus.cc:697] T c39e750fcfa347278a69242f2bd97489 P 9046095d92854fef9a9a7e4fa897db83 [term 1 LEADER]: Becoming Leader. State: Replica: 9046095d92854fef9a9a7e4fa897db83, State: Running, Role: LEADER
I20260709 13:05:56.740705 18905 tablet_bootstrap.cc:492] T e233b9d278ba4be8b583a13886fcdd9d P 92eeeeb03c8d41f3bb08007d431ea987: Bootstrap starting.
I20260709 13:05:56.748320 18930 raft_consensus.cc:2749] T a5078833d0094d459b220bcbf7712b6d P 9046095d92854fef9a9a7e4fa897db83 [term 1 FOLLOWER]: Leader pre-election lost for term 1. Reason: could not achieve majority
I20260709 13:05:56.750873 18905 tablet_bootstrap.cc:654] T e233b9d278ba4be8b583a13886fcdd9d P 92eeeeb03c8d41f3bb08007d431ea987: Neither blocks nor log segments found. Creating new log.
I20260709 13:05:56.743898 19016 consensus_queue.cc:237] T c39e750fcfa347278a69242f2bd97489 P 9046095d92854fef9a9a7e4fa897db83 [LEADER]: Queue going to LEADER mode. State: All replicated index: 0, Majority replicated index: 0, Committed index: 0, Last appended: 0.0, Last appended by leader: 0, Current term: 1, Majority size: 2, State: 0, Mode: LEADER, active raft config: opid_index: -1 OBSOLETE_local: false peers { permanent_uuid: "9046095d92854fef9a9a7e4fa897db83" member_type: VOTER last_known_addr { host: "127.17.47.193" port: 41705 } } peers { permanent_uuid: "693cd92fb44b4bddbd444ab99fe9bb11" member_type: VOTER last_known_addr { host: "127.17.47.194" port: 40725 } } peers { permanent_uuid: "92eeeeb03c8d41f3bb08007d431ea987" member_type: VOTER last_known_addr { host: "127.17.47.195" port: 38445 } }
I20260709 13:05:56.757730 18906 tablet_bootstrap.cc:654] T d3465c68701f43d7b83f242a44a1733c P 9046095d92854fef9a9a7e4fa897db83: Neither blocks nor log segments found. Creating new log.
I20260709 13:05:56.752614 19066 consensus_queue.cc:1048] T cdf7b0f390a14b1a812feec63002e211 P 92eeeeb03c8d41f3bb08007d431ea987 [LEADER]: Connected to new peer: Peer: permanent_uuid: "693cd92fb44b4bddbd444ab99fe9bb11" member_type: VOTER last_known_addr { host: "127.17.47.194" port: 40725 }, Status: LMP_MISMATCH, Last received: 0.0, Next index: 1, Last known committed idx: 0, Time since last communication: 0.006s
I20260709 13:05:56.806973 19066 raft_consensus.cc:493] T d0788cac72f24779a4acc4a079f6f828 P 92eeeeb03c8d41f3bb08007d431ea987 [term 0 FOLLOWER]: Starting pre-election (no leader contacted us within the election timeout)
I20260709 13:05:56.807461 19066 raft_consensus.cc:515] T d0788cac72f24779a4acc4a079f6f828 P 92eeeeb03c8d41f3bb08007d431ea987 [term 0 FOLLOWER]: Starting pre-election with config: opid_index: -1 OBSOLETE_local: false peers { permanent_uuid: "9046095d92854fef9a9a7e4fa897db83" member_type: VOTER last_known_addr { host: "127.17.47.193" port: 41705 } } peers { permanent_uuid: "693cd92fb44b4bddbd444ab99fe9bb11" member_type: VOTER last_known_addr { host: "127.17.47.194" port: 40725 } } peers { permanent_uuid: "92eeeeb03c8d41f3bb08007d431ea987" member_type: VOTER last_known_addr { host: "127.17.47.195" port: 38445 } }
I20260709 13:05:56.823552 19066 leader_election.cc:290] T d0788cac72f24779a4acc4a079f6f828 P 92eeeeb03c8d41f3bb08007d431ea987 [CANDIDATE]: Term 1 pre-election: Requested pre-vote from peers 9046095d92854fef9a9a7e4fa897db83 (127.17.47.193:41705), 693cd92fb44b4bddbd444ab99fe9bb11 (127.17.47.194:40725)
I20260709 13:05:56.825116 18790 tablet_service.cc:1917] Received RequestConsensusVote() RPC: tablet_id: "d0788cac72f24779a4acc4a079f6f828" candidate_uuid: "92eeeeb03c8d41f3bb08007d431ea987" candidate_term: 1 candidate_status { last_received { term: 0 index: 0 } } ignore_live_leader: false dest_uuid: "693cd92fb44b4bddbd444ab99fe9bb11" is_pre_election: true
I20260709 13:05:56.826385 18788 raft_consensus.cc:2468] T b2be01c26209440ebd0caca12db57d60 P 693cd92fb44b4bddbd444ab99fe9bb11 [term 1 FOLLOWER]: Leader election vote request: Granting yes vote for candidate 92eeeeb03c8d41f3bb08007d431ea987 in term 1.
W20260709 13:05:56.830130 18827 leader_election.cc:343] T d0788cac72f24779a4acc4a079f6f828 P 92eeeeb03c8d41f3bb08007d431ea987 [CANDIDATE]: Term 1 pre-election: Tablet error from VoteRequest() call to peer 693cd92fb44b4bddbd444ab99fe9bb11 (127.17.47.194:40725): Illegal state: must be running to vote when last-logged opid is not known
I20260709 13:05:56.830189 18710 tablet_service.cc:1917] Received RequestConsensusVote() RPC: tablet_id: "d0788cac72f24779a4acc4a079f6f828" candidate_uuid: "92eeeeb03c8d41f3bb08007d431ea987" candidate_term: 1 candidate_status { last_received { term: 0 index: 0 } } ignore_live_leader: false dest_uuid: "9046095d92854fef9a9a7e4fa897db83" is_pre_election: true
I20260709 13:05:56.833961 18827 leader_election.cc:304] T b2be01c26209440ebd0caca12db57d60 P 92eeeeb03c8d41f3bb08007d431ea987 [CANDIDATE]: Term 1 election: Election decided. Result: candidate won. Election summary: received 3 responses out of 3 voters: 2 yes votes; 1 no votes. yes voters: 693cd92fb44b4bddbd444ab99fe9bb11, 92eeeeb03c8d41f3bb08007d431ea987; no voters: 9046095d92854fef9a9a7e4fa897db83
I20260709 13:05:56.842334 18612 catalog_manager.cc:5697] T c39e750fcfa347278a69242f2bd97489 P 9046095d92854fef9a9a7e4fa897db83 reported cstate change: term changed from 0 to 1, leader changed from <none> to 9046095d92854fef9a9a7e4fa897db83 (127.17.47.193). New cstate: current_term: 1 leader_uuid: "9046095d92854fef9a9a7e4fa897db83" committed_config { opid_index: -1 OBSOLETE_local: false peers { permanent_uuid: "9046095d92854fef9a9a7e4fa897db83" member_type: VOTER last_known_addr { host: "127.17.47.193" port: 41705 } health_report { overall_health: HEALTHY } } peers { permanent_uuid: "693cd92fb44b4bddbd444ab99fe9bb11" member_type: VOTER last_known_addr { host: "127.17.47.194" port: 40725 } health_report { overall_health: UNKNOWN } } peers { permanent_uuid: "92eeeeb03c8d41f3bb08007d431ea987" member_type: VOTER last_known_addr { host: "127.17.47.195" port: 38445 } health_report { overall_health: UNKNOWN } } }
