I20260709 12:57:34.261162  1819 raft_consensus.cc:2749] T b2cb09508bfd4bd797492c6a88c20abb P 802f81096a8f482d8c99f0a71e48ae65 [term 0 FOLLOWER]: Leader pre-election lost for term 1. Reason: could not achieve majority
I20260709 12:57:34.261380  1732 ts_tablet_manager.cc:1434] T 85e078c04a9246b183d758fb4fbac3f5 P 448e680444ac4bc596797e848d7b9c30: Time spent starting tablet: real 0.008s	user 0.005s	sys 0.000s
I20260709 12:57:34.253702  1730 ts_tablet_manager.cc:1403] T 2a391b0e544f46bdaf990c3e955204c2 P 802f81096a8f482d8c99f0a71e48ae65: Time spent bootstrapping tablet: real 0.076s	user 0.012s	sys 0.000s
I20260709 12:57:34.262579  1732 tablet_bootstrap.cc:492] T 22b1b9a20f184d528ccc92341b15af43 P 448e680444ac4bc596797e848d7b9c30: Bootstrap starting.
I20260709 12:57:34.269464  1732 tablet_bootstrap.cc:654] T 22b1b9a20f184d528ccc92341b15af43 P 448e680444ac4bc596797e848d7b9c30: Neither blocks nor log segments found. Creating new log.
I20260709 12:57:34.269699  1731 ts_tablet_manager.cc:1434] T 5e677005266b49c3ade20d65461956a9 P f0f804fa9c62498395a83543a18c5e0e: Time spent starting tablet: real 0.026s	user 0.005s	sys 0.002s
I20260709 12:57:34.269310  1436 catalog_manager.cc:5697] T ace4fa4464714ac0b29d8a85fbd38d17 P f0f804fa9c62498395a83543a18c5e0e reported cstate change: term changed from 0 to 1, leader changed from <none> to f0f804fa9c62498395a83543a18c5e0e (127.0.107.194). New cstate: current_term: 1 leader_uuid: "f0f804fa9c62498395a83543a18c5e0e" committed_config { opid_index: -1 OBSOLETE_local: false peers { permanent_uuid: "802f81096a8f482d8c99f0a71e48ae65" member_type: VOTER last_known_addr { host: "127.0.107.193" port: 36125 } health_report { overall_health: UNKNOWN } } peers { permanent_uuid: "f0f804fa9c62498395a83543a18c5e0e" member_type: VOTER last_known_addr { host: "127.0.107.194" port: 41885 } health_report { overall_health: HEALTHY } } peers { permanent_uuid: "448e680444ac4bc596797e848d7b9c30" member_type: VOTER last_known_addr { host: "127.0.107.195" port: 42515 } health_report { overall_health: UNKNOWN } } }
I20260709 12:57:34.271046  1731 tablet_bootstrap.cc:492] T fc2ee3840ab640afa7e613e574b55f67 P f0f804fa9c62498395a83543a18c5e0e: Bootstrap starting.
I20260709 12:57:34.273223  1730 raft_consensus.cc:359] T 2a391b0e544f46bdaf990c3e955204c2 P 802f81096a8f482d8c99f0a71e48ae65 [term 0 FOLLOWER]: Replica starting. Triggering 0 pending ops. Active config: opid_index: -1 OBSOLETE_local: false peers { permanent_uuid: "802f81096a8f482d8c99f0a71e48ae65" member_type: VOTER last_known_addr { host: "127.0.107.193" port: 36125 } } peers { permanent_uuid: "f0f804fa9c62498395a83543a18c5e0e" member_type: VOTER last_known_addr { host: "127.0.107.194" port: 41885 } } peers { permanent_uuid: "448e680444ac4bc596797e848d7b9c30" member_type: VOTER last_known_addr { host: "127.0.107.195" port: 42515 } }
I20260709 12:57:34.273857  1730 raft_consensus.cc:385] T 2a391b0e544f46bdaf990c3e955204c2 P 802f81096a8f482d8c99f0a71e48ae65 [term 0 FOLLOWER]: Consensus starting up: Expiring failure detector timer to make a prompt election more likely
I20260709 12:57:34.274153  1730 raft_consensus.cc:740] T 2a391b0e544f46bdaf990c3e955204c2 P 802f81096a8f482d8c99f0a71e48ae65 [term 0 FOLLOWER]: Becoming Follower/Learner. State: Replica: 802f81096a8f482d8c99f0a71e48ae65, State: Initialized, Role: FOLLOWER
I20260709 12:57:34.274770  1730 consensus_queue.cc:260] T 2a391b0e544f46bdaf990c3e955204c2 P 802f81096a8f482d8c99f0a71e48ae65 [NON_LEADER]: Queue going to NON_LEADER mode. State: All replicated index: 0, Majority replicated index: 0, Committed index: 0, Last appended: 0.0, Last appended by leader: 0, Current term: 0, Majority size: -1, State: 0, Mode: NON_LEADER, active raft config: opid_index: -1 OBSOLETE_local: false peers { permanent_uuid: "802f81096a8f482d8c99f0a71e48ae65" member_type: VOTER last_known_addr { host: "127.0.107.193" port: 36125 } } peers { permanent_uuid: "f0f804fa9c62498395a83543a18c5e0e" member_type: VOTER last_known_addr { host: "127.0.107.194" port: 41885 } } peers { permanent_uuid: "448e680444ac4bc596797e848d7b9c30" member_type: VOTER last_known_addr { host: "127.0.107.195" port: 42515 } }
I20260709 12:57:34.275349  1794 consensus_queue.cc:1048] T 8b36cb25aa6342ccb07083f7a54db9fd P f0f804fa9c62498395a83543a18c5e0e [LEADER]: Connected to new peer: Peer: permanent_uuid: "802f81096a8f482d8c99f0a71e48ae65" member_type: VOTER last_known_addr { host: "127.0.107.193" port: 36125 }, Status: LMP_MISMATCH, Last received: 0.0, Next index: 1, Last known committed idx: 0, Time since last communication: 0.000s
I20260709 12:57:34.276706  1730 ts_tablet_manager.cc:1434] T 2a391b0e544f46bdaf990c3e955204c2 P 802f81096a8f482d8c99f0a71e48ae65: Time spent starting tablet: real 0.014s	user 0.003s	sys 0.000s
I20260709 12:57:34.277513  1730 tablet_bootstrap.cc:492] T 72590e7837e74848b57fb5afdc00f647 P 802f81096a8f482d8c99f0a71e48ae65: Bootstrap starting.
I20260709 12:57:34.278330  1732 tablet_bootstrap.cc:492] T 22b1b9a20f184d528ccc92341b15af43 P 448e680444ac4bc596797e848d7b9c30: No bootstrap required, opened a new log
I20260709 12:57:34.278750  1732 ts_tablet_manager.cc:1403] T 22b1b9a20f184d528ccc92341b15af43 P 448e680444ac4bc596797e848d7b9c30: Time spent bootstrapping tablet: real 0.016s	user 0.007s	sys 0.004s
I20260709 12:57:34.282953  1740 raft_consensus.cc:515] T 5e677005266b49c3ade20d65461956a9 P 802f81096a8f482d8c99f0a71e48ae65 [term 1 FOLLOWER]: Starting leader election with config: opid_index: -1 OBSOLETE_local: false peers { permanent_uuid: "802f81096a8f482d8c99f0a71e48ae65" member_type: VOTER last_known_addr { host: "127.0.107.193" port: 36125 } } peers { permanent_uuid: "f0f804fa9c62498395a83543a18c5e0e" member_type: VOTER last_known_addr { host: "127.0.107.194" port: 41885 } } peers { permanent_uuid: "448e680444ac4bc596797e848d7b9c30" member_type: VOTER last_known_addr { host: "127.0.107.195" port: 42515 } }
I20260709 12:57:34.285758  1732 raft_consensus.cc:359] T 22b1b9a20f184d528ccc92341b15af43 P 448e680444ac4bc596797e848d7b9c30 [term 0 FOLLOWER]: Replica starting. Triggering 0 pending ops. Active config: opid_index: -1 OBSOLETE_local: false peers { permanent_uuid: "802f81096a8f482d8c99f0a71e48ae65" member_type: VOTER last_known_addr { host: "127.0.107.193" port: 36125 } } peers { permanent_uuid: "f0f804fa9c62498395a83543a18c5e0e" member_type: VOTER last_known_addr { host: "127.0.107.194" port: 41885 } } peers { permanent_uuid: "448e680444ac4bc596797e848d7b9c30" member_type: VOTER last_known_addr { host: "127.0.107.195" port: 42515 } }
I20260709 12:57:34.286549  1732 raft_consensus.cc:385] T 22b1b9a20f184d528ccc92341b15af43 P 448e680444ac4bc596797e848d7b9c30 [term 0 FOLLOWER]: Consensus starting up: Expiring failure detector timer to make a prompt election more likely
I20260709 12:57:34.286828  1732 raft_consensus.cc:740] T 22b1b9a20f184d528ccc92341b15af43 P 448e680444ac4bc596797e848d7b9c30 [term 0 FOLLOWER]: Becoming Follower/Learner. State: Replica: 448e680444ac4bc596797e848d7b9c30, State: Initialized, Role: FOLLOWER
I20260709 12:57:34.287482  1732 consensus_queue.cc:260] T 22b1b9a20f184d528ccc92341b15af43 P 448e680444ac4bc596797e848d7b9c30 [NON_LEADER]: Queue going to NON_LEADER mode. State: All replicated index: 0, Majority replicated index: 0, Committed index: 0, Last appended: 0.0, Last appended by leader: 0, Current term: 0, Majority size: -1, State: 0, Mode: NON_LEADER, active raft config: opid_index: -1 OBSOLETE_local: false peers { permanent_uuid: "802f81096a8f482d8c99f0a71e48ae65" member_type: VOTER last_known_addr { host: "127.0.107.193" port: 36125 } } peers { permanent_uuid: "f0f804fa9c62498395a83543a18c5e0e" member_type: VOTER last_known_addr { host: "127.0.107.194" port: 41885 } } peers { permanent_uuid: "448e680444ac4bc596797e848d7b9c30" member_type: VOTER last_known_addr { host: "127.0.107.195" port: 42515 } }
I20260709 12:57:34.289453  1732 ts_tablet_manager.cc:1434] T 22b1b9a20f184d528ccc92341b15af43 P 448e680444ac4bc596797e848d7b9c30: Time spent starting tablet: real 0.010s	user 0.004s	sys 0.000s
I20260709 12:57:34.289448  1821 consensus_queue.cc:1048] T b6d3ffd7e5ed48e09effb0229b1783db P 448e680444ac4bc596797e848d7b9c30 [LEADER]: Connected to new peer: Peer: permanent_uuid: "f0f804fa9c62498395a83543a18c5e0e" member_type: VOTER last_known_addr { host: "127.0.107.194" port: 41885 }, Status: LMP_MISMATCH, Last received: 0.0, Next index: 1, Last known committed idx: 0, Time since last communication: 0.001s
I20260709 12:57:34.290261  1615 raft_consensus.cc:3060] T 976d902dc5264d68aafc304f95a5db04 P f0f804fa9c62498395a83543a18c5e0e [term 0 FOLLOWER]: Advancing to term 1
I20260709 12:57:34.290599  1732 tablet_bootstrap.cc:492] T 8b36cb25aa6342ccb07083f7a54db9fd P 448e680444ac4bc596797e848d7b9c30: Bootstrap starting.
I20260709 12:57:34.297123  1732 tablet_bootstrap.cc:654] T 8b36cb25aa6342ccb07083f7a54db9fd P 448e680444ac4bc596797e848d7b9c30: Neither blocks nor log segments found. Creating new log.
I20260709 12:57:34.302512  1689 tablet_service.cc:1917] Received RequestConsensusVote() RPC: tablet_id: "5e677005266b49c3ade20d65461956a9" candidate_uuid: "802f81096a8f482d8c99f0a71e48ae65" candidate_term: 1 candidate_status { last_received { term: 0 index: 0 } } ignore_live_leader: false dest_uuid: "448e680444ac4bc596797e848d7b9c30"
I20260709 12:57:34.303037  1614 tablet_service.cc:1917] Received RequestConsensusVote() RPC: tablet_id: "5e677005266b49c3ade20d65461956a9" candidate_uuid: "802f81096a8f482d8c99f0a71e48ae65" candidate_term: 1 candidate_status { last_received { term: 0 index: 0 } } ignore_live_leader: false dest_uuid: "f0f804fa9c62498395a83543a18c5e0e"
I20260709 12:57:34.303722  1614 raft_consensus.cc:3060] T 5e677005266b49c3ade20d65461956a9 P f0f804fa9c62498395a83543a18c5e0e [term 0 FOLLOWER]: Advancing to term 1
W20260709 12:57:34.303936  1507 leader_election.cc:343] T 5e677005266b49c3ade20d65461956a9 P 802f81096a8f482d8c99f0a71e48ae65 [CANDIDATE]: Term 1 election: Tablet error from VoteRequest() call to peer 448e680444ac4bc596797e848d7b9c30 (127.0.107.195:42515): Illegal state: must be running to vote when last-logged opid is not known
I20260709 12:57:34.304244  1740 leader_election.cc:290] T 5e677005266b49c3ade20d65461956a9 P 802f81096a8f482d8c99f0a71e48ae65 [CANDIDATE]: Term 1 election: Requested vote from peers f0f804fa9c62498395a83543a18c5e0e (127.0.107.194:41885), 448e680444ac4bc596797e848d7b9c30 (127.0.107.195:42515)
I20260709 12:57:34.307710  1731 tablet_bootstrap.cc:654] T fc2ee3840ab640afa7e613e574b55f67 P f0f804fa9c62498395a83543a18c5e0e: Neither blocks nor log segments found. Creating new log.
I20260709 12:57:34.317723  1614 raft_consensus.cc:2468] T 5e677005266b49c3ade20d65461956a9 P f0f804fa9c62498395a83543a18c5e0e [term 1 FOLLOWER]: Leader election vote request: Granting yes vote for candidate 802f81096a8f482d8c99f0a71e48ae65 in term 1.
I20260709 12:57:34.321302  1504 leader_election.cc:304] T 5e677005266b49c3ade20d65461956a9 P 802f81096a8f482d8c99f0a71e48ae65 [CANDIDATE]: Term 1 election: Election decided. Result: candidate won. Election summary: received 3 responses out of 3 voters: 2 yes votes; 1 no votes. yes voters: 802f81096a8f482d8c99f0a71e48ae65, f0f804fa9c62498395a83543a18c5e0e; no voters: 448e680444ac4bc596797e848d7b9c30
I20260709 12:57:34.324368  1730 tablet_bootstrap.cc:654] T 72590e7837e74848b57fb5afdc00f647 P 802f81096a8f482d8c99f0a71e48ae65: Neither blocks nor log segments found. Creating new log.
I20260709 12:57:34.324563  1740 raft_consensus.cc:2804] T 5e677005266b49c3ade20d65461956a9 P 802f81096a8f482d8c99f0a71e48ae65 [term 1 FOLLOWER]: Leader election won for term 1
I20260709 12:57:34.325237  1740 raft_consensus.cc:697] T 5e677005266b49c3ade20d65461956a9 P 802f81096a8f482d8c99f0a71e48ae65 [term 1 LEADER]: Becoming Leader. State: Replica: 802f81096a8f482d8c99f0a71e48ae65, State: Running, Role: LEADER
I20260709 12:57:34.326202  1740 consensus_queue.cc:237] T 5e677005266b49c3ade20d65461956a9 P 802f81096a8f482d8c99f0a71e48ae65 [LEADER]: Queue going to LEADER mode. State: All replicated index: 0, Majority replicated index: 0, Committed index: 0, Last appended: 0.0, Last appended by leader: 0, Current term: 1, Majority size: 2, State: 0, Mode: LEADER, active raft config: opid_index: -1 OBSOLETE_local: false peers { permanent_uuid: "802f81096a8f482d8c99f0a71e48ae65" member_type: VOTER last_known_addr { host: "127.0.107.193" port: 36125 } } peers { permanent_uuid: "f0f804fa9c62498395a83543a18c5e0e" member_type: VOTER last_known_addr { host: "127.0.107.194" port: 41885 } } peers { permanent_uuid: "448e680444ac4bc596797e848d7b9c30" member_type: VOTER last_known_addr { host: "127.0.107.195" port: 42515 } }
I20260709 12:57:34.334622  1821 consensus_queue.cc:1048] T b6d3ffd7e5ed48e09effb0229b1783db P 448e680444ac4bc596797e848d7b9c30 [LEADER]: Connected to new peer: Peer: permanent_uuid: "802f81096a8f482d8c99f0a71e48ae65" member_type: VOTER last_known_addr { host: "127.0.107.193" port: 36125 }, Status: LMP_MISMATCH, Last received: 0.0, Next index: 1, Last known committed idx: 0, Time since last communication: 0.000s
W20260709 12:57:34.335913  1582 consensus_peers.cc:597] T 8b36cb25aa6342ccb07083f7a54db9fd P f0f804fa9c62498395a83543a18c5e0e -> Peer 448e680444ac4bc596797e848d7b9c30 (127.0.107.195:42515): Couldn't send request to peer 448e680444ac4bc596797e848d7b9c30. Error code: TABLET_NOT_RUNNING (12). Status: Illegal state: Tablet not RUNNING: BOOTSTRAPPING. This is attempt 1: this message will repeat every 5th retry.
I20260709 12:57:34.370958  1794 raft_consensus.cc:493] T 976d902dc5264d68aafc304f95a5db04 P f0f804fa9c62498395a83543a18c5e0e [term 1 FOLLOWER]: Starting pre-election (detected failure of leader 448e680444ac4bc596797e848d7b9c30)
I20260709 12:57:34.372936  1794 raft_consensus.cc:515] T 976d902dc5264d68aafc304f95a5db04 P f0f804fa9c62498395a83543a18c5e0e [term 1 FOLLOWER]: Starting pre-election with config: opid_index: -1 OBSOLETE_local: false peers { permanent_uuid: "802f81096a8f482d8c99f0a71e48ae65" member_type: VOTER last_known_addr { host: "127.0.107.193" port: 36125 } } peers { permanent_uuid: "f0f804fa9c62498395a83543a18c5e0e" member_type: VOTER last_known_addr { host: "127.0.107.194" port: 41885 } } peers { permanent_uuid: "448e680444ac4bc596797e848d7b9c30" member_type: VOTER last_known_addr { host: "127.0.107.195" port: 42515 } }
I20260709 12:57:34.351334  1819 raft_consensus.cc:493] T 2a391b0e544f46bdaf990c3e955204c2 P 802f81096a8f482d8c99f0a71e48ae65 [term 0 FOLLOWER]: Starting pre-election (no leader contacted us within the election timeout)
I20260709 12:57:34.379333  1689 raft_consensus.cc:3060] T 85e078c04a9246b183d758fb4fbac3f5 P 448e680444ac4bc596797e848d7b9c30 [term 0 FOLLOWER]: Advancing to term 1
I20260709 12:57:34.384459  1794 leader_election.cc:290] T 976d902dc5264d68aafc304f95a5db04 P f0f804fa9c62498395a83543a18c5e0e [CANDIDATE]: Term 2 pre-election: Requested pre-vote from peers 802f81096a8f482d8c99f0a71e48ae65 (127.0.107.193:36125), 448e680444ac4bc596797e848d7b9c30 (127.0.107.195:42515)
I20260709 12:57:34.386057  1687 tablet_service.cc:1917] Received RequestConsensusVote() RPC: tablet_id: "976d902dc5264d68aafc304f95a5db04" candidate_uuid: "f0f804fa9c62498395a83543a18c5e0e" candidate_term: 2 candidate_status { last_received { term: 1 index: 1 } } ignore_live_leader: false dest_uuid: "448e680444ac4bc596797e848d7b9c30" is_pre_election: true
I20260709 12:57:34.375336  1819 raft_consensus.cc:515] T 2a391b0e544f46bdaf990c3e955204c2 P 802f81096a8f482d8c99f0a71e48ae65 [term 0 FOLLOWER]: Starting pre-election with config: opid_index: -1 OBSOLETE_local: false peers { permanent_uuid: "802f81096a8f482d8c99f0a71e48ae65" member_type: VOTER last_known_addr { host: "127.0.107.193" port: 36125 } } peers { permanent_uuid: "f0f804fa9c62498395a83543a18c5e0e" member_type: VOTER last_known_addr { host: "127.0.107.194" port: 41885 } } peers { permanent_uuid: "448e680444ac4bc596797e848d7b9c30" member_type: VOTER last_known_addr { host: "127.0.107.195" port: 42515 } }
I20260709 12:57:34.393277  1540 tablet_service.cc:1917] Received RequestConsensusVote() RPC: tablet_id: "976d902dc5264d68aafc304f95a5db04" candidate_uuid: "f0f804fa9c62498395a83543a18c5e0e" candidate_term: 2 candidate_status { last_received { term: 1 index: 1 } } ignore_live_leader: false dest_uuid: "802f81096a8f482d8c99f0a71e48ae65" is_pre_election: true
I20260709 12:57:34.394722  1819 leader_election.cc:290] T 2a391b0e544f46bdaf990c3e955204c2 P 802f81096a8f482d8c99f0a71e48ae65 [CANDIDATE]: Term 1 pre-election: Requested pre-vote from peers f0f804fa9c62498395a83543a18c5e0e (127.0.107.194:41885), 448e680444ac4bc596797e848d7b9c30 (127.0.107.195:42515)
I20260709 12:57:34.395251  1740 consensus_queue.cc:1048] T 85e078c04a9246b183d758fb4fbac3f5 P 802f81096a8f482d8c99f0a71e48ae65 [LEADER]: Connected to new peer: Peer: permanent_uuid: "f0f804fa9c62498395a83543a18c5e0e" member_type: VOTER last_known_addr { host: "127.0.107.194" port: 41885 }, Status: LMP_MISMATCH, Last received: 0.0, Next index: 1, Last known committed idx: 0, Time since last communication: 0.001s
I20260709 12:57:34.395884  1581 leader_election.cc:304] T 976d902dc5264d68aafc304f95a5db04 P f0f804fa9c62498395a83543a18c5e0e [CANDIDATE]: Term 2 pre-election: Election decided. Result: candidate lost. Election summary: received 3 responses out of 3 voters: 1 yes votes; 2 no votes. yes voters: f0f804fa9c62498395a83543a18c5e0e; no voters: 448e680444ac4bc596797e848d7b9c30, 802f81096a8f482d8c99f0a71e48ae65
I20260709 12:57:34.396944  1732 tablet_bootstrap.cc:492] T 8b36cb25aa6342ccb07083f7a54db9fd P 448e680444ac4bc596797e848d7b9c30: No bootstrap required, opened a new log
I20260709 12:57:34.398383  1615 tablet_service.cc:1917] Received RequestConsensusVote() RPC: tablet_id: "2a391b0e544f46bdaf990c3e955204c2" candidate_uuid: "802f81096a8f482d8c99f0a71e48ae65" candidate_term: 1 candidate_status { last_received { term: 0 index: 0 } } ignore_live_leader: false dest_uuid: "f0f804fa9c62498395a83543a18c5e0e" is_pre_election: true
I20260709 12:57:34.400942  1732 ts_tablet_manager.cc:1403] T 8b36cb25aa6342ccb07083f7a54db9fd P 448e680444ac4bc596797e848d7b9c30: Time spent bootstrapping tablet: real 0.111s	user 0.013s	sys 0.008s
I20260709 12:57:34.403009  1737 raft_consensus.cc:2749] T 976d902dc5264d68aafc304f95a5db04 P f0f804fa9c62498395a83543a18c5e0e [term 1 FOLLOWER]: Leader pre-election lost for term 2. Reason: could not achieve majority
I20260709 12:57:34.403488  1687 tablet_service.cc:1917] Received RequestConsensusVote() RPC: tablet_id: "2a391b0e544f46bdaf990c3e955204c2" candidate_uuid: "802f81096a8f482d8c99f0a71e48ae65" candidate_term: 1 candidate_status { last_received { term: 0 index: 0 } } ignore_live_leader: false dest_uuid: "448e680444ac4bc596797e848d7b9c30" is_pre_election: true
I20260709 12:57:34.405362  1687 raft_consensus.cc:2468] T 2a391b0e544f46bdaf990c3e955204c2 P 448e680444ac4bc596797e848d7b9c30 [term 0 FOLLOWER]: Leader pre-election vote request: Granting yes vote for candidate 802f81096a8f482d8c99f0a71e48ae65 in term 0.
W20260709 12:57:34.404438  1504 leader_election.cc:343] T 2a391b0e544f46bdaf990c3e955204c2 P 802f81096a8f482d8c99f0a71e48ae65 [CANDIDATE]: Term 1 pre-election: Tablet error from VoteRequest() call to peer f0f804fa9c62498395a83543a18c5e0e (127.0.107.194:41885): Illegal state: must be running to vote when last-logged opid is not known
I20260709 12:57:34.411100  1740 consensus_queue.cc:1048] T 85e078c04a9246b183d758fb4fbac3f5 P 802f81096a8f482d8c99f0a71e48ae65 [LEADER]: Connected to new peer: Peer: permanent_uuid: "448e680444ac4bc596797e848d7b9c30" member_type: VOTER last_known_addr { host: "127.0.107.195" port: 42515 }, Status: LMP_MISMATCH, Last received: 0.0, Next index: 1, Last known committed idx: 0, Time since last communication: 0.001s
I20260709 12:57:34.411904  1819 consensus_queue.cc:1048] T f8e52732fe0941c7a846d3164454d9a5 P 802f81096a8f482d8c99f0a71e48ae65 [LEADER]: Connected to new peer: Peer: permanent_uuid: "f0f804fa9c62498395a83543a18c5e0e" member_type: VOTER last_known_addr { host: "127.0.107.194" port: 41885 }, Status: LMP_MISMATCH, Last received: 0.0, Next index: 1, Last known committed idx: 0, Time since last communication: 0.001s
I20260709 12:57:34.413290  1438 catalog_manager.cc:5697] T 5e677005266b49c3ade20d65461956a9 P 802f81096a8f482d8c99f0a71e48ae65 reported cstate change: term changed from 0 to 1, leader changed from <none> to 802f81096a8f482d8c99f0a71e48ae65 (127.0.107.193). New cstate: current_term: 1 leader_uuid: "802f81096a8f482d8c99f0a71e48ae65" committed_config { opid_index: -1 OBSOLETE_local: false peers { permanent_uuid: "802f81096a8f482d8c99f0a71e48ae65" member_type: VOTER last_known_addr { host: "127.0.107.193" port: 36125 } health_report { overall_health: HEALTHY } } peers { permanent_uuid: "f0f804fa9c62498395a83543a18c5e0e" member_type: VOTER last_known_addr { host: "127.0.107.194" port: 41885 } health_report { overall_health: UNKNOWN } } peers { permanent_uuid: "448e680444ac4bc596797e848d7b9c30" member_type: VOTER last_known_addr { host: "127.0.107.195" port: 42515 } health_report { overall_health: UNKNOWN } } }
I20260709 12:57:34.414567  1507 leader_election.cc:304] T 2a391b0e544f46bdaf990c3e955204c2 P 802f81096a8f482d8c99f0a71e48ae65 [CANDIDATE]: Term 1 pre-election: Election decided. Result: candidate won. Election summary: received 3 responses out of 3 voters: 2 yes votes; 1 no votes. yes voters: 448e680444ac4bc596797e848d7b9c30, 802f81096a8f482d8c99f0a71e48ae65; no voters: f0f804fa9c62498395a83543a18c5e0e
I20260709 12:57:34.415266  1819 raft_consensus.cc:2804] T 2a391b0e544f46bdaf990c3e955204c2 P 802f81096a8f482d8c99f0a71e48ae65 [term 0 FOLLOWER]: Leader pre-election won for term 1
I20260709 12:57:34.415608  1819 raft_consensus.cc:493] T 2a391b0e544f46bdaf990c3e955204c2 P 802f81096a8f482d8c99f0a71e48ae65 [term 0 FOLLOWER]: Starting leader election (no leader contacted us within the election timeout)
I20260709 12:57:34.415964  1819 raft_consensus.cc:3060] T 2a391b0e544f46bdaf990c3e955204c2 P 802f81096a8f482d8c99f0a71e48ae65 [term 0 FOLLOWER]: Advancing to term 1
I20260709 12:57:34.425338  1819 raft_consensus.cc:515] T 2a391b0e544f46bdaf990c3e955204c2 P 802f81096a8f482d8c99f0a71e48ae65 [term 1 FOLLOWER]: Starting leader election with config: opid_index: -1 OBSOLETE_local: false peers { permanent_uuid: "802f81096a8f482d8c99f0a71e48ae65" member_type: VOTER last_known_addr { host: "127.0.107.193" port: 36125 } } peers { permanent_uuid: "f0f804fa9c62498395a83543a18c5e0e" member_type: VOTER last_known_addr { host: "127.0.107.194" port: 41885 } } peers { permanent_uuid: "448e680444ac4bc596797e848d7b9c30" member_type: VOTER last_known_addr { host: "127.0.107.195" port: 42515 } }
I20260709 12:57:34.430498  1689 tablet_service.cc:1917] Received RequestConsensusVote() RPC: tablet_id: "2a391b0e544f46bdaf990c3e955204c2" candidate_uuid: "802f81096a8f482d8c99f0a71e48ae65" candidate_term: 1 candidate_status { last_received { term: 0 index: 0 } } ignore_live_leader: false dest_uuid: "448e680444ac4bc596797e848d7b9c30"
I20260709 12:57:34.431200  1689 raft_consensus.cc:3060] T 2a391b0e544f46bdaf990c3e955204c2 P 448e680444ac4bc596797e848d7b9c30 [term 0 FOLLOWER]: Advancing to term 1
I20260709 12:57:34.432971  1616 tablet_service.cc:1917] Received RequestConsensusVote() RPC: tablet_id: "2a391b0e544f46bdaf990c3e955204c2" candidate_uuid: "802f81096a8f482d8c99f0a71e48ae65" candidate_term: 1 candidate_status { last_received { term: 0 index: 0 } } ignore_live_leader: false dest_uuid: "f0f804fa9c62498395a83543a18c5e0e"
I20260709 12:57:34.434185  1732 raft_consensus.cc:359] T 8b36cb25aa6342ccb07083f7a54db9fd P 448e680444ac4bc596797e848d7b9c30 [term 0 FOLLOWER]: Replica starting. Triggering 0 pending ops. Active config: opid_index: -1 OBSOLETE_local: false peers { permanent_uuid: "802f81096a8f482d8c99f0a71e48ae65" member_type: VOTER last_known_addr { host: "127.0.107.193" port: 36125 } } peers { permanent_uuid: "f0f804fa9c62498395a83543a18c5e0e" member_type: VOTER last_known_addr { host: "127.0.107.194" port: 41885 } } peers { permanent_uuid: "448e680444ac4bc596797e848d7b9c30" member_type: VOTER last_known_addr { host: "127.0.107.195" port: 42515 } }
I20260709 12:57:34.437318  1732 raft_consensus.cc:385] T 8b36cb25aa6342ccb07083f7a54db9fd P 448e680444ac4bc596797e848d7b9c30 [term 0 FOLLOWER]: Consensus starting up: Expiring failure detector timer to make a prompt election more likely
I20260709 12:57:34.438544  1732 raft_consensus.cc:740] T 8b36cb25aa6342ccb07083f7a54db9fd P 448e680444ac4bc596797e848d7b9c30 [term 0 FOLLOWER]: Becoming Follower/Learner. State: Replica: 448e680444ac4bc596797e848d7b9c30, State: Initialized, Role: FOLLOWER
I20260709 12:57:34.443572  1689 raft_consensus.cc:2468] T 2a391b0e544f46bdaf990c3e955204c2 P 448e680444ac4bc596797e848d7b9c30 [term 1 FOLLOWER]: Leader election vote request: Granting yes vote for candidate 802f81096a8f482d8c99f0a71e48ae65 in term 1.
I20260709 12:57:34.444167  1794 consensus_queue.cc:1048] T 72590e7837e74848b57fb5afdc00f647 P f0f804fa9c62498395a83543a18c5e0e [LEADER]: Connected to new peer: Peer: permanent_uuid: "448e680444ac4bc596797e848d7b9c30" member_type: VOTER last_known_addr { host: "127.0.107.195" port: 42515 }, Status: LMP_MISMATCH, Last received: 0.0, Next index: 1, Last known committed idx: 0, Time since last communication: 0.000s
W20260709 12:57:34.444723  1504 leader_election.cc:343] T 2a391b0e544f46bdaf990c3e955204c2 P 802f81096a8f482d8c99f0a71e48ae65 [CANDIDATE]: Term 1 election: Tablet error from VoteRequest() call to peer f0f804fa9c62498395a83543a18c5e0e (127.0.107.194:41885): Illegal state: must be running to vote when last-logged opid is not known
I20260709 12:57:34.447163  1731 tablet_bootstrap.cc:492] T fc2ee3840ab640afa7e613e574b55f67 P f0f804fa9c62498395a83543a18c5e0e: No bootstrap required, opened a new log
I20260709 12:57:34.447706  1731 ts_tablet_manager.cc:1403] T fc2ee3840ab640afa7e613e574b55f67 P f0f804fa9c62498395a83543a18c5e0e: Time spent bootstrapping tablet: real 0.177s	user 0.017s	sys 0.018s
I20260709 12:57:34.448222  1730 tablet_bootstrap.cc:492] T 72590e7837e74848b57fb5afdc00f647 P 802f81096a8f482d8c99f0a71e48ae65: No bootstrap required, opened a new log
I20260709 12:57:34.449625  1730 ts_tablet_manager.cc:1403] T 72590e7837e74848b57fb5afdc00f647 P 802f81096a8f482d8c99f0a71e48ae65: Time spent bootstrapping tablet: real 0.172s	user 0.015s	sys 0.007s
I20260709 12:57:34.453064  1730 raft_consensus.cc:359] T 72590e7837e74848b57fb5afdc00f647 P 802f81096a8f482d8c99f0a71e48ae65 [term 0 FOLLOWER]: Replica starting. Triggering 0 pending ops. Active config: opid_index: -1 OBSOLETE_local: false peers { permanent_uuid: "802f81096a8f482d8c99f0a71e48ae65" member_type: VOTER last_known_addr { host: "127.0.107.193" port: 36125 } } peers { permanent_uuid: "f0f804fa9c62498395a83543a18c5e0e" member_type: VOTER last_known_addr { host: "127.0.107.194" port: 41885 } } peers { permanent_uuid: "448e680444ac4bc596797e848d7b9c30" member_type: VOTER last_known_addr { host: "127.0.107.195" port: 42515 } }
I20260709 12:57:34.448511  1819 leader_election.cc:290] T 2a391b0e544f46bdaf990c3e955204c2 P 802f81096a8f482d8c99f0a71e48ae65 [CANDIDATE]: Term 1 election: Requested vote from peers f0f804fa9c62498395a83543a18c5e0e (127.0.107.194:41885), 448e680444ac4bc596797e848d7b9c30 (127.0.107.195:42515)
I20260709 12:57:34.448573  1507 leader_election.cc:304] T 2a391b0e544f46bdaf990c3e955204c2 P 802f81096a8f482d8c99f0a71e48ae65 [CANDIDATE]: Term 1 election: Election decided. Result: candidate won. Election summary: received 3 responses out of 3 voters: 2 yes votes; 1 no votes. yes voters: 448e680444ac4bc596797e848d7b9c30, 802f81096a8f482d8c99f0a71e48ae65; no voters: f0f804fa9c62498395a83543a18c5e0e
I20260709 12:57:34.454824  1740 raft_consensus.cc:2804] T 2a391b0e544f46bdaf990c3e955204c2 P 802f81096a8f482d8c99f0a71e48ae65 [term 1 FOLLOWER]: Leader election won for term 1
I20260709 12:57:34.455432  1740 raft_consensus.cc:697] T 2a391b0e544f46bdaf990c3e955204c2 P 802f81096a8f482d8c99f0a71e48ae65 [term 1 LEADER]: Becoming Leader. State: Replica: 802f81096a8f482d8c99f0a71e48ae65, State: Running, Role: LEADER
I20260709 12:57:34.456579  1740 consensus_queue.cc:237] T 2a391b0e544f46bdaf990c3e955204c2 P 802f81096a8f482d8c99f0a71e48ae65 [LEADER]: Queue going to LEADER mode. State: All replicated index: 0, Majority replicated index: 0, Committed index: 0, Last appended: 0.0, Last appended by leader: 0, Current term: 1, Majority size: 2, State: 0, Mode: LEADER, active raft config: opid_index: -1 OBSOLETE_local: false peers { permanent_uuid: "802f81096a8f482d8c99f0a71e48ae65" member_type: VOTER last_known_addr { host: "127.0.107.193" port: 36125 } } peers { permanent_uuid: "f0f804fa9c62498395a83543a18c5e0e" member_type: VOTER last_known_addr { host: "127.0.107.194" port: 41885 } } peers { permanent_uuid: "448e680444ac4bc596797e848d7b9c30" member_type: VOTER last_known_addr { host: "127.0.107.195" port: 42515 } }
I20260709 12:57:34.455519  1732 consensus_queue.cc:260] T 8b36cb25aa6342ccb07083f7a54db9fd P 448e680444ac4bc596797e848d7b9c30 [NON_LEADER]: Queue going to NON_LEADER mode. State: All replicated index: 0, Majority replicated index: 0, Committed index: 0, Last appended: 0.0, Last appended by leader: 0, Current term: 0, Majority size: -1, State: 0, Mode: NON_LEADER, active raft config: opid_index: -1 OBSOLETE_local: false peers { permanent_uuid: "802f81096a8f482d8c99f0a71e48ae65" member_type: VOTER last_known_addr { host: "127.0.107.193" port: 36125 } } peers { permanent_uuid: "f0f804fa9c62498395a83543a18c5e0e" member_type: VOTER last_known_addr { host: "127.0.107.194" port: 41885 } } peers { permanent_uuid: "448e680444ac4bc596797e848d7b9c30" member_type: VOTER last_known_addr { host: "127.0.107.195" port: 42515 } }
W20260709 12:57:34.461025  1581 consensus_peers.cc:597] T 72590e7837e74848b57fb5afdc00f647 P f0f804fa9c62498395a83543a18c5e0e -> Peer 802f81096a8f482d8c99f0a71e48ae65 (127.0.107.193:36125): Couldn't send request to peer 802f81096a8f482d8c99f0a71e48ae65. Error code: TABLET_NOT_RUNNING (12). Status: Illegal state: Tablet not RUNNING: BOOTSTRAPPING. This is attempt 1: this message will repeat every 5th retry.
I20260709 12:57:34.459101  1731 raft_consensus.cc:359] T fc2ee3840ab640afa7e613e574b55f67 P f0f804fa9c62498395a83543a18c5e0e [term 0 FOLLOWER]: Replica starting. Triggering 0 pending ops. Active config: opid_index: -1 OBSOLETE_local: false peers { permanent_uuid: "802f81096a8f482d8c99f0a71e48ae65" member_type: VOTER last_known_addr { host: "127.0.107.193" port: 36125 } } peers { permanent_uuid: "f0f804fa9c62498395a83543a18c5e0e" member_type: VOTER last_known_addr { host: "127.0.107.194" port: 41885 } } peers { permanent_uuid: "448e680444ac4bc596797e848d7b9c30" member_type: VOTER last_known_addr { host: "127.0.107.195" port: 42515 } }
I20260709 12:57:34.461560  1731 raft_consensus.cc:385] T fc2ee3840ab640afa7e613e574b55f67 P f0f804fa9c62498395a83543a18c5e0e [term 0 FOLLOWER]: Consensus starting up: Expiring failure detector timer to make a prompt election more likely
I20260709 12:57:34.461951  1731 raft_consensus.cc:740] T fc2ee3840ab640afa7e613e574b55f67 P f0f804fa9c62498395a83543a18c5e0e [term 0 FOLLOWER]: Becoming Follower/Learner. State: Replica: f0f804fa9c62498395a83543a18c5e0e, State: Initialized, Role: FOLLOWER
I20260709 12:57:34.462462  1732 ts_tablet_manager.cc:1434] T 8b36cb25aa6342ccb07083f7a54db9fd P 448e680444ac4bc596797e848d7b9c30: Time spent starting tablet: real 0.061s	user 0.008s	sys 0.000s
I20260709 12:57:34.464561  1821 raft_consensus.cc:493] T f8e52732fe0941c7a846d3164454d9a5 P 448e680444ac4bc596797e848d7b9c30 [term 0 FOLLOWER]: Starting pre-election (no leader contacted us within the election timeout)
I20260709 12:57:34.465059  1821 raft_consensus.cc:515] T f8e52732fe0941c7a846d3164454d9a5 P 448e680444ac4bc596797e848d7b9c30 [term 0 FOLLOWER]: Starting pre-election with config: opid_index: -1 OBSOLETE_local: false peers { permanent_uuid: "802f81096a8f482d8c99f0a71e48ae65" member_type: VOTER last_known_addr { host: "127.0.107.193" port: 36125 } } peers { permanent_uuid: "f0f804fa9c62498395a83543a18c5e0e" member_type: VOTER last_known_addr { host: "127.0.107.194" port: 41885 } } peers { permanent_uuid: "448e680444ac4bc596797e848d7b9c30" member_type: VOTER last_known_addr { host: "127.0.107.195" port: 42515 } }
I20260709 12:57:34.453895  1730 raft_consensus.cc:385] T 72590e7837e74848b57fb5afdc00f647 P 802f81096a8f482d8c99f0a71e48ae65 [term 0 FOLLOWER]: Consensus starting up: Expiring failure detector timer to make a prompt election more likely
I20260709 12:57:34.469038  1730 raft_consensus.cc:740] T 72590e7837e74848b57fb5afdc00f647 P 802f81096a8f482d8c99f0a71e48ae65 [term 0 FOLLOWER]: Becoming Follower/Learner. State: Replica: 802f81096a8f482d8c99f0a71e48ae65, State: Initialized, Role: FOLLOWER
I20260709 12:57:34.470063  1821 leader_election.cc:290] T f8e52732fe0941c7a846d3164454d9a5 P 448e680444ac4bc596797e848d7b9c30 [CANDIDATE]: Term 1 pre-election: Requested pre-vote from peers 802f81096a8f482d8c99f0a71e48ae65 (127.0.107.193:36125), f0f804fa9c62498395a83543a18c5e0e (127.0.107.194:41885)
I20260709 12:57:34.470125  1730 consensus_queue.cc:260] T 72590e7837e74848b57fb5afdc00f647 P 802f81096a8f482d8c99f0a71e48ae65 [NON_LEADER]: Queue going to NON_LEADER mode. State: All replicated index: 0, Majority replicated index: 0, Committed index: 0, Last appended: 0.0, Last appended by leader: 0, Current term: 0, Majority size: -1, State: 0, Mode: NON_LEADER, active raft config: opid_index: -1 OBSOLETE_local: false peers { permanent_uuid: "802f81096a8f482d8c99f0a71e48ae65" member_type: VOTER last_known_addr { host: "127.0.107.193" port: 36125 } } peers { permanent_uuid: "f0f804fa9c62498395a83543a18c5e0e" member_type: VOTER last_known_addr { host: "127.0.107.194" port: 41885 } } peers { permanent_uuid: "448e680444ac4bc596797e848d7b9c30" member_type: VOTER last_known_addr { host: "127.0.107.195" port: 42515 } }
I20260709 12:57:34.470554  1615 tablet_service.cc:1917] Received RequestConsensusVote() RPC: tablet_id: "f8e52732fe0941c7a846d3164454d9a5" candidate_uuid: "448e680444ac4bc596797e848d7b9c30" candidate_term: 1 candidate_status { last_received { term: 0 index: 0 } } ignore_live_leader: false dest_uuid: "f0f804fa9c62498395a83543a18c5e0e" is_pre_election: true
I20260709 12:57:34.471458  1539 tablet_service.cc:1917] Received RequestConsensusVote() RPC: tablet_id: "f8e52732fe0941c7a846d3164454d9a5" candidate_uuid: "448e680444ac4bc596797e848d7b9c30" candidate_term: 1 candidate_status { last_received { term: 0 index: 0 } } ignore_live_leader: false dest_uuid: "802f81096a8f482d8c99f0a71e48ae65" is_pre_election: true
I20260709 12:57:34.471943  1690 raft_consensus.cc:3060] T f8e52732fe0941c7a846d3164454d9a5 P 448e680444ac4bc596797e848d7b9c30 [term 0 FOLLOWER]: Advancing to term 1
I20260709 12:57:34.472795  1730 ts_tablet_manager.cc:1434] T 72590e7837e74848b57fb5afdc00f647 P 802f81096a8f482d8c99f0a71e48ae65: Time spent starting tablet: real 0.023s	user 0.005s	sys 0.002s
I20260709 12:57:34.473646  1730 tablet_bootstrap.cc:492] T 578b68248d5d42b68ba6348189355af9 P 802f81096a8f482d8c99f0a71e48ae65: Bootstrap starting.
I20260709 12:57:34.473978  1653 leader_election.cc:304] T f8e52732fe0941c7a846d3164454d9a5 P 448e680444ac4bc596797e848d7b9c30 [CANDIDATE]: Term 1 pre-election: Election decided. Result: candidate lost. Election summary: received 3 responses out of 3 voters: 1 yes votes; 2 no votes. yes voters: 448e680444ac4bc596797e848d7b9c30; no voters: 802f81096a8f482d8c99f0a71e48ae65, f0f804fa9c62498395a83543a18c5e0e
I20260709 12:57:34.481416  1821 raft_consensus.cc:2749] T f8e52732fe0941c7a846d3164454d9a5 P 448e680444ac4bc596797e848d7b9c30 [term 1 FOLLOWER]: Leader pre-election lost for term 1. Reason: could not achieve majority
I20260709 12:57:34.491387  1821 raft_consensus.cc:493] T 22b1b9a20f184d528ccc92341b15af43 P 448e680444ac4bc596797e848d7b9c30 [term 0 FOLLOWER]: Starting pre-election (no leader contacted us within the election timeout)
I20260709 12:57:34.491907  1821 raft_consensus.cc:515] T 22b1b9a20f184d528ccc92341b15af43 P 448e680444ac4bc596797e848d7b9c30 [term 0 FOLLOWER]: Starting pre-election with config: opid_index: -1 OBSOLETE_local: false peers { permanent_uuid: "802f81096a8f482d8c99f0a71e48ae65" member_type: VOTER last_known_addr { host: "127.0.107.193" port: 36125 } } peers { permanent_uuid: "f0f804fa9c62498395a83543a18c5e0e" member_type: VOTER last_known_addr { host: "127.0.107.194" port: 41885 } } peers { permanent_uuid: "448e680444ac4bc596797e848d7b9c30" member_type: VOTER last_known_addr { host: "127.0.107.195" port: 42515 } }
I20260709 12:57:34.494274  1819 consensus_queue.cc:1048] T f8e52732fe0941c7a846d3164454d9a5 P 802f81096a8f482d8c99f0a71e48ae65 [LEADER]: Connected to new peer: Peer: permanent_uuid: "448e680444ac4bc596797e848d7b9c30" member_type: VOTER last_known_addr { host: "127.0.107.195" port: 42515 }, Status: LMP_MISMATCH, Last received: 0.0, Next index: 1, Last known committed idx: 0, Time since last communication: 0.000s
I20260709 12:57:34.494587  1821 leader_election.cc:290] T 22b1b9a20f184d528ccc92341b15af43 P 448e680444ac4bc596797e848d7b9c30 [CANDIDATE]: Term 1 pre-election: Requested pre-vote from peers 802f81096a8f482d8c99f0a71e48ae65 (127.0.107.193:36125), f0f804fa9c62498395a83543a18c5e0e (127.0.107.194:41885)
I20260709 12:57:34.494777  1539 tablet_service.cc:1917] Received RequestConsensusVote() RPC: tablet_id: "22b1b9a20f184d528ccc92341b15af43" candidate_uuid: "448e680444ac4bc596797e848d7b9c30" candidate_term: 1 candidate_status { last_received { term: 0 index: 0 } } ignore_live_leader: false dest_uuid: "802f81096a8f482d8c99f0a71e48ae65" is_pre_election: true
I20260709 12:57:34.495872  1732 tablet_bootstrap.cc:492] T 54d8a3a853ea4f7bb4b340b8e88c2369 P 448e680444ac4bc596797e848d7b9c30: Bootstrap starting.
W20260709 12:57:34.497610  1655 leader_election.cc:343] T 22b1b9a20f184d528ccc92341b15af43 P 448e680444ac4bc596797e848d7b9c30 [CANDIDATE]: Term 1 pre-election: Tablet error from VoteRequest() call to peer 802f81096a8f482d8c99f0a71e48ae65 (127.0.107.193:36125): Illegal state: must be running to vote when last-logged opid is not known
I20260709 12:57:34.464114  1731 consensus_queue.cc:260] T fc2ee3840ab640afa7e613e574b55f67 P f0f804fa9c62498395a83543a18c5e0e [NON_LEADER]: Queue going to NON_LEADER mode. State: All replicated index: 0, Majority replicated index: 0, Committed index: 0, Last appended: 0.0, Last appended by leader: 0, Current term: 0, Majority size: -1, State: 0, Mode: NON_LEADER, active raft config: opid_index: -1 OBSOLETE_local: false peers { permanent_uuid: "802f81096a8f482d8c99f0a71e48ae65" member_type: VOTER last_known_addr { host: "127.0.107.193" port: 36125 } } peers { permanent_uuid: "f0f804fa9c62498395a83543a18c5e0e" member_type: VOTER last_known_addr { host: "127.0.107.194" port: 41885 } } peers { permanent_uuid: "448e680444ac4bc596797e848d7b9c30" member_type: VOTER last_known_addr { host: "127.0.107.195" port: 42515 } }
I20260709 12:57:34.500205  1615 tablet_service.cc:1917] Received RequestConsensusVote() RPC: tablet_id: "22b1b9a20f184d528ccc92341b15af43" candidate_uuid: "448e680444ac4bc596797e848d7b9c30" candidate_term: 1 candidate_status { last_received { term: 0 index: 0 } } ignore_live_leader: false dest_uuid: "f0f804fa9c62498395a83543a18c5e0e" is_pre_election: true
W20260709 12:57:34.501609  1653 leader_election.cc:343] T 22b1b9a20f184d528ccc92341b15af43 P 448e680444ac4bc596797e848d7b9c30 [CANDIDATE]: Term 1 pre-election: Tablet error from VoteRequest() call to peer f0f804fa9c62498395a83543a18c5e0e (127.0.107.194:41885): Illegal state: must be running to vote when last-logged opid is not known
I20260709 12:57:34.502135  1653 leader_election.cc:304] T 22b1b9a20f184d528ccc92341b15af43 P 448e680444ac4bc596797e848d7b9c30 [CANDIDATE]: Term 1 pre-election: Election decided. Result: candidate lost. Election summary: received 3 responses out of 3 voters: 1 yes votes; 2 no votes. yes voters: 448e680444ac4bc596797e848d7b9c30; no voters: 802f81096a8f482d8c99f0a71e48ae65, f0f804fa9c62498395a83543a18c5e0e
W20260709 12:57:34.503331  1504 consensus_peers.cc:597] T fc2ee3840ab640afa7e613e574b55f67 P 802f81096a8f482d8c99f0a71e48ae65 -> Peer f0f804fa9c62498395a83543a18c5e0e (127.0.107.194:41885): Couldn't send request to peer f0f804fa9c62498395a83543a18c5e0e. Error code: TABLET_NOT_RUNNING (12). Status: Illegal state: Tablet not RUNNING: BOOTSTRAPPING. This is attempt 1: this message will repeat every 5th retry.
I20260709 12:57:34.504483  1821 raft_consensus.cc:2749] T 22b1b9a20f184d528ccc92341b15af43 P 448e680444ac4bc596797e848d7b9c30 [term 0 FOLLOWER]: Leader pre-election lost for term 1. Reason: could not achieve majority
I20260709 12:57:34.508369  1731 ts_tablet_manager.cc:1434] T fc2ee3840ab640afa7e613e574b55f67 P f0f804fa9c62498395a83543a18c5e0e: Time spent starting tablet: real 0.058s	user 0.005s	sys 0.000s
I20260709 12:57:34.509258  1731 tablet_bootstrap.cc:492] T 56324c8ba353447dafbc43f423594e18 P f0f804fa9c62498395a83543a18c5e0e: Bootstrap starting.
I20260709 12:57:34.526203  1730 tablet_bootstrap.cc:654] T 578b68248d5d42b68ba6348189355af9 P 802f81096a8f482d8c99f0a71e48ae65: Neither blocks nor log segments found. Creating new log.
I20260709 12:57:34.538070  1732 tablet_bootstrap.cc:654] T 54d8a3a853ea4f7bb4b340b8e88c2369 P 448e680444ac4bc596797e848d7b9c30: Neither blocks nor log segments found. Creating new log.
I20260709 12:57:34.538827  1731 tablet_bootstrap.cc:654] T 56324c8ba353447dafbc43f423594e18 P f0f804fa9c62498395a83543a18c5e0e: Neither blocks nor log segments found. Creating new log.
I20260709 12:57:34.540788  1439 catalog_manager.cc:5697] T 2a391b0e544f46bdaf990c3e955204c2 P 802f81096a8f482d8c99f0a71e48ae65 reported cstate change: term changed from 0 to 1, leader changed from <none> to 802f81096a8f482d8c99f0a71e48ae65 (127.0.107.193). New cstate: current_term: 1 leader_uuid: "802f81096a8f482d8c99f0a71e48ae65" committed_config { opid_index: -1 OBSOLETE_local: false peers { permanent_uuid: "802f81096a8f482d8c99f0a71e48ae65" member_type: VOTER last_known_addr { host: "127.0.107.193" port: 36125 } health_report { overall_health: HEALTHY } } peers { permanent_uuid: "f0f804fa9c62498395a83543a18c5e0e" member_type: VOTER last_known_addr { host: "127.0.107.194" port: 41885 } health_report { overall_health: UNKNOWN } } peers { permanent_uuid: "448e680444ac4bc596797e848d7b9c30" member_type: VOTER last_known_addr { host: "127.0.107.195" port: 42515 } health_report { overall_health: UNKNOWN } } }
W20260709 12:57:34.552412  1487 auto_rebalancer.cc:288] Could not retrieve cluster info: Service unavailable: Tablet not running
I20260709 12:57:34.560539  1821 raft_consensus.cc:493] T 8b36cb25aa6342ccb07083f7a54db9fd P 448e680444ac4bc596797e848d7b9c30 [term 0 FOLLOWER]: Starting pre-election (no leader contacted us within the election timeout)
I20260709 12:57:34.561285  1821 raft_consensus.cc:515] T 8b36cb25aa6342ccb07083f7a54db9fd P 448e680444ac4bc596797e848d7b9c30 [term 0 FOLLOWER]: Starting pre-election with config: opid_index: -1 OBSOLETE_local: false peers { permanent_uuid: "802f81096a8f482d8c99f0a71e48ae65" member_type: VOTER last_known_addr { host: "127.0.107.193" port: 36125 } } peers { permanent_uuid: "f0f804fa9c62498395a83543a18c5e0e" member_type: VOTER last_known_addr { host: "127.0.107.194" port: 41885 } } peers { permanent_uuid: "448e680444ac4bc596797e848d7b9c30" member_type: VOTER last_known_addr { host: "127.0.107.195" port: 42515 } }
I20260709 12:57:34.564656  1821 leader_election.cc:290] T 8b36cb25aa6342ccb07083f7a54db9fd P 448e680444ac4bc596797e848d7b9c30 [CANDIDATE]: Term 1 pre-election: Requested pre-vote from peers 802f81096a8f482d8c99f0a71e48ae65 (127.0.107.193:36125), f0f804fa9c62498395a83543a18c5e0e (127.0.107.194:41885)
I20260709 12:57:34.564924  1539 tablet_service.cc:1917] Received RequestConsensusVote() RPC: tablet_id: "8b36cb25aa6342ccb07083f7a54db9fd" candidate_uuid: "448e680444ac4bc596797e848d7b9c30" candidate_term: 1 candidate_status { last_received { term: 0 index: 0 } } ignore_live_leader: false dest_uuid: "802f81096a8f482d8c99f0a71e48ae65" is_pre_election: true
I20260709 12:57:34.566735  1615 tablet_service.cc:1917] Received RequestConsensusVote() RPC: tablet_id: "8b36cb25aa6342ccb07083f7a54db9fd" candidate_uuid: "448e680444ac4bc596797e848d7b9c30" candidate_term: 1 candidate_status { last_received { term: 0 index: 0 } } ignore_live_leader: false dest_uuid: "f0f804fa9c62498395a83543a18c5e0e" is_pre_election: true
I20260709 12:57:34.574808  1653 leader_election.cc:304] T 8b36cb25aa6342ccb07083f7a54db9fd P 448e680444ac4bc596797e848d7b9c30 [CANDIDATE]: Term 1 pre-election: Election decided. Result: candidate lost. Election summary: received 3 responses out of 3 voters: 1 yes votes; 2 no votes. yes voters: 448e680444ac4bc596797e848d7b9c30; no voters: 802f81096a8f482d8c99f0a71e48ae65, f0f804fa9c62498395a83543a18c5e0e
I20260709 12:57:34.576342  1821 raft_consensus.cc:2749] T 8b36cb25aa6342ccb07083f7a54db9fd P 448e680444ac4bc596797e848d7b9c30 [term 0 FOLLOWER]: Leader pre-election lost for term 1. Reason: could not achieve majority
I20260709 12:57:34.592859  1730 tablet_bootstrap.cc:492] T 578b68248d5d42b68ba6348189355af9 P 802f81096a8f482d8c99f0a71e48ae65: No bootstrap required, opened a new log
I20260709 12:57:34.592875  1732 tablet_bootstrap.cc:492] T 54d8a3a853ea4f7bb4b340b8e88c2369 P 448e680444ac4bc596797e848d7b9c30: No bootstrap required, opened a new log
I20260709 12:57:34.593134  1731 tablet_bootstrap.cc:492] T 56324c8ba353447dafbc43f423594e18 P f0f804fa9c62498395a83543a18c5e0e: No bootstrap required, opened a new log
I20260709 12:57:34.593828  1732 ts_tablet_manager.cc:1403] T 54d8a3a853ea4f7bb4b340b8e88c2369 P 448e680444ac4bc596797e848d7b9c30: Time spent bootstrapping tablet: real 0.098s	user 0.017s	sys 0.013s
I20260709 12:57:34.593987  1731 ts_tablet_manager.cc:1403] T 56324c8ba353447dafbc43f423594e18 P f0f804fa9c62498395a83543a18c5e0e: Time spent bootstrapping tablet: real 0.085s	user 0.026s	sys 0.024s
I20260709 12:57:34.594121  1730 ts_tablet_manager.cc:1403] T 578b68248d5d42b68ba6348189355af9 P 802f81096a8f482d8c99f0a71e48ae65: Time spent bootstrapping tablet: real 0.121s	user 0.013s	sys 0.035s
I20260709 12:57:34.596428  1731 raft_consensus.cc:359] T 56324c8ba353447dafbc43f423594e18 P f0f804fa9c62498395a83543a18c5e0e [term 0 FOLLOWER]: Replica starting. Triggering 0 pending ops. Active config: opid_index: -1 OBSOLETE_local: false peers { permanent_uuid: "802f81096a8f482d8c99f0a71e48ae65" member_type: VOTER last_known_addr { host: "127.0.107.193" port: 36125 } } peers { permanent_uuid: "f0f804fa9c62498395a83543a18c5e0e" member_type: VOTER last_known_addr { host: "127.0.107.194" port: 41885 } } peers { permanent_uuid: "448e680444ac4bc596797e848d7b9c30" member_type: VOTER last_known_addr { host: "127.0.107.195" port: 42515 } }
I20260709 12:57:34.596920  1731 raft_consensus.cc:385] T 56324c8ba353447dafbc43f423594e18 P f0f804fa9c62498395a83543a18c5e0e [term 0 FOLLOWER]: Consensus starting up: Expiring failure detector timer to make a prompt election more likely
I20260709 12:57:34.596848  1732 raft_consensus.cc:359] T 54d8a3a853ea4f7bb4b340b8e88c2369 P 448e680444ac4bc596797e848d7b9c30 [term 0 FOLLOWER]: Replica starting. Triggering 0 pending ops. Active config: opid_index: -1 OBSOLETE_local: false peers { permanent_uuid: "802f81096a8f482d8c99f0a71e48ae65" member_type: VOTER last_known_addr { host: "127.0.107.193" port: 36125 } } peers { permanent_uuid: "f0f804fa9c62498395a83543a18c5e0e" member_type: VOTER last_known_addr { host: "127.0.107.194" port: 41885 } } peers { permanent_uuid: "448e680444ac4bc596797e848d7b9c30" member_type: VOTER last_known_addr { host: "127.0.107.195" port: 42515 } }
I20260709 12:57:34.596962  1730 raft_consensus.cc:359] T 578b68248d5d42b68ba6348189355af9 P 802f81096a8f482d8c99f0a71e48ae65 [term 0 FOLLOWER]: Replica starting. Triggering 0 pending ops. Active config: opid_index: -1 OBSOLETE_local: false peers { permanent_uuid: "802f81096a8f482d8c99f0a71e48ae65" member_type: VOTER last_known_addr { host: "127.0.107.193" port: 36125 } } peers { permanent_uuid: "f0f804fa9c62498395a83543a18c5e0e" member_type: VOTER last_known_addr { host: "127.0.107.194" port: 41885 } } peers { permanent_uuid: "448e680444ac4bc596797e848d7b9c30" member_type: VOTER last_known_addr { host: "127.0.107.195" port: 42515 } }
I20260709 12:57:34.597350  1731 raft_consensus.cc:740] T 56324c8ba353447dafbc43f423594e18 P f0f804fa9c62498395a83543a18c5e0e [term 0 FOLLOWER]: Becoming Follower/Learner. State: Replica: f0f804fa9c62498395a83543a18c5e0e, State: Initialized, Role: FOLLOWER
I20260709 12:57:34.597637  1732 raft_consensus.cc:385] T 54d8a3a853ea4f7bb4b340b8e88c2369 P 448e680444ac4bc596797e848d7b9c30 [term 0 FOLLOWER]: Consensus starting up: Expiring failure detector timer to make a prompt election more likely
I20260709 12:57:34.597687  1730 raft_consensus.cc:385] T 578b68248d5d42b68ba6348189355af9 P 802f81096a8f482d8c99f0a71e48ae65 [term 0 FOLLOWER]: Consensus starting up: Expiring failure detector timer to make a prompt election more likely
I20260709 12:57:34.598075  1732 raft_consensus.cc:740] T 54d8a3a853ea4f7bb4b340b8e88c2369 P 448e680444ac4bc596797e848d7b9c30 [term 0 FOLLOWER]: Becoming Follower/Learner. State: Replica: 448e680444ac4bc596797e848d7b9c30, State: Initialized, Role: FOLLOWER
I20260709 12:57:34.598107  1730 raft_consensus.cc:740] T 578b68248d5d42b68ba6348189355af9 P 802f81096a8f482d8c99f0a71e48ae65 [term 0 FOLLOWER]: Becoming Follower/Learner. State: Replica: 802f81096a8f482d8c99f0a71e48ae65, State: Initialized, Role: FOLLOWER
