I20260709 13:05:43.433760 18538 consensus_queue.cc:237] T 4ae01a4ffac34723a7e3491e4e259dc4 P be6e5b73f39a47df9f76685ec9815ee7 [LEADER]: Queue going to LEADER mode. State: All replicated index: 0, Majority replicated index: 3, Committed index: 3, Last appended: 3.3, Last appended by leader: 3, Current term: 4, Majority size: 2, State: 0, Mode: LEADER, active raft config: opid_index: -1 OBSOLETE_local: false peers { permanent_uuid: "9468d7dae1ee46eeb127d05c22d61612" member_type: VOTER last_known_addr { host: "127.17.52.193" port: 41643 } } peers { permanent_uuid: "e7620dc36b0b47b2b230e559b09ae134" member_type: VOTER last_known_addr { host: "127.17.52.194" port: 41591 } } peers { permanent_uuid: "be6e5b73f39a47df9f76685ec9815ee7" member_type: VOTER last_known_addr { host: "127.17.52.195" port: 42177 } }
I20260709 13:05:43.435436 18553 raft_consensus.cc:993] T f82930699a9643bd8dbf64850ac0ba22 P 9468d7dae1ee46eeb127d05c22d61612: : Instructing follower e7620dc36b0b47b2b230e559b09ae134 to start an election
I20260709 13:05:43.435846 18563 raft_consensus.cc:1081] T f82930699a9643bd8dbf64850ac0ba22 P 9468d7dae1ee46eeb127d05c22d61612 [term 3 LEADER]: Signalling peer e7620dc36b0b47b2b230e559b09ae134 to start an election
I20260709 13:05:43.437567 18314 tablet_service.cc:2044] Received Run Leader Election RPC: tablet_id: "f82930699a9643bd8dbf64850ac0ba22"
dest_uuid: "e7620dc36b0b47b2b230e559b09ae134"
 from {username='slave'} at 127.0.0.1:51514
I20260709 13:05:43.438161 18314 raft_consensus.cc:493] T f82930699a9643bd8dbf64850ac0ba22 P e7620dc36b0b47b2b230e559b09ae134 [term 3 FOLLOWER]: Starting forced leader election (received explicit request)
I20260709 13:05:43.438616 18314 raft_consensus.cc:3060] T f82930699a9643bd8dbf64850ac0ba22 P e7620dc36b0b47b2b230e559b09ae134 [term 3 FOLLOWER]: Advancing to term 4
I20260709 13:05:43.441356 18137 catalog_manager.cc:5697] T 4ae01a4ffac34723a7e3491e4e259dc4 P be6e5b73f39a47df9f76685ec9815ee7 reported cstate change: term changed from 3 to 4, leader changed from 9468d7dae1ee46eeb127d05c22d61612 (127.17.52.193) to be6e5b73f39a47df9f76685ec9815ee7 (127.17.52.195). New cstate: current_term: 4 leader_uuid: "be6e5b73f39a47df9f76685ec9815ee7" committed_config { opid_index: -1 OBSOLETE_local: false peers { permanent_uuid: "9468d7dae1ee46eeb127d05c22d61612" member_type: VOTER last_known_addr { host: "127.17.52.193" port: 41643 } health_report { overall_health: UNKNOWN } } peers { permanent_uuid: "e7620dc36b0b47b2b230e559b09ae134" member_type: VOTER last_known_addr { host: "127.17.52.194" port: 41591 } health_report { overall_health: UNKNOWN } } peers { permanent_uuid: "be6e5b73f39a47df9f76685ec9815ee7" member_type: VOTER last_known_addr { host: "127.17.52.195" port: 42177 } health_report { overall_health: HEALTHY } } }
I20260709 13:05:43.442946 18314 raft_consensus.cc:515] T f82930699a9643bd8dbf64850ac0ba22 P e7620dc36b0b47b2b230e559b09ae134 [term 4 FOLLOWER]: Starting forced leader election with config: opid_index: -1 OBSOLETE_local: false peers { permanent_uuid: "9468d7dae1ee46eeb127d05c22d61612" member_type: VOTER last_known_addr { host: "127.17.52.193" port: 41643 } } peers { permanent_uuid: "e7620dc36b0b47b2b230e559b09ae134" member_type: VOTER last_known_addr { host: "127.17.52.194" port: 41591 } } peers { permanent_uuid: "be6e5b73f39a47df9f76685ec9815ee7" member_type: VOTER last_known_addr { host: "127.17.52.195" port: 42177 } }
I20260709 13:05:43.445360 18238 tablet_service.cc:1917] Received RequestConsensusVote() RPC: tablet_id: "f82930699a9643bd8dbf64850ac0ba22" candidate_uuid: "e7620dc36b0b47b2b230e559b09ae134" candidate_term: 4 candidate_status { last_received { term: 3 index: 3 } } ignore_live_leader: true dest_uuid: "9468d7dae1ee46eeb127d05c22d61612"
I20260709 13:05:43.445473 18314 leader_election.cc:290] T f82930699a9643bd8dbf64850ac0ba22 P e7620dc36b0b47b2b230e559b09ae134 [CANDIDATE]: Term 4 election: Requested vote from peers 9468d7dae1ee46eeb127d05c22d61612 (127.17.52.193:41643), be6e5b73f39a47df9f76685ec9815ee7 (127.17.52.195:42177)
I20260709 13:05:43.445673 18389 tablet_service.cc:1917] Received RequestConsensusVote() RPC: tablet_id: "f82930699a9643bd8dbf64850ac0ba22" candidate_uuid: "e7620dc36b0b47b2b230e559b09ae134" candidate_term: 4 candidate_status { last_received { term: 3 index: 3 } } ignore_live_leader: true dest_uuid: "be6e5b73f39a47df9f76685ec9815ee7"
I20260709 13:05:43.445919 18238 raft_consensus.cc:3055] T f82930699a9643bd8dbf64850ac0ba22 P 9468d7dae1ee46eeb127d05c22d61612 [term 3 LEADER]: Stepping down as leader of term 3
I20260709 13:05:43.446206 18389 raft_consensus.cc:3060] T f82930699a9643bd8dbf64850ac0ba22 P be6e5b73f39a47df9f76685ec9815ee7 [term 3 FOLLOWER]: Advancing to term 4
I20260709 13:05:43.446236 18238 raft_consensus.cc:740] T f82930699a9643bd8dbf64850ac0ba22 P 9468d7dae1ee46eeb127d05c22d61612 [term 3 LEADER]: Becoming Follower/Learner. State: Replica: 9468d7dae1ee46eeb127d05c22d61612, State: Running, Role: LEADER
I20260709 13:05:43.447230 18238 consensus_queue.cc:260] T f82930699a9643bd8dbf64850ac0ba22 P 9468d7dae1ee46eeb127d05c22d61612 [NON_LEADER]: Queue going to NON_LEADER mode. State: All replicated index: 0, Majority replicated index: 3, Committed index: 3, Last appended: 3.3, Last appended by leader: 3, Current term: 3, Majority size: -1, State: 0, Mode: NON_LEADER, active raft config: opid_index: -1 OBSOLETE_local: false peers { permanent_uuid: "9468d7dae1ee46eeb127d05c22d61612" member_type: VOTER last_known_addr { host: "127.17.52.193" port: 41643 } } peers { permanent_uuid: "e7620dc36b0b47b2b230e559b09ae134" member_type: VOTER last_known_addr { host: "127.17.52.194" port: 41591 } } peers { permanent_uuid: "be6e5b73f39a47df9f76685ec9815ee7" member_type: VOTER last_known_addr { host: "127.17.52.195" port: 42177 } }
I20260709 13:05:43.448407 18238 raft_consensus.cc:3060] T f82930699a9643bd8dbf64850ac0ba22 P 9468d7dae1ee46eeb127d05c22d61612 [term 3 FOLLOWER]: Advancing to term 4
I20260709 13:05:43.452893 18389 raft_consensus.cc:2468] T f82930699a9643bd8dbf64850ac0ba22 P be6e5b73f39a47df9f76685ec9815ee7 [term 4 FOLLOWER]: Leader election vote request: Granting yes vote for candidate e7620dc36b0b47b2b230e559b09ae134 in term 4.
I20260709 13:05:43.454403 18280 leader_election.cc:304] T f82930699a9643bd8dbf64850ac0ba22 P e7620dc36b0b47b2b230e559b09ae134 [CANDIDATE]: Term 4 election: Election decided. Result: candidate won. Election summary: received 2 responses out of 3 voters: 2 yes votes; 0 no votes. yes voters: be6e5b73f39a47df9f76685ec9815ee7, e7620dc36b0b47b2b230e559b09ae134; no voters: 
I20260709 13:05:43.455051 18238 raft_consensus.cc:2468] T f82930699a9643bd8dbf64850ac0ba22 P 9468d7dae1ee46eeb127d05c22d61612 [term 4 FOLLOWER]: Leader election vote request: Granting yes vote for candidate e7620dc36b0b47b2b230e559b09ae134 in term 4.
I20260709 13:05:43.455336 18438 raft_consensus.cc:2804] T f82930699a9643bd8dbf64850ac0ba22 P e7620dc36b0b47b2b230e559b09ae134 [term 4 FOLLOWER]: Leader election won for term 4
I20260709 13:05:43.456713 18438 raft_consensus.cc:697] T f82930699a9643bd8dbf64850ac0ba22 P e7620dc36b0b47b2b230e559b09ae134 [term 4 LEADER]: Becoming Leader. State: Replica: e7620dc36b0b47b2b230e559b09ae134, State: Running, Role: LEADER
I20260709 13:05:43.457625 18438 consensus_queue.cc:237] T f82930699a9643bd8dbf64850ac0ba22 P e7620dc36b0b47b2b230e559b09ae134 [LEADER]: Queue going to LEADER mode. State: All replicated index: 0, Majority replicated index: 3, Committed index: 3, Last appended: 3.3, Last appended by leader: 3, Current term: 4, Majority size: 2, State: 0, Mode: LEADER, active raft config: opid_index: -1 OBSOLETE_local: false peers { permanent_uuid: "9468d7dae1ee46eeb127d05c22d61612" member_type: VOTER last_known_addr { host: "127.17.52.193" port: 41643 } } peers { permanent_uuid: "e7620dc36b0b47b2b230e559b09ae134" member_type: VOTER last_known_addr { host: "127.17.52.194" port: 41591 } } peers { permanent_uuid: "be6e5b73f39a47df9f76685ec9815ee7" member_type: VOTER last_known_addr { host: "127.17.52.195" port: 42177 } }
I20260709 13:05:43.464190 18137 catalog_manager.cc:5697] T f82930699a9643bd8dbf64850ac0ba22 P e7620dc36b0b47b2b230e559b09ae134 reported cstate change: term changed from 3 to 4, leader changed from 9468d7dae1ee46eeb127d05c22d61612 (127.17.52.193) to e7620dc36b0b47b2b230e559b09ae134 (127.17.52.194). New cstate: current_term: 4 leader_uuid: "e7620dc36b0b47b2b230e559b09ae134" committed_config { opid_index: -1 OBSOLETE_local: false peers { permanent_uuid: "9468d7dae1ee46eeb127d05c22d61612" member_type: VOTER last_known_addr { host: "127.17.52.193" port: 41643 } health_report { overall_health: UNKNOWN } } peers { permanent_uuid: "e7620dc36b0b47b2b230e559b09ae134" member_type: VOTER last_known_addr { host: "127.17.52.194" port: 41591 } health_report { overall_health: HEALTHY } } peers { permanent_uuid: "be6e5b73f39a47df9f76685ec9815ee7" member_type: VOTER last_known_addr { host: "127.17.52.195" port: 42177 } health_report { overall_health: UNKNOWN } } }
I20260709 13:05:43.482344 18553 raft_consensus.cc:993] T 060c8e61ebd94268aaf646ce1c3c6d6d P 9468d7dae1ee46eeb127d05c22d61612: : Instructing follower be6e5b73f39a47df9f76685ec9815ee7 to start an election
I20260709 13:05:43.482854 18553 raft_consensus.cc:1081] T 060c8e61ebd94268aaf646ce1c3c6d6d P 9468d7dae1ee46eeb127d05c22d61612 [term 2 LEADER]: Signalling peer be6e5b73f39a47df9f76685ec9815ee7 to start an election
I20260709 13:05:43.484270 18389 tablet_service.cc:2044] Received Run Leader Election RPC: tablet_id: "060c8e61ebd94268aaf646ce1c3c6d6d"
dest_uuid: "be6e5b73f39a47df9f76685ec9815ee7"
 from {username='slave'} at 127.0.0.1:56766
I20260709 13:05:43.484691 18389 raft_consensus.cc:493] T 060c8e61ebd94268aaf646ce1c3c6d6d P be6e5b73f39a47df9f76685ec9815ee7 [term 2 FOLLOWER]: Starting forced leader election (received explicit request)
I20260709 13:05:43.484936 18389 raft_consensus.cc:3060] T 060c8e61ebd94268aaf646ce1c3c6d6d P be6e5b73f39a47df9f76685ec9815ee7 [term 2 FOLLOWER]: Advancing to term 3
I20260709 13:05:43.488862 18389 raft_consensus.cc:515] T 060c8e61ebd94268aaf646ce1c3c6d6d P be6e5b73f39a47df9f76685ec9815ee7 [term 3 FOLLOWER]: Starting forced leader election with config: opid_index: -1 OBSOLETE_local: false peers { permanent_uuid: "9468d7dae1ee46eeb127d05c22d61612" member_type: VOTER last_known_addr { host: "127.17.52.193" port: 41643 } } peers { permanent_uuid: "e7620dc36b0b47b2b230e559b09ae134" member_type: VOTER last_known_addr { host: "127.17.52.194" port: 41591 } } peers { permanent_uuid: "be6e5b73f39a47df9f76685ec9815ee7" member_type: VOTER last_known_addr { host: "127.17.52.195" port: 42177 } }
I20260709 13:05:43.490577 18389 leader_election.cc:290] T 060c8e61ebd94268aaf646ce1c3c6d6d P be6e5b73f39a47df9f76685ec9815ee7 [CANDIDATE]: Term 3 election: Requested vote from peers 9468d7dae1ee46eeb127d05c22d61612 (127.17.52.193:41643), e7620dc36b0b47b2b230e559b09ae134 (127.17.52.194:41591)
I20260709 13:05:43.491209 18238 tablet_service.cc:1917] Received RequestConsensusVote() RPC: tablet_id: "060c8e61ebd94268aaf646ce1c3c6d6d" candidate_uuid: "be6e5b73f39a47df9f76685ec9815ee7" candidate_term: 3 candidate_status { last_received { term: 2 index: 2 } } ignore_live_leader: true dest_uuid: "9468d7dae1ee46eeb127d05c22d61612"
I20260709 13:05:43.491591 18314 tablet_service.cc:1917] Received RequestConsensusVote() RPC: tablet_id: "060c8e61ebd94268aaf646ce1c3c6d6d" candidate_uuid: "be6e5b73f39a47df9f76685ec9815ee7" candidate_term: 3 candidate_status { last_received { term: 2 index: 2 } } ignore_live_leader: true dest_uuid: "e7620dc36b0b47b2b230e559b09ae134"
I20260709 13:05:43.491711 18238 raft_consensus.cc:3055] T 060c8e61ebd94268aaf646ce1c3c6d6d P 9468d7dae1ee46eeb127d05c22d61612 [term 2 LEADER]: Stepping down as leader of term 2
I20260709 13:05:43.492080 18238 raft_consensus.cc:740] T 060c8e61ebd94268aaf646ce1c3c6d6d P 9468d7dae1ee46eeb127d05c22d61612 [term 2 LEADER]: Becoming Follower/Learner. State: Replica: 9468d7dae1ee46eeb127d05c22d61612, State: Running, Role: LEADER
I20260709 13:05:43.492105 18314 raft_consensus.cc:3060] T 060c8e61ebd94268aaf646ce1c3c6d6d P e7620dc36b0b47b2b230e559b09ae134 [term 2 FOLLOWER]: Advancing to term 3
I20260709 13:05:43.492864 18238 consensus_queue.cc:260] T 060c8e61ebd94268aaf646ce1c3c6d6d P 9468d7dae1ee46eeb127d05c22d61612 [NON_LEADER]: Queue going to NON_LEADER mode. State: All replicated index: 0, Majority replicated index: 2, Committed index: 2, Last appended: 2.2, Last appended by leader: 2, Current term: 2, Majority size: -1, State: 0, Mode: NON_LEADER, active raft config: opid_index: -1 OBSOLETE_local: false peers { permanent_uuid: "9468d7dae1ee46eeb127d05c22d61612" member_type: VOTER last_known_addr { host: "127.17.52.193" port: 41643 } } peers { permanent_uuid: "e7620dc36b0b47b2b230e559b09ae134" member_type: VOTER last_known_addr { host: "127.17.52.194" port: 41591 } } peers { permanent_uuid: "be6e5b73f39a47df9f76685ec9815ee7" member_type: VOTER last_known_addr { host: "127.17.52.195" port: 42177 } }
I20260709 13:05:43.493919 18238 raft_consensus.cc:3060] T 060c8e61ebd94268aaf646ce1c3c6d6d P 9468d7dae1ee46eeb127d05c22d61612 [term 2 FOLLOWER]: Advancing to term 3
I20260709 13:05:43.496541 18314 raft_consensus.cc:2468] T 060c8e61ebd94268aaf646ce1c3c6d6d P e7620dc36b0b47b2b230e559b09ae134 [term 3 FOLLOWER]: Leader election vote request: Granting yes vote for candidate be6e5b73f39a47df9f76685ec9815ee7 in term 3.
I20260709 13:05:43.497524 18353 leader_election.cc:304] T 060c8e61ebd94268aaf646ce1c3c6d6d P be6e5b73f39a47df9f76685ec9815ee7 [CANDIDATE]: Term 3 election: Election decided. Result: candidate won. Election summary: received 2 responses out of 3 voters: 2 yes votes; 0 no votes. yes voters: be6e5b73f39a47df9f76685ec9815ee7, e7620dc36b0b47b2b230e559b09ae134; no voters: 
I20260709 13:05:43.498322 18238 raft_consensus.cc:2468] T 060c8e61ebd94268aaf646ce1c3c6d6d P 9468d7dae1ee46eeb127d05c22d61612 [term 3 FOLLOWER]: Leader election vote request: Granting yes vote for candidate be6e5b73f39a47df9f76685ec9815ee7 in term 3.
I20260709 13:05:43.498399 18538 raft_consensus.cc:2804] T 060c8e61ebd94268aaf646ce1c3c6d6d P be6e5b73f39a47df9f76685ec9815ee7 [term 3 FOLLOWER]: Leader election won for term 3
I20260709 13:05:43.498971 18538 raft_consensus.cc:697] T 060c8e61ebd94268aaf646ce1c3c6d6d P be6e5b73f39a47df9f76685ec9815ee7 [term 3 LEADER]: Becoming Leader. State: Replica: be6e5b73f39a47df9f76685ec9815ee7, State: Running, Role: LEADER
I20260709 13:05:43.499876 18538 consensus_queue.cc:237] T 060c8e61ebd94268aaf646ce1c3c6d6d P be6e5b73f39a47df9f76685ec9815ee7 [LEADER]: Queue going to LEADER mode. State: All replicated index: 0, Majority replicated index: 2, Committed index: 2, Last appended: 2.2, Last appended by leader: 2, Current term: 3, Majority size: 2, State: 0, Mode: LEADER, active raft config: opid_index: -1 OBSOLETE_local: false peers { permanent_uuid: "9468d7dae1ee46eeb127d05c22d61612" member_type: VOTER last_known_addr { host: "127.17.52.193" port: 41643 } } peers { permanent_uuid: "e7620dc36b0b47b2b230e559b09ae134" member_type: VOTER last_known_addr { host: "127.17.52.194" port: 41591 } } peers { permanent_uuid: "be6e5b73f39a47df9f76685ec9815ee7" member_type: VOTER last_known_addr { host: "127.17.52.195" port: 42177 } }
I20260709 13:05:43.506917 18137 catalog_manager.cc:5697] T 060c8e61ebd94268aaf646ce1c3c6d6d P be6e5b73f39a47df9f76685ec9815ee7 reported cstate change: term changed from 2 to 3, leader changed from 9468d7dae1ee46eeb127d05c22d61612 (127.17.52.193) to be6e5b73f39a47df9f76685ec9815ee7 (127.17.52.195). New cstate: current_term: 3 leader_uuid: "be6e5b73f39a47df9f76685ec9815ee7" committed_config { opid_index: -1 OBSOLETE_local: false peers { permanent_uuid: "9468d7dae1ee46eeb127d05c22d61612" member_type: VOTER last_known_addr { host: "127.17.52.193" port: 41643 } health_report { overall_health: UNKNOWN } } peers { permanent_uuid: "e7620dc36b0b47b2b230e559b09ae134" member_type: VOTER last_known_addr { host: "127.17.52.194" port: 41591 } health_report { overall_health: UNKNOWN } } peers { permanent_uuid: "be6e5b73f39a47df9f76685ec9815ee7" member_type: VOTER last_known_addr { host: "127.17.52.195" port: 42177 } health_report { overall_health: HEALTHY } } }
I20260709 13:05:43.811477 18553 raft_consensus.cc:993] T e0ccdea84d9e4969b966eb17eb9a9223 P 9468d7dae1ee46eeb127d05c22d61612: : Instructing follower e7620dc36b0b47b2b230e559b09ae134 to start an election
I20260709 13:05:43.811843 18563 raft_consensus.cc:1081] T e0ccdea84d9e4969b966eb17eb9a9223 P 9468d7dae1ee46eeb127d05c22d61612 [term 2 LEADER]: Signalling peer e7620dc36b0b47b2b230e559b09ae134 to start an election
I20260709 13:05:43.813109 18314 tablet_service.cc:2044] Received Run Leader Election RPC: tablet_id: "e0ccdea84d9e4969b966eb17eb9a9223"
dest_uuid: "e7620dc36b0b47b2b230e559b09ae134"
 from {username='slave'} at 127.0.0.1:51514
I20260709 13:05:43.813535 18314 raft_consensus.cc:493] T e0ccdea84d9e4969b966eb17eb9a9223 P e7620dc36b0b47b2b230e559b09ae134 [term 2 FOLLOWER]: Starting forced leader election (received explicit request)
I20260709 13:05:43.813760 18314 raft_consensus.cc:3060] T e0ccdea84d9e4969b966eb17eb9a9223 P e7620dc36b0b47b2b230e559b09ae134 [term 2 FOLLOWER]: Advancing to term 3
I20260709 13:05:43.817500 18314 raft_consensus.cc:515] T e0ccdea84d9e4969b966eb17eb9a9223 P e7620dc36b0b47b2b230e559b09ae134 [term 3 FOLLOWER]: Starting forced leader election with config: opid_index: -1 OBSOLETE_local: false peers { permanent_uuid: "9468d7dae1ee46eeb127d05c22d61612" member_type: VOTER last_known_addr { host: "127.17.52.193" port: 41643 } } peers { permanent_uuid: "e7620dc36b0b47b2b230e559b09ae134" member_type: VOTER last_known_addr { host: "127.17.52.194" port: 41591 } } peers { permanent_uuid: "be6e5b73f39a47df9f76685ec9815ee7" member_type: VOTER last_known_addr { host: "127.17.52.195" port: 42177 } }
I20260709 13:05:43.818817 18314 leader_election.cc:290] T e0ccdea84d9e4969b966eb17eb9a9223 P e7620dc36b0b47b2b230e559b09ae134 [CANDIDATE]: Term 3 election: Requested vote from peers 9468d7dae1ee46eeb127d05c22d61612 (127.17.52.193:41643), be6e5b73f39a47df9f76685ec9815ee7 (127.17.52.195:42177)
I20260709 13:05:43.819622 18238 tablet_service.cc:1917] Received RequestConsensusVote() RPC: tablet_id: "e0ccdea84d9e4969b966eb17eb9a9223" candidate_uuid: "e7620dc36b0b47b2b230e559b09ae134" candidate_term: 3 candidate_status { last_received { term: 2 index: 2 } } ignore_live_leader: true dest_uuid: "9468d7dae1ee46eeb127d05c22d61612"
I20260709 13:05:43.819799 18389 tablet_service.cc:1917] Received RequestConsensusVote() RPC: tablet_id: "e0ccdea84d9e4969b966eb17eb9a9223" candidate_uuid: "e7620dc36b0b47b2b230e559b09ae134" candidate_term: 3 candidate_status { last_received { term: 2 index: 2 } } ignore_live_leader: true dest_uuid: "be6e5b73f39a47df9f76685ec9815ee7"
I20260709 13:05:43.820077 18238 raft_consensus.cc:3055] T e0ccdea84d9e4969b966eb17eb9a9223 P 9468d7dae1ee46eeb127d05c22d61612 [term 2 LEADER]: Stepping down as leader of term 2
I20260709 13:05:43.820286 18389 raft_consensus.cc:3060] T e0ccdea84d9e4969b966eb17eb9a9223 P be6e5b73f39a47df9f76685ec9815ee7 [term 2 FOLLOWER]: Advancing to term 3
I20260709 13:05:43.820350 18238 raft_consensus.cc:740] T e0ccdea84d9e4969b966eb17eb9a9223 P 9468d7dae1ee46eeb127d05c22d61612 [term 2 LEADER]: Becoming Follower/Learner. State: Replica: 9468d7dae1ee46eeb127d05c22d61612, State: Running, Role: LEADER
I20260709 13:05:43.821038 18238 consensus_queue.cc:260] T e0ccdea84d9e4969b966eb17eb9a9223 P 9468d7dae1ee46eeb127d05c22d61612 [NON_LEADER]: Queue going to NON_LEADER mode. State: All replicated index: 0, Majority replicated index: 2, Committed index: 2, Last appended: 2.2, Last appended by leader: 2, Current term: 2, Majority size: -1, State: 0, Mode: NON_LEADER, active raft config: opid_index: -1 OBSOLETE_local: false peers { permanent_uuid: "9468d7dae1ee46eeb127d05c22d61612" member_type: VOTER last_known_addr { host: "127.17.52.193" port: 41643 } } peers { permanent_uuid: "e7620dc36b0b47b2b230e559b09ae134" member_type: VOTER last_known_addr { host: "127.17.52.194" port: 41591 } } peers { permanent_uuid: "be6e5b73f39a47df9f76685ec9815ee7" member_type: VOTER last_known_addr { host: "127.17.52.195" port: 42177 } }
I20260709 13:05:43.821843 18238 raft_consensus.cc:3060] T e0ccdea84d9e4969b966eb17eb9a9223 P 9468d7dae1ee46eeb127d05c22d61612 [term 2 FOLLOWER]: Advancing to term 3
I20260709 13:05:43.824379 18389 raft_consensus.cc:2468] T e0ccdea84d9e4969b966eb17eb9a9223 P be6e5b73f39a47df9f76685ec9815ee7 [term 3 FOLLOWER]: Leader election vote request: Granting yes vote for candidate e7620dc36b0b47b2b230e559b09ae134 in term 3.
I20260709 13:05:43.825434 18280 leader_election.cc:304] T e0ccdea84d9e4969b966eb17eb9a9223 P e7620dc36b0b47b2b230e559b09ae134 [CANDIDATE]: Term 3 election: Election decided. Result: candidate won. Election summary: received 2 responses out of 3 voters: 2 yes votes; 0 no votes. yes voters: be6e5b73f39a47df9f76685ec9815ee7, e7620dc36b0b47b2b230e559b09ae134; no voters: 
I20260709 13:05:43.825932 18238 raft_consensus.cc:2468] T e0ccdea84d9e4969b966eb17eb9a9223 P 9468d7dae1ee46eeb127d05c22d61612 [term 3 FOLLOWER]: Leader election vote request: Granting yes vote for candidate e7620dc36b0b47b2b230e559b09ae134 in term 3.
I20260709 13:05:43.826439 18438 raft_consensus.cc:2804] T e0ccdea84d9e4969b966eb17eb9a9223 P e7620dc36b0b47b2b230e559b09ae134 [term 3 FOLLOWER]: Leader election won for term 3
I20260709 13:05:43.826934 18438 raft_consensus.cc:697] T e0ccdea84d9e4969b966eb17eb9a9223 P e7620dc36b0b47b2b230e559b09ae134 [term 3 LEADER]: Becoming Leader. State: Replica: e7620dc36b0b47b2b230e559b09ae134, State: Running, Role: LEADER
I20260709 13:05:43.827775 18438 consensus_queue.cc:237] T e0ccdea84d9e4969b966eb17eb9a9223 P e7620dc36b0b47b2b230e559b09ae134 [LEADER]: Queue going to LEADER mode. State: All replicated index: 0, Majority replicated index: 2, Committed index: 2, Last appended: 2.2, Last appended by leader: 2, Current term: 3, Majority size: 2, State: 0, Mode: LEADER, active raft config: opid_index: -1 OBSOLETE_local: false peers { permanent_uuid: "9468d7dae1ee46eeb127d05c22d61612" member_type: VOTER last_known_addr { host: "127.17.52.193" port: 41643 } } peers { permanent_uuid: "e7620dc36b0b47b2b230e559b09ae134" member_type: VOTER last_known_addr { host: "127.17.52.194" port: 41591 } } peers { permanent_uuid: "be6e5b73f39a47df9f76685ec9815ee7" member_type: VOTER last_known_addr { host: "127.17.52.195" port: 42177 } }
I20260709 13:05:43.834539 18137 catalog_manager.cc:5697] T e0ccdea84d9e4969b966eb17eb9a9223 P e7620dc36b0b47b2b230e559b09ae134 reported cstate change: term changed from 2 to 3, leader changed from 9468d7dae1ee46eeb127d05c22d61612 (127.17.52.193) to e7620dc36b0b47b2b230e559b09ae134 (127.17.52.194). New cstate: current_term: 3 leader_uuid: "e7620dc36b0b47b2b230e559b09ae134" committed_config { opid_index: -1 OBSOLETE_local: false peers { permanent_uuid: "9468d7dae1ee46eeb127d05c22d61612" member_type: VOTER last_known_addr { host: "127.17.52.193" port: 41643 } health_report { overall_health: UNKNOWN } } peers { permanent_uuid: "e7620dc36b0b47b2b230e559b09ae134" member_type: VOTER last_known_addr { host: "127.17.52.194" port: 41591 } health_report { overall_health: HEALTHY } } peers { permanent_uuid: "be6e5b73f39a47df9f76685ec9815ee7" member_type: VOTER last_known_addr { host: "127.17.52.195" port: 42177 } health_report { overall_health: UNKNOWN } } }
I20260709 13:05:43.879732 18389 raft_consensus.cc:1275] T f82930699a9643bd8dbf64850ac0ba22 P be6e5b73f39a47df9f76685ec9815ee7 [term 4 FOLLOWER]: Refusing update from remote peer e7620dc36b0b47b2b230e559b09ae134: Log matching property violated. Preceding OpId in replica: term: 3 index: 3. Preceding OpId from leader: term: 4 index: 4. (index mismatch)
I20260709 13:05:43.880784 18438 consensus_queue.cc:1048] T f82930699a9643bd8dbf64850ac0ba22 P e7620dc36b0b47b2b230e559b09ae134 [LEADER]: Connected to new peer: Peer: permanent_uuid: "be6e5b73f39a47df9f76685ec9815ee7" member_type: VOTER last_known_addr { host: "127.17.52.195" port: 42177 }, Status: LMP_MISMATCH, Last received: 0.0, Next index: 4, Last known committed idx: 3, Time since last communication: 0.000s
I20260709 13:05:43.882520 18314 raft_consensus.cc:1275] T 060c8e61ebd94268aaf646ce1c3c6d6d P e7620dc36b0b47b2b230e559b09ae134 [term 3 FOLLOWER]: Refusing update from remote peer be6e5b73f39a47df9f76685ec9815ee7: Log matching property violated. Preceding OpId in replica: term: 2 index: 2. Preceding OpId from leader: term: 3 index: 3. (index mismatch)
I20260709 13:05:43.883677 18538 consensus_queue.cc:1048] T 060c8e61ebd94268aaf646ce1c3c6d6d P be6e5b73f39a47df9f76685ec9815ee7 [LEADER]: Connected to new peer: Peer: permanent_uuid: "e7620dc36b0b47b2b230e559b09ae134" member_type: VOTER last_known_addr { host: "127.17.52.194" port: 41591 }, Status: LMP_MISMATCH, Last received: 0.0, Next index: 3, Last known committed idx: 2, Time since last communication: 0.000s
I20260709 13:05:43.894105 18239 raft_consensus.cc:1275] T f82930699a9643bd8dbf64850ac0ba22 P 9468d7dae1ee46eeb127d05c22d61612 [term 4 FOLLOWER]: Refusing update from remote peer e7620dc36b0b47b2b230e559b09ae134: Log matching property violated. Preceding OpId in replica: term: 3 index: 3. Preceding OpId from leader: term: 4 index: 4. (index mismatch)
I20260709 13:05:43.898591 18579 consensus_queue.cc:1048] T f82930699a9643bd8dbf64850ac0ba22 P e7620dc36b0b47b2b230e559b09ae134 [LEADER]: Connected to new peer: Peer: permanent_uuid: "9468d7dae1ee46eeb127d05c22d61612" member_type: VOTER last_known_addr { host: "127.17.52.193" port: 41643 }, Status: LMP_MISMATCH, Last received: 0.0, Next index: 4, Last known committed idx: 3, Time since last communication: 0.001s
I20260709 13:05:43.899631 18315 raft_consensus.cc:1275] T 4ae01a4ffac34723a7e3491e4e259dc4 P e7620dc36b0b47b2b230e559b09ae134 [term 4 FOLLOWER]: Refusing update from remote peer be6e5b73f39a47df9f76685ec9815ee7: Log matching property violated. Preceding OpId in replica: term: 3 index: 3. Preceding OpId from leader: term: 4 index: 4. (index mismatch)
I20260709 13:05:43.903582 18538 consensus_queue.cc:1048] T 4ae01a4ffac34723a7e3491e4e259dc4 P be6e5b73f39a47df9f76685ec9815ee7 [LEADER]: Connected to new peer: Peer: permanent_uuid: "e7620dc36b0b47b2b230e559b09ae134" member_type: VOTER last_known_addr { host: "127.17.52.194" port: 41591 }, Status: LMP_MISMATCH, Last received: 0.0, Next index: 4, Last known committed idx: 3, Time since last communication: 0.000s
I20260709 13:05:43.909942 18238 raft_consensus.cc:1275] T 4ae01a4ffac34723a7e3491e4e259dc4 P 9468d7dae1ee46eeb127d05c22d61612 [term 4 FOLLOWER]: Refusing update from remote peer be6e5b73f39a47df9f76685ec9815ee7: Log matching property violated. Preceding OpId in replica: term: 3 index: 3. Preceding OpId from leader: term: 4 index: 4. (index mismatch)
I20260709 13:05:43.914677 18538 consensus_queue.cc:1048] T 4ae01a4ffac34723a7e3491e4e259dc4 P be6e5b73f39a47df9f76685ec9815ee7 [LEADER]: Connected to new peer: Peer: permanent_uuid: "9468d7dae1ee46eeb127d05c22d61612" member_type: VOTER last_known_addr { host: "127.17.52.193" port: 41643 }, Status: LMP_MISMATCH, Last received: 0.0, Next index: 4, Last known committed idx: 3, Time since last communication: 0.000s
I20260709 13:05:43.963933 18239 raft_consensus.cc:1275] T 060c8e61ebd94268aaf646ce1c3c6d6d P 9468d7dae1ee46eeb127d05c22d61612 [term 3 FOLLOWER]: Refusing update from remote peer be6e5b73f39a47df9f76685ec9815ee7: Log matching property violated. Preceding OpId in replica: term: 2 index: 2. Preceding OpId from leader: term: 3 index: 3. (index mismatch)
I20260709 13:05:43.965149 18564 consensus_queue.cc:1048] T 060c8e61ebd94268aaf646ce1c3c6d6d P be6e5b73f39a47df9f76685ec9815ee7 [LEADER]: Connected to new peer: Peer: permanent_uuid: "9468d7dae1ee46eeb127d05c22d61612" member_type: VOTER last_known_addr { host: "127.17.52.193" port: 41643 }, Status: LMP_MISMATCH, Last received: 0.0, Next index: 3, Last known committed idx: 2, Time since last communication: 0.001s
I20260709 13:05:44.217185 18239 raft_consensus.cc:1275] T e0ccdea84d9e4969b966eb17eb9a9223 P 9468d7dae1ee46eeb127d05c22d61612 [term 3 FOLLOWER]: Refusing update from remote peer e7620dc36b0b47b2b230e559b09ae134: Log matching property violated. Preceding OpId in replica: term: 2 index: 2. Preceding OpId from leader: term: 3 index: 3. (index mismatch)
I20260709 13:05:44.218312 18438 consensus_queue.cc:1048] T e0ccdea84d9e4969b966eb17eb9a9223 P e7620dc36b0b47b2b230e559b09ae134 [LEADER]: Connected to new peer: Peer: permanent_uuid: "9468d7dae1ee46eeb127d05c22d61612" member_type: VOTER last_known_addr { host: "127.17.52.193" port: 41643 }, Status: LMP_MISMATCH, Last received: 0.0, Next index: 3, Last known committed idx: 2, Time since last communication: 0.000s
I20260709 13:05:44.226725 18388 raft_consensus.cc:1275] T e0ccdea84d9e4969b966eb17eb9a9223 P be6e5b73f39a47df9f76685ec9815ee7 [term 3 FOLLOWER]: Refusing update from remote peer e7620dc36b0b47b2b230e559b09ae134: Log matching property violated. Preceding OpId in replica: term: 2 index: 2. Preceding OpId from leader: term: 3 index: 3. (index mismatch)
I20260709 13:05:44.228731 18438 consensus_queue.cc:1048] T e0ccdea84d9e4969b966eb17eb9a9223 P e7620dc36b0b47b2b230e559b09ae134 [LEADER]: Connected to new peer: Peer: permanent_uuid: "be6e5b73f39a47df9f76685ec9815ee7" member_type: VOTER last_known_addr { host: "127.17.52.195" port: 42177 }, Status: LMP_MISMATCH, Last received: 0.0, Next index: 3, Last known committed idx: 2, Time since last communication: 0.000s
I20260709 13:05:44.372871 17619 auto_leader_rebalancer.cc:141] leader rebalance for table test-workload
I20260709 13:05:44.378551 17619 tablet_server.cc:179] TabletServer@127.17.52.193:0 shutting down...
W20260709 13:05:44.397637 18352 proxy.cc:239] Call had error, refreshing address and retrying: Remote error: Service unavailable: service kudu.consensus.ConsensusService not registered on TabletServer [suppressed 1 similar messages]
W20260709 13:05:44.402532 18352 consensus_peers.cc:597] T 53940f988b5f42b4b6dacf66c1697609 P be6e5b73f39a47df9f76685ec9815ee7 -> Peer 9468d7dae1ee46eeb127d05c22d61612 (127.17.52.193:41643): Couldn't send request to peer 9468d7dae1ee46eeb127d05c22d61612. Status: Remote error: Service unavailable: service kudu.consensus.ConsensusService not registered on TabletServer. This is attempt 1: this message will repeat every 5th retry.
I20260709 13:05:44.403196 17619 ts_tablet_manager.cc:1507] Shutting down tablet manager...
I20260709 13:05:44.403905 17619 tablet_replica.cc:333] T 53940f988b5f42b4b6dacf66c1697609 P 9468d7dae1ee46eeb127d05c22d61612: stopping tablet replica
I20260709 13:05:44.404601 17619 raft_consensus.cc:2243] T 53940f988b5f42b4b6dacf66c1697609 P 9468d7dae1ee46eeb127d05c22d61612 [term 2 FOLLOWER]: Raft consensus shutting down.
I20260709 13:05:44.405048 17619 raft_consensus.cc:2272] T 53940f988b5f42b4b6dacf66c1697609 P 9468d7dae1ee46eeb127d05c22d61612 [term 2 FOLLOWER]: Raft consensus is shut down!
I20260709 13:05:44.407473 17619 tablet_replica.cc:333] T 4ae01a4ffac34723a7e3491e4e259dc4 P 9468d7dae1ee46eeb127d05c22d61612: stopping tablet replica
I20260709 13:05:44.407976 17619 raft_consensus.cc:2243] T 4ae01a4ffac34723a7e3491e4e259dc4 P 9468d7dae1ee46eeb127d05c22d61612 [term 4 FOLLOWER]: Raft consensus shutting down.
I20260709 13:05:44.408377 17619 raft_consensus.cc:2272] T 4ae01a4ffac34723a7e3491e4e259dc4 P 9468d7dae1ee46eeb127d05c22d61612 [term 4 FOLLOWER]: Raft consensus is shut down!
I20260709 13:05:44.410342 17619 tablet_replica.cc:333] T 015bcfe33c7341abab09b4bafec87963 P 9468d7dae1ee46eeb127d05c22d61612: stopping tablet replica
I20260709 13:05:44.410952 17619 raft_consensus.cc:2243] T 015bcfe33c7341abab09b4bafec87963 P 9468d7dae1ee46eeb127d05c22d61612 [term 2 FOLLOWER]: Raft consensus shutting down.
I20260709 13:05:44.411382 17619 raft_consensus.cc:2272] T 015bcfe33c7341abab09b4bafec87963 P 9468d7dae1ee46eeb127d05c22d61612 [term 2 FOLLOWER]: Raft consensus is shut down!
I20260709 13:05:44.412963 17619 tablet_replica.cc:333] T 4bcc6ecd3fb9492c85d298633d3a148e P 9468d7dae1ee46eeb127d05c22d61612: stopping tablet replica
I20260709 13:05:44.413421 17619 raft_consensus.cc:2243] T 4bcc6ecd3fb9492c85d298633d3a148e P 9468d7dae1ee46eeb127d05c22d61612 [term 3 LEADER]: Raft consensus shutting down.
I20260709 13:05:44.414163 17619 raft_consensus.cc:2272] T 4bcc6ecd3fb9492c85d298633d3a148e P 9468d7dae1ee46eeb127d05c22d61612 [term 3 FOLLOWER]: Raft consensus is shut down!
I20260709 13:05:44.415769 17619 tablet_replica.cc:333] T 060c8e61ebd94268aaf646ce1c3c6d6d P 9468d7dae1ee46eeb127d05c22d61612: stopping tablet replica
I20260709 13:05:44.416203 17619 raft_consensus.cc:2243] T 060c8e61ebd94268aaf646ce1c3c6d6d P 9468d7dae1ee46eeb127d05c22d61612 [term 3 FOLLOWER]: Raft consensus shutting down.
I20260709 13:05:44.416559 17619 raft_consensus.cc:2272] T 060c8e61ebd94268aaf646ce1c3c6d6d P 9468d7dae1ee46eeb127d05c22d61612 [term 3 FOLLOWER]: Raft consensus is shut down!
I20260709 13:05:44.419682 17619 tablet_replica.cc:333] T 6dfb852c448e4ddfbb612dae20a53e5f P 9468d7dae1ee46eeb127d05c22d61612: stopping tablet replica
I20260709 13:05:44.420435 17619 raft_consensus.cc:2243] T 6dfb852c448e4ddfbb612dae20a53e5f P 9468d7dae1ee46eeb127d05c22d61612 [term 1 LEADER]: Raft consensus shutting down.
W20260709 13:05:44.421092 18352 consensus_peers.cc:597] T 060c8e61ebd94268aaf646ce1c3c6d6d P be6e5b73f39a47df9f76685ec9815ee7 -> Peer 9468d7dae1ee46eeb127d05c22d61612 (127.17.52.193:41643): Couldn't send request to peer 9468d7dae1ee46eeb127d05c22d61612. Status: Remote error: Service unavailable: service kudu.consensus.ConsensusService not registered on TabletServer. This is attempt 1: this message will repeat every 5th retry.
I20260709 13:05:44.421486 17619 raft_consensus.cc:2272] T 6dfb852c448e4ddfbb612dae20a53e5f P 9468d7dae1ee46eeb127d05c22d61612 [term 1 FOLLOWER]: Raft consensus is shut down!
I20260709 13:05:44.424069 17619 tablet_replica.cc:333] T adaf3cef15e04ef7b1f44b9150e41912 P 9468d7dae1ee46eeb127d05c22d61612: stopping tablet replica
W20260709 13:05:44.424732 18352 consensus_peers.cc:597] T 4ae01a4ffac34723a7e3491e4e259dc4 P be6e5b73f39a47df9f76685ec9815ee7 -> Peer 9468d7dae1ee46eeb127d05c22d61612 (127.17.52.193:41643): Couldn't send request to peer 9468d7dae1ee46eeb127d05c22d61612. Status: Remote error: Service unavailable: service kudu.consensus.ConsensusService not registered on TabletServer. This is attempt 1: this message will repeat every 5th retry.
I20260709 13:05:44.424738 17619 raft_consensus.cc:2243] T adaf3cef15e04ef7b1f44b9150e41912 P 9468d7dae1ee46eeb127d05c22d61612 [term 2 LEADER]: Raft consensus shutting down.
I20260709 13:05:44.425587 17619 raft_consensus.cc:2272] T adaf3cef15e04ef7b1f44b9150e41912 P 9468d7dae1ee46eeb127d05c22d61612 [term 2 FOLLOWER]: Raft consensus is shut down!
I20260709 13:05:44.427138 17619 tablet_replica.cc:333] T b10dc23ee7d949e29dda727896121935 P 9468d7dae1ee46eeb127d05c22d61612: stopping tablet replica
I20260709 13:05:44.427587 17619 raft_consensus.cc:2243] T b10dc23ee7d949e29dda727896121935 P 9468d7dae1ee46eeb127d05c22d61612 [term 4 LEADER]: Raft consensus shutting down.
I20260709 13:05:44.428256 17619 raft_consensus.cc:2272] T b10dc23ee7d949e29dda727896121935 P 9468d7dae1ee46eeb127d05c22d61612 [term 4 FOLLOWER]: Raft consensus is shut down!
I20260709 13:05:44.429949 17619 tablet_replica.cc:333] T f82930699a9643bd8dbf64850ac0ba22 P 9468d7dae1ee46eeb127d05c22d61612: stopping tablet replica
I20260709 13:05:44.430431 17619 raft_consensus.cc:2243] T f82930699a9643bd8dbf64850ac0ba22 P 9468d7dae1ee46eeb127d05c22d61612 [term 4 FOLLOWER]: Raft consensus shutting down.
I20260709 13:05:44.430788 17619 raft_consensus.cc:2272] T f82930699a9643bd8dbf64850ac0ba22 P 9468d7dae1ee46eeb127d05c22d61612 [term 4 FOLLOWER]: Raft consensus is shut down!
I20260709 13:05:44.432960 17619 tablet_replica.cc:333] T e0ccdea84d9e4969b966eb17eb9a9223 P 9468d7dae1ee46eeb127d05c22d61612: stopping tablet replica
I20260709 13:05:44.433447 17619 raft_consensus.cc:2243] T e0ccdea84d9e4969b966eb17eb9a9223 P 9468d7dae1ee46eeb127d05c22d61612 [term 3 FOLLOWER]: Raft consensus shutting down.
I20260709 13:05:44.433884 17619 raft_consensus.cc:2272] T e0ccdea84d9e4969b966eb17eb9a9223 P 9468d7dae1ee46eeb127d05c22d61612 [term 3 FOLLOWER]: Raft consensus is shut down!
W20260709 13:05:44.448688 18206 connection.cc:466] server connection from 127.0.0.1:48138 torn down before Call kudu.consensus.ConsensusService.UpdateConsensus from 127.0.0.1:48138 (request call id 71) could send its response
W20260709 13:05:44.455717 18278 consensus_peers.cc:597] T 015bcfe33c7341abab09b4bafec87963 P e7620dc36b0b47b2b230e559b09ae134 -> Peer 9468d7dae1ee46eeb127d05c22d61612 (127.17.52.193:41643): Couldn't send request to peer 9468d7dae1ee46eeb127d05c22d61612. Status: Network error: Client connection negotiation failed: client connection to 127.17.52.193:41643: connect: Connection refused (error 111). This is attempt 1: this message will repeat every 5th retry.
I20260709 13:05:44.456557 17619 tablet_server.cc:196] TabletServer@127.17.52.193:0 shutdown complete.
I20260709 13:05:44.475236 17619 tablet_server.cc:179] TabletServer@127.17.52.194:0 shutting down...
W20260709 13:05:44.505852 18278 consensus_peers.cc:597] T f82930699a9643bd8dbf64850ac0ba22 P e7620dc36b0b47b2b230e559b09ae134 -> Peer 9468d7dae1ee46eeb127d05c22d61612 (127.17.52.193:41643): Couldn't send request to peer 9468d7dae1ee46eeb127d05c22d61612. Status: Network error: Client connection negotiation failed: client connection to 127.17.52.193:41643: connect: Connection refused (error 111). This is attempt 1: this message will repeat every 5th retry.
I20260709 13:05:44.508275 17619 ts_tablet_manager.cc:1507] Shutting down tablet manager...
I20260709 13:05:44.508944 17619 tablet_replica.cc:333] T 53940f988b5f42b4b6dacf66c1697609 P e7620dc36b0b47b2b230e559b09ae134: stopping tablet replica
I20260709 13:05:44.509477 17619 raft_consensus.cc:2243] T 53940f988b5f42b4b6dacf66c1697609 P e7620dc36b0b47b2b230e559b09ae134 [term 2 FOLLOWER]: Raft consensus shutting down.
I20260709 13:05:44.509954 17619 raft_consensus.cc:2272] T 53940f988b5f42b4b6dacf66c1697609 P e7620dc36b0b47b2b230e559b09ae134 [term 2 FOLLOWER]: Raft consensus is shut down!
I20260709 13:05:44.511703 17619 tablet_replica.cc:333] T 4ae01a4ffac34723a7e3491e4e259dc4 P e7620dc36b0b47b2b230e559b09ae134: stopping tablet replica
I20260709 13:05:44.512213 17619 raft_consensus.cc:2243] T 4ae01a4ffac34723a7e3491e4e259dc4 P e7620dc36b0b47b2b230e559b09ae134 [term 4 FOLLOWER]: Raft consensus shutting down.
I20260709 13:05:44.512619 17619 raft_consensus.cc:2272] T 4ae01a4ffac34723a7e3491e4e259dc4 P e7620dc36b0b47b2b230e559b09ae134 [term 4 FOLLOWER]: Raft consensus is shut down!
I20260709 13:05:44.515197 17619 tablet_replica.cc:333] T 015bcfe33c7341abab09b4bafec87963 P e7620dc36b0b47b2b230e559b09ae134: stopping tablet replica
I20260709 13:05:44.515720 17619 raft_consensus.cc:2243] T 015bcfe33c7341abab09b4bafec87963 P e7620dc36b0b47b2b230e559b09ae134 [term 2 LEADER]: Raft consensus shutting down.
I20260709 13:05:44.516444 17619 raft_consensus.cc:2272] T 015bcfe33c7341abab09b4bafec87963 P e7620dc36b0b47b2b230e559b09ae134 [term 2 FOLLOWER]: Raft consensus is shut down!
I20260709 13:05:44.518040 17619 tablet_replica.cc:333] T 4bcc6ecd3fb9492c85d298633d3a148e P e7620dc36b0b47b2b230e559b09ae134: stopping tablet replica
I20260709 13:05:44.518569 17619 raft_consensus.cc:2243] T 4bcc6ecd3fb9492c85d298633d3a148e P e7620dc36b0b47b2b230e559b09ae134 [term 3 FOLLOWER]: Raft consensus shutting down.
I20260709 13:05:44.518959 17619 raft_consensus.cc:2272] T 4bcc6ecd3fb9492c85d298633d3a148e P e7620dc36b0b47b2b230e559b09ae134 [term 3 FOLLOWER]: Raft consensus is shut down!
I20260709 13:05:44.520495 17619 tablet_replica.cc:333] T 060c8e61ebd94268aaf646ce1c3c6d6d P e7620dc36b0b47b2b230e559b09ae134: stopping tablet replica
I20260709 13:05:44.520972 17619 raft_consensus.cc:2243] T 060c8e61ebd94268aaf646ce1c3c6d6d P e7620dc36b0b47b2b230e559b09ae134 [term 3 FOLLOWER]: Raft consensus shutting down.
I20260709 13:05:44.521343 17619 raft_consensus.cc:2272] T 060c8e61ebd94268aaf646ce1c3c6d6d P e7620dc36b0b47b2b230e559b09ae134 [term 3 FOLLOWER]: Raft consensus is shut down!
I20260709 13:05:44.523594 17619 tablet_replica.cc:333] T adaf3cef15e04ef7b1f44b9150e41912 P e7620dc36b0b47b2b230e559b09ae134: stopping tablet replica
I20260709 13:05:44.524130 17619 raft_consensus.cc:2243] T adaf3cef15e04ef7b1f44b9150e41912 P e7620dc36b0b47b2b230e559b09ae134 [term 2 FOLLOWER]: Raft consensus shutting down.
I20260709 13:05:44.524525 17619 raft_consensus.cc:2272] T adaf3cef15e04ef7b1f44b9150e41912 P e7620dc36b0b47b2b230e559b09ae134 [term 2 FOLLOWER]: Raft consensus is shut down!
I20260709 13:05:44.526149 17619 tablet_replica.cc:333] T b10dc23ee7d949e29dda727896121935 P e7620dc36b0b47b2b230e559b09ae134: stopping tablet replica
I20260709 13:05:44.526582 17619 raft_consensus.cc:2243] T b10dc23ee7d949e29dda727896121935 P e7620dc36b0b47b2b230e559b09ae134 [term 4 FOLLOWER]: Raft consensus shutting down.
I20260709 13:05:44.527220 17619 raft_consensus.cc:2272] T b10dc23ee7d949e29dda727896121935 P e7620dc36b0b47b2b230e559b09ae134 [term 4 FOLLOWER]: Raft consensus is shut down!
I20260709 13:05:44.528949 17619 tablet_replica.cc:333] T f82930699a9643bd8dbf64850ac0ba22 P e7620dc36b0b47b2b230e559b09ae134: stopping tablet replica
I20260709 13:05:44.529428 17619 raft_consensus.cc:2243] T f82930699a9643bd8dbf64850ac0ba22 P e7620dc36b0b47b2b230e559b09ae134 [term 4 LEADER]: Raft consensus shutting down.
I20260709 13:05:44.530164 17619 raft_consensus.cc:2272] T f82930699a9643bd8dbf64850ac0ba22 P e7620dc36b0b47b2b230e559b09ae134 [term 4 FOLLOWER]: Raft consensus is shut down!
I20260709 13:05:44.531927 17619 tablet_replica.cc:333] T e0ccdea84d9e4969b966eb17eb9a9223 P e7620dc36b0b47b2b230e559b09ae134: stopping tablet replica
I20260709 13:05:44.532353 17619 raft_consensus.cc:2243] T e0ccdea84d9e4969b966eb17eb9a9223 P e7620dc36b0b47b2b230e559b09ae134 [term 3 LEADER]: Raft consensus shutting down.
I20260709 13:05:44.533102 17619 raft_consensus.cc:2272] T e0ccdea84d9e4969b966eb17eb9a9223 P e7620dc36b0b47b2b230e559b09ae134 [term 3 FOLLOWER]: Raft consensus is shut down!
I20260709 13:05:44.535010 17619 tablet_replica.cc:333] T 6dfb852c448e4ddfbb612dae20a53e5f P e7620dc36b0b47b2b230e559b09ae134: stopping tablet replica
I20260709 13:05:44.535413 17619 raft_consensus.cc:2243] T 6dfb852c448e4ddfbb612dae20a53e5f P e7620dc36b0b47b2b230e559b09ae134 [term 1 FOLLOWER]: Raft consensus shutting down.
I20260709 13:05:44.535770 17619 raft_consensus.cc:2272] T 6dfb852c448e4ddfbb612dae20a53e5f P e7620dc36b0b47b2b230e559b09ae134 [term 1 FOLLOWER]: Raft consensus is shut down!
I20260709 13:05:44.580245 17619 tablet_server.cc:196] TabletServer@127.17.52.194:0 shutdown complete.
I20260709 13:05:44.598628 17619 tablet_server.cc:179] TabletServer@127.17.52.195:0 shutting down...
I20260709 13:05:44.621495 17619 ts_tablet_manager.cc:1507] Shutting down tablet manager...
I20260709 13:05:44.622213 17619 tablet_replica.cc:333] T 53940f988b5f42b4b6dacf66c1697609 P be6e5b73f39a47df9f76685ec9815ee7: stopping tablet replica
I20260709 13:05:44.622816 17619 raft_consensus.cc:2243] T 53940f988b5f42b4b6dacf66c1697609 P be6e5b73f39a47df9f76685ec9815ee7 [term 2 LEADER]: Raft consensus shutting down.
I20260709 13:05:44.623538 17619 raft_consensus.cc:2272] T 53940f988b5f42b4b6dacf66c1697609 P be6e5b73f39a47df9f76685ec9815ee7 [term 2 FOLLOWER]: Raft consensus is shut down!
I20260709 13:05:44.625224 17619 tablet_replica.cc:333] T 015bcfe33c7341abab09b4bafec87963 P be6e5b73f39a47df9f76685ec9815ee7: stopping tablet replica
I20260709 13:05:44.625742 17619 raft_consensus.cc:2243] T 015bcfe33c7341abab09b4bafec87963 P be6e5b73f39a47df9f76685ec9815ee7 [term 2 FOLLOWER]: Raft consensus shutting down.
I20260709 13:05:44.626251 17619 raft_consensus.cc:2272] T 015bcfe33c7341abab09b4bafec87963 P be6e5b73f39a47df9f76685ec9815ee7 [term 2 FOLLOWER]: Raft consensus is shut down!
I20260709 13:05:44.627885 17619 tablet_replica.cc:333] T 4bcc6ecd3fb9492c85d298633d3a148e P be6e5b73f39a47df9f76685ec9815ee7: stopping tablet replica
I20260709 13:05:44.628347 17619 raft_consensus.cc:2243] T 4bcc6ecd3fb9492c85d298633d3a148e P be6e5b73f39a47df9f76685ec9815ee7 [term 3 FOLLOWER]: Raft consensus shutting down.
I20260709 13:05:44.628779 17619 raft_consensus.cc:2272] T 4bcc6ecd3fb9492c85d298633d3a148e P be6e5b73f39a47df9f76685ec9815ee7 [term 3 FOLLOWER]: Raft consensus is shut down!
I20260709 13:05:44.630442 17619 tablet_replica.cc:333] T 4ae01a4ffac34723a7e3491e4e259dc4 P be6e5b73f39a47df9f76685ec9815ee7: stopping tablet replica
I20260709 13:05:44.630873 17619 raft_consensus.cc:2243] T 4ae01a4ffac34723a7e3491e4e259dc4 P be6e5b73f39a47df9f76685ec9815ee7 [term 4 LEADER]: Raft consensus shutting down.
I20260709 13:05:44.631531 17619 raft_consensus.cc:2272] T 4ae01a4ffac34723a7e3491e4e259dc4 P be6e5b73f39a47df9f76685ec9815ee7 [term 4 FOLLOWER]: Raft consensus is shut down!
I20260709 13:05:44.633330 17619 tablet_replica.cc:333] T 6dfb852c448e4ddfbb612dae20a53e5f P be6e5b73f39a47df9f76685ec9815ee7: stopping tablet replica
I20260709 13:05:44.633773 17619 raft_consensus.cc:2243] T 6dfb852c448e4ddfbb612dae20a53e5f P be6e5b73f39a47df9f76685ec9815ee7 [term 1 FOLLOWER]: Raft consensus shutting down.
I20260709 13:05:44.634167 17619 raft_consensus.cc:2272] T 6dfb852c448e4ddfbb612dae20a53e5f P be6e5b73f39a47df9f76685ec9815ee7 [term 1 FOLLOWER]: Raft consensus is shut down!
I20260709 13:05:44.635651 17619 tablet_replica.cc:333] T adaf3cef15e04ef7b1f44b9150e41912 P be6e5b73f39a47df9f76685ec9815ee7: stopping tablet replica
I20260709 13:05:44.636083 17619 raft_consensus.cc:2243] T adaf3cef15e04ef7b1f44b9150e41912 P be6e5b73f39a47df9f76685ec9815ee7 [term 2 FOLLOWER]: Raft consensus shutting down.
I20260709 13:05:44.636446 17619 raft_consensus.cc:2272] T adaf3cef15e04ef7b1f44b9150e41912 P be6e5b73f39a47df9f76685ec9815ee7 [term 2 FOLLOWER]: Raft consensus is shut down!
I20260709 13:05:44.637915 17619 tablet_replica.cc:333] T b10dc23ee7d949e29dda727896121935 P be6e5b73f39a47df9f76685ec9815ee7: stopping tablet replica
I20260709 13:05:44.638387 17619 raft_consensus.cc:2243] T b10dc23ee7d949e29dda727896121935 P be6e5b73f39a47df9f76685ec9815ee7 [term 4 FOLLOWER]: Raft consensus shutting down.
I20260709 13:05:44.638751 17619 raft_consensus.cc:2272] T b10dc23ee7d949e29dda727896121935 P be6e5b73f39a47df9f76685ec9815ee7 [term 4 FOLLOWER]: Raft consensus is shut down!
I20260709 13:05:44.640231 17619 tablet_replica.cc:333] T f82930699a9643bd8dbf64850ac0ba22 P be6e5b73f39a47df9f76685ec9815ee7: stopping tablet replica
I20260709 13:05:44.640666 17619 raft_consensus.cc:2243] T f82930699a9643bd8dbf64850ac0ba22 P be6e5b73f39a47df9f76685ec9815ee7 [term 4 FOLLOWER]: Raft consensus shutting down.
I20260709 13:05:44.641110 17619 raft_consensus.cc:2272] T f82930699a9643bd8dbf64850ac0ba22 P be6e5b73f39a47df9f76685ec9815ee7 [term 4 FOLLOWER]: Raft consensus is shut down!
I20260709 13:05:44.643424 17619 tablet_replica.cc:333] T e0ccdea84d9e4969b966eb17eb9a9223 P be6e5b73f39a47df9f76685ec9815ee7: stopping tablet replica
I20260709 13:05:44.643929 17619 raft_consensus.cc:2243] T e0ccdea84d9e4969b966eb17eb9a9223 P be6e5b73f39a47df9f76685ec9815ee7 [term 3 FOLLOWER]: Raft consensus shutting down.
I20260709 13:05:44.644372 17619 raft_consensus.cc:2272] T e0ccdea84d9e4969b966eb17eb9a9223 P be6e5b73f39a47df9f76685ec9815ee7 [term 3 FOLLOWER]: Raft consensus is shut down!
I20260709 13:05:44.646394 17619 tablet_replica.cc:333] T 060c8e61ebd94268aaf646ce1c3c6d6d P be6e5b73f39a47df9f76685ec9815ee7: stopping tablet replica
I20260709 13:05:44.646812 17619 raft_consensus.cc:2243] T 060c8e61ebd94268aaf646ce1c3c6d6d P be6e5b73f39a47df9f76685ec9815ee7 [term 3 LEADER]: Raft consensus shutting down.
I20260709 13:05:44.647501 17619 raft_consensus.cc:2272] T 060c8e61ebd94268aaf646ce1c3c6d6d P be6e5b73f39a47df9f76685ec9815ee7 [term 3 FOLLOWER]: Raft consensus is shut down!
I20260709 13:05:44.667291 17619 tablet_server.cc:196] TabletServer@127.17.52.195:0 shutdown complete.
I20260709 13:05:44.685642 17619 master.cc:562] Master@127.17.52.254:41179 shutting down...
I20260709 13:05:44.703485 17619 raft_consensus.cc:2243] T 00000000000000000000000000000000 P bd59a1917f0c42bba0b130b1d9be2c86 [term 1 LEADER]: Raft consensus shutting down.
I20260709 13:05:44.703960 17619 raft_consensus.cc:2272] T 00000000000000000000000000000000 P bd59a1917f0c42bba0b130b1d9be2c86 [term 1 FOLLOWER]: Raft consensus is shut down!
I20260709 13:05:44.704248 17619 tablet_replica.cc:333] T 00000000000000000000000000000000 P bd59a1917f0c42bba0b130b1d9be2c86: stopping tablet replica
I20260709 13:05:44.723800 17619 master.cc:584] Master@127.17.52.254:41179 shutdown complete.
9468d7dae1ee46eeb127d05c22d61612  5
be6e5b73f39a47df9f76685ec9815ee7  1
e7620dc36b0b47b2b230e559b09ae134  4
[       OK ] LeaderRebalancerTest.FunctionalTestForNotDivided (10330 ms)
[ RUN      ] LeaderRebalancerTest.AddTserver
I20260709 13:05:44.761072 17619 internal_mini_cluster.cc:156] Creating distributed mini masters. Addrs: 127.17.52.254:43925
I20260709 13:05:44.762176 17619 file_cache.cc:504] Constructed file cache file cache with capacity 419430
W20260709 13:05:44.768219 18595 instance_detector.cc:116] could not retrieve AWS instance metadata: Network error: curl error: HTTP response code said error: The requested URL returned error: 404
W20260709 13:05:44.769358 18598 instance_detector.cc:116] could not retrieve OpenStack instance metadata: Network error: curl error: HTTP response code said error: The requested URL returned error: 404
W20260709 13:05:44.769177 18596 instance_detector.cc:116] could not retrieve Azure instance metadata: Network error: curl error: HTTP response code said error: The requested URL returned error: 404
