I20260709 13:05:28.674489 16394 consensus_queue.cc:1048] T 017040af1cf74ba09f3e6a691c0879e7 P 29e75070038d4c67a1f1e9dbffd08bc5 [LEADER]: Connected to new peer: Peer: permanent_uuid: "bb01c0d8de8b46dda25d67078db2d26e" member_type: VOTER last_known_addr { host: "127.15.141.67" port: 42297 }, Status: LMP_MISMATCH, Last received: 0.0, Next index: 4, Last known committed idx: 3, Time since last communication: 0.000s
I20260709 13:05:28.685052 16133 raft_consensus.cc:1275] T 017040af1cf74ba09f3e6a691c0879e7 P 64d0271df7ff47b9bb149ede5553e437 [term 4 FOLLOWER]: Refusing update from remote peer 29e75070038d4c67a1f1e9dbffd08bc5: Log matching property violated. Preceding OpId in replica: term: 3 index: 3. Preceding OpId from leader: term: 4 index: 4. (index mismatch)
I20260709 13:05:28.686688 16394 consensus_queue.cc:1048] T 017040af1cf74ba09f3e6a691c0879e7 P 29e75070038d4c67a1f1e9dbffd08bc5 [LEADER]: Connected to new peer: Peer: permanent_uuid: "64d0271df7ff47b9bb149ede5553e437" member_type: VOTER last_known_addr { host: "127.15.141.66" port: 44573 }, Status: LMP_MISMATCH, Last received: 0.0, Next index: 4, Last known committed idx: 3, Time since last communication: 0.000s
I20260709 13:05:28.829231 16133 raft_consensus.cc:1275] T 99454b0d481e4439aca9c4aa06e96d09 P 64d0271df7ff47b9bb149ede5553e437 [term 3 FOLLOWER]: Refusing update from remote peer 29e75070038d4c67a1f1e9dbffd08bc5: Log matching property violated. Preceding OpId in replica: term: 2 index: 2. Preceding OpId from leader: term: 3 index: 3. (index mismatch)
I20260709 13:05:28.830375 16394 consensus_queue.cc:1048] T 99454b0d481e4439aca9c4aa06e96d09 P 29e75070038d4c67a1f1e9dbffd08bc5 [LEADER]: Connected to new peer: Peer: permanent_uuid: "64d0271df7ff47b9bb149ede5553e437" member_type: VOTER last_known_addr { host: "127.15.141.66" port: 44573 }, Status: LMP_MISMATCH, Last received: 0.0, Next index: 3, Last known committed idx: 2, Time since last communication: 0.000s
I20260709 13:05:28.839584 16208 raft_consensus.cc:1275] T 99454b0d481e4439aca9c4aa06e96d09 P bb01c0d8de8b46dda25d67078db2d26e [term 3 FOLLOWER]: Refusing update from remote peer 29e75070038d4c67a1f1e9dbffd08bc5: Log matching property violated. Preceding OpId in replica: term: 2 index: 2. Preceding OpId from leader: term: 3 index: 3. (index mismatch)
I20260709 13:05:28.841187 16410 consensus_queue.cc:1048] T 99454b0d481e4439aca9c4aa06e96d09 P 29e75070038d4c67a1f1e9dbffd08bc5 [LEADER]: Connected to new peer: Peer: permanent_uuid: "bb01c0d8de8b46dda25d67078db2d26e" member_type: VOTER last_known_addr { host: "127.15.141.67" port: 42297 }, Status: LMP_MISMATCH, Last received: 0.0, Next index: 3, Last known committed idx: 2, Time since last communication: 0.001s
I20260709 13:05:28.860414 16133 raft_consensus.cc:1275] T ae61f2022de245b2b228f87323e49b18 P 64d0271df7ff47b9bb149ede5553e437 [term 4 FOLLOWER]: Refusing update from remote peer 29e75070038d4c67a1f1e9dbffd08bc5: Log matching property violated. Preceding OpId in replica: term: 3 index: 3. Preceding OpId from leader: term: 4 index: 4. (index mismatch)
I20260709 13:05:28.861517 16410 consensus_queue.cc:1048] T ae61f2022de245b2b228f87323e49b18 P 29e75070038d4c67a1f1e9dbffd08bc5 [LEADER]: Connected to new peer: Peer: permanent_uuid: "64d0271df7ff47b9bb149ede5553e437" member_type: VOTER last_known_addr { host: "127.15.141.66" port: 44573 }, Status: LMP_MISMATCH, Last received: 0.0, Next index: 4, Last known committed idx: 3, Time since last communication: 0.000s
I20260709 13:05:28.869045 16208 raft_consensus.cc:1275] T ae61f2022de245b2b228f87323e49b18 P bb01c0d8de8b46dda25d67078db2d26e [term 4 FOLLOWER]: Refusing update from remote peer 29e75070038d4c67a1f1e9dbffd08bc5: Log matching property violated. Preceding OpId in replica: term: 3 index: 3. Preceding OpId from leader: term: 4 index: 4. (index mismatch)
I20260709 13:05:28.870541 16394 consensus_queue.cc:1048] T ae61f2022de245b2b228f87323e49b18 P 29e75070038d4c67a1f1e9dbffd08bc5 [LEADER]: Connected to new peer: Peer: permanent_uuid: "bb01c0d8de8b46dda25d67078db2d26e" member_type: VOTER last_known_addr { host: "127.15.141.67" port: 42297 }, Status: LMP_MISMATCH, Last received: 0.0, Next index: 4, Last known committed idx: 3, Time since last communication: 0.000s
I20260709 13:05:28.949926 15925 auto_leader_rebalancer.cc:141] leader rebalance for table test-workload
I20260709 13:05:28.955513 15925 tablet_server.cc:179] TabletServer@127.15.141.65:0 shutting down...
I20260709 13:05:28.978520 15925 ts_tablet_manager.cc:1507] Shutting down tablet manager...
I20260709 13:05:28.979219 15925 tablet_replica.cc:333] T 7eece0bcc662424697e483cea84bc187 P 29e75070038d4c67a1f1e9dbffd08bc5: stopping tablet replica
I20260709 13:05:28.979877 15925 raft_consensus.cc:2243] T 7eece0bcc662424697e483cea84bc187 P 29e75070038d4c67a1f1e9dbffd08bc5 [term 5 FOLLOWER]: Raft consensus shutting down.
I20260709 13:05:28.980302 15925 raft_consensus.cc:2272] T 7eece0bcc662424697e483cea84bc187 P 29e75070038d4c67a1f1e9dbffd08bc5 [term 5 FOLLOWER]: Raft consensus is shut down!
I20260709 13:05:28.982726 15925 tablet_replica.cc:333] T 21fcc8deb7164e3e8ae294facfe51c6b P 29e75070038d4c67a1f1e9dbffd08bc5: stopping tablet replica
I20260709 13:05:28.983196 15925 raft_consensus.cc:2243] T 21fcc8deb7164e3e8ae294facfe51c6b P 29e75070038d4c67a1f1e9dbffd08bc5 [term 1 FOLLOWER]: Raft consensus shutting down.
I20260709 13:05:28.983544 15925 raft_consensus.cc:2272] T 21fcc8deb7164e3e8ae294facfe51c6b P 29e75070038d4c67a1f1e9dbffd08bc5 [term 1 FOLLOWER]: Raft consensus is shut down!
I20260709 13:05:28.985028 15925 tablet_replica.cc:333] T fb2668970a2540bc9d56268e5b0182b6 P 29e75070038d4c67a1f1e9dbffd08bc5: stopping tablet replica
I20260709 13:05:28.985456 15925 raft_consensus.cc:2243] T fb2668970a2540bc9d56268e5b0182b6 P 29e75070038d4c67a1f1e9dbffd08bc5 [term 2 FOLLOWER]: Raft consensus shutting down.
I20260709 13:05:28.985800 15925 raft_consensus.cc:2272] T fb2668970a2540bc9d56268e5b0182b6 P 29e75070038d4c67a1f1e9dbffd08bc5 [term 2 FOLLOWER]: Raft consensus is shut down!
I20260709 13:05:28.987267 15925 tablet_replica.cc:333] T 99454b0d481e4439aca9c4aa06e96d09 P 29e75070038d4c67a1f1e9dbffd08bc5: stopping tablet replica
I20260709 13:05:28.987687 15925 raft_consensus.cc:2243] T 99454b0d481e4439aca9c4aa06e96d09 P 29e75070038d4c67a1f1e9dbffd08bc5 [term 3 LEADER]: Raft consensus shutting down.
I20260709 13:05:28.988343 15925 raft_consensus.cc:2272] T 99454b0d481e4439aca9c4aa06e96d09 P 29e75070038d4c67a1f1e9dbffd08bc5 [term 3 FOLLOWER]: Raft consensus is shut down!
I20260709 13:05:28.990914 15925 tablet_replica.cc:333] T 017040af1cf74ba09f3e6a691c0879e7 P 29e75070038d4c67a1f1e9dbffd08bc5: stopping tablet replica
I20260709 13:05:28.991566 15925 raft_consensus.cc:2243] T 017040af1cf74ba09f3e6a691c0879e7 P 29e75070038d4c67a1f1e9dbffd08bc5 [term 4 LEADER]: Raft consensus shutting down.
I20260709 13:05:28.992231 15925 raft_consensus.cc:2272] T 017040af1cf74ba09f3e6a691c0879e7 P 29e75070038d4c67a1f1e9dbffd08bc5 [term 4 FOLLOWER]: Raft consensus is shut down!
I20260709 13:05:28.993938 15925 tablet_replica.cc:333] T 3dda5edac97845f18ed6ca0715c70f19 P 29e75070038d4c67a1f1e9dbffd08bc5: stopping tablet replica
I20260709 13:05:28.994433 15925 raft_consensus.cc:2243] T 3dda5edac97845f18ed6ca0715c70f19 P 29e75070038d4c67a1f1e9dbffd08bc5 [term 3 FOLLOWER]: Raft consensus shutting down.
I20260709 13:05:28.994874 15925 raft_consensus.cc:2272] T 3dda5edac97845f18ed6ca0715c70f19 P 29e75070038d4c67a1f1e9dbffd08bc5 [term 3 FOLLOWER]: Raft consensus is shut down!
I20260709 13:05:28.996685 15925 tablet_replica.cc:333] T fbd187b761694c9ab4c9acacf2cb6ae3 P 29e75070038d4c67a1f1e9dbffd08bc5: stopping tablet replica
I20260709 13:05:28.997144 15925 raft_consensus.cc:2243] T fbd187b761694c9ab4c9acacf2cb6ae3 P 29e75070038d4c67a1f1e9dbffd08bc5 [term 2 FOLLOWER]: Raft consensus shutting down.
I20260709 13:05:28.997516 15925 raft_consensus.cc:2272] T fbd187b761694c9ab4c9acacf2cb6ae3 P 29e75070038d4c67a1f1e9dbffd08bc5 [term 2 FOLLOWER]: Raft consensus is shut down!
I20260709 13:05:28.999035 15925 tablet_replica.cc:333] T db61176d12fb46e68af02565c757bb12 P 29e75070038d4c67a1f1e9dbffd08bc5: stopping tablet replica
I20260709 13:05:28.999454 15925 raft_consensus.cc:2243] T db61176d12fb46e68af02565c757bb12 P 29e75070038d4c67a1f1e9dbffd08bc5 [term 3 FOLLOWER]: Raft consensus shutting down.
I20260709 13:05:28.999816 15925 raft_consensus.cc:2272] T db61176d12fb46e68af02565c757bb12 P 29e75070038d4c67a1f1e9dbffd08bc5 [term 3 FOLLOWER]: Raft consensus is shut down!
I20260709 13:05:29.001518 15925 tablet_replica.cc:333] T ae61f2022de245b2b228f87323e49b18 P 29e75070038d4c67a1f1e9dbffd08bc5: stopping tablet replica
I20260709 13:05:29.001938 15925 raft_consensus.cc:2243] T ae61f2022de245b2b228f87323e49b18 P 29e75070038d4c67a1f1e9dbffd08bc5 [term 4 LEADER]: Raft consensus shutting down.
I20260709 13:05:29.002871 15925 raft_consensus.cc:2272] T ae61f2022de245b2b228f87323e49b18 P 29e75070038d4c67a1f1e9dbffd08bc5 [term 4 FOLLOWER]: Raft consensus is shut down!
W20260709 13:05:29.108343 16173 proxy.cc:239] Call had error, refreshing address and retrying: Network error: Client connection negotiation failed: client connection to 127.15.141.65:45775: connect: Connection refused (error 111)
I20260709 13:05:29.110348 15925 tablet_server.cc:196] TabletServer@127.15.141.65:0 shutdown complete.
W20260709 13:05:29.112025 16173 consensus_peers.cc:597] T 7eece0bcc662424697e483cea84bc187 P bb01c0d8de8b46dda25d67078db2d26e -> Peer 29e75070038d4c67a1f1e9dbffd08bc5 (127.15.141.65:45775): Couldn't send request to peer 29e75070038d4c67a1f1e9dbffd08bc5. Status: Network error: Client connection negotiation failed: client connection to 127.15.141.65:45775: connect: Connection refused (error 111). This is attempt 1: this message will repeat every 5th retry.
I20260709 13:05:29.127470 15925 tablet_server.cc:179] TabletServer@127.15.141.66:0 shutting down...
I20260709 13:05:29.146512 15925 ts_tablet_manager.cc:1507] Shutting down tablet manager...
I20260709 13:05:29.147149 15925 tablet_replica.cc:333] T 21fcc8deb7164e3e8ae294facfe51c6b P 64d0271df7ff47b9bb149ede5553e437: stopping tablet replica
I20260709 13:05:29.147675 15925 raft_consensus.cc:2243] T 21fcc8deb7164e3e8ae294facfe51c6b P 64d0271df7ff47b9bb149ede5553e437 [term 1 LEADER]: Raft consensus shutting down.
I20260709 13:05:29.148415 15925 raft_consensus.cc:2272] T 21fcc8deb7164e3e8ae294facfe51c6b P 64d0271df7ff47b9bb149ede5553e437 [term 1 FOLLOWER]: Raft consensus is shut down!
I20260709 13:05:29.150236 15925 tablet_replica.cc:333] T fb2668970a2540bc9d56268e5b0182b6 P 64d0271df7ff47b9bb149ede5553e437: stopping tablet replica
I20260709 13:05:29.150781 15925 raft_consensus.cc:2243] T fb2668970a2540bc9d56268e5b0182b6 P 64d0271df7ff47b9bb149ede5553e437 [term 2 LEADER]: Raft consensus shutting down.
I20260709 13:05:29.151470 15925 raft_consensus.cc:2272] T fb2668970a2540bc9d56268e5b0182b6 P 64d0271df7ff47b9bb149ede5553e437 [term 2 FOLLOWER]: Raft consensus is shut down!
I20260709 13:05:29.153102 15925 tablet_replica.cc:333] T 99454b0d481e4439aca9c4aa06e96d09 P 64d0271df7ff47b9bb149ede5553e437: stopping tablet replica
I20260709 13:05:29.153594 15925 raft_consensus.cc:2243] T 99454b0d481e4439aca9c4aa06e96d09 P 64d0271df7ff47b9bb149ede5553e437 [term 3 FOLLOWER]: Raft consensus shutting down.
I20260709 13:05:29.153965 15925 raft_consensus.cc:2272] T 99454b0d481e4439aca9c4aa06e96d09 P 64d0271df7ff47b9bb149ede5553e437 [term 3 FOLLOWER]: Raft consensus is shut down!
I20260709 13:05:29.156438 15925 tablet_replica.cc:333] T 017040af1cf74ba09f3e6a691c0879e7 P 64d0271df7ff47b9bb149ede5553e437: stopping tablet replica
I20260709 13:05:29.157146 15925 raft_consensus.cc:2243] T 017040af1cf74ba09f3e6a691c0879e7 P 64d0271df7ff47b9bb149ede5553e437 [term 4 FOLLOWER]: Raft consensus shutting down.
I20260709 13:05:29.157613 15925 raft_consensus.cc:2272] T 017040af1cf74ba09f3e6a691c0879e7 P 64d0271df7ff47b9bb149ede5553e437 [term 4 FOLLOWER]: Raft consensus is shut down!
I20260709 13:05:29.160429 15925 tablet_replica.cc:333] T 3dda5edac97845f18ed6ca0715c70f19 P 64d0271df7ff47b9bb149ede5553e437: stopping tablet replica
W20260709 13:05:29.160390 16173 consensus_peers.cc:597] T 3dda5edac97845f18ed6ca0715c70f19 P bb01c0d8de8b46dda25d67078db2d26e -> Peer 29e75070038d4c67a1f1e9dbffd08bc5 (127.15.141.65:45775): Couldn't send request to peer 29e75070038d4c67a1f1e9dbffd08bc5. Status: Network error: Client connection negotiation failed: client connection to 127.15.141.65:45775: connect: Connection refused (error 111). This is attempt 1: this message will repeat every 5th retry.
I20260709 13:05:29.161187 15925 raft_consensus.cc:2243] T 3dda5edac97845f18ed6ca0715c70f19 P 64d0271df7ff47b9bb149ede5553e437 [term 3 FOLLOWER]: Raft consensus shutting down.
I20260709 13:05:29.161609 15925 raft_consensus.cc:2272] T 3dda5edac97845f18ed6ca0715c70f19 P 64d0271df7ff47b9bb149ede5553e437 [term 3 FOLLOWER]: Raft consensus is shut down!
I20260709 13:05:29.163652 15925 tablet_replica.cc:333] T fbd187b761694c9ab4c9acacf2cb6ae3 P 64d0271df7ff47b9bb149ede5553e437: stopping tablet replica
I20260709 13:05:29.164184 15925 raft_consensus.cc:2243] T fbd187b761694c9ab4c9acacf2cb6ae3 P 64d0271df7ff47b9bb149ede5553e437 [term 2 FOLLOWER]: Raft consensus shutting down.
I20260709 13:05:29.164638 15925 raft_consensus.cc:2272] T fbd187b761694c9ab4c9acacf2cb6ae3 P 64d0271df7ff47b9bb149ede5553e437 [term 2 FOLLOWER]: Raft consensus is shut down!
I20260709 13:05:29.166374 15925 tablet_replica.cc:333] T db61176d12fb46e68af02565c757bb12 P 64d0271df7ff47b9bb149ede5553e437: stopping tablet replica
I20260709 13:05:29.166783 15925 raft_consensus.cc:2243] T db61176d12fb46e68af02565c757bb12 P 64d0271df7ff47b9bb149ede5553e437 [term 3 LEADER]: Raft consensus shutting down.
I20260709 13:05:29.167471 15925 raft_consensus.cc:2272] T db61176d12fb46e68af02565c757bb12 P 64d0271df7ff47b9bb149ede5553e437 [term 3 FOLLOWER]: Raft consensus is shut down!
I20260709 13:05:29.169100 15925 tablet_replica.cc:333] T ae61f2022de245b2b228f87323e49b18 P 64d0271df7ff47b9bb149ede5553e437: stopping tablet replica
I20260709 13:05:29.169490 15925 raft_consensus.cc:2243] T ae61f2022de245b2b228f87323e49b18 P 64d0271df7ff47b9bb149ede5553e437 [term 4 FOLLOWER]: Raft consensus shutting down.
I20260709 13:05:29.169849 15925 raft_consensus.cc:2272] T ae61f2022de245b2b228f87323e49b18 P 64d0271df7ff47b9bb149ede5553e437 [term 4 FOLLOWER]: Raft consensus is shut down!
I20260709 13:05:29.171887 15925 tablet_replica.cc:333] T 7eece0bcc662424697e483cea84bc187 P 64d0271df7ff47b9bb149ede5553e437: stopping tablet replica
I20260709 13:05:29.172286 15925 raft_consensus.cc:2243] T 7eece0bcc662424697e483cea84bc187 P 64d0271df7ff47b9bb149ede5553e437 [term 5 FOLLOWER]: Raft consensus shutting down.
I20260709 13:05:29.172621 15925 raft_consensus.cc:2272] T 7eece0bcc662424697e483cea84bc187 P 64d0271df7ff47b9bb149ede5553e437 [term 5 FOLLOWER]: Raft consensus is shut down!
W20260709 13:05:29.197515 16173 consensus_peers.cc:597] T 3dda5edac97845f18ed6ca0715c70f19 P bb01c0d8de8b46dda25d67078db2d26e -> Peer 64d0271df7ff47b9bb149ede5553e437 (127.15.141.66:44573): Couldn't send request to peer 64d0271df7ff47b9bb149ede5553e437. Status: Network error: Client connection negotiation failed: client connection to 127.15.141.66:44573: connect: Connection refused (error 111). This is attempt 1: this message will repeat every 5th retry.
I20260709 13:05:29.199728 15925 tablet_server.cc:196] TabletServer@127.15.141.66:0 shutdown complete.
I20260709 13:05:29.215999 15925 tablet_server.cc:179] TabletServer@127.15.141.67:0 shutting down...
I20260709 13:05:29.239049 15925 ts_tablet_manager.cc:1507] Shutting down tablet manager...
I20260709 13:05:29.239748 15925 tablet_replica.cc:333] T 7eece0bcc662424697e483cea84bc187 P bb01c0d8de8b46dda25d67078db2d26e: stopping tablet replica
I20260709 13:05:29.240294 15925 raft_consensus.cc:2243] T 7eece0bcc662424697e483cea84bc187 P bb01c0d8de8b46dda25d67078db2d26e [term 5 LEADER]: Raft consensus shutting down.
I20260709 13:05:29.241026 15925 raft_consensus.cc:2272] T 7eece0bcc662424697e483cea84bc187 P bb01c0d8de8b46dda25d67078db2d26e [term 5 FOLLOWER]: Raft consensus is shut down!
I20260709 13:05:29.243062 15925 tablet_replica.cc:333] T fbd187b761694c9ab4c9acacf2cb6ae3 P bb01c0d8de8b46dda25d67078db2d26e: stopping tablet replica
I20260709 13:05:29.243938 15925 raft_consensus.cc:2243] T fbd187b761694c9ab4c9acacf2cb6ae3 P bb01c0d8de8b46dda25d67078db2d26e [term 2 LEADER]: Raft consensus shutting down.
I20260709 13:05:29.244841 15925 raft_consensus.cc:2272] T fbd187b761694c9ab4c9acacf2cb6ae3 P bb01c0d8de8b46dda25d67078db2d26e [term 2 FOLLOWER]: Raft consensus is shut down!
I20260709 13:05:29.246557 15925 tablet_replica.cc:333] T db61176d12fb46e68af02565c757bb12 P bb01c0d8de8b46dda25d67078db2d26e: stopping tablet replica
I20260709 13:05:29.247037 15925 raft_consensus.cc:2243] T db61176d12fb46e68af02565c757bb12 P bb01c0d8de8b46dda25d67078db2d26e [term 3 FOLLOWER]: Raft consensus shutting down.
I20260709 13:05:29.247440 15925 raft_consensus.cc:2272] T db61176d12fb46e68af02565c757bb12 P bb01c0d8de8b46dda25d67078db2d26e [term 3 FOLLOWER]: Raft consensus is shut down!
I20260709 13:05:29.249019 15925 tablet_replica.cc:333] T 017040af1cf74ba09f3e6a691c0879e7 P bb01c0d8de8b46dda25d67078db2d26e: stopping tablet replica
I20260709 13:05:29.249522 15925 raft_consensus.cc:2243] T 017040af1cf74ba09f3e6a691c0879e7 P bb01c0d8de8b46dda25d67078db2d26e [term 4 FOLLOWER]: Raft consensus shutting down.
I20260709 13:05:29.249919 15925 raft_consensus.cc:2272] T 017040af1cf74ba09f3e6a691c0879e7 P bb01c0d8de8b46dda25d67078db2d26e [term 4 FOLLOWER]: Raft consensus is shut down!
I20260709 13:05:29.251868 15925 tablet_replica.cc:333] T 3dda5edac97845f18ed6ca0715c70f19 P bb01c0d8de8b46dda25d67078db2d26e: stopping tablet replica
I20260709 13:05:29.252313 15925 raft_consensus.cc:2243] T 3dda5edac97845f18ed6ca0715c70f19 P bb01c0d8de8b46dda25d67078db2d26e [term 3 LEADER]: Raft consensus shutting down.
I20260709 13:05:29.252987 15925 raft_consensus.cc:2272] T 3dda5edac97845f18ed6ca0715c70f19 P bb01c0d8de8b46dda25d67078db2d26e [term 3 FOLLOWER]: Raft consensus is shut down!
I20260709 13:05:29.254839 15925 tablet_replica.cc:333] T 99454b0d481e4439aca9c4aa06e96d09 P bb01c0d8de8b46dda25d67078db2d26e: stopping tablet replica
I20260709 13:05:29.255308 15925 raft_consensus.cc:2243] T 99454b0d481e4439aca9c4aa06e96d09 P bb01c0d8de8b46dda25d67078db2d26e [term 3 FOLLOWER]: Raft consensus shutting down.
I20260709 13:05:29.255741 15925 raft_consensus.cc:2272] T 99454b0d481e4439aca9c4aa06e96d09 P bb01c0d8de8b46dda25d67078db2d26e [term 3 FOLLOWER]: Raft consensus is shut down!
I20260709 13:05:29.257586 15925 tablet_replica.cc:333] T ae61f2022de245b2b228f87323e49b18 P bb01c0d8de8b46dda25d67078db2d26e: stopping tablet replica
I20260709 13:05:29.258109 15925 raft_consensus.cc:2243] T ae61f2022de245b2b228f87323e49b18 P bb01c0d8de8b46dda25d67078db2d26e [term 4 FOLLOWER]: Raft consensus shutting down.
I20260709 13:05:29.258486 15925 raft_consensus.cc:2272] T ae61f2022de245b2b228f87323e49b18 P bb01c0d8de8b46dda25d67078db2d26e [term 4 FOLLOWER]: Raft consensus is shut down!
I20260709 13:05:29.260281 15925 tablet_replica.cc:333] T 21fcc8deb7164e3e8ae294facfe51c6b P bb01c0d8de8b46dda25d67078db2d26e: stopping tablet replica
I20260709 13:05:29.260707 15925 raft_consensus.cc:2243] T 21fcc8deb7164e3e8ae294facfe51c6b P bb01c0d8de8b46dda25d67078db2d26e [term 1 FOLLOWER]: Raft consensus shutting down.
I20260709 13:05:29.261055 15925 raft_consensus.cc:2272] T 21fcc8deb7164e3e8ae294facfe51c6b P bb01c0d8de8b46dda25d67078db2d26e [term 1 FOLLOWER]: Raft consensus is shut down!
I20260709 13:05:29.262697 15925 tablet_replica.cc:333] T fb2668970a2540bc9d56268e5b0182b6 P bb01c0d8de8b46dda25d67078db2d26e: stopping tablet replica
I20260709 13:05:29.263096 15925 raft_consensus.cc:2243] T fb2668970a2540bc9d56268e5b0182b6 P bb01c0d8de8b46dda25d67078db2d26e [term 2 FOLLOWER]: Raft consensus shutting down.
I20260709 13:05:29.263444 15925 raft_consensus.cc:2272] T fb2668970a2540bc9d56268e5b0182b6 P bb01c0d8de8b46dda25d67078db2d26e [term 2 FOLLOWER]: Raft consensus is shut down!
I20260709 13:05:29.291229 15925 tablet_server.cc:196] TabletServer@127.15.141.67:0 shutdown complete.
I20260709 13:05:29.307715 15925 master.cc:562] Master@127.15.141.126:37227 shutting down...
I20260709 13:05:29.499316 15925 raft_consensus.cc:2243] T 00000000000000000000000000000000 P 75c6b440990247a7a6fe3f1e2acc2863 [term 1 LEADER]: Raft consensus shutting down.
I20260709 13:05:29.499874 15925 raft_consensus.cc:2272] T 00000000000000000000000000000000 P 75c6b440990247a7a6fe3f1e2acc2863 [term 1 FOLLOWER]: Raft consensus is shut down!
I20260709 13:05:29.500186 15925 tablet_replica.cc:333] T 00000000000000000000000000000000 P 75c6b440990247a7a6fe3f1e2acc2863: stopping tablet replica
I20260709 13:05:29.534291 15925 master.cc:584] Master@127.15.141.126:37227 shutdown complete.
29e75070038d4c67a1f1e9dbffd08bc5  4
64d0271df7ff47b9bb149ede5553e437  4
bb01c0d8de8b46dda25d67078db2d26e  1
[       OK ] LeaderRebalancerTest.FunctionalTestForDivided (12495 ms)
[ RUN      ] LeaderRebalancerTest.FunctionalTestForNotDivided
I20260709 13:05:29.570933 15925 internal_mini_cluster.cc:156] Creating distributed mini masters. Addrs: 127.15.141.126:46711
I20260709 13:05:29.572045 15925 file_cache.cc:504] Constructed file cache file cache with capacity 419430
W20260709 13:05:29.577672 16418 instance_detector.cc:116] could not retrieve AWS instance metadata: Network error: curl error: HTTP response code said error: The requested URL returned error: 404
W20260709 13:05:29.577674 16419 instance_detector.cc:116] could not retrieve Azure instance metadata: Network error: curl error: HTTP response code said error: The requested URL returned error: 404
W20260709 13:05:29.578289 16421 instance_detector.cc:116] could not retrieve OpenStack instance metadata: Network error: curl error: HTTP response code said error: The requested URL returned error: 404
I20260709 13:05:29.579016 15925 server_base.cc:1061] running on GCE node
I20260709 13:05:29.579823 15925 hybrid_clock.cc:584] initializing the hybrid clock with 'system_unsync' time source
W20260709 13:05:29.580015 15925 system_unsync_time.cc:38] NTP support is disabled. Clock error bounds will not be accurate. This configuration is not suitable for distributed clusters.
I20260709 13:05:29.580181 15925 hybrid_clock.cc:648] HybridClock initialized: now 1783602329580162 us; error 0 us; skew 500 ppm
I20260709 13:05:29.580655 15925 server_base.cc:861] Flag tcmalloc_max_total_thread_cache_bytes is not working since tcmalloc is not enabled.
I20260709 13:05:29.583063 15925 webserver.cc:533] Webserver started at http://127.15.141.126:41845/ using document root <none> and password file <none>
I20260709 13:05:29.583523 15925 fs_manager.cc:362] Metadata directory not provided
I20260709 13:05:29.583696 15925 fs_manager.cc:368] Using write-ahead log directory (fs_wal_dir) as metadata directory
I20260709 13:05:29.583951 15925 server_base.cc:909] This appears to be a new deployment of Kudu; creating new FS layout
I20260709 13:05:29.585026 15925 fs_manager.cc:1068] Generated new instance metadata in path /tmp/dist-test-task35ikuA/test-tmp/auto_leader_rebalancer-test.0.LeaderRebalancerTest.FunctionalTestForNotDivided.1783602316910839-15925-0/minicluster-data/master-0-root/instance:
uuid: "54c04ce14e264865bcd6dabb57ffcae7"
format_stamp: "Formatted at 2026-07-09 13:05:29 on dist-test-slave-c2xx"
I20260709 13:05:29.589287 15925 fs_manager.cc:696] Time spent creating directory manager: real 0.004s	user 0.006s	sys 0.000s
I20260709 13:05:29.592514 16426 log_block_manager.cc:4127] Time spent loading block containers with low live blocks: real 0.000s	user 0.000s	sys 0.000s
I20260709 13:05:29.593241 15925 fs_manager.cc:730] Time spent opening block manager: real 0.002s	user 0.000s	sys 0.002s
I20260709 13:05:29.593475 15925 fs_manager.cc:647] Opened local filesystem: /tmp/dist-test-task35ikuA/test-tmp/auto_leader_rebalancer-test.0.LeaderRebalancerTest.FunctionalTestForNotDivided.1783602316910839-15925-0/minicluster-data/master-0-root
uuid: "54c04ce14e264865bcd6dabb57ffcae7"
format_stamp: "Formatted at 2026-07-09 13:05:29 on dist-test-slave-c2xx"
I20260709 13:05:29.593724 15925 fs_report.cc:389] FS layout report
--------------------
wal directory: /tmp/dist-test-task35ikuA/test-tmp/auto_leader_rebalancer-test.0.LeaderRebalancerTest.FunctionalTestForNotDivided.1783602316910839-15925-0/minicluster-data/master-0-root
metadata directory: /tmp/dist-test-task35ikuA/test-tmp/auto_leader_rebalancer-test.0.LeaderRebalancerTest.FunctionalTestForNotDivided.1783602316910839-15925-0/minicluster-data/master-0-root
1 data directories: /tmp/dist-test-task35ikuA/test-tmp/auto_leader_rebalancer-test.0.LeaderRebalancerTest.FunctionalTestForNotDivided.1783602316910839-15925-0/minicluster-data/master-0-root/data
Total live blocks: 0
Total live bytes: 0
Total live bytes (after alignment): 0
Total number of LBM containers: 0 (0 full)
Did not check for missing blocks
Did not check for orphaned blocks
Total full LBM containers with extra space: 0 (0 repaired)
Total full LBM container extra space in bytes: 0 (0 repaired)
Total incomplete LBM containers: 0 (0 repaired)
Total LBM partial records: 0 (0 repaired)
Total corrupted LBM metadata records in RocksDB: 0 (0 repaired)
I20260709 13:05:29.610788 15925 rpc_server.cc:225] running with OpenSSL 1.1.1  11 Sep 2018
I20260709 13:05:29.611975 15925 kserver.cc:163] Server-wide thread pool size limit: 3276
I20260709 13:05:29.648547 15925 rpc_server.cc:307] RPC server started. Bound to: 127.15.141.126:46711
I20260709 13:05:29.648658 16477 acceptor_pool.cc:272] collecting diagnostics on the listening RPC socket 127.15.141.126:46711 every 8 connection(s)
I20260709 13:05:29.652348 16478 data_dirs.cc:400] Could only allocate 1 dirs of requested 3 for tablet 00000000000000000000000000000000. 1 dirs total, 0 dirs full, 0 dirs failed
I20260709 13:05:29.661392 16478 tablet_bootstrap.cc:492] T 00000000000000000000000000000000 P 54c04ce14e264865bcd6dabb57ffcae7: Bootstrap starting.
I20260709 13:05:29.665848 16478 tablet_bootstrap.cc:654] T 00000000000000000000000000000000 P 54c04ce14e264865bcd6dabb57ffcae7: Neither blocks nor log segments found. Creating new log.
I20260709 13:05:29.669646 16478 tablet_bootstrap.cc:492] T 00000000000000000000000000000000 P 54c04ce14e264865bcd6dabb57ffcae7: No bootstrap required, opened a new log
I20260709 13:05:29.671604 16478 raft_consensus.cc:359] T 00000000000000000000000000000000 P 54c04ce14e264865bcd6dabb57ffcae7 [term 0 FOLLOWER]: Replica starting. Triggering 0 pending ops. Active config: opid_index: -1 OBSOLETE_local: true peers { permanent_uuid: "54c04ce14e264865bcd6dabb57ffcae7" member_type: VOTER }
I20260709 13:05:29.671950 16478 raft_consensus.cc:385] T 00000000000000000000000000000000 P 54c04ce14e264865bcd6dabb57ffcae7 [term 0 FOLLOWER]: Consensus starting up: Expiring failure detector timer to make a prompt election more likely
I20260709 13:05:29.672161 16478 raft_consensus.cc:740] T 00000000000000000000000000000000 P 54c04ce14e264865bcd6dabb57ffcae7 [term 0 FOLLOWER]: Becoming Follower/Learner. State: Replica: 54c04ce14e264865bcd6dabb57ffcae7, State: Initialized, Role: FOLLOWER
I20260709 13:05:29.672710 16478 consensus_queue.cc:260] T 00000000000000000000000000000000 P 54c04ce14e264865bcd6dabb57ffcae7 [NON_LEADER]: Queue going to NON_LEADER mode. State: All replicated index: 0, Majority replicated index: 0, Committed index: 0, Last appended: 0.0, Last appended by leader: 0, Current term: 0, Majority size: -1, State: 0, Mode: NON_LEADER, active raft config: opid_index: -1 OBSOLETE_local: true peers { permanent_uuid: "54c04ce14e264865bcd6dabb57ffcae7" member_type: VOTER }
I20260709 13:05:29.673142 16478 raft_consensus.cc:399] T 00000000000000000000000000000000 P 54c04ce14e264865bcd6dabb57ffcae7 [term 0 FOLLOWER]: Only one voter in the Raft config. Triggering election immediately
I20260709 13:05:29.673342 16478 raft_consensus.cc:493] T 00000000000000000000000000000000 P 54c04ce14e264865bcd6dabb57ffcae7 [term 0 FOLLOWER]: Starting leader election (initial election of a single-replica configuration)
I20260709 13:05:29.673590 16478 raft_consensus.cc:3060] T 00000000000000000000000000000000 P 54c04ce14e264865bcd6dabb57ffcae7 [term 0 FOLLOWER]: Advancing to term 1
I20260709 13:05:29.677454 16478 raft_consensus.cc:515] T 00000000000000000000000000000000 P 54c04ce14e264865bcd6dabb57ffcae7 [term 1 FOLLOWER]: Starting leader election with config: opid_index: -1 OBSOLETE_local: true peers { permanent_uuid: "54c04ce14e264865bcd6dabb57ffcae7" member_type: VOTER }
I20260709 13:05:29.677928 16478 leader_election.cc:304] T 00000000000000000000000000000000 P 54c04ce14e264865bcd6dabb57ffcae7 [CANDIDATE]: Term 1 election: Election decided. Result: candidate won. Election summary: received 1 responses out of 1 voters: 1 yes votes; 0 no votes. yes voters: 54c04ce14e264865bcd6dabb57ffcae7; no voters: 
I20260709 13:05:29.678957 16478 leader_election.cc:290] T 00000000000000000000000000000000 P 54c04ce14e264865bcd6dabb57ffcae7 [CANDIDATE]: Term 1 election: Requested vote from peers 
I20260709 13:05:29.679246 16481 raft_consensus.cc:2804] T 00000000000000000000000000000000 P 54c04ce14e264865bcd6dabb57ffcae7 [term 1 FOLLOWER]: Leader election won for term 1
I20260709 13:05:29.680508 16481 raft_consensus.cc:697] T 00000000000000000000000000000000 P 54c04ce14e264865bcd6dabb57ffcae7 [term 1 LEADER]: Becoming Leader. State: Replica: 54c04ce14e264865bcd6dabb57ffcae7, State: Running, Role: LEADER
I20260709 13:05:29.681077 16481 consensus_queue.cc:237] T 00000000000000000000000000000000 P 54c04ce14e264865bcd6dabb57ffcae7 [LEADER]: Queue going to LEADER mode. State: All replicated index: 0, Majority replicated index: 0, Committed index: 0, Last appended: 0.0, Last appended by leader: 0, Current term: 1, Majority size: 1, State: 0, Mode: LEADER, active raft config: opid_index: -1 OBSOLETE_local: true peers { permanent_uuid: "54c04ce14e264865bcd6dabb57ffcae7" member_type: VOTER }
I20260709 13:05:29.681694 16478 sys_catalog.cc:565] T 00000000000000000000000000000000 P 54c04ce14e264865bcd6dabb57ffcae7 [sys.catalog]: configured and running, proceeding with master startup.
I20260709 13:05:29.685525 16482 sys_catalog.cc:455] T 00000000000000000000000000000000 P 54c04ce14e264865bcd6dabb57ffcae7 [sys.catalog]: SysCatalogTable state changed. Reason: RaftConsensus started. Latest consensus state: current_term: 1 leader_uuid: "54c04ce14e264865bcd6dabb57ffcae7" committed_config { opid_index: -1 OBSOLETE_local: true peers { permanent_uuid: "54c04ce14e264865bcd6dabb57ffcae7" member_type: VOTER } }
I20260709 13:05:29.686225 16482 sys_catalog.cc:458] T 00000000000000000000000000000000 P 54c04ce14e264865bcd6dabb57ffcae7 [sys.catalog]: This master's current role is: LEADER
I20260709 13:05:29.686836 16483 sys_catalog.cc:455] T 00000000000000000000000000000000 P 54c04ce14e264865bcd6dabb57ffcae7 [sys.catalog]: SysCatalogTable state changed. Reason: New leader 54c04ce14e264865bcd6dabb57ffcae7. Latest consensus state: current_term: 1 leader_uuid: "54c04ce14e264865bcd6dabb57ffcae7" committed_config { opid_index: -1 OBSOLETE_local: true peers { permanent_uuid: "54c04ce14e264865bcd6dabb57ffcae7" member_type: VOTER } }
I20260709 13:05:29.687408 16483 sys_catalog.cc:458] T 00000000000000000000000000000000 P 54c04ce14e264865bcd6dabb57ffcae7 [sys.catalog]: This master's current role is: LEADER
I20260709 13:05:29.690814 16488 catalog_manager.cc:1511] Loading table and tablet metadata into memory...
I20260709 13:05:29.695508 16488 catalog_manager.cc:1520] Initializing Kudu cluster ID...
I20260709 13:05:29.696493 15925 internal_mini_cluster.cc:184] Waiting to initialize catalog manager on master 0
I20260709 13:05:29.703349 16488 catalog_manager.cc:1383] Generated new cluster ID: abf2bdbd8d7449d586cd4f2709a115e4
I20260709 13:05:29.703569 16488 catalog_manager.cc:1531] Initializing Kudu internal certificate authority...
I20260709 13:05:29.720889 16488 catalog_manager.cc:1406] Generated new certificate authority record
I20260709 13:05:29.722081 16488 catalog_manager.cc:1540] Loading token signing keys...
I20260709 13:05:29.734884 16488 catalog_manager.cc:6070] T 00000000000000000000000000000000 P 54c04ce14e264865bcd6dabb57ffcae7: Generated new TSK 0
I20260709 13:05:29.735404 16488 catalog_manager.cc:1550] Initializing in-progress tserver states...
I20260709 13:05:29.762647 15925 file_cache.cc:504] Constructed file cache file cache with capacity 419430
W20260709 13:05:29.768167 16499 instance_detector.cc:116] could not retrieve AWS instance metadata: Network error: curl error: HTTP response code said error: The requested URL returned error: 404
W20260709 13:05:29.768990 16500 instance_detector.cc:116] could not retrieve Azure instance metadata: Network error: curl error: HTTP response code said error: The requested URL returned error: 404
W20260709 13:05:29.770535 16502 instance_detector.cc:116] could not retrieve OpenStack instance metadata: Network error: curl error: HTTP response code said error: The requested URL returned error: 404
I20260709 13:05:29.770926 15925 server_base.cc:1061] running on GCE node
I20260709 13:05:29.771719 15925 hybrid_clock.cc:584] initializing the hybrid clock with 'system_unsync' time source
W20260709 13:05:29.771888 15925 system_unsync_time.cc:38] NTP support is disabled. Clock error bounds will not be accurate. This configuration is not suitable for distributed clusters.
I20260709 13:05:29.772054 15925 hybrid_clock.cc:648] HybridClock initialized: now 1783602329772036 us; error 0 us; skew 500 ppm
I20260709 13:05:29.772562 15925 server_base.cc:861] Flag tcmalloc_max_total_thread_cache_bytes is not working since tcmalloc is not enabled.
I20260709 13:05:29.774736 15925 webserver.cc:533] Webserver started at http://127.15.141.65:38007/ using document root <none> and password file <none>
I20260709 13:05:29.775187 15925 fs_manager.cc:362] Metadata directory not provided
I20260709 13:05:29.775363 15925 fs_manager.cc:368] Using write-ahead log directory (fs_wal_dir) as metadata directory
I20260709 13:05:29.775607 15925 server_base.cc:909] This appears to be a new deployment of Kudu; creating new FS layout
I20260709 13:05:29.776566 15925 fs_manager.cc:1068] Generated new instance metadata in path /tmp/dist-test-task35ikuA/test-tmp/auto_leader_rebalancer-test.0.LeaderRebalancerTest.FunctionalTestForNotDivided.1783602316910839-15925-0/minicluster-data/ts-0-root/instance:
uuid: "a4f21fa408be405f9e6f72d5e4b75a9f"
format_stamp: "Formatted at 2026-07-09 13:05:29 on dist-test-slave-c2xx"
I20260709 13:05:29.780615 15925 fs_manager.cc:696] Time spent creating directory manager: real 0.004s	user 0.003s	sys 0.003s
I20260709 13:05:29.783699 16507 log_block_manager.cc:4127] Time spent loading block containers with low live blocks: real 0.000s	user 0.000s	sys 0.000s
I20260709 13:05:29.784325 15925 fs_manager.cc:730] Time spent opening block manager: real 0.002s	user 0.001s	sys 0.000s
I20260709 13:05:29.784592 15925 fs_manager.cc:647] Opened local filesystem: /tmp/dist-test-task35ikuA/test-tmp/auto_leader_rebalancer-test.0.LeaderRebalancerTest.FunctionalTestForNotDivided.1783602316910839-15925-0/minicluster-data/ts-0-root
uuid: "a4f21fa408be405f9e6f72d5e4b75a9f"
format_stamp: "Formatted at 2026-07-09 13:05:29 on dist-test-slave-c2xx"
I20260709 13:05:29.784849 15925 fs_report.cc:389] FS layout report
--------------------
wal directory: /tmp/dist-test-task35ikuA/test-tmp/auto_leader_rebalancer-test.0.LeaderRebalancerTest.FunctionalTestForNotDivided.1783602316910839-15925-0/minicluster-data/ts-0-root
metadata directory: /tmp/dist-test-task35ikuA/test-tmp/auto_leader_rebalancer-test.0.LeaderRebalancerTest.FunctionalTestForNotDivided.1783602316910839-15925-0/minicluster-data/ts-0-root
1 data directories: /tmp/dist-test-task35ikuA/test-tmp/auto_leader_rebalancer-test.0.LeaderRebalancerTest.FunctionalTestForNotDivided.1783602316910839-15925-0/minicluster-data/ts-0-root/data
Total live blocks: 0
Total live bytes: 0
Total live bytes (after alignment): 0
Total number of LBM containers: 0 (0 full)
Did not check for missing blocks
Did not check for orphaned blocks
Total full LBM containers with extra space: 0 (0 repaired)
Total full LBM container extra space in bytes: 0 (0 repaired)
Total incomplete LBM containers: 0 (0 repaired)
Total LBM partial records: 0 (0 repaired)
Total corrupted LBM metadata records in RocksDB: 0 (0 repaired)
I20260709 13:05:29.795676 15925 rpc_server.cc:225] running with OpenSSL 1.1.1  11 Sep 2018
I20260709 13:05:29.796801 15925 kserver.cc:163] Server-wide thread pool size limit: 3276
I20260709 13:05:29.798269 15925 txn_system_client.cc:432] TxnSystemClient initialization is disabled...
I20260709 13:05:29.800345 15925 ts_tablet_manager.cc:585] Loaded tablet metadata (0 total tablets, 0 live tablets)
I20260709 13:05:29.800537 15925 ts_tablet_manager.cc:531] Time spent load tablet metadata: real 0.000s	user 0.000s	sys 0.000s
I20260709 13:05:29.800751 15925 ts_tablet_manager.cc:616] Registered 0 tablets
I20260709 13:05:29.800907 15925 ts_tablet_manager.cc:595] Time spent register tablets: real 0.000s	user 0.000s	sys 0.000s
I20260709 13:05:29.838665 15925 rpc_server.cc:307] RPC server started. Bound to: 127.15.141.65:38255
I20260709 13:05:29.838759 16569 acceptor_pool.cc:272] collecting diagnostics on the listening RPC socket 127.15.141.65:38255 every 8 connection(s)
I20260709 13:05:29.843104 15925 file_cache.cc:504] Constructed file cache file cache with capacity 419430
W20260709 13:05:29.849222 16574 instance_detector.cc:116] could not retrieve AWS instance metadata: Network error: curl error: HTTP response code said error: The requested URL returned error: 404
W20260709 13:05:29.851722 16575 instance_detector.cc:116] could not retrieve Azure instance metadata: Network error: curl error: HTTP response code said error: The requested URL returned error: 404
I20260709 13:05:29.852787 15925 server_base.cc:1061] running on GCE node
W20260709 13:05:29.853250 16577 instance_detector.cc:116] could not retrieve OpenStack instance metadata: Network error: curl error: HTTP response code said error: The requested URL returned error: 404
I20260709 13:05:29.854041 15925 hybrid_clock.cc:584] initializing the hybrid clock with 'system_unsync' time source
W20260709 13:05:29.854290 15925 system_unsync_time.cc:38] NTP support is disabled. Clock error bounds will not be accurate. This configuration is not suitable for distributed clusters.
I20260709 13:05:29.854457 15925 hybrid_clock.cc:648] HybridClock initialized: now 1783602329854441 us; error 0 us; skew 500 ppm
I20260709 13:05:29.854943 15925 server_base.cc:861] Flag tcmalloc_max_total_thread_cache_bytes is not working since tcmalloc is not enabled.
I20260709 13:05:29.857515 16570 heartbeater.cc:344] Connected to a master server at 127.15.141.126:46711
I20260709 13:05:29.857569 15925 webserver.cc:533] Webserver started at http://127.15.141.66:40127/ using document root <none> and password file <none>
I20260709 13:05:29.857882 16570 heartbeater.cc:461] Registering TS with master...
I20260709 13:05:29.858172 15925 fs_manager.cc:362] Metadata directory not provided
I20260709 13:05:29.858389 15925 fs_manager.cc:368] Using write-ahead log directory (fs_wal_dir) as metadata directory
I20260709 13:05:29.858636 15925 server_base.cc:909] This appears to be a new deployment of Kudu; creating new FS layout
I20260709 13:05:29.858609 16570 heartbeater.cc:507] Master 127.15.141.126:46711 requested a full tablet report, sending...
I20260709 13:05:29.859787 15925 fs_manager.cc:1068] Generated new instance metadata in path /tmp/dist-test-task35ikuA/test-tmp/auto_leader_rebalancer-test.0.LeaderRebalancerTest.FunctionalTestForNotDivided.1783602316910839-15925-0/minicluster-data/ts-1-root/instance:
uuid: "8b343e1711884033a2963cfd1893041c"
format_stamp: "Formatted at 2026-07-09 13:05:29 on dist-test-slave-c2xx"
I20260709 13:05:29.860527 16443 ts_manager.cc:194] Registered new tserver with Master: a4f21fa408be405f9e6f72d5e4b75a9f (127.15.141.65:38255)
I20260709 13:05:29.862205 16443 master_service.cc:502] Signed X509 certificate for tserver {username='slave'} at 127.0.0.1:42896
I20260709 13:05:29.864265 15925 fs_manager.cc:696] Time spent creating directory manager: real 0.004s	user 0.005s	sys 0.000s
I20260709 13:05:29.867425 16582 log_block_manager.cc:4127] Time spent loading block containers with low live blocks: real 0.000s	user 0.000s	sys 0.000s
I20260709 13:05:29.868085 15925 fs_manager.cc:730] Time spent opening block manager: real 0.002s	user 0.001s	sys 0.000s
I20260709 13:05:29.868351 15925 fs_manager.cc:647] Opened local filesystem: /tmp/dist-test-task35ikuA/test-tmp/auto_leader_rebalancer-test.0.LeaderRebalancerTest.FunctionalTestForNotDivided.1783602316910839-15925-0/minicluster-data/ts-1-root
uuid: "8b343e1711884033a2963cfd1893041c"
format_stamp: "Formatted at 2026-07-09 13:05:29 on dist-test-slave-c2xx"
I20260709 13:05:29.868602 15925 fs_report.cc:389] FS layout report
--------------------
wal directory: /tmp/dist-test-task35ikuA/test-tmp/auto_leader_rebalancer-test.0.LeaderRebalancerTest.FunctionalTestForNotDivided.1783602316910839-15925-0/minicluster-data/ts-1-root
metadata directory: /tmp/dist-test-task35ikuA/test-tmp/auto_leader_rebalancer-test.0.LeaderRebalancerTest.FunctionalTestForNotDivided.1783602316910839-15925-0/minicluster-data/ts-1-root
1 data directories: /tmp/dist-test-task35ikuA/test-tmp/auto_leader_rebalancer-test.0.LeaderRebalancerTest.FunctionalTestForNotDivided.1783602316910839-15925-0/minicluster-data/ts-1-root/data
Total live blocks: 0
Total live bytes: 0
Total live bytes (after alignment): 0
Total number of LBM containers: 0 (0 full)
Did not check for missing blocks
Did not check for orphaned blocks
Total full LBM containers with extra space: 0 (0 repaired)
Total full LBM container extra space in bytes: 0 (0 repaired)
Total incomplete LBM containers: 0 (0 repaired)
Total LBM partial records: 0 (0 repaired)
Total corrupted LBM metadata records in RocksDB: 0 (0 repaired)
I20260709 13:05:29.890170 15925 rpc_server.cc:225] running with OpenSSL 1.1.1  11 Sep 2018
I20260709 13:05:29.891291 15925 kserver.cc:163] Server-wide thread pool size limit: 3276
I20260709 13:05:29.892666 15925 txn_system_client.cc:432] TxnSystemClient initialization is disabled...
I20260709 13:05:29.894757 15925 ts_tablet_manager.cc:585] Loaded tablet metadata (0 total tablets, 0 live tablets)
I20260709 13:05:29.894986 15925 ts_tablet_manager.cc:531] Time spent load tablet metadata: real 0.000s	user 0.000s	sys 0.000s
I20260709 13:05:29.895203 15925 ts_tablet_manager.cc:616] Registered 0 tablets
I20260709 13:05:29.895346 15925 ts_tablet_manager.cc:595] Time spent register tablets: real 0.000s	user 0.000s	sys 0.000s
I20260709 13:05:29.933198 15925 rpc_server.cc:307] RPC server started. Bound to: 127.15.141.66:42959
I20260709 13:05:29.933293 16644 acceptor_pool.cc:272] collecting diagnostics on the listening RPC socket 127.15.141.66:42959 every 8 connection(s)
I20260709 13:05:29.937816 15925 file_cache.cc:504] Constructed file cache file cache with capacity 419430
W20260709 13:05:29.945081 16648 instance_detector.cc:116] could not retrieve AWS instance metadata: Network error: curl error: HTTP response code said error: The requested URL returned error: 404
W20260709 13:05:29.945312 16649 instance_detector.cc:116] could not retrieve Azure instance metadata: Network error: curl error: HTTP response code said error: The requested URL returned error: 404
I20260709 13:05:29.948408 15925 server_base.cc:1061] running on GCE node
W20260709 13:05:29.948698 16651 instance_detector.cc:116] could not retrieve OpenStack instance metadata: Network error: curl error: HTTP response code said error: The requested URL returned error: 404
I20260709 13:05:29.949653 15925 hybrid_clock.cc:584] initializing the hybrid clock with 'system_unsync' time source
W20260709 13:05:29.949910 15925 system_unsync_time.cc:38] NTP support is disabled. Clock error bounds will not be accurate. This configuration is not suitable for distributed clusters.
I20260709 13:05:29.950132 15925 hybrid_clock.cc:648] HybridClock initialized: now 1783602329950111 us; error 0 us; skew 500 ppm
I20260709 13:05:29.950730 15925 server_base.cc:861] Flag tcmalloc_max_total_thread_cache_bytes is not working since tcmalloc is not enabled.
I20260709 13:05:29.951015 16645 heartbeater.cc:344] Connected to a master server at 127.15.141.126:46711
I20260709 13:05:29.951403 16645 heartbeater.cc:461] Registering TS with master...
I20260709 13:05:29.952265 16645 heartbeater.cc:507] Master 127.15.141.126:46711 requested a full tablet report, sending...
I20260709 13:05:29.953310 15925 webserver.cc:533] Webserver started at http://127.15.141.67:36197/ using document root <none> and password file <none>
I20260709 13:05:29.953840 15925 fs_manager.cc:362] Metadata directory not provided
I20260709 13:05:29.954021 15925 fs_manager.cc:368] Using write-ahead log directory (fs_wal_dir) as metadata directory
I20260709 13:05:29.954319 15925 server_base.cc:909] This appears to be a new deployment of Kudu; creating new FS layout
I20260709 13:05:29.954427 16443 ts_manager.cc:194] Registered new tserver with Master: 8b343e1711884033a2963cfd1893041c (127.15.141.66:42959)
I20260709 13:05:29.955629 15925 fs_manager.cc:1068] Generated new instance metadata in path /tmp/dist-test-task35ikuA/test-tmp/auto_leader_rebalancer-test.0.LeaderRebalancerTest.FunctionalTestForNotDivided.1783602316910839-15925-0/minicluster-data/ts-2-root/instance:
uuid: "6dcc7c0df6914f14a6fc04000219df5e"
format_stamp: "Formatted at 2026-07-09 13:05:29 on dist-test-slave-c2xx"
I20260709 13:05:29.955756 16443 master_service.cc:502] Signed X509 certificate for tserver {username='slave'} at 127.0.0.1:42908
I20260709 13:05:29.960520 15925 fs_manager.cc:696] Time spent creating directory manager: real 0.004s	user 0.006s	sys 0.000s
I20260709 13:05:29.964757 16656 log_block_manager.cc:4127] Time spent loading block containers with low live blocks: real 0.000s	user 0.000s	sys 0.000s
I20260709 13:05:29.965767 15925 fs_manager.cc:730] Time spent opening block manager: real 0.003s	user 0.000s	sys 0.002s
I20260709 13:05:29.966117 15925 fs_manager.cc:647] Opened local filesystem: /tmp/dist-test-task35ikuA/test-tmp/auto_leader_rebalancer-test.0.LeaderRebalancerTest.FunctionalTestForNotDivided.1783602316910839-15925-0/minicluster-data/ts-2-root
uuid: "6dcc7c0df6914f14a6fc04000219df5e"
format_stamp: "Formatted at 2026-07-09 13:05:29 on dist-test-slave-c2xx"
I20260709 13:05:29.966399 15925 fs_report.cc:389] FS layout report
--------------------
wal directory: /tmp/dist-test-task35ikuA/test-tmp/auto_leader_rebalancer-test.0.LeaderRebalancerTest.FunctionalTestForNotDivided.1783602316910839-15925-0/minicluster-data/ts-2-root
metadata directory: /tmp/dist-test-task35ikuA/test-tmp/auto_leader_rebalancer-test.0.LeaderRebalancerTest.FunctionalTestForNotDivided.1783602316910839-15925-0/minicluster-data/ts-2-root
1 data directories: /tmp/dist-test-task35ikuA/test-tmp/auto_leader_rebalancer-test.0.LeaderRebalancerTest.FunctionalTestForNotDivided.1783602316910839-15925-0/minicluster-data/ts-2-root/data
Total live blocks: 0
Total live bytes: 0
Total live bytes (after alignment): 0
Total number of LBM containers: 0 (0 full)
Did not check for missing blocks
Did not check for orphaned blocks
Total full LBM containers with extra space: 0 (0 repaired)
Total full LBM container extra space in bytes: 0 (0 repaired)
Total incomplete LBM containers: 0 (0 repaired)
Total LBM partial records: 0 (0 repaired)
Total corrupted LBM metadata records in RocksDB: 0 (0 repaired)
I20260709 13:05:29.985581 15925 rpc_server.cc:225] running with OpenSSL 1.1.1  11 Sep 2018
I20260709 13:05:29.986881 15925 kserver.cc:163] Server-wide thread pool size limit: 3276
I20260709 13:05:29.988296 15925 txn_system_client.cc:432] TxnSystemClient initialization is disabled...
I20260709 13:05:29.990556 15925 ts_tablet_manager.cc:585] Loaded tablet metadata (0 total tablets, 0 live tablets)
I20260709 13:05:29.990767 15925 ts_tablet_manager.cc:531] Time spent load tablet metadata: real 0.000s	user 0.000s	sys 0.000s
I20260709 13:05:29.991030 15925 ts_tablet_manager.cc:616] Registered 0 tablets
I20260709 13:05:29.991178 15925 ts_tablet_manager.cc:595] Time spent register tablets: real 0.000s	user 0.000s	sys 0.000s
I20260709 13:05:30.030985 15925 rpc_server.cc:307] RPC server started. Bound to: 127.15.141.67:36257
I20260709 13:05:30.031087 16718 acceptor_pool.cc:272] collecting diagnostics on the listening RPC socket 127.15.141.67:36257 every 8 connection(s)
I20260709 13:05:30.044636 16719 heartbeater.cc:344] Connected to a master server at 127.15.141.126:46711
I20260709 13:05:30.044981 16719 heartbeater.cc:461] Registering TS with master...
I20260709 13:05:30.045742 16719 heartbeater.cc:507] Master 127.15.141.126:46711 requested a full tablet report, sending...
I20260709 13:05:30.047629 16443 ts_manager.cc:194] Registered new tserver with Master: 6dcc7c0df6914f14a6fc04000219df5e (127.15.141.67:36257)
I20260709 13:05:30.047713 15925 internal_mini_cluster.cc:371] 3 TS(s) registered with all masters after 0.013543641s
I20260709 13:05:30.048945 16443 master_service.cc:502] Signed X509 certificate for tserver {username='slave'} at 127.0.0.1:42912
I20260709 13:05:30.071770 16443 catalog_manager.cc:2283] Servicing CreateTable request from {username='slave'} at 127.0.0.1:42922:
name: "test-workload"
schema {
  columns {
    name: "key"
    type: INT32
    is_key: true
    is_nullable: false
    encoding: AUTO_ENCODING
    compression: DEFAULT_COMPRESSION
    cfile_block_size: 0
    immutable: false
  }
  columns {
    name: "int_val"
    type: INT32
    is_key: false
    is_nullable: false
    encoding: AUTO_ENCODING
