[==========] Running 8 tests from 2 test suites.
[----------] Global test environment set-up.
[----------] 6 tests from LeaderRebalancerTest
[ RUN      ] LeaderRebalancerTest.FunctionalTestForDivided
WARNING: Logging before InitGoogleLogging() is written to STDERR
I20260709 13:05:16.811900 13917 internal_mini_cluster.cc:156] Creating distributed mini masters. Addrs: 127.13.151.126:42375
I20260709 13:05:16.813556 13917 env_posix.cc:2285] Not raising this process' open files per process limit of 1048576; it is already as high as it can go
I20260709 13:05:16.814675 13917 file_cache.cc:504] Constructed file cache file cache with capacity 419430
W20260709 13:05:16.837759 13926 instance_detector.cc:116] could not retrieve OpenStack instance metadata: Network error: curl error: HTTP response code said error: The requested URL returned error: 404
W20260709 13:05:16.837729 13924 instance_detector.cc:116] could not retrieve Azure instance metadata: Network error: curl error: HTTP response code said error: The requested URL returned error: 404
W20260709 13:05:16.837718 13923 instance_detector.cc:116] could not retrieve AWS instance metadata: Network error: curl error: HTTP response code said error: The requested URL returned error: 404
I20260709 13:05:16.839097 13917 server_base.cc:1061] running on GCE node
I20260709 13:05:18.070886 13917 hybrid_clock.cc:584] initializing the hybrid clock with 'system_unsync' time source
W20260709 13:05:18.071170 13917 system_unsync_time.cc:38] NTP support is disabled. Clock error bounds will not be accurate. This configuration is not suitable for distributed clusters.
I20260709 13:05:18.071480 13917 hybrid_clock.cc:648] HybridClock initialized: now 1783602318071447 us; error 0 us; skew 500 ppm
I20260709 13:05:18.072559 13917 server_base.cc:861] Flag tcmalloc_max_total_thread_cache_bytes is not working since tcmalloc is not enabled.
I20260709 13:05:18.078549 13917 webserver.cc:533] Webserver started at http://127.13.151.126:41635/ using document root <none> and password file <none>
I20260709 13:05:18.079525 13917 fs_manager.cc:362] Metadata directory not provided
I20260709 13:05:18.079736 13917 fs_manager.cc:368] Using write-ahead log directory (fs_wal_dir) as metadata directory
I20260709 13:05:18.080299 13917 server_base.cc:909] This appears to be a new deployment of Kudu; creating new FS layout
I20260709 13:05:18.087080 13917 fs_manager.cc:1068] Generated new instance metadata in path /tmp/dist-test-tasksFAzPs/test-tmp/auto_leader_rebalancer-test.0.LeaderRebalancerTest.FunctionalTestForDivided.1783602316623163-13917-0/minicluster-data/master-0-root/instance:
uuid: "f05cda94e3d9403f947558e60af5cfcb"
format_stamp: "Formatted at 2026-07-09 13:05:18 on dist-test-slave-jk05"
I20260709 13:05:18.098826 13917 fs_manager.cc:696] Time spent creating directory manager: real 0.011s	user 0.007s	sys 0.005s
I20260709 13:05:18.104436 13932 log_block_manager.cc:4127] Time spent loading block containers with low live blocks: real 0.000s	user 0.000s	sys 0.000s
I20260709 13:05:18.106490 13917 fs_manager.cc:730] Time spent opening block manager: real 0.005s	user 0.002s	sys 0.001s
I20260709 13:05:18.107065 13917 fs_manager.cc:647] Opened local filesystem: /tmp/dist-test-tasksFAzPs/test-tmp/auto_leader_rebalancer-test.0.LeaderRebalancerTest.FunctionalTestForDivided.1783602316623163-13917-0/minicluster-data/master-0-root
uuid: "f05cda94e3d9403f947558e60af5cfcb"
format_stamp: "Formatted at 2026-07-09 13:05:18 on dist-test-slave-jk05"
I20260709 13:05:18.107512 13917 fs_report.cc:389] FS layout report
--------------------
wal directory: /tmp/dist-test-tasksFAzPs/test-tmp/auto_leader_rebalancer-test.0.LeaderRebalancerTest.FunctionalTestForDivided.1783602316623163-13917-0/minicluster-data/master-0-root
metadata directory: /tmp/dist-test-tasksFAzPs/test-tmp/auto_leader_rebalancer-test.0.LeaderRebalancerTest.FunctionalTestForDivided.1783602316623163-13917-0/minicluster-data/master-0-root
1 data directories: /tmp/dist-test-tasksFAzPs/test-tmp/auto_leader_rebalancer-test.0.LeaderRebalancerTest.FunctionalTestForDivided.1783602316623163-13917-0/minicluster-data/master-0-root/data
Total live blocks: 0
Total live bytes: 0
Total live bytes (after alignment): 0
Total number of LBM containers: 0 (0 full)
Did not check for missing blocks
Did not check for orphaned blocks
Total full LBM containers with extra space: 0 (0 repaired)
Total full LBM container extra space in bytes: 0 (0 repaired)
Total incomplete LBM containers: 0 (0 repaired)
Total LBM partial records: 0 (0 repaired)
Total corrupted LBM metadata records in RocksDB: 0 (0 repaired)
I20260709 13:05:18.173398 13917 rpc_server.cc:225] running with OpenSSL 1.1.1  11 Sep 2018
I20260709 13:05:18.175150 13917 env_posix.cc:2285] Not raising this process' running threads per effective uid limit of 18446744073709551615; it is already as high as it can go
I20260709 13:05:18.175668 13917 kserver.cc:163] Server-wide thread pool size limit: 3276
I20260709 13:05:18.257397 13917 rpc_server.cc:307] RPC server started. Bound to: 127.13.151.126:42375
I20260709 13:05:18.257537 13983 acceptor_pool.cc:272] collecting diagnostics on the listening RPC socket 127.13.151.126:42375 every 8 connection(s)
I20260709 13:05:18.266016 13984 data_dirs.cc:400] Could only allocate 1 dirs of requested 3 for tablet 00000000000000000000000000000000. 1 dirs total, 0 dirs full, 0 dirs failed
I20260709 13:05:18.289047 13984 tablet_bootstrap.cc:492] T 00000000000000000000000000000000 P f05cda94e3d9403f947558e60af5cfcb: Bootstrap starting.
I20260709 13:05:18.295858 13984 tablet_bootstrap.cc:654] T 00000000000000000000000000000000 P f05cda94e3d9403f947558e60af5cfcb: Neither blocks nor log segments found. Creating new log.
I20260709 13:05:18.297902 13984 log.cc:826] T 00000000000000000000000000000000 P f05cda94e3d9403f947558e60af5cfcb: Log is configured to *not* fsync() on all Append() calls
I20260709 13:05:18.302824 13984 tablet_bootstrap.cc:492] T 00000000000000000000000000000000 P f05cda94e3d9403f947558e60af5cfcb: No bootstrap required, opened a new log
I20260709 13:05:18.326185 13984 raft_consensus.cc:359] T 00000000000000000000000000000000 P f05cda94e3d9403f947558e60af5cfcb [term 0 FOLLOWER]: Replica starting. Triggering 0 pending ops. Active config: opid_index: -1 OBSOLETE_local: true peers { permanent_uuid: "f05cda94e3d9403f947558e60af5cfcb" member_type: VOTER }
I20260709 13:05:18.326793 13984 raft_consensus.cc:385] T 00000000000000000000000000000000 P f05cda94e3d9403f947558e60af5cfcb [term 0 FOLLOWER]: Consensus starting up: Expiring failure detector timer to make a prompt election more likely
I20260709 13:05:18.326994 13984 raft_consensus.cc:740] T 00000000000000000000000000000000 P f05cda94e3d9403f947558e60af5cfcb [term 0 FOLLOWER]: Becoming Follower/Learner. State: Replica: f05cda94e3d9403f947558e60af5cfcb, State: Initialized, Role: FOLLOWER
I20260709 13:05:18.327870 13984 consensus_queue.cc:260] T 00000000000000000000000000000000 P f05cda94e3d9403f947558e60af5cfcb [NON_LEADER]: Queue going to NON_LEADER mode. State: All replicated index: 0, Majority replicated index: 0, Committed index: 0, Last appended: 0.0, Last appended by leader: 0, Current term: 0, Majority size: -1, State: 0, Mode: NON_LEADER, active raft config: opid_index: -1 OBSOLETE_local: true peers { permanent_uuid: "f05cda94e3d9403f947558e60af5cfcb" member_type: VOTER }
I20260709 13:05:18.328377 13984 raft_consensus.cc:399] T 00000000000000000000000000000000 P f05cda94e3d9403f947558e60af5cfcb [term 0 FOLLOWER]: Only one voter in the Raft config. Triggering election immediately
I20260709 13:05:18.328630 13984 raft_consensus.cc:493] T 00000000000000000000000000000000 P f05cda94e3d9403f947558e60af5cfcb [term 0 FOLLOWER]: Starting leader election (initial election of a single-replica configuration)
I20260709 13:05:18.328967 13984 raft_consensus.cc:3060] T 00000000000000000000000000000000 P f05cda94e3d9403f947558e60af5cfcb [term 0 FOLLOWER]: Advancing to term 1
I20260709 13:05:18.333345 13984 raft_consensus.cc:515] T 00000000000000000000000000000000 P f05cda94e3d9403f947558e60af5cfcb [term 1 FOLLOWER]: Starting leader election with config: opid_index: -1 OBSOLETE_local: true peers { permanent_uuid: "f05cda94e3d9403f947558e60af5cfcb" member_type: VOTER }
I20260709 13:05:18.334239 13984 leader_election.cc:304] T 00000000000000000000000000000000 P f05cda94e3d9403f947558e60af5cfcb [CANDIDATE]: Term 1 election: Election decided. Result: candidate won. Election summary: received 1 responses out of 1 voters: 1 yes votes; 0 no votes. yes voters: f05cda94e3d9403f947558e60af5cfcb; no voters: 
I20260709 13:05:18.336277 13984 leader_election.cc:290] T 00000000000000000000000000000000 P f05cda94e3d9403f947558e60af5cfcb [CANDIDATE]: Term 1 election: Requested vote from peers 
I20260709 13:05:18.336560 13987 raft_consensus.cc:2804] T 00000000000000000000000000000000 P f05cda94e3d9403f947558e60af5cfcb [term 1 FOLLOWER]: Leader election won for term 1
I20260709 13:05:18.339150 13987 raft_consensus.cc:697] T 00000000000000000000000000000000 P f05cda94e3d9403f947558e60af5cfcb [term 1 LEADER]: Becoming Leader. State: Replica: f05cda94e3d9403f947558e60af5cfcb, State: Running, Role: LEADER
I20260709 13:05:18.340205 13987 consensus_queue.cc:237] T 00000000000000000000000000000000 P f05cda94e3d9403f947558e60af5cfcb [LEADER]: Queue going to LEADER mode. State: All replicated index: 0, Majority replicated index: 0, Committed index: 0, Last appended: 0.0, Last appended by leader: 0, Current term: 1, Majority size: 1, State: 0, Mode: LEADER, active raft config: opid_index: -1 OBSOLETE_local: true peers { permanent_uuid: "f05cda94e3d9403f947558e60af5cfcb" member_type: VOTER }
I20260709 13:05:18.341257 13984 sys_catalog.cc:565] T 00000000000000000000000000000000 P f05cda94e3d9403f947558e60af5cfcb [sys.catalog]: configured and running, proceeding with master startup.
I20260709 13:05:18.353229 13989 sys_catalog.cc:455] T 00000000000000000000000000000000 P f05cda94e3d9403f947558e60af5cfcb [sys.catalog]: SysCatalogTable state changed. Reason: New leader f05cda94e3d9403f947558e60af5cfcb. Latest consensus state: current_term: 1 leader_uuid: "f05cda94e3d9403f947558e60af5cfcb" committed_config { opid_index: -1 OBSOLETE_local: true peers { permanent_uuid: "f05cda94e3d9403f947558e60af5cfcb" member_type: VOTER } }
I20260709 13:05:18.354352 13989 sys_catalog.cc:458] T 00000000000000000000000000000000 P f05cda94e3d9403f947558e60af5cfcb [sys.catalog]: This master's current role is: LEADER
I20260709 13:05:18.356973 13988 sys_catalog.cc:455] T 00000000000000000000000000000000 P f05cda94e3d9403f947558e60af5cfcb [sys.catalog]: SysCatalogTable state changed. Reason: RaftConsensus started. Latest consensus state: current_term: 1 leader_uuid: "f05cda94e3d9403f947558e60af5cfcb" committed_config { opid_index: -1 OBSOLETE_local: true peers { permanent_uuid: "f05cda94e3d9403f947558e60af5cfcb" member_type: VOTER } }
I20260709 13:05:18.357874 13988 sys_catalog.cc:458] T 00000000000000000000000000000000 P f05cda94e3d9403f947558e60af5cfcb [sys.catalog]: This master's current role is: LEADER
I20260709 13:05:18.364866 13997 catalog_manager.cc:1511] Loading table and tablet metadata into memory...
I20260709 13:05:18.379199 13997 catalog_manager.cc:1520] Initializing Kudu cluster ID...
I20260709 13:05:18.382088 13917 internal_mini_cluster.cc:184] Waiting to initialize catalog manager on master 0
I20260709 13:05:18.396600 13997 catalog_manager.cc:1383] Generated new cluster ID: 5becfb4b435d442e98fc9f0be694842d
I20260709 13:05:18.396944 13997 catalog_manager.cc:1531] Initializing Kudu internal certificate authority...
I20260709 13:05:18.422242 13997 catalog_manager.cc:1406] Generated new certificate authority record
I20260709 13:05:18.423900 13997 catalog_manager.cc:1540] Loading token signing keys...
I20260709 13:05:18.441277 13997 catalog_manager.cc:6070] T 00000000000000000000000000000000 P f05cda94e3d9403f947558e60af5cfcb: Generated new TSK 0
I20260709 13:05:18.442387 13997 catalog_manager.cc:1550] Initializing in-progress tserver states...
I20260709 13:05:18.449307 13917 file_cache.cc:504] Constructed file cache file cache with capacity 419430
W20260709 13:05:18.459370 14006 instance_detector.cc:116] could not retrieve AWS instance metadata: Network error: curl error: HTTP response code said error: The requested URL returned error: 404
W20260709 13:05:18.460180 14007 instance_detector.cc:116] could not retrieve Azure instance metadata: Network error: curl error: HTTP response code said error: The requested URL returned error: 404
W20260709 13:05:18.466408 14009 instance_detector.cc:116] could not retrieve OpenStack instance metadata: Network error: curl error: HTTP response code said error: The requested URL returned error: 404
I20260709 13:05:18.466571 13917 server_base.cc:1061] running on GCE node
I20260709 13:05:18.467623 13917 hybrid_clock.cc:584] initializing the hybrid clock with 'system_unsync' time source
W20260709 13:05:18.467880 13917 system_unsync_time.cc:38] NTP support is disabled. Clock error bounds will not be accurate. This configuration is not suitable for distributed clusters.
I20260709 13:05:18.468083 13917 hybrid_clock.cc:648] HybridClock initialized: now 1783602318468064 us; error 0 us; skew 500 ppm
I20260709 13:05:18.468677 13917 server_base.cc:861] Flag tcmalloc_max_total_thread_cache_bytes is not working since tcmalloc is not enabled.
I20260709 13:05:18.473349 13917 webserver.cc:533] Webserver started at http://127.13.151.65:36465/ using document root <none> and password file <none>
I20260709 13:05:18.474000 13917 fs_manager.cc:362] Metadata directory not provided
I20260709 13:05:18.474231 13917 fs_manager.cc:368] Using write-ahead log directory (fs_wal_dir) as metadata directory
I20260709 13:05:18.474524 13917 server_base.cc:909] This appears to be a new deployment of Kudu; creating new FS layout
I20260709 13:05:18.475710 13917 fs_manager.cc:1068] Generated new instance metadata in path /tmp/dist-test-tasksFAzPs/test-tmp/auto_leader_rebalancer-test.0.LeaderRebalancerTest.FunctionalTestForDivided.1783602316623163-13917-0/minicluster-data/ts-0-root/instance:
uuid: "a5e3324e47c04a3595abef504997e045"
format_stamp: "Formatted at 2026-07-09 13:05:18 on dist-test-slave-jk05"
I20260709 13:05:18.481972 13917 fs_manager.cc:696] Time spent creating directory manager: real 0.006s	user 0.007s	sys 0.001s
I20260709 13:05:18.486861 14014 log_block_manager.cc:4127] Time spent loading block containers with low live blocks: real 0.000s	user 0.000s	sys 0.000s
I20260709 13:05:18.487777 13917 fs_manager.cc:730] Time spent opening block manager: real 0.004s	user 0.002s	sys 0.003s
I20260709 13:05:18.488080 13917 fs_manager.cc:647] Opened local filesystem: /tmp/dist-test-tasksFAzPs/test-tmp/auto_leader_rebalancer-test.0.LeaderRebalancerTest.FunctionalTestForDivided.1783602316623163-13917-0/minicluster-data/ts-0-root
uuid: "a5e3324e47c04a3595abef504997e045"
format_stamp: "Formatted at 2026-07-09 13:05:18 on dist-test-slave-jk05"
I20260709 13:05:18.488406 13917 fs_report.cc:389] FS layout report
--------------------
wal directory: /tmp/dist-test-tasksFAzPs/test-tmp/auto_leader_rebalancer-test.0.LeaderRebalancerTest.FunctionalTestForDivided.1783602316623163-13917-0/minicluster-data/ts-0-root
metadata directory: /tmp/dist-test-tasksFAzPs/test-tmp/auto_leader_rebalancer-test.0.LeaderRebalancerTest.FunctionalTestForDivided.1783602316623163-13917-0/minicluster-data/ts-0-root
1 data directories: /tmp/dist-test-tasksFAzPs/test-tmp/auto_leader_rebalancer-test.0.LeaderRebalancerTest.FunctionalTestForDivided.1783602316623163-13917-0/minicluster-data/ts-0-root/data
Total live blocks: 0
Total live bytes: 0
Total live bytes (after alignment): 0
Total number of LBM containers: 0 (0 full)
Did not check for missing blocks
Did not check for orphaned blocks
Total full LBM containers with extra space: 0 (0 repaired)
Total full LBM container extra space in bytes: 0 (0 repaired)
Total incomplete LBM containers: 0 (0 repaired)
Total LBM partial records: 0 (0 repaired)
Total corrupted LBM metadata records in RocksDB: 0 (0 repaired)
I20260709 13:05:18.522864 13917 rpc_server.cc:225] running with OpenSSL 1.1.1  11 Sep 2018
I20260709 13:05:18.525077 13917 kserver.cc:163] Server-wide thread pool size limit: 3276
I20260709 13:05:18.529090 13917 txn_system_client.cc:432] TxnSystemClient initialization is disabled...
I20260709 13:05:18.535938 13917 ts_tablet_manager.cc:585] Loaded tablet metadata (0 total tablets, 0 live tablets)
I20260709 13:05:18.536255 13917 ts_tablet_manager.cc:531] Time spent load tablet metadata: real 0.000s	user 0.000s	sys 0.000s
I20260709 13:05:18.536609 13917 ts_tablet_manager.cc:616] Registered 0 tablets
I20260709 13:05:18.536801 13917 ts_tablet_manager.cc:595] Time spent register tablets: real 0.000s	user 0.000s	sys 0.000s
I20260709 13:05:18.658700 13917 rpc_server.cc:307] RPC server started. Bound to: 127.13.151.65:44167
I20260709 13:05:18.658792 14076 acceptor_pool.cc:272] collecting diagnostics on the listening RPC socket 127.13.151.65:44167 every 8 connection(s)
I20260709 13:05:18.666831 13917 file_cache.cc:504] Constructed file cache file cache with capacity 419430
W20260709 13:05:18.681502 14081 instance_detector.cc:116] could not retrieve AWS instance metadata: Network error: curl error: HTTP response code said error: The requested URL returned error: 404
W20260709 13:05:18.686976 14082 instance_detector.cc:116] could not retrieve Azure instance metadata: Network error: curl error: HTTP response code said error: The requested URL returned error: 404
W20260709 13:05:18.699275 14085 instance_detector.cc:116] could not retrieve OpenStack instance metadata: Network error: curl error: HTTP response code said error: The requested URL returned error: 404
I20260709 13:05:18.699429 13917 server_base.cc:1061] running on GCE node
I20260709 13:05:18.700636 13917 hybrid_clock.cc:584] initializing the hybrid clock with 'system_unsync' time source
W20260709 13:05:18.700942 13917 system_unsync_time.cc:38] NTP support is disabled. Clock error bounds will not be accurate. This configuration is not suitable for distributed clusters.
I20260709 13:05:18.701172 13917 hybrid_clock.cc:648] HybridClock initialized: now 1783602318701148 us; error 0 us; skew 500 ppm
I20260709 13:05:18.702021 13917 server_base.cc:861] Flag tcmalloc_max_total_thread_cache_bytes is not working since tcmalloc is not enabled.
I20260709 13:05:18.705344 13917 webserver.cc:533] Webserver started at http://127.13.151.66:44941/ using document root <none> and password file <none>
I20260709 13:05:18.705976 14077 heartbeater.cc:344] Connected to a master server at 127.13.151.126:42375
I20260709 13:05:18.706110 13917 fs_manager.cc:362] Metadata directory not provided
I20260709 13:05:18.706710 14077 heartbeater.cc:461] Registering TS with master...
I20260709 13:05:18.706714 13917 fs_manager.cc:368] Using write-ahead log directory (fs_wal_dir) as metadata directory
I20260709 13:05:18.707551 13917 server_base.cc:909] This appears to be a new deployment of Kudu; creating new FS layout
I20260709 13:05:18.708124 14077 heartbeater.cc:507] Master 127.13.151.126:42375 requested a full tablet report, sending...
I20260709 13:05:18.709332 13917 fs_manager.cc:1068] Generated new instance metadata in path /tmp/dist-test-tasksFAzPs/test-tmp/auto_leader_rebalancer-test.0.LeaderRebalancerTest.FunctionalTestForDivided.1783602316623163-13917-0/minicluster-data/ts-1-root/instance:
uuid: "63034da22648439598ddf38803c64767"
format_stamp: "Formatted at 2026-07-09 13:05:18 on dist-test-slave-jk05"
I20260709 13:05:18.711653 13949 ts_manager.cc:194] Registered new tserver with Master: a5e3324e47c04a3595abef504997e045 (127.13.151.65:44167)
I20260709 13:05:18.714780 13949 master_service.cc:502] Signed X509 certificate for tserver {username='slave'} at 127.0.0.1:41298
I20260709 13:05:18.717517 13917 fs_manager.cc:696] Time spent creating directory manager: real 0.007s	user 0.002s	sys 0.005s
I20260709 13:05:18.723433 14089 log_block_manager.cc:4127] Time spent loading block containers with low live blocks: real 0.000s	user 0.000s	sys 0.000s
I20260709 13:05:18.724546 13917 fs_manager.cc:730] Time spent opening block manager: real 0.004s	user 0.002s	sys 0.003s
I20260709 13:05:18.724931 13917 fs_manager.cc:647] Opened local filesystem: /tmp/dist-test-tasksFAzPs/test-tmp/auto_leader_rebalancer-test.0.LeaderRebalancerTest.FunctionalTestForDivided.1783602316623163-13917-0/minicluster-data/ts-1-root
uuid: "63034da22648439598ddf38803c64767"
format_stamp: "Formatted at 2026-07-09 13:05:18 on dist-test-slave-jk05"
I20260709 13:05:18.725301 13917 fs_report.cc:389] FS layout report
--------------------
wal directory: /tmp/dist-test-tasksFAzPs/test-tmp/auto_leader_rebalancer-test.0.LeaderRebalancerTest.FunctionalTestForDivided.1783602316623163-13917-0/minicluster-data/ts-1-root
metadata directory: /tmp/dist-test-tasksFAzPs/test-tmp/auto_leader_rebalancer-test.0.LeaderRebalancerTest.FunctionalTestForDivided.1783602316623163-13917-0/minicluster-data/ts-1-root
1 data directories: /tmp/dist-test-tasksFAzPs/test-tmp/auto_leader_rebalancer-test.0.LeaderRebalancerTest.FunctionalTestForDivided.1783602316623163-13917-0/minicluster-data/ts-1-root/data
Total live blocks: 0
Total live bytes: 0
Total live bytes (after alignment): 0
Total number of LBM containers: 0 (0 full)
Did not check for missing blocks
Did not check for orphaned blocks
Total full LBM containers with extra space: 0 (0 repaired)
Total full LBM container extra space in bytes: 0 (0 repaired)
Total incomplete LBM containers: 0 (0 repaired)
Total LBM partial records: 0 (0 repaired)
Total corrupted LBM metadata records in RocksDB: 0 (0 repaired)
I20260709 13:05:18.767091 13917 rpc_server.cc:225] running with OpenSSL 1.1.1  11 Sep 2018
I20260709 13:05:18.768608 13917 kserver.cc:163] Server-wide thread pool size limit: 3276
I20260709 13:05:18.770886 13917 txn_system_client.cc:432] TxnSystemClient initialization is disabled...
I20260709 13:05:18.774313 13917 ts_tablet_manager.cc:585] Loaded tablet metadata (0 total tablets, 0 live tablets)
I20260709 13:05:18.774582 13917 ts_tablet_manager.cc:531] Time spent load tablet metadata: real 0.000s	user 0.000s	sys 0.000s
I20260709 13:05:18.774849 13917 ts_tablet_manager.cc:616] Registered 0 tablets
I20260709 13:05:18.775031 13917 ts_tablet_manager.cc:595] Time spent register tablets: real 0.000s	user 0.000s	sys 0.000s
I20260709 13:05:18.877804 13917 rpc_server.cc:307] RPC server started. Bound to: 127.13.151.66:32899
I20260709 13:05:18.877941 14151 acceptor_pool.cc:272] collecting diagnostics on the listening RPC socket 127.13.151.66:32899 every 8 connection(s)
I20260709 13:05:18.886165 13917 file_cache.cc:504] Constructed file cache file cache with capacity 419430
W20260709 13:05:18.899453 14156 instance_detector.cc:116] could not retrieve Azure instance metadata: Network error: curl error: HTTP response code said error: The requested URL returned error: 404
I20260709 13:05:18.902899 14152 heartbeater.cc:344] Connected to a master server at 127.13.151.126:42375
I20260709 13:05:18.903396 14152 heartbeater.cc:461] Registering TS with master...
W20260709 13:05:18.904379 14158 instance_detector.cc:116] could not retrieve OpenStack instance metadata: Network error: curl error: HTTP response code said error: The requested URL returned error: 404
I20260709 13:05:18.904491 14152 heartbeater.cc:507] Master 127.13.151.126:42375 requested a full tablet report, sending...
W20260709 13:05:18.905777 14155 instance_detector.cc:116] could not retrieve AWS instance metadata: Network error: curl error: HTTP response code said error: The requested URL returned error: 404
I20260709 13:05:18.908219 13949 ts_manager.cc:194] Registered new tserver with Master: 63034da22648439598ddf38803c64767 (127.13.151.66:32899)
I20260709 13:05:18.910483 13949 master_service.cc:502] Signed X509 certificate for tserver {username='slave'} at 127.0.0.1:41302
I20260709 13:05:18.916435 13917 server_base.cc:1061] running on GCE node
I20260709 13:05:18.917703 13917 hybrid_clock.cc:584] initializing the hybrid clock with 'system_unsync' time source
W20260709 13:05:18.917924 13917 system_unsync_time.cc:38] NTP support is disabled. Clock error bounds will not be accurate. This configuration is not suitable for distributed clusters.
I20260709 13:05:18.918150 13917 hybrid_clock.cc:648] HybridClock initialized: now 1783602318918113 us; error 0 us; skew 500 ppm
I20260709 13:05:18.918726 13917 server_base.cc:861] Flag tcmalloc_max_total_thread_cache_bytes is not working since tcmalloc is not enabled.
I20260709 13:05:18.921859 13917 webserver.cc:533] Webserver started at http://127.13.151.67:42877/ using document root <none> and password file <none>
I20260709 13:05:18.922417 13917 fs_manager.cc:362] Metadata directory not provided
I20260709 13:05:18.922652 13917 fs_manager.cc:368] Using write-ahead log directory (fs_wal_dir) as metadata directory
I20260709 13:05:18.922947 13917 server_base.cc:909] This appears to be a new deployment of Kudu; creating new FS layout
I20260709 13:05:18.924015 13917 fs_manager.cc:1068] Generated new instance metadata in path /tmp/dist-test-tasksFAzPs/test-tmp/auto_leader_rebalancer-test.0.LeaderRebalancerTest.FunctionalTestForDivided.1783602316623163-13917-0/minicluster-data/ts-2-root/instance:
uuid: "5bf3d838fc8047038d2e884042bf17b7"
format_stamp: "Formatted at 2026-07-09 13:05:18 on dist-test-slave-jk05"
I20260709 13:05:18.930126 13917 fs_manager.cc:696] Time spent creating directory manager: real 0.006s	user 0.006s	sys 0.001s
I20260709 13:05:18.934208 14163 log_block_manager.cc:4127] Time spent loading block containers with low live blocks: real 0.000s	user 0.000s	sys 0.000s
I20260709 13:05:18.935251 13917 fs_manager.cc:730] Time spent opening block manager: real 0.003s	user 0.003s	sys 0.001s
I20260709 13:05:18.935606 13917 fs_manager.cc:647] Opened local filesystem: /tmp/dist-test-tasksFAzPs/test-tmp/auto_leader_rebalancer-test.0.LeaderRebalancerTest.FunctionalTestForDivided.1783602316623163-13917-0/minicluster-data/ts-2-root
uuid: "5bf3d838fc8047038d2e884042bf17b7"
format_stamp: "Formatted at 2026-07-09 13:05:18 on dist-test-slave-jk05"
I20260709 13:05:18.935923 13917 fs_report.cc:389] FS layout report
--------------------
wal directory: /tmp/dist-test-tasksFAzPs/test-tmp/auto_leader_rebalancer-test.0.LeaderRebalancerTest.FunctionalTestForDivided.1783602316623163-13917-0/minicluster-data/ts-2-root
metadata directory: /tmp/dist-test-tasksFAzPs/test-tmp/auto_leader_rebalancer-test.0.LeaderRebalancerTest.FunctionalTestForDivided.1783602316623163-13917-0/minicluster-data/ts-2-root
1 data directories: /tmp/dist-test-tasksFAzPs/test-tmp/auto_leader_rebalancer-test.0.LeaderRebalancerTest.FunctionalTestForDivided.1783602316623163-13917-0/minicluster-data/ts-2-root/data
Total live blocks: 0
Total live bytes: 0
Total live bytes (after alignment): 0
Total number of LBM containers: 0 (0 full)
Did not check for missing blocks
Did not check for orphaned blocks
Total full LBM containers with extra space: 0 (0 repaired)
Total full LBM container extra space in bytes: 0 (0 repaired)
Total incomplete LBM containers: 0 (0 repaired)
Total LBM partial records: 0 (0 repaired)
Total corrupted LBM metadata records in RocksDB: 0 (0 repaired)
I20260709 13:05:18.970786 13917 rpc_server.cc:225] running with OpenSSL 1.1.1  11 Sep 2018
I20260709 13:05:18.972224 13917 kserver.cc:163] Server-wide thread pool size limit: 3276
I20260709 13:05:18.974135 13917 txn_system_client.cc:432] TxnSystemClient initialization is disabled...
I20260709 13:05:18.977360 13917 ts_tablet_manager.cc:585] Loaded tablet metadata (0 total tablets, 0 live tablets)
I20260709 13:05:18.977699 13917 ts_tablet_manager.cc:531] Time spent load tablet metadata: real 0.000s	user 0.001s	sys 0.000s
I20260709 13:05:18.978063 13917 ts_tablet_manager.cc:616] Registered 0 tablets
I20260709 13:05:18.978238 13917 ts_tablet_manager.cc:595] Time spent register tablets: real 0.000s	user 0.000s	sys 0.000s
I20260709 13:05:19.083489 13917 rpc_server.cc:307] RPC server started. Bound to: 127.13.151.67:35309
I20260709 13:05:19.083616 14225 acceptor_pool.cc:272] collecting diagnostics on the listening RPC socket 127.13.151.67:35309 every 8 connection(s)
I20260709 13:05:19.103255 14226 heartbeater.cc:344] Connected to a master server at 127.13.151.126:42375
I20260709 13:05:19.103703 14226 heartbeater.cc:461] Registering TS with master...
I20260709 13:05:19.104668 14226 heartbeater.cc:507] Master 127.13.151.126:42375 requested a full tablet report, sending...
I20260709 13:05:19.107189 13949 ts_manager.cc:194] Registered new tserver with Master: 5bf3d838fc8047038d2e884042bf17b7 (127.13.151.67:35309)
I20260709 13:05:19.107321 13917 internal_mini_cluster.cc:371] 3 TS(s) registered with all masters after 0.018748405s
I20260709 13:05:19.109035 13949 master_service.cc:502] Signed X509 certificate for tserver {username='slave'} at 127.0.0.1:41304
I20260709 13:05:19.169855 13949 catalog_manager.cc:2283] Servicing CreateTable request from {username='slave'} at 127.0.0.1:41310:
name: "test-workload"
schema {
  columns {
    name: "key"
    type: INT32
    is_key: true
    is_nullable: false
    encoding: AUTO_ENCODING
    compression: DEFAULT_COMPRESSION
    cfile_block_size: 0
    immutable: false
  }
  columns {
    name: "int_val"
    type: INT32
    is_key: false
    is_nullable: false
    encoding: AUTO_ENCODING
    compression: DEFAULT_COMPRESSION
    cfile_block_size: 0
    immutable: false
  }
  columns {
    name: "string_val"
    type: STRING
    is_key: false
    is_nullable: true
    encoding: AUTO_ENCODING
    compression: DEFAULT_COMPRESSION
    cfile_block_size: 0
    immutable: false
  }
}
num_replicas: 3
split_rows_range_bounds {
  rows: "\004\001\000\216\3438\016\004\001\000\034\307q\034\004\001\000\252\252\252*\004\001\0008\216\3438\004\001\000\306q\034G\004\001\000TUUU\004\001\000\3428\216c\004\001\000p\034\307q""\004\001\000\216\3438\016\004\001\000\034\307q\034\004\001\000\252\252\252*\004\001\0008\216\3438\004\001\000\306q\034G\004\001\000TUUU\004\001\000\3428\216c\004\001\000p\034\307q"
  indirect_data: """"
}
partition_schema {
  range_schema {
    columns {
      name: "key"
    }
  }
}
W20260709 13:05:19.173697 13949 catalog_manager.cc:7077] The number of live tablet servers is not enough to re-replicate a tablet replica of the newly created table test-workload in case of a server failure: 4 tablet servers would be needed, 3 are available. Consider bringing up more tablet servers.
I20260709 13:05:19.298957 14117 tablet_service.cc:1511] Processing CreateTablet for tablet 9142bc7bb42742ff891d679c98b6080c (DEFAULT_TABLE table=test-workload [id=83bf544d3baf4368b4612fd6dd4e0d29]), partition=RANGE (key) PARTITION VALUES < 238609294
I20260709 13:05:19.299863 14116 tablet_service.cc:1511] Processing CreateTablet for tablet 26a6b6530e97480a9b2643c4af4018ad (DEFAULT_TABLE table=test-workload [id=83bf544d3baf4368b4612fd6dd4e0d29]), partition=RANGE (key) PARTITION 238609294 <= VALUES < 477218588
I20260709 13:05:19.300765 14117 data_dirs.cc:400] Could only allocate 1 dirs of requested 3 for tablet 9142bc7bb42742ff891d679c98b6080c. 1 dirs total, 0 dirs full, 0 dirs failed
I20260709 13:05:19.303438 14115 tablet_service.cc:1511] Processing CreateTablet for tablet 07e9c8d9b96643199408c8f5583f2f67 (DEFAULT_TABLE table=test-workload [id=83bf544d3baf4368b4612fd6dd4e0d29]), partition=RANGE (key) PARTITION 477218588 <= VALUES < 715827882
I20260709 13:05:19.306723 14042 tablet_service.cc:1511] Processing CreateTablet for tablet 9142bc7bb42742ff891d679c98b6080c (DEFAULT_TABLE table=test-workload [id=83bf544d3baf4368b4612fd6dd4e0d29]), partition=RANGE (key) PARTITION VALUES < 238609294
I20260709 13:05:19.306784 14113 tablet_service.cc:1511] Processing CreateTablet for tablet 72f321f01cef4014bc53da94a9e0895f (DEFAULT_TABLE table=test-workload [id=83bf544d3baf4368b4612fd6dd4e0d29]), partition=RANGE (key) PARTITION 954437176 <= VALUES < 1193046470
I20260709 13:05:19.308231 14114 tablet_service.cc:1511] Processing CreateTablet for tablet c67bf3d3d9914c97a7e1417a54f31030 (DEFAULT_TABLE table=test-workload [id=83bf544d3baf4368b4612fd6dd4e0d29]), partition=RANGE (key) PARTITION 715827882 <= VALUES < 954437176
I20260709 13:05:19.311098 14042 data_dirs.cc:400] Could only allocate 1 dirs of requested 3 for tablet 9142bc7bb42742ff891d679c98b6080c. 1 dirs total, 0 dirs full, 0 dirs failed
I20260709 13:05:19.310544 14112 tablet_service.cc:1511] Processing CreateTablet for tablet d39ff92e938f4a7cbc32b222cb1dc4f4 (DEFAULT_TABLE table=test-workload [id=83bf544d3baf4368b4612fd6dd4e0d29]), partition=RANGE (key) PARTITION 1193046470 <= VALUES < 1431655764
I20260709 13:05:19.317677 14040 tablet_service.cc:1511] Processing CreateTablet for tablet 07e9c8d9b96643199408c8f5583f2f67 (DEFAULT_TABLE table=test-workload [id=83bf544d3baf4368b4612fd6dd4e0d29]), partition=RANGE (key) PARTITION 477218588 <= VALUES < 715827882
I20260709 13:05:19.318864 14116 data_dirs.cc:400] Could only allocate 1 dirs of requested 3 for tablet 26a6b6530e97480a9b2643c4af4018ad. 1 dirs total, 0 dirs full, 0 dirs failed
I20260709 13:05:19.322276 14039 tablet_service.cc:1511] Processing CreateTablet for tablet c67bf3d3d9914c97a7e1417a54f31030 (DEFAULT_TABLE table=test-workload [id=83bf544d3baf4368b4612fd6dd4e0d29]), partition=RANGE (key) PARTITION 715827882 <= VALUES < 954437176
I20260709 13:05:19.323869 14039 data_dirs.cc:400] Could only allocate 1 dirs of requested 3 for tablet c67bf3d3d9914c97a7e1417a54f31030. 1 dirs total, 0 dirs full, 0 dirs failed
I20260709 13:05:19.330026 14038 tablet_service.cc:1511] Processing CreateTablet for tablet 72f321f01cef4014bc53da94a9e0895f (DEFAULT_TABLE table=test-workload [id=83bf544d3baf4368b4612fd6dd4e0d29]), partition=RANGE (key) PARTITION 954437176 <= VALUES < 1193046470
I20260709 13:05:19.331578 14038 data_dirs.cc:400] Could only allocate 1 dirs of requested 3 for tablet 72f321f01cef4014bc53da94a9e0895f. 1 dirs total, 0 dirs full, 0 dirs failed
I20260709 13:05:19.342327 14037 tablet_service.cc:1511] Processing CreateTablet for tablet d39ff92e938f4a7cbc32b222cb1dc4f4 (DEFAULT_TABLE table=test-workload [id=83bf544d3baf4368b4612fd6dd4e0d29]), partition=RANGE (key) PARTITION 1193046470 <= VALUES < 1431655764
I20260709 13:05:19.344025 14037 data_dirs.cc:400] Could only allocate 1 dirs of requested 3 for tablet d39ff92e938f4a7cbc32b222cb1dc4f4. 1 dirs total, 0 dirs full, 0 dirs failed
I20260709 13:05:19.319116 14041 tablet_service.cc:1511] Processing CreateTablet for tablet 26a6b6530e97480a9b2643c4af4018ad (DEFAULT_TABLE table=test-workload [id=83bf544d3baf4368b4612fd6dd4e0d29]), partition=RANGE (key) PARTITION 238609294 <= VALUES < 477218588
I20260709 13:05:19.347617 14041 data_dirs.cc:400] Could only allocate 1 dirs of requested 3 for tablet 26a6b6530e97480a9b2643c4af4018ad. 1 dirs total, 0 dirs full, 0 dirs failed
I20260709 13:05:19.346518 14112 data_dirs.cc:400] Could only allocate 1 dirs of requested 3 for tablet d39ff92e938f4a7cbc32b222cb1dc4f4. 1 dirs total, 0 dirs full, 0 dirs failed
I20260709 13:05:19.356195 14115 data_dirs.cc:400] Could only allocate 1 dirs of requested 3 for tablet 07e9c8d9b96643199408c8f5583f2f67. 1 dirs total, 0 dirs full, 0 dirs failed
I20260709 13:05:19.364816 14040 data_dirs.cc:400] Could only allocate 1 dirs of requested 3 for tablet 07e9c8d9b96643199408c8f5583f2f67. 1 dirs total, 0 dirs full, 0 dirs failed
I20260709 13:05:19.371496 14113 data_dirs.cc:400] Could only allocate 1 dirs of requested 3 for tablet 72f321f01cef4014bc53da94a9e0895f. 1 dirs total, 0 dirs full, 0 dirs failed
I20260709 13:05:19.381830 14114 data_dirs.cc:400] Could only allocate 1 dirs of requested 3 for tablet c67bf3d3d9914c97a7e1417a54f31030. 1 dirs total, 0 dirs full, 0 dirs failed
I20260709 13:05:19.368583 14111 tablet_service.cc:1511] Processing CreateTablet for tablet 1124c91923da488ba440ca62389119e9 (DEFAULT_TABLE table=test-workload [id=83bf544d3baf4368b4612fd6dd4e0d29]), partition=RANGE (key) PARTITION 1431655764 <= VALUES < 1670265058
I20260709 13:05:19.384804 14036 tablet_service.cc:1511] Processing CreateTablet for tablet 1124c91923da488ba440ca62389119e9 (DEFAULT_TABLE table=test-workload [id=83bf544d3baf4368b4612fd6dd4e0d29]), partition=RANGE (key) PARTITION 1431655764 <= VALUES < 1670265058
I20260709 13:05:19.387501 14036 data_dirs.cc:400] Could only allocate 1 dirs of requested 3 for tablet 1124c91923da488ba440ca62389119e9. 1 dirs total, 0 dirs full, 0 dirs failed
I20260709 13:05:19.398911 14111 data_dirs.cc:400] Could only allocate 1 dirs of requested 3 for tablet 1124c91923da488ba440ca62389119e9. 1 dirs total, 0 dirs full, 0 dirs failed
I20260709 13:05:19.408154 14189 tablet_service.cc:1511] Processing CreateTablet for tablet 07e9c8d9b96643199408c8f5583f2f67 (DEFAULT_TABLE table=test-workload [id=83bf544d3baf4368b4612fd6dd4e0d29]), partition=RANGE (key) PARTITION 477218588 <= VALUES < 715827882
I20260709 13:05:19.409663 14189 data_dirs.cc:400] Could only allocate 1 dirs of requested 3 for tablet 07e9c8d9b96643199408c8f5583f2f67. 1 dirs total, 0 dirs full, 0 dirs failed
W20260709 13:05:19.406885 13996 auto_rebalancer.cc:288] Could not retrieve cluster info: Service unavailable: Tablet not running
I20260709 13:05:19.431720 14188 tablet_service.cc:1511] Processing CreateTablet for tablet c67bf3d3d9914c97a7e1417a54f31030 (DEFAULT_TABLE table=test-workload [id=83bf544d3baf4368b4612fd6dd4e0d29]), partition=RANGE (key) PARTITION 715827882 <= VALUES < 954437176
I20260709 13:05:19.412453 14190 tablet_service.cc:1511] Processing CreateTablet for tablet 26a6b6530e97480a9b2643c4af4018ad (DEFAULT_TABLE table=test-workload [id=83bf544d3baf4368b4612fd6dd4e0d29]), partition=RANGE (key) PARTITION 238609294 <= VALUES < 477218588
I20260709 13:05:19.429718 14191 tablet_service.cc:1511] Processing CreateTablet for tablet 9142bc7bb42742ff891d679c98b6080c (DEFAULT_TABLE table=test-workload [id=83bf544d3baf4368b4612fd6dd4e0d29]), partition=RANGE (key) PARTITION VALUES < 238609294
I20260709 13:05:19.454010 14035 tablet_service.cc:1511] Processing CreateTablet for tablet 239a5d56102b41b3867b499f2fd8428a (DEFAULT_TABLE table=test-workload [id=83bf544d3baf4368b4612fd6dd4e0d29]), partition=RANGE (key) PARTITION 1670265058 <= VALUES < 1908874352
I20260709 13:05:19.452258 14188 data_dirs.cc:400] Could only allocate 1 dirs of requested 3 for tablet c67bf3d3d9914c97a7e1417a54f31030. 1 dirs total, 0 dirs full, 0 dirs failed
I20260709 13:05:19.458575 14035 data_dirs.cc:400] Could only allocate 1 dirs of requested 3 for tablet 239a5d56102b41b3867b499f2fd8428a. 1 dirs total, 0 dirs full, 0 dirs failed
I20260709 13:05:19.452762 14187 tablet_service.cc:1511] Processing CreateTablet for tablet 72f321f01cef4014bc53da94a9e0895f (DEFAULT_TABLE table=test-workload [id=83bf544d3baf4368b4612fd6dd4e0d29]), partition=RANGE (key) PARTITION 954437176 <= VALUES < 1193046470
I20260709 13:05:19.461946 14186 tablet_service.cc:1511] Processing CreateTablet for tablet d39ff92e938f4a7cbc32b222cb1dc4f4 (DEFAULT_TABLE table=test-workload [id=83bf544d3baf4368b4612fd6dd4e0d29]), partition=RANGE (key) PARTITION 1193046470 <= VALUES < 1431655764
I20260709 13:05:19.466431 14187 data_dirs.cc:400] Could only allocate 1 dirs of requested 3 for tablet 72f321f01cef4014bc53da94a9e0895f. 1 dirs total, 0 dirs full, 0 dirs failed
I20260709 13:05:19.454825 14185 tablet_service.cc:1511] Processing CreateTablet for tablet 1124c91923da488ba440ca62389119e9 (DEFAULT_TABLE table=test-workload [id=83bf544d3baf4368b4612fd6dd4e0d29]), partition=RANGE (key) PARTITION 1431655764 <= VALUES < 1670265058
I20260709 13:05:19.471580 14190 data_dirs.cc:400] Could only allocate 1 dirs of requested 3 for tablet 26a6b6530e97480a9b2643c4af4018ad. 1 dirs total, 0 dirs full, 0 dirs failed
I20260709 13:05:19.475261 14185 data_dirs.cc:400] Could only allocate 1 dirs of requested 3 for tablet 1124c91923da488ba440ca62389119e9. 1 dirs total, 0 dirs full, 0 dirs failed
I20260709 13:05:19.479933 14186 data_dirs.cc:400] Could only allocate 1 dirs of requested 3 for tablet d39ff92e938f4a7cbc32b222cb1dc4f4. 1 dirs total, 0 dirs full, 0 dirs failed
I20260709 13:05:19.486161 14244 tablet_bootstrap.cc:492] T 72f321f01cef4014bc53da94a9e0895f P a5e3324e47c04a3595abef504997e045: Bootstrap starting.
I20260709 13:05:19.485882 14110 tablet_service.cc:1511] Processing CreateTablet for tablet 239a5d56102b41b3867b499f2fd8428a (DEFAULT_TABLE table=test-workload [id=83bf544d3baf4368b4612fd6dd4e0d29]), partition=RANGE (key) PARTITION 1670265058 <= VALUES < 1908874352
I20260709 13:05:19.488718 14110 data_dirs.cc:400] Could only allocate 1 dirs of requested 3 for tablet 239a5d56102b41b3867b499f2fd8428a. 1 dirs total, 0 dirs full, 0 dirs failed
I20260709 13:05:19.497467 14191 data_dirs.cc:400] Could only allocate 1 dirs of requested 3 for tablet 9142bc7bb42742ff891d679c98b6080c. 1 dirs total, 0 dirs full, 0 dirs failed
I20260709 13:05:19.521616 14184 tablet_service.cc:1511] Processing CreateTablet for tablet 239a5d56102b41b3867b499f2fd8428a (DEFAULT_TABLE table=test-workload [id=83bf544d3baf4368b4612fd6dd4e0d29]), partition=RANGE (key) PARTITION 1670265058 <= VALUES < 1908874352
I20260709 13:05:19.527654 14184 data_dirs.cc:400] Could only allocate 1 dirs of requested 3 for tablet 239a5d56102b41b3867b499f2fd8428a. 1 dirs total, 0 dirs full, 0 dirs failed
I20260709 13:05:19.551800 14039 tablet_service.cc:1511] Processing CreateTablet for tablet 8d4e84f7e9cc46f6a01dea69bfd68c24 (DEFAULT_TABLE table=test-workload [id=83bf544d3baf4368b4612fd6dd4e0d29]), partition=RANGE (key) PARTITION 1908874352 <= VALUES
I20260709 13:05:19.553877 14039 data_dirs.cc:400] Could only allocate 1 dirs of requested 3 for tablet 8d4e84f7e9cc46f6a01dea69bfd68c24. 1 dirs total, 0 dirs full, 0 dirs failed
I20260709 13:05:19.562552 14117 tablet_service.cc:1511] Processing CreateTablet for tablet 8d4e84f7e9cc46f6a01dea69bfd68c24 (DEFAULT_TABLE table=test-workload [id=83bf544d3baf4368b4612fd6dd4e0d29]), partition=RANGE (key) PARTITION 1908874352 <= VALUES
I20260709 13:05:19.568233 14117 data_dirs.cc:400] Could only allocate 1 dirs of requested 3 for tablet 8d4e84f7e9cc46f6a01dea69bfd68c24. 1 dirs total, 0 dirs full, 0 dirs failed
I20260709 13:05:19.577824 14245 tablet_bootstrap.cc:492] T 26a6b6530e97480a9b2643c4af4018ad P 63034da22648439598ddf38803c64767: Bootstrap starting.
I20260709 13:05:19.607323 14244 tablet_bootstrap.cc:654] T 72f321f01cef4014bc53da94a9e0895f P a5e3324e47c04a3595abef504997e045: Neither blocks nor log segments found. Creating new log.
I20260709 13:05:19.609304 14183 tablet_service.cc:1511] Processing CreateTablet for tablet 8d4e84f7e9cc46f6a01dea69bfd68c24 (DEFAULT_TABLE table=test-workload [id=83bf544d3baf4368b4612fd6dd4e0d29]), partition=RANGE (key) PARTITION 1908874352 <= VALUES
I20260709 13:05:19.612087 14183 data_dirs.cc:400] Could only allocate 1 dirs of requested 3 for tablet 8d4e84f7e9cc46f6a01dea69bfd68c24. 1 dirs total, 0 dirs full, 0 dirs failed
I20260709 13:05:19.653976 14246 tablet_bootstrap.cc:492] T 26a6b6530e97480a9b2643c4af4018ad P 5bf3d838fc8047038d2e884042bf17b7: Bootstrap starting.
I20260709 13:05:19.666728 14244 tablet_bootstrap.cc:492] T 72f321f01cef4014bc53da94a9e0895f P a5e3324e47c04a3595abef504997e045: No bootstrap required, opened a new log
I20260709 13:05:19.667285 14244 ts_tablet_manager.cc:1403] T 72f321f01cef4014bc53da94a9e0895f P a5e3324e47c04a3595abef504997e045: Time spent bootstrapping tablet: real 0.197s	user 0.003s	sys 0.016s
I20260709 13:05:19.685948 14244 raft_consensus.cc:359] T 72f321f01cef4014bc53da94a9e0895f P a5e3324e47c04a3595abef504997e045 [term 0 FOLLOWER]: Replica starting. Triggering 0 pending ops. Active config: opid_index: -1 OBSOLETE_local: false peers { permanent_uuid: "a5e3324e47c04a3595abef504997e045" member_type: VOTER last_known_addr { host: "127.13.151.65" port: 44167 } } peers { permanent_uuid: "63034da22648439598ddf38803c64767" member_type: VOTER last_known_addr { host: "127.13.151.66" port: 32899 } } peers { permanent_uuid: "5bf3d838fc8047038d2e884042bf17b7" member_type: VOTER last_known_addr { host: "127.13.151.67" port: 35309 } }
I20260709 13:05:19.686636 14244 raft_consensus.cc:385] T 72f321f01cef4014bc53da94a9e0895f P a5e3324e47c04a3595abef504997e045 [term 0 FOLLOWER]: Consensus starting up: Expiring failure detector timer to make a prompt election more likely
I20260709 13:05:19.686890 14244 raft_consensus.cc:740] T 72f321f01cef4014bc53da94a9e0895f P a5e3324e47c04a3595abef504997e045 [term 0 FOLLOWER]: Becoming Follower/Learner. State: Replica: a5e3324e47c04a3595abef504997e045, State: Initialized, Role: FOLLOWER
I20260709 13:05:19.688084 14244 consensus_queue.cc:260] T 72f321f01cef4014bc53da94a9e0895f P a5e3324e47c04a3595abef504997e045 [NON_LEADER]: Queue going to NON_LEADER mode. State: All replicated index: 0, Majority replicated index: 0, Committed index: 0, Last appended: 0.0, Last appended by leader: 0, Current term: 0, Majority size: -1, State: 0, Mode: NON_LEADER, active raft config: opid_index: -1 OBSOLETE_local: false peers { permanent_uuid: "a5e3324e47c04a3595abef504997e045" member_type: VOTER last_known_addr { host: "127.13.151.65" port: 44167 } } peers { permanent_uuid: "63034da22648439598ddf38803c64767" member_type: VOTER last_known_addr { host: "127.13.151.66" port: 32899 } } peers { permanent_uuid: "5bf3d838fc8047038d2e884042bf17b7" member_type: VOTER last_known_addr { host: "127.13.151.67" port: 35309 } }
I20260709 13:05:19.694257 14246 tablet_bootstrap.cc:654] T 26a6b6530e97480a9b2643c4af4018ad P 5bf3d838fc8047038d2e884042bf17b7: Neither blocks nor log segments found. Creating new log.
I20260709 13:05:19.697862 14245 tablet_bootstrap.cc:654] T 26a6b6530e97480a9b2643c4af4018ad P 63034da22648439598ddf38803c64767: Neither blocks nor log segments found. Creating new log.
I20260709 13:05:19.701892 14077 heartbeater.cc:499] Master 127.13.151.126:42375 was elected leader, sending a full tablet report...
I20260709 13:05:19.703123 14244 ts_tablet_manager.cc:1434] T 72f321f01cef4014bc53da94a9e0895f P a5e3324e47c04a3595abef504997e045: Time spent starting tablet: real 0.036s	user 0.012s	sys 0.000s
I20260709 13:05:19.704326 14244 tablet_bootstrap.cc:492] T c67bf3d3d9914c97a7e1417a54f31030 P a5e3324e47c04a3595abef504997e045: Bootstrap starting.
I20260709 13:05:19.717916 14244 tablet_bootstrap.cc:654] T c67bf3d3d9914c97a7e1417a54f31030 P a5e3324e47c04a3595abef504997e045: Neither blocks nor log segments found. Creating new log.
I20260709 13:05:19.718343 14245 tablet_bootstrap.cc:492] T 26a6b6530e97480a9b2643c4af4018ad P 63034da22648439598ddf38803c64767: No bootstrap required, opened a new log
I20260709 13:05:19.718916 14245 ts_tablet_manager.cc:1403] T 26a6b6530e97480a9b2643c4af4018ad P 63034da22648439598ddf38803c64767: Time spent bootstrapping tablet: real 0.171s	user 0.008s	sys 0.016s
I20260709 13:05:19.722632 14245 raft_consensus.cc:359] T 26a6b6530e97480a9b2643c4af4018ad P 63034da22648439598ddf38803c64767 [term 0 FOLLOWER]: Replica starting. Triggering 0 pending ops. Active config: opid_index: -1 OBSOLETE_local: false peers { permanent_uuid: "a5e3324e47c04a3595abef504997e045" member_type: VOTER last_known_addr { host: "127.13.151.65" port: 44167 } } peers { permanent_uuid: "63034da22648439598ddf38803c64767" member_type: VOTER last_known_addr { host: "127.13.151.66" port: 32899 } } peers { permanent_uuid: "5bf3d838fc8047038d2e884042bf17b7" member_type: VOTER last_known_addr { host: "127.13.151.67" port: 35309 } }
I20260709 13:05:19.724171 14245 raft_consensus.cc:385] T 26a6b6530e97480a9b2643c4af4018ad P 63034da22648439598ddf38803c64767 [term 0 FOLLOWER]: Consensus starting up: Expiring failure detector timer to make a prompt election more likely
I20260709 13:05:19.724833 14245 raft_consensus.cc:740] T 26a6b6530e97480a9b2643c4af4018ad P 63034da22648439598ddf38803c64767 [term 0 FOLLOWER]: Becoming Follower/Learner. State: Replica: 63034da22648439598ddf38803c64767, State: Initialized, Role: FOLLOWER
I20260709 13:05:19.726449 14245 consensus_queue.cc:260] T 26a6b6530e97480a9b2643c4af4018ad P 63034da22648439598ddf38803c64767 [NON_LEADER]: Queue going to NON_LEADER mode. State: All replicated index: 0, Majority replicated index: 0, Committed index: 0, Last appended: 0.0, Last appended by leader: 0, Current term: 0, Majority size: -1, State: 0, Mode: NON_LEADER, active raft config: opid_index: -1 OBSOLETE_local: false peers { permanent_uuid: "a5e3324e47c04a3595abef504997e045" member_type: VOTER last_known_addr { host: "127.13.151.65" port: 44167 } } peers { permanent_uuid: "63034da22648439598ddf38803c64767" member_type: VOTER last_known_addr { host: "127.13.151.66" port: 32899 } } peers { permanent_uuid: "5bf3d838fc8047038d2e884042bf17b7" member_type: VOTER last_known_addr { host: "127.13.151.67" port: 35309 } }
I20260709 13:05:19.729839 14246 tablet_bootstrap.cc:492] T 26a6b6530e97480a9b2643c4af4018ad P 5bf3d838fc8047038d2e884042bf17b7: No bootstrap required, opened a new log
I20260709 13:05:19.730348 14246 ts_tablet_manager.cc:1403] T 26a6b6530e97480a9b2643c4af4018ad P 5bf3d838fc8047038d2e884042bf17b7: Time spent bootstrapping tablet: real 0.077s	user 0.011s	sys 0.011s
I20260709 13:05:19.733325 14246 raft_consensus.cc:359] T 26a6b6530e97480a9b2643c4af4018ad P 5bf3d838fc8047038d2e884042bf17b7 [term 0 FOLLOWER]: Replica starting. Triggering 0 pending ops. Active config: opid_index: -1 OBSOLETE_local: false peers { permanent_uuid: "a5e3324e47c04a3595abef504997e045" member_type: VOTER last_known_addr { host: "127.13.151.65" port: 44167 } } peers { permanent_uuid: "63034da22648439598ddf38803c64767" member_type: VOTER last_known_addr { host: "127.13.151.66" port: 32899 } } peers { permanent_uuid: "5bf3d838fc8047038d2e884042bf17b7" member_type: VOTER last_known_addr { host: "127.13.151.67" port: 35309 } }
