I20260709 12:57:23.886447  1694 raft_consensus.cc:2468] T 07ea5d6531324a479e352468182bdbc0 P 9de2926d244c4be2bd202dd73d17b8c5 [term 1 FOLLOWER]: Leader election vote request: Granting yes vote for candidate 43bac7b6d5b948ea95a66c1e64679f21 in term 1.
I20260709 12:57:23.894219  1738 ts_tablet_manager.cc:1434] T 63d2010e4505466c8c056d9be7ad1aa1 P 24295cd911594d63ae7e888ee167f669: Time spent starting tablet: real 0.044s	user 0.004s	sys 0.009s
I20260709 12:57:23.895073  1738 tablet_bootstrap.cc:492] T 3dd045d94c1a4322af053e364a2cd6ca P 24295cd911594d63ae7e888ee167f669: Bootstrap starting.
I20260709 12:57:23.902352  1543 tablet_service.cc:1917] Received RequestConsensusVote() RPC: tablet_id: "48e3153fb3b84fb9b6b37be494037419" candidate_uuid: "9de2926d244c4be2bd202dd73d17b8c5" candidate_term: 1 candidate_status { last_received { term: 0 index: 0 } } ignore_live_leader: false dest_uuid: "24295cd911594d63ae7e888ee167f669"
I20260709 12:57:23.902959  1543 raft_consensus.cc:3060] T 48e3153fb3b84fb9b6b37be494037419 P 24295cd911594d63ae7e888ee167f669 [term 0 FOLLOWER]: Advancing to term 1
I20260709 12:57:23.904642  1741 tablet_bootstrap.cc:654] T 9d803f05b03c48159ade9068a4f9cf5d P 9de2926d244c4be2bd202dd73d17b8c5: Neither blocks nor log segments found. Creating new log.
I20260709 12:57:23.905339  1742 consensus_queue.cc:1048] T 0bb158e88bd6409ebdf914bfce56fa8b P 24295cd911594d63ae7e888ee167f669 [LEADER]: Connected to new peer: Peer: permanent_uuid: "9de2926d244c4be2bd202dd73d17b8c5" member_type: VOTER last_known_addr { host: "127.0.107.195" port: 44827 }, Status: LMP_MISMATCH, Last received: 0.0, Next index: 1, Last known committed idx: 0, Time since last communication: 0.000s
I20260709 12:57:23.912442  1842 raft_consensus.cc:493] T a02137b9d6da418d91dbc481a88aa173 P 9de2926d244c4be2bd202dd73d17b8c5 [term 0 FOLLOWER]: Starting pre-election (no leader contacted us within the election timeout)
I20260709 12:57:23.912889  1842 raft_consensus.cc:515] T a02137b9d6da418d91dbc481a88aa173 P 9de2926d244c4be2bd202dd73d17b8c5 [term 0 FOLLOWER]: Starting pre-election with config: opid_index: -1 OBSOLETE_local: false peers { permanent_uuid: "24295cd911594d63ae7e888ee167f669" member_type: VOTER last_known_addr { host: "127.0.107.193" port: 44821 } } peers { permanent_uuid: "43bac7b6d5b948ea95a66c1e64679f21" member_type: VOTER last_known_addr { host: "127.0.107.194" port: 37887 } } peers { permanent_uuid: "9de2926d244c4be2bd202dd73d17b8c5" member_type: VOTER last_known_addr { host: "127.0.107.195" port: 44827 } }
I20260709 12:57:23.914520  1543 raft_consensus.cc:2468] T 48e3153fb3b84fb9b6b37be494037419 P 24295cd911594d63ae7e888ee167f669 [term 1 FOLLOWER]: Leader election vote request: Granting yes vote for candidate 9de2926d244c4be2bd202dd73d17b8c5 in term 1.
I20260709 12:57:23.914734  1842 leader_election.cc:290] T a02137b9d6da418d91dbc481a88aa173 P 9de2926d244c4be2bd202dd73d17b8c5 [CANDIDATE]: Term 1 pre-election: Requested pre-vote from peers 24295cd911594d63ae7e888ee167f669 (127.0.107.193:44821), 43bac7b6d5b948ea95a66c1e64679f21 (127.0.107.194:37887)
I20260709 12:57:23.919965  1739 tablet_bootstrap.cc:492] T a02137b9d6da418d91dbc481a88aa173 P 43bac7b6d5b948ea95a66c1e64679f21: No bootstrap required, opened a new log
I20260709 12:57:23.920395  1739 ts_tablet_manager.cc:1403] T a02137b9d6da418d91dbc481a88aa173 P 43bac7b6d5b948ea95a66c1e64679f21: Time spent bootstrapping tablet: real 0.183s	user 0.014s	sys 0.011s
I20260709 12:57:23.926159  1664 leader_election.cc:304] T 48e3153fb3b84fb9b6b37be494037419 P 9de2926d244c4be2bd202dd73d17b8c5 [CANDIDATE]: Term 1 election: Election decided. Result: candidate won. Election summary: received 3 responses out of 3 voters: 2 yes votes; 1 no votes. yes voters: 24295cd911594d63ae7e888ee167f669, 9de2926d244c4be2bd202dd73d17b8c5; no voters: 43bac7b6d5b948ea95a66c1e64679f21
I20260709 12:57:23.929054  1739 raft_consensus.cc:359] T a02137b9d6da418d91dbc481a88aa173 P 43bac7b6d5b948ea95a66c1e64679f21 [term 0 FOLLOWER]: Replica starting. Triggering 0 pending ops. Active config: opid_index: -1 OBSOLETE_local: false peers { permanent_uuid: "24295cd911594d63ae7e888ee167f669" member_type: VOTER last_known_addr { host: "127.0.107.193" port: 44821 } } peers { permanent_uuid: "43bac7b6d5b948ea95a66c1e64679f21" member_type: VOTER last_known_addr { host: "127.0.107.194" port: 37887 } } peers { permanent_uuid: "9de2926d244c4be2bd202dd73d17b8c5" member_type: VOTER last_known_addr { host: "127.0.107.195" port: 44827 } }
I20260709 12:57:23.929747  1739 raft_consensus.cc:385] T a02137b9d6da418d91dbc481a88aa173 P 43bac7b6d5b948ea95a66c1e64679f21 [term 0 FOLLOWER]: Consensus starting up: Expiring failure detector timer to make a prompt election more likely
I20260709 12:57:23.930008  1739 raft_consensus.cc:740] T a02137b9d6da418d91dbc481a88aa173 P 43bac7b6d5b948ea95a66c1e64679f21 [term 0 FOLLOWER]: Becoming Follower/Learner. State: Replica: 43bac7b6d5b948ea95a66c1e64679f21, State: Initialized, Role: FOLLOWER
I20260709 12:57:23.932077  1739 consensus_queue.cc:260] T a02137b9d6da418d91dbc481a88aa173 P 43bac7b6d5b948ea95a66c1e64679f21 [NON_LEADER]: Queue going to NON_LEADER mode. State: All replicated index: 0, Majority replicated index: 0, Committed index: 0, Last appended: 0.0, Last appended by leader: 0, Current term: 0, Majority size: -1, State: 0, Mode: NON_LEADER, active raft config: opid_index: -1 OBSOLETE_local: false peers { permanent_uuid: "24295cd911594d63ae7e888ee167f669" member_type: VOTER last_known_addr { host: "127.0.107.193" port: 44821 } } peers { permanent_uuid: "43bac7b6d5b948ea95a66c1e64679f21" member_type: VOTER last_known_addr { host: "127.0.107.194" port: 37887 } } peers { permanent_uuid: "9de2926d244c4be2bd202dd73d17b8c5" member_type: VOTER last_known_addr { host: "127.0.107.195" port: 44827 } }
I20260709 12:57:23.934887  2016 raft_consensus.cc:2804] T 48e3153fb3b84fb9b6b37be494037419 P 9de2926d244c4be2bd202dd73d17b8c5 [term 1 FOLLOWER]: Leader election won for term 1
I20260709 12:57:23.935366  2016 raft_consensus.cc:697] T 48e3153fb3b84fb9b6b37be494037419 P 9de2926d244c4be2bd202dd73d17b8c5 [term 1 LEADER]: Becoming Leader. State: Replica: 9de2926d244c4be2bd202dd73d17b8c5, State: Running, Role: LEADER
I20260709 12:57:23.936167  2016 consensus_queue.cc:237] T 48e3153fb3b84fb9b6b37be494037419 P 9de2926d244c4be2bd202dd73d17b8c5 [LEADER]: Queue going to LEADER mode. State: All replicated index: 0, Majority replicated index: 0, Committed index: 0, Last appended: 0.0, Last appended by leader: 0, Current term: 1, Majority size: 2, State: 0, Mode: LEADER, active raft config: opid_index: -1 OBSOLETE_local: false peers { permanent_uuid: "24295cd911594d63ae7e888ee167f669" member_type: VOTER last_known_addr { host: "127.0.107.193" port: 44821 } } peers { permanent_uuid: "43bac7b6d5b948ea95a66c1e64679f21" member_type: VOTER last_known_addr { host: "127.0.107.194" port: 37887 } } peers { permanent_uuid: "9de2926d244c4be2bd202dd73d17b8c5" member_type: VOTER last_known_addr { host: "127.0.107.195" port: 44827 } }
I20260709 12:57:23.937332  1619 tablet_service.cc:1917] Received RequestConsensusVote() RPC: tablet_id: "a02137b9d6da418d91dbc481a88aa173" candidate_uuid: "9de2926d244c4be2bd202dd73d17b8c5" candidate_term: 1 candidate_status { last_received { term: 0 index: 0 } } ignore_live_leader: false dest_uuid: "43bac7b6d5b948ea95a66c1e64679f21" is_pre_election: true
I20260709 12:57:23.938071  1619 raft_consensus.cc:2468] T a02137b9d6da418d91dbc481a88aa173 P 43bac7b6d5b948ea95a66c1e64679f21 [term 0 FOLLOWER]: Leader pre-election vote request: Granting yes vote for candidate 9de2926d244c4be2bd202dd73d17b8c5 in term 0.
I20260709 12:57:23.942076  1739 ts_tablet_manager.cc:1434] T a02137b9d6da418d91dbc481a88aa173 P 43bac7b6d5b948ea95a66c1e64679f21: Time spent starting tablet: real 0.021s	user 0.004s	sys 0.001s
I20260709 12:57:23.943091  1739 tablet_bootstrap.cc:492] T 1694dea80e894bb99cbb15a758b2320d P 43bac7b6d5b948ea95a66c1e64679f21: Bootstrap starting.
I20260709 12:57:23.940757  1661 leader_election.cc:304] T a02137b9d6da418d91dbc481a88aa173 P 9de2926d244c4be2bd202dd73d17b8c5 [CANDIDATE]: Term 1 pre-election: Election decided. Result: candidate won. Election summary: received 2 responses out of 3 voters: 2 yes votes; 0 no votes. yes voters: 43bac7b6d5b948ea95a66c1e64679f21, 9de2926d244c4be2bd202dd73d17b8c5; no voters: 
I20260709 12:57:23.950580  1445 catalog_manager.cc:5697] T 07ea5d6531324a479e352468182bdbc0 P 43bac7b6d5b948ea95a66c1e64679f21 reported cstate change: term changed from 0 to 1, leader changed from <none> to 43bac7b6d5b948ea95a66c1e64679f21 (127.0.107.194). New cstate: current_term: 1 leader_uuid: "43bac7b6d5b948ea95a66c1e64679f21" committed_config { opid_index: -1 OBSOLETE_local: false peers { permanent_uuid: "24295cd911594d63ae7e888ee167f669" member_type: VOTER last_known_addr { host: "127.0.107.193" port: 44821 } health_report { overall_health: UNKNOWN } } peers { permanent_uuid: "43bac7b6d5b948ea95a66c1e64679f21" member_type: VOTER last_known_addr { host: "127.0.107.194" port: 37887 } health_report { overall_health: HEALTHY } } peers { permanent_uuid: "9de2926d244c4be2bd202dd73d17b8c5" member_type: VOTER last_known_addr { host: "127.0.107.195" port: 44827 } health_report { overall_health: UNKNOWN } } }
I20260709 12:57:23.947238  1545 tablet_service.cc:1917] Received RequestConsensusVote() RPC: tablet_id: "a02137b9d6da418d91dbc481a88aa173" candidate_uuid: "9de2926d244c4be2bd202dd73d17b8c5" candidate_term: 1 candidate_status { last_received { term: 0 index: 0 } } ignore_live_leader: false dest_uuid: "24295cd911594d63ae7e888ee167f669" is_pre_election: true
I20260709 12:57:23.952015  1545 raft_consensus.cc:2468] T a02137b9d6da418d91dbc481a88aa173 P 24295cd911594d63ae7e888ee167f669 [term 0 FOLLOWER]: Leader pre-election vote request: Granting yes vote for candidate 9de2926d244c4be2bd202dd73d17b8c5 in term 0.
I20260709 12:57:23.950922  1446 catalog_manager.cc:5697] T b32f68b13fe247ccb9944ed8916e2388 P 24295cd911594d63ae7e888ee167f669 reported cstate change: term changed from 0 to 1, leader changed from <none> to 24295cd911594d63ae7e888ee167f669 (127.0.107.193). New cstate: current_term: 1 leader_uuid: "24295cd911594d63ae7e888ee167f669" committed_config { opid_index: -1 OBSOLETE_local: false peers { permanent_uuid: "24295cd911594d63ae7e888ee167f669" member_type: VOTER last_known_addr { host: "127.0.107.193" port: 44821 } health_report { overall_health: HEALTHY } } peers { permanent_uuid: "43bac7b6d5b948ea95a66c1e64679f21" member_type: VOTER last_known_addr { host: "127.0.107.194" port: 37887 } health_report { overall_health: UNKNOWN } } peers { permanent_uuid: "9de2926d244c4be2bd202dd73d17b8c5" member_type: VOTER last_known_addr { host: "127.0.107.195" port: 44827 } health_report { overall_health: UNKNOWN } } }
I20260709 12:57:23.955490  1838 raft_consensus.cc:2804] T a02137b9d6da418d91dbc481a88aa173 P 9de2926d244c4be2bd202dd73d17b8c5 [term 0 FOLLOWER]: Leader pre-election won for term 1
I20260709 12:57:23.960004  1738 tablet_bootstrap.cc:654] T 3dd045d94c1a4322af053e364a2cd6ca P 24295cd911594d63ae7e888ee167f669: Neither blocks nor log segments found. Creating new log.
I20260709 12:57:23.959928  1838 raft_consensus.cc:493] T a02137b9d6da418d91dbc481a88aa173 P 9de2926d244c4be2bd202dd73d17b8c5 [term 0 FOLLOWER]: Starting leader election (no leader contacted us within the election timeout)
I20260709 12:57:23.960428  1838 raft_consensus.cc:3060] T a02137b9d6da418d91dbc481a88aa173 P 9de2926d244c4be2bd202dd73d17b8c5 [term 0 FOLLOWER]: Advancing to term 1
I20260709 12:57:23.966934  1741 tablet_bootstrap.cc:492] T 9d803f05b03c48159ade9068a4f9cf5d P 9de2926d244c4be2bd202dd73d17b8c5: No bootstrap required, opened a new log
I20260709 12:57:23.968636  1741 ts_tablet_manager.cc:1403] T 9d803f05b03c48159ade9068a4f9cf5d P 9de2926d244c4be2bd202dd73d17b8c5: Time spent bootstrapping tablet: real 0.156s	user 0.009s	sys 0.011s
I20260709 12:57:23.964643  1619 raft_consensus.cc:3060] T 679d17a8e383476c8261e6ec4105edf0 P 43bac7b6d5b948ea95a66c1e64679f21 [term 0 FOLLOWER]: Advancing to term 1
I20260709 12:57:23.985215  1845 consensus_queue.cc:1048] T 679d17a8e383476c8261e6ec4105edf0 P 24295cd911594d63ae7e888ee167f669 [LEADER]: Connected to new peer: Peer: permanent_uuid: "43bac7b6d5b948ea95a66c1e64679f21" member_type: VOTER last_known_addr { host: "127.0.107.194" port: 37887 }, Status: LMP_MISMATCH, Last received: 0.0, Next index: 1, Last known committed idx: 0, Time since last communication: 0.001s
I20260709 12:57:24.021896  1845 consensus_queue.cc:1048] T 186c9e40ea0b49219f7db66bd2a3a7da P 24295cd911594d63ae7e888ee167f669 [LEADER]: Connected to new peer: Peer: permanent_uuid: "43bac7b6d5b948ea95a66c1e64679f21" member_type: VOTER last_known_addr { host: "127.0.107.194" port: 37887 }, Status: LMP_MISMATCH, Last received: 0.0, Next index: 1, Last known committed idx: 0, Time since last communication: 0.001s
I20260709 12:57:24.023285  1741 raft_consensus.cc:359] T 9d803f05b03c48159ade9068a4f9cf5d P 9de2926d244c4be2bd202dd73d17b8c5 [term 0 FOLLOWER]: Replica starting. Triggering 0 pending ops. Active config: opid_index: -1 OBSOLETE_local: false peers { permanent_uuid: "24295cd911594d63ae7e888ee167f669" member_type: VOTER last_known_addr { host: "127.0.107.193" port: 44821 } } peers { permanent_uuid: "43bac7b6d5b948ea95a66c1e64679f21" member_type: VOTER last_known_addr { host: "127.0.107.194" port: 37887 } } peers { permanent_uuid: "9de2926d244c4be2bd202dd73d17b8c5" member_type: VOTER last_known_addr { host: "127.0.107.195" port: 44827 } }
I20260709 12:57:24.023957  1741 raft_consensus.cc:385] T 9d803f05b03c48159ade9068a4f9cf5d P 9de2926d244c4be2bd202dd73d17b8c5 [term 0 FOLLOWER]: Consensus starting up: Expiring failure detector timer to make a prompt election more likely
I20260709 12:57:24.024214  1741 raft_consensus.cc:740] T 9d803f05b03c48159ade9068a4f9cf5d P 9de2926d244c4be2bd202dd73d17b8c5 [term 0 FOLLOWER]: Becoming Follower/Learner. State: Replica: 9de2926d244c4be2bd202dd73d17b8c5, State: Initialized, Role: FOLLOWER
I20260709 12:57:24.024708  1838 raft_consensus.cc:515] T a02137b9d6da418d91dbc481a88aa173 P 9de2926d244c4be2bd202dd73d17b8c5 [term 1 FOLLOWER]: Starting leader election with config: opid_index: -1 OBSOLETE_local: false peers { permanent_uuid: "24295cd911594d63ae7e888ee167f669" member_type: VOTER last_known_addr { host: "127.0.107.193" port: 44821 } } peers { permanent_uuid: "43bac7b6d5b948ea95a66c1e64679f21" member_type: VOTER last_known_addr { host: "127.0.107.194" port: 37887 } } peers { permanent_uuid: "9de2926d244c4be2bd202dd73d17b8c5" member_type: VOTER last_known_addr { host: "127.0.107.195" port: 44827 } }
I20260709 12:57:24.025326  1741 consensus_queue.cc:260] T 9d803f05b03c48159ade9068a4f9cf5d P 9de2926d244c4be2bd202dd73d17b8c5 [NON_LEADER]: Queue going to NON_LEADER mode. State: All replicated index: 0, Majority replicated index: 0, Committed index: 0, Last appended: 0.0, Last appended by leader: 0, Current term: 0, Majority size: -1, State: 0, Mode: NON_LEADER, active raft config: opid_index: -1 OBSOLETE_local: false peers { permanent_uuid: "24295cd911594d63ae7e888ee167f669" member_type: VOTER last_known_addr { host: "127.0.107.193" port: 44821 } } peers { permanent_uuid: "43bac7b6d5b948ea95a66c1e64679f21" member_type: VOTER last_known_addr { host: "127.0.107.194" port: 37887 } } peers { permanent_uuid: "9de2926d244c4be2bd202dd73d17b8c5" member_type: VOTER last_known_addr { host: "127.0.107.195" port: 44827 } }
I20260709 12:57:24.027237  1838 leader_election.cc:290] T a02137b9d6da418d91dbc481a88aa173 P 9de2926d244c4be2bd202dd73d17b8c5 [CANDIDATE]: Term 1 election: Requested vote from peers 24295cd911594d63ae7e888ee167f669 (127.0.107.193:44821), 43bac7b6d5b948ea95a66c1e64679f21 (127.0.107.194:37887)
I20260709 12:57:24.027350  1741 ts_tablet_manager.cc:1434] T 9d803f05b03c48159ade9068a4f9cf5d P 9de2926d244c4be2bd202dd73d17b8c5: Time spent starting tablet: real 0.058s	user 0.004s	sys 0.000s
I20260709 12:57:24.028852  1741 tablet_bootstrap.cc:492] T b32f68b13fe247ccb9944ed8916e2388 P 9de2926d244c4be2bd202dd73d17b8c5: Bootstrap starting.
I20260709 12:57:24.031702  1739 tablet_bootstrap.cc:654] T 1694dea80e894bb99cbb15a758b2320d P 43bac7b6d5b948ea95a66c1e64679f21: Neither blocks nor log segments found. Creating new log.
I20260709 12:57:24.039527  1738 tablet_bootstrap.cc:492] T 3dd045d94c1a4322af053e364a2cd6ca P 24295cd911594d63ae7e888ee167f669: No bootstrap required, opened a new log
I20260709 12:57:24.039974  1738 ts_tablet_manager.cc:1403] T 3dd045d94c1a4322af053e364a2cd6ca P 24295cd911594d63ae7e888ee167f669: Time spent bootstrapping tablet: real 0.145s	user 0.013s	sys 0.008s
I20260709 12:57:24.043864  1543 tablet_service.cc:1917] Received RequestConsensusVote() RPC: tablet_id: "a02137b9d6da418d91dbc481a88aa173" candidate_uuid: "9de2926d244c4be2bd202dd73d17b8c5" candidate_term: 1 candidate_status { last_received { term: 0 index: 0 } } ignore_live_leader: false dest_uuid: "24295cd911594d63ae7e888ee167f669"
I20260709 12:57:24.044898  1543 raft_consensus.cc:3060] T a02137b9d6da418d91dbc481a88aa173 P 24295cd911594d63ae7e888ee167f669 [term 0 FOLLOWER]: Advancing to term 1
I20260709 12:57:24.057703  1618 tablet_service.cc:1917] Received RequestConsensusVote() RPC: tablet_id: "a02137b9d6da418d91dbc481a88aa173" candidate_uuid: "9de2926d244c4be2bd202dd73d17b8c5" candidate_term: 1 candidate_status { last_received { term: 0 index: 0 } } ignore_live_leader: false dest_uuid: "43bac7b6d5b948ea95a66c1e64679f21"
I20260709 12:57:24.058337  1618 raft_consensus.cc:3060] T a02137b9d6da418d91dbc481a88aa173 P 43bac7b6d5b948ea95a66c1e64679f21 [term 0 FOLLOWER]: Advancing to term 1
I20260709 12:57:24.059101  1543 raft_consensus.cc:2468] T a02137b9d6da418d91dbc481a88aa173 P 24295cd911594d63ae7e888ee167f669 [term 1 FOLLOWER]: Leader election vote request: Granting yes vote for candidate 9de2926d244c4be2bd202dd73d17b8c5 in term 1.
I20260709 12:57:24.064325  1776 consensus_queue.cc:1048] T 679d17a8e383476c8261e6ec4105edf0 P 24295cd911594d63ae7e888ee167f669 [LEADER]: Connected to new peer: Peer: permanent_uuid: "9de2926d244c4be2bd202dd73d17b8c5" member_type: VOTER last_known_addr { host: "127.0.107.195" port: 44827 }, Status: LMP_MISMATCH, Last received: 0.0, Next index: 1, Last known committed idx: 0, Time since last communication: 0.000s
I20260709 12:57:24.064438  1445 catalog_manager.cc:5697] T 48e3153fb3b84fb9b6b37be494037419 P 9de2926d244c4be2bd202dd73d17b8c5 reported cstate change: term changed from 0 to 1, leader changed from <none> to 9de2926d244c4be2bd202dd73d17b8c5 (127.0.107.195). New cstate: current_term: 1 leader_uuid: "9de2926d244c4be2bd202dd73d17b8c5" committed_config { opid_index: -1 OBSOLETE_local: false peers { permanent_uuid: "24295cd911594d63ae7e888ee167f669" member_type: VOTER last_known_addr { host: "127.0.107.193" port: 44821 } health_report { overall_health: UNKNOWN } } peers { permanent_uuid: "43bac7b6d5b948ea95a66c1e64679f21" member_type: VOTER last_known_addr { host: "127.0.107.194" port: 37887 } health_report { overall_health: UNKNOWN } } peers { permanent_uuid: "9de2926d244c4be2bd202dd73d17b8c5" member_type: VOTER last_known_addr { host: "127.0.107.195" port: 44827 } health_report { overall_health: HEALTHY } } }
I20260709 12:57:24.067996  1664 leader_election.cc:304] T a02137b9d6da418d91dbc481a88aa173 P 9de2926d244c4be2bd202dd73d17b8c5 [CANDIDATE]: Term 1 election: Election decided. Result: candidate won. Election summary: received 2 responses out of 3 voters: 2 yes votes; 0 no votes. yes voters: 24295cd911594d63ae7e888ee167f669, 9de2926d244c4be2bd202dd73d17b8c5; no voters: 
I20260709 12:57:24.071623  2015 raft_consensus.cc:493] T 1694dea80e894bb99cbb15a758b2320d P 9de2926d244c4be2bd202dd73d17b8c5 [term 0 FOLLOWER]: Starting pre-election (no leader contacted us within the election timeout)
I20260709 12:57:24.072116  2015 raft_consensus.cc:515] T 1694dea80e894bb99cbb15a758b2320d P 9de2926d244c4be2bd202dd73d17b8c5 [term 0 FOLLOWER]: Starting pre-election with config: opid_index: -1 OBSOLETE_local: false peers { permanent_uuid: "24295cd911594d63ae7e888ee167f669" member_type: VOTER last_known_addr { host: "127.0.107.193" port: 44821 } } peers { permanent_uuid: "43bac7b6d5b948ea95a66c1e64679f21" member_type: VOTER last_known_addr { host: "127.0.107.194" port: 37887 } } peers { permanent_uuid: "9de2926d244c4be2bd202dd73d17b8c5" member_type: VOTER last_known_addr { host: "127.0.107.195" port: 44827 } }
I20260709 12:57:24.074501  1838 raft_consensus.cc:2804] T a02137b9d6da418d91dbc481a88aa173 P 9de2926d244c4be2bd202dd73d17b8c5 [term 1 FOLLOWER]: Leader election won for term 1
I20260709 12:57:24.074985  1838 raft_consensus.cc:697] T a02137b9d6da418d91dbc481a88aa173 P 9de2926d244c4be2bd202dd73d17b8c5 [term 1 LEADER]: Becoming Leader. State: Replica: 9de2926d244c4be2bd202dd73d17b8c5, State: Running, Role: LEADER
I20260709 12:57:24.075843  2015 leader_election.cc:290] T 1694dea80e894bb99cbb15a758b2320d P 9de2926d244c4be2bd202dd73d17b8c5 [CANDIDATE]: Term 1 pre-election: Requested pre-vote from peers 24295cd911594d63ae7e888ee167f669 (127.0.107.193:44821), 43bac7b6d5b948ea95a66c1e64679f21 (127.0.107.194:37887)
I20260709 12:57:24.077890  1623 tablet_service.cc:1917] Received RequestConsensusVote() RPC: tablet_id: "1694dea80e894bb99cbb15a758b2320d" candidate_uuid: "9de2926d244c4be2bd202dd73d17b8c5" candidate_term: 1 candidate_status { last_received { term: 0 index: 0 } } ignore_live_leader: false dest_uuid: "43bac7b6d5b948ea95a66c1e64679f21" is_pre_election: true
I20260709 12:57:24.079396  1838 consensus_queue.cc:237] T a02137b9d6da418d91dbc481a88aa173 P 9de2926d244c4be2bd202dd73d17b8c5 [LEADER]: Queue going to LEADER mode. State: All replicated index: 0, Majority replicated index: 0, Committed index: 0, Last appended: 0.0, Last appended by leader: 0, Current term: 1, Majority size: 2, State: 0, Mode: LEADER, active raft config: opid_index: -1 OBSOLETE_local: false peers { permanent_uuid: "24295cd911594d63ae7e888ee167f669" member_type: VOTER last_known_addr { host: "127.0.107.193" port: 44821 } } peers { permanent_uuid: "43bac7b6d5b948ea95a66c1e64679f21" member_type: VOTER last_known_addr { host: "127.0.107.194" port: 37887 } } peers { permanent_uuid: "9de2926d244c4be2bd202dd73d17b8c5" member_type: VOTER last_known_addr { host: "127.0.107.195" port: 44827 } }
W20260709 12:57:24.079972  1661 leader_election.cc:343] T 1694dea80e894bb99cbb15a758b2320d P 9de2926d244c4be2bd202dd73d17b8c5 [CANDIDATE]: Term 1 pre-election: Tablet error from VoteRequest() call to peer 43bac7b6d5b948ea95a66c1e64679f21 (127.0.107.194:37887): Illegal state: must be running to vote when last-logged opid is not known
W20260709 12:57:24.087311  1661 consensus_peers.cc:597] T 15339ec3edef4c9481ff49c7c910b4cb P 9de2926d244c4be2bd202dd73d17b8c5 -> Peer 43bac7b6d5b948ea95a66c1e64679f21 (127.0.107.194:37887): Couldn't send request to peer 43bac7b6d5b948ea95a66c1e64679f21. Error code: TABLET_NOT_RUNNING (12). Status: Illegal state: Tablet not RUNNING: INITIALIZED. This is attempt 1: this message will repeat every 5th retry.
I20260709 12:57:24.094197  1738 raft_consensus.cc:359] T 3dd045d94c1a4322af053e364a2cd6ca P 24295cd911594d63ae7e888ee167f669 [term 0 FOLLOWER]: Replica starting. Triggering 0 pending ops. Active config: opid_index: -1 OBSOLETE_local: false peers { permanent_uuid: "24295cd911594d63ae7e888ee167f669" member_type: VOTER last_known_addr { host: "127.0.107.193" port: 44821 } } peers { permanent_uuid: "43bac7b6d5b948ea95a66c1e64679f21" member_type: VOTER last_known_addr { host: "127.0.107.194" port: 37887 } } peers { permanent_uuid: "9de2926d244c4be2bd202dd73d17b8c5" member_type: VOTER last_known_addr { host: "127.0.107.195" port: 44827 } }
I20260709 12:57:24.094726  1738 raft_consensus.cc:385] T 3dd045d94c1a4322af053e364a2cd6ca P 24295cd911594d63ae7e888ee167f669 [term 0 FOLLOWER]: Consensus starting up: Expiring failure detector timer to make a prompt election more likely
I20260709 12:57:24.094945  1738 raft_consensus.cc:740] T 3dd045d94c1a4322af053e364a2cd6ca P 24295cd911594d63ae7e888ee167f669 [term 0 FOLLOWER]: Becoming Follower/Learner. State: Replica: 24295cd911594d63ae7e888ee167f669, State: Initialized, Role: FOLLOWER
I20260709 12:57:24.072016  1618 raft_consensus.cc:2468] T a02137b9d6da418d91dbc481a88aa173 P 43bac7b6d5b948ea95a66c1e64679f21 [term 1 FOLLOWER]: Leader election vote request: Granting yes vote for candidate 9de2926d244c4be2bd202dd73d17b8c5 in term 1.
I20260709 12:57:24.095463  1738 consensus_queue.cc:260] T 3dd045d94c1a4322af053e364a2cd6ca P 24295cd911594d63ae7e888ee167f669 [NON_LEADER]: Queue going to NON_LEADER mode. State: All replicated index: 0, Majority replicated index: 0, Committed index: 0, Last appended: 0.0, Last appended by leader: 0, Current term: 0, Majority size: -1, State: 0, Mode: NON_LEADER, active raft config: opid_index: -1 OBSOLETE_local: false peers { permanent_uuid: "24295cd911594d63ae7e888ee167f669" member_type: VOTER last_known_addr { host: "127.0.107.193" port: 44821 } } peers { permanent_uuid: "43bac7b6d5b948ea95a66c1e64679f21" member_type: VOTER last_known_addr { host: "127.0.107.194" port: 37887 } } peers { permanent_uuid: "9de2926d244c4be2bd202dd73d17b8c5" member_type: VOTER last_known_addr { host: "127.0.107.195" port: 44827 } }
I20260709 12:57:24.103698  1542 tablet_service.cc:1917] Received RequestConsensusVote() RPC: tablet_id: "1694dea80e894bb99cbb15a758b2320d" candidate_uuid: "9de2926d244c4be2bd202dd73d17b8c5" candidate_term: 1 candidate_status { last_received { term: 0 index: 0 } } ignore_live_leader: false dest_uuid: "24295cd911594d63ae7e888ee167f669" is_pre_election: true
W20260709 12:57:24.104868  1664 leader_election.cc:343] T 1694dea80e894bb99cbb15a758b2320d P 9de2926d244c4be2bd202dd73d17b8c5 [CANDIDATE]: Term 1 pre-election: Tablet error from VoteRequest() call to peer 24295cd911594d63ae7e888ee167f669 (127.0.107.193:44821): Illegal state: must be running to vote when last-logged opid is not known
I20260709 12:57:24.105250  1664 leader_election.cc:304] T 1694dea80e894bb99cbb15a758b2320d P 9de2926d244c4be2bd202dd73d17b8c5 [CANDIDATE]: Term 1 pre-election: Election decided. Result: candidate lost. Election summary: received 3 responses out of 3 voters: 1 yes votes; 2 no votes. yes voters: 9de2926d244c4be2bd202dd73d17b8c5; no voters: 24295cd911594d63ae7e888ee167f669, 43bac7b6d5b948ea95a66c1e64679f21
I20260709 12:57:24.107122  2015 raft_consensus.cc:2749] T 1694dea80e894bb99cbb15a758b2320d P 9de2926d244c4be2bd202dd73d17b8c5 [term 0 FOLLOWER]: Leader pre-election lost for term 1. Reason: could not achieve majority
I20260709 12:57:24.113814  1741 tablet_bootstrap.cc:654] T b32f68b13fe247ccb9944ed8916e2388 P 9de2926d244c4be2bd202dd73d17b8c5: Neither blocks nor log segments found. Creating new log.
I20260709 12:57:24.114743  1738 ts_tablet_manager.cc:1434] T 3dd045d94c1a4322af053e364a2cd6ca P 24295cd911594d63ae7e888ee167f669: Time spent starting tablet: real 0.074s	user 0.006s	sys 0.000s
I20260709 12:57:24.115711  1738 tablet_bootstrap.cc:492] T 474bc86e050d41b1941223d0e693e2f7 P 24295cd911594d63ae7e888ee167f669: Bootstrap starting.
I20260709 12:57:24.121867  1738 tablet_bootstrap.cc:654] T 474bc86e050d41b1941223d0e693e2f7 P 24295cd911594d63ae7e888ee167f669: Neither blocks nor log segments found. Creating new log.
I20260709 12:57:24.121778  1845 consensus_queue.cc:1048] T 186c9e40ea0b49219f7db66bd2a3a7da P 24295cd911594d63ae7e888ee167f669 [LEADER]: Connected to new peer: Peer: permanent_uuid: "9de2926d244c4be2bd202dd73d17b8c5" member_type: VOTER last_known_addr { host: "127.0.107.195" port: 44827 }, Status: LMP_MISMATCH, Last received: 0.0, Next index: 1, Last known committed idx: 0, Time since last communication: 0.000s
I20260709 12:57:24.151221  1446 catalog_manager.cc:5697] T a02137b9d6da418d91dbc481a88aa173 P 9de2926d244c4be2bd202dd73d17b8c5 reported cstate change: term changed from 0 to 1, leader changed from <none> to 9de2926d244c4be2bd202dd73d17b8c5 (127.0.107.195). New cstate: current_term: 1 leader_uuid: "9de2926d244c4be2bd202dd73d17b8c5" committed_config { opid_index: -1 OBSOLETE_local: false peers { permanent_uuid: "24295cd911594d63ae7e888ee167f669" member_type: VOTER last_known_addr { host: "127.0.107.193" port: 44821 } health_report { overall_health: UNKNOWN } } peers { permanent_uuid: "43bac7b6d5b948ea95a66c1e64679f21" member_type: VOTER last_known_addr { host: "127.0.107.194" port: 37887 } health_report { overall_health: UNKNOWN } } peers { permanent_uuid: "9de2926d244c4be2bd202dd73d17b8c5" member_type: VOTER last_known_addr { host: "127.0.107.195" port: 44827 } health_report { overall_health: HEALTHY } } }
I20260709 12:57:24.156173  1739 tablet_bootstrap.cc:492] T 1694dea80e894bb99cbb15a758b2320d P 43bac7b6d5b948ea95a66c1e64679f21: No bootstrap required, opened a new log
I20260709 12:57:24.156627  1739 ts_tablet_manager.cc:1403] T 1694dea80e894bb99cbb15a758b2320d P 43bac7b6d5b948ea95a66c1e64679f21: Time spent bootstrapping tablet: real 0.214s	user 0.013s	sys 0.018s
I20260709 12:57:24.161391  1739 raft_consensus.cc:359] T 1694dea80e894bb99cbb15a758b2320d P 43bac7b6d5b948ea95a66c1e64679f21 [term 0 FOLLOWER]: Replica starting. Triggering 0 pending ops. Active config: opid_index: -1 OBSOLETE_local: false peers { permanent_uuid: "24295cd911594d63ae7e888ee167f669" member_type: VOTER last_known_addr { host: "127.0.107.193" port: 44821 } } peers { permanent_uuid: "43bac7b6d5b948ea95a66c1e64679f21" member_type: VOTER last_known_addr { host: "127.0.107.194" port: 37887 } } peers { permanent_uuid: "9de2926d244c4be2bd202dd73d17b8c5" member_type: VOTER last_known_addr { host: "127.0.107.195" port: 44827 } }
I20260709 12:57:24.162042  1739 raft_consensus.cc:385] T 1694dea80e894bb99cbb15a758b2320d P 43bac7b6d5b948ea95a66c1e64679f21 [term 0 FOLLOWER]: Consensus starting up: Expiring failure detector timer to make a prompt election more likely
I20260709 12:57:24.162289  1739 raft_consensus.cc:740] T 1694dea80e894bb99cbb15a758b2320d P 43bac7b6d5b948ea95a66c1e64679f21 [term 0 FOLLOWER]: Becoming Follower/Learner. State: Replica: 43bac7b6d5b948ea95a66c1e64679f21, State: Initialized, Role: FOLLOWER
I20260709 12:57:24.162689  1838 consensus_queue.cc:1048] T 15339ec3edef4c9481ff49c7c910b4cb P 9de2926d244c4be2bd202dd73d17b8c5 [LEADER]: Connected to new peer: Peer: permanent_uuid: "24295cd911594d63ae7e888ee167f669" member_type: VOTER last_known_addr { host: "127.0.107.193" port: 44821 }, Status: LMP_MISMATCH, Last received: 0.0, Next index: 1, Last known committed idx: 0, Time since last communication: 0.000s
I20260709 12:57:24.162864  1739 consensus_queue.cc:260] T 1694dea80e894bb99cbb15a758b2320d P 43bac7b6d5b948ea95a66c1e64679f21 [NON_LEADER]: Queue going to NON_LEADER mode. State: All replicated index: 0, Majority replicated index: 0, Committed index: 0, Last appended: 0.0, Last appended by leader: 0, Current term: 0, Majority size: -1, State: 0, Mode: NON_LEADER, active raft config: opid_index: -1 OBSOLETE_local: false peers { permanent_uuid: "24295cd911594d63ae7e888ee167f669" member_type: VOTER last_known_addr { host: "127.0.107.193" port: 44821 } } peers { permanent_uuid: "43bac7b6d5b948ea95a66c1e64679f21" member_type: VOTER last_known_addr { host: "127.0.107.194" port: 37887 } } peers { permanent_uuid: "9de2926d244c4be2bd202dd73d17b8c5" member_type: VOTER last_known_addr { host: "127.0.107.195" port: 44827 } }
I20260709 12:57:24.165323  1739 ts_tablet_manager.cc:1434] T 1694dea80e894bb99cbb15a758b2320d P 43bac7b6d5b948ea95a66c1e64679f21: Time spent starting tablet: real 0.008s	user 0.006s	sys 0.000s
I20260709 12:57:24.166620  1739 tablet_bootstrap.cc:492] T 15339ec3edef4c9481ff49c7c910b4cb P 43bac7b6d5b948ea95a66c1e64679f21: Bootstrap starting.
W20260709 12:57:24.181193  1495 auto_rebalancer.cc:288] Could not retrieve cluster info: Service unavailable: Tablet not running
I20260709 12:57:24.197184  1739 tablet_bootstrap.cc:654] T 15339ec3edef4c9481ff49c7c910b4cb P 43bac7b6d5b948ea95a66c1e64679f21: Neither blocks nor log segments found. Creating new log.
I20260709 12:57:24.199944  1741 tablet_bootstrap.cc:492] T b32f68b13fe247ccb9944ed8916e2388 P 9de2926d244c4be2bd202dd73d17b8c5: No bootstrap required, opened a new log
I20260709 12:57:24.205108  1741 ts_tablet_manager.cc:1403] T b32f68b13fe247ccb9944ed8916e2388 P 9de2926d244c4be2bd202dd73d17b8c5: Time spent bootstrapping tablet: real 0.176s	user 0.014s	sys 0.007s
I20260709 12:57:24.204587  1738 tablet_bootstrap.cc:492] T 474bc86e050d41b1941223d0e693e2f7 P 24295cd911594d63ae7e888ee167f669: No bootstrap required, opened a new log
I20260709 12:57:24.206607  1738 ts_tablet_manager.cc:1403] T 474bc86e050d41b1941223d0e693e2f7 P 24295cd911594d63ae7e888ee167f669: Time spent bootstrapping tablet: real 0.091s	user 0.007s	sys 0.018s
I20260709 12:57:24.209048  1738 raft_consensus.cc:359] T 474bc86e050d41b1941223d0e693e2f7 P 24295cd911594d63ae7e888ee167f669 [term 0 FOLLOWER]: Replica starting. Triggering 0 pending ops. Active config: opid_index: -1 OBSOLETE_local: false peers { permanent_uuid: "24295cd911594d63ae7e888ee167f669" member_type: VOTER last_known_addr { host: "127.0.107.193" port: 44821 } } peers { permanent_uuid: "43bac7b6d5b948ea95a66c1e64679f21" member_type: VOTER last_known_addr { host: "127.0.107.194" port: 37887 } } peers { permanent_uuid: "9de2926d244c4be2bd202dd73d17b8c5" member_type: VOTER last_known_addr { host: "127.0.107.195" port: 44827 } }
I20260709 12:57:24.210105  1738 raft_consensus.cc:385] T 474bc86e050d41b1941223d0e693e2f7 P 24295cd911594d63ae7e888ee167f669 [term 0 FOLLOWER]: Consensus starting up: Expiring failure detector timer to make a prompt election more likely
I20260709 12:57:24.210366  1738 raft_consensus.cc:740] T 474bc86e050d41b1941223d0e693e2f7 P 24295cd911594d63ae7e888ee167f669 [term 0 FOLLOWER]: Becoming Follower/Learner. State: Replica: 24295cd911594d63ae7e888ee167f669, State: Initialized, Role: FOLLOWER
I20260709 12:57:24.210920  1738 consensus_queue.cc:260] T 474bc86e050d41b1941223d0e693e2f7 P 24295cd911594d63ae7e888ee167f669 [NON_LEADER]: Queue going to NON_LEADER mode. State: All replicated index: 0, Majority replicated index: 0, Committed index: 0, Last appended: 0.0, Last appended by leader: 0, Current term: 0, Majority size: -1, State: 0, Mode: NON_LEADER, active raft config: opid_index: -1 OBSOLETE_local: false peers { permanent_uuid: "24295cd911594d63ae7e888ee167f669" member_type: VOTER last_known_addr { host: "127.0.107.193" port: 44821 } } peers { permanent_uuid: "43bac7b6d5b948ea95a66c1e64679f21" member_type: VOTER last_known_addr { host: "127.0.107.194" port: 37887 } } peers { permanent_uuid: "9de2926d244c4be2bd202dd73d17b8c5" member_type: VOTER last_known_addr { host: "127.0.107.195" port: 44827 } }
I20260709 12:57:24.213265  1741 raft_consensus.cc:359] T b32f68b13fe247ccb9944ed8916e2388 P 9de2926d244c4be2bd202dd73d17b8c5 [term 0 FOLLOWER]: Replica starting. Triggering 0 pending ops. Active config: opid_index: -1 OBSOLETE_local: false peers { permanent_uuid: "24295cd911594d63ae7e888ee167f669" member_type: VOTER last_known_addr { host: "127.0.107.193" port: 44821 } } peers { permanent_uuid: "43bac7b6d5b948ea95a66c1e64679f21" member_type: VOTER last_known_addr { host: "127.0.107.194" port: 37887 } } peers { permanent_uuid: "9de2926d244c4be2bd202dd73d17b8c5" member_type: VOTER last_known_addr { host: "127.0.107.195" port: 44827 } }
I20260709 12:57:24.213886  1741 raft_consensus.cc:385] T b32f68b13fe247ccb9944ed8916e2388 P 9de2926d244c4be2bd202dd73d17b8c5 [term 0 FOLLOWER]: Consensus starting up: Expiring failure detector timer to make a prompt election more likely
I20260709 12:57:24.214136  1741 raft_consensus.cc:740] T b32f68b13fe247ccb9944ed8916e2388 P 9de2926d244c4be2bd202dd73d17b8c5 [term 0 FOLLOWER]: Becoming Follower/Learner. State: Replica: 9de2926d244c4be2bd202dd73d17b8c5, State: Initialized, Role: FOLLOWER
I20260709 12:57:24.214694  1741 consensus_queue.cc:260] T b32f68b13fe247ccb9944ed8916e2388 P 9de2926d244c4be2bd202dd73d17b8c5 [NON_LEADER]: Queue going to NON_LEADER mode. State: All replicated index: 0, Majority replicated index: 0, Committed index: 0, Last appended: 0.0, Last appended by leader: 0, Current term: 0, Majority size: -1, State: 0, Mode: NON_LEADER, active raft config: opid_index: -1 OBSOLETE_local: false peers { permanent_uuid: "24295cd911594d63ae7e888ee167f669" member_type: VOTER last_known_addr { host: "127.0.107.193" port: 44821 } } peers { permanent_uuid: "43bac7b6d5b948ea95a66c1e64679f21" member_type: VOTER last_known_addr { host: "127.0.107.194" port: 37887 } } peers { permanent_uuid: "9de2926d244c4be2bd202dd73d17b8c5" member_type: VOTER last_known_addr { host: "127.0.107.195" port: 44827 } }
I20260709 12:57:24.217109  1738 ts_tablet_manager.cc:1434] T 474bc86e050d41b1941223d0e693e2f7 P 24295cd911594d63ae7e888ee167f669: Time spent starting tablet: real 0.010s	user 0.005s	sys 0.000s
I20260709 12:57:24.221686  1741 ts_tablet_manager.cc:1434] T b32f68b13fe247ccb9944ed8916e2388 P 9de2926d244c4be2bd202dd73d17b8c5: Time spent starting tablet: real 0.016s	user 0.005s	sys 0.000s
I20260709 12:57:24.222540  1741 tablet_bootstrap.cc:492] T de9a9f996be2483096583485d98eda90 P 9de2926d244c4be2bd202dd73d17b8c5: Bootstrap starting.
I20260709 12:57:24.224651  1738 tablet_bootstrap.cc:492] T 1694dea80e894bb99cbb15a758b2320d P 24295cd911594d63ae7e888ee167f669: Bootstrap starting.
I20260709 12:57:24.230881  1738 tablet_bootstrap.cc:654] T 1694dea80e894bb99cbb15a758b2320d P 24295cd911594d63ae7e888ee167f669: Neither blocks nor log segments found. Creating new log.
I20260709 12:57:24.232393  1741 tablet_bootstrap.cc:654] T de9a9f996be2483096583485d98eda90 P 9de2926d244c4be2bd202dd73d17b8c5: Neither blocks nor log segments found. Creating new log.
I20260709 12:57:24.236409  1739 tablet_bootstrap.cc:492] T 15339ec3edef4c9481ff49c7c910b4cb P 43bac7b6d5b948ea95a66c1e64679f21: No bootstrap required, opened a new log
I20260709 12:57:24.236753  1739 ts_tablet_manager.cc:1403] T 15339ec3edef4c9481ff49c7c910b4cb P 43bac7b6d5b948ea95a66c1e64679f21: Time spent bootstrapping tablet: real 0.070s	user 0.010s	sys 0.001s
I20260709 12:57:24.239122  1739 raft_consensus.cc:359] T 15339ec3edef4c9481ff49c7c910b4cb P 43bac7b6d5b948ea95a66c1e64679f21 [term 0 FOLLOWER]: Replica starting. Triggering 0 pending ops. Active config: opid_index: -1 OBSOLETE_local: false peers { permanent_uuid: "24295cd911594d63ae7e888ee167f669" member_type: VOTER last_known_addr { host: "127.0.107.193" port: 44821 } } peers { permanent_uuid: "43bac7b6d5b948ea95a66c1e64679f21" member_type: VOTER last_known_addr { host: "127.0.107.194" port: 37887 } } peers { permanent_uuid: "9de2926d244c4be2bd202dd73d17b8c5" member_type: VOTER last_known_addr { host: "127.0.107.195" port: 44827 } }
I20260709 12:57:24.239758  1739 raft_consensus.cc:385] T 15339ec3edef4c9481ff49c7c910b4cb P 43bac7b6d5b948ea95a66c1e64679f21 [term 0 FOLLOWER]: Consensus starting up: Expiring failure detector timer to make a prompt election more likely
I20260709 12:57:24.240007  1739 raft_consensus.cc:740] T 15339ec3edef4c9481ff49c7c910b4cb P 43bac7b6d5b948ea95a66c1e64679f21 [term 0 FOLLOWER]: Becoming Follower/Learner. State: Replica: 43bac7b6d5b948ea95a66c1e64679f21, State: Initialized, Role: FOLLOWER
I20260709 12:57:24.240599  1739 consensus_queue.cc:260] T 15339ec3edef4c9481ff49c7c910b4cb P 43bac7b6d5b948ea95a66c1e64679f21 [NON_LEADER]: Queue going to NON_LEADER mode. State: All replicated index: 0, Majority replicated index: 0, Committed index: 0, Last appended: 0.0, Last appended by leader: 0, Current term: 0, Majority size: -1, State: 0, Mode: NON_LEADER, active raft config: opid_index: -1 OBSOLETE_local: false peers { permanent_uuid: "24295cd911594d63ae7e888ee167f669" member_type: VOTER last_known_addr { host: "127.0.107.193" port: 44821 } } peers { permanent_uuid: "43bac7b6d5b948ea95a66c1e64679f21" member_type: VOTER last_known_addr { host: "127.0.107.194" port: 37887 } } peers { permanent_uuid: "9de2926d244c4be2bd202dd73d17b8c5" member_type: VOTER last_known_addr { host: "127.0.107.195" port: 44827 } }
I20260709 12:57:24.241940  1739 ts_tablet_manager.cc:1434] T 15339ec3edef4c9481ff49c7c910b4cb P 43bac7b6d5b948ea95a66c1e64679f21: Time spent starting tablet: real 0.005s	user 0.004s	sys 0.000s
I20260709 12:57:24.243116  1739 tablet_bootstrap.cc:492] T de9a9f996be2483096583485d98eda90 P 43bac7b6d5b948ea95a66c1e64679f21: Bootstrap starting.
I20260709 12:57:24.247105  1738 tablet_bootstrap.cc:492] T 1694dea80e894bb99cbb15a758b2320d P 24295cd911594d63ae7e888ee167f669: No bootstrap required, opened a new log
I20260709 12:57:24.247606  1738 ts_tablet_manager.cc:1403] T 1694dea80e894bb99cbb15a758b2320d P 24295cd911594d63ae7e888ee167f669: Time spent bootstrapping tablet: real 0.023s	user 0.007s	sys 0.009s
I20260709 12:57:24.248766  1739 tablet_bootstrap.cc:654] T de9a9f996be2483096583485d98eda90 P 43bac7b6d5b948ea95a66c1e64679f21: Neither blocks nor log segments found. Creating new log.
I20260709 12:57:24.250440  1738 raft_consensus.cc:359] T 1694dea80e894bb99cbb15a758b2320d P 24295cd911594d63ae7e888ee167f669 [term 0 FOLLOWER]: Replica starting. Triggering 0 pending ops. Active config: opid_index: -1 OBSOLETE_local: false peers { permanent_uuid: "24295cd911594d63ae7e888ee167f669" member_type: VOTER last_known_addr { host: "127.0.107.193" port: 44821 } } peers { permanent_uuid: "43bac7b6d5b948ea95a66c1e64679f21" member_type: VOTER last_known_addr { host: "127.0.107.194" port: 37887 } } peers { permanent_uuid: "9de2926d244c4be2bd202dd73d17b8c5" member_type: VOTER last_known_addr { host: "127.0.107.195" port: 44827 } }
I20260709 12:57:24.251149  1738 raft_consensus.cc:385] T 1694dea80e894bb99cbb15a758b2320d P 24295cd911594d63ae7e888ee167f669 [term 0 FOLLOWER]: Consensus starting up: Expiring failure detector timer to make a prompt election more likely
I20260709 12:57:24.251413  1738 raft_consensus.cc:740] T 1694dea80e894bb99cbb15a758b2320d P 24295cd911594d63ae7e888ee167f669 [term 0 FOLLOWER]: Becoming Follower/Learner. State: Replica: 24295cd911594d63ae7e888ee167f669, State: Initialized, Role: FOLLOWER
I20260709 12:57:24.252058  1738 consensus_queue.cc:260] T 1694dea80e894bb99cbb15a758b2320d P 24295cd911594d63ae7e888ee167f669 [NON_LEADER]: Queue going to NON_LEADER mode. State: All replicated index: 0, Majority replicated index: 0, Committed index: 0, Last appended: 0.0, Last appended by leader: 0, Current term: 0, Majority size: -1, State: 0, Mode: NON_LEADER, active raft config: opid_index: -1 OBSOLETE_local: false peers { permanent_uuid: "24295cd911594d63ae7e888ee167f669" member_type: VOTER last_known_addr { host: "127.0.107.193" port: 44821 } } peers { permanent_uuid: "43bac7b6d5b948ea95a66c1e64679f21" member_type: VOTER last_known_addr { host: "127.0.107.194" port: 37887 } } peers { permanent_uuid: "9de2926d244c4be2bd202dd73d17b8c5" member_type: VOTER last_known_addr { host: "127.0.107.195" port: 44827 } }
I20260709 12:57:24.253928  1739 tablet_bootstrap.cc:492] T de9a9f996be2483096583485d98eda90 P 43bac7b6d5b948ea95a66c1e64679f21: No bootstrap required, opened a new log
I20260709 12:57:24.254377  1739 ts_tablet_manager.cc:1403] T de9a9f996be2483096583485d98eda90 P 43bac7b6d5b948ea95a66c1e64679f21: Time spent bootstrapping tablet: real 0.011s	user 0.007s	sys 0.003s
I20260709 12:57:24.254554  1741 tablet_bootstrap.cc:492] T de9a9f996be2483096583485d98eda90 P 9de2926d244c4be2bd202dd73d17b8c5: No bootstrap required, opened a new log
I20260709 12:57:24.254783  1738 ts_tablet_manager.cc:1434] T 1694dea80e894bb99cbb15a758b2320d P 24295cd911594d63ae7e888ee167f669: Time spent starting tablet: real 0.007s	user 0.005s	sys 0.000s
I20260709 12:57:24.254974  1741 ts_tablet_manager.cc:1403] T de9a9f996be2483096583485d98eda90 P 9de2926d244c4be2bd202dd73d17b8c5: Time spent bootstrapping tablet: real 0.033s	user 0.016s	sys 0.009s
I20260709 12:57:24.255872  1738 tablet_bootstrap.cc:492] T 4f85d0c16c1643b7bda4ea9d108a4606 P 24295cd911594d63ae7e888ee167f669: Bootstrap starting.
I20260709 12:57:24.257238  1739 raft_consensus.cc:359] T de9a9f996be2483096583485d98eda90 P 43bac7b6d5b948ea95a66c1e64679f21 [term 0 FOLLOWER]: Replica starting. Triggering 0 pending ops. Active config: opid_index: -1 OBSOLETE_local: false peers { permanent_uuid: "24295cd911594d63ae7e888ee167f669" member_type: VOTER last_known_addr { host: "127.0.107.193" port: 44821 } } peers { permanent_uuid: "43bac7b6d5b948ea95a66c1e64679f21" member_type: VOTER last_known_addr { host: "127.0.107.194" port: 37887 } } peers { permanent_uuid: "9de2926d244c4be2bd202dd73d17b8c5" member_type: VOTER last_known_addr { host: "127.0.107.195" port: 44827 } }
I20260709 12:57:24.257880  1739 raft_consensus.cc:385] T de9a9f996be2483096583485d98eda90 P 43bac7b6d5b948ea95a66c1e64679f21 [term 0 FOLLOWER]: Consensus starting up: Expiring failure detector timer to make a prompt election more likely
I20260709 12:57:24.258136  1739 raft_consensus.cc:740] T de9a9f996be2483096583485d98eda90 P 43bac7b6d5b948ea95a66c1e64679f21 [term 0 FOLLOWER]: Becoming Follower/Learner. State: Replica: 43bac7b6d5b948ea95a66c1e64679f21, State: Initialized, Role: FOLLOWER
I20260709 12:57:24.258067  1741 raft_consensus.cc:359] T de9a9f996be2483096583485d98eda90 P 9de2926d244c4be2bd202dd73d17b8c5 [term 0 FOLLOWER]: Replica starting. Triggering 0 pending ops. Active config: opid_index: -1 OBSOLETE_local: false peers { permanent_uuid: "24295cd911594d63ae7e888ee167f669" member_type: VOTER last_known_addr { host: "127.0.107.193" port: 44821 } } peers { permanent_uuid: "43bac7b6d5b948ea95a66c1e64679f21" member_type: VOTER last_known_addr { host: "127.0.107.194" port: 37887 } } peers { permanent_uuid: "9de2926d244c4be2bd202dd73d17b8c5" member_type: VOTER last_known_addr { host: "127.0.107.195" port: 44827 } }
I20260709 12:57:24.258757  1741 raft_consensus.cc:385] T de9a9f996be2483096583485d98eda90 P 9de2926d244c4be2bd202dd73d17b8c5 [term 0 FOLLOWER]: Consensus starting up: Expiring failure detector timer to make a prompt election more likely
I20260709 12:57:24.259053  1741 raft_consensus.cc:740] T de9a9f996be2483096583485d98eda90 P 9de2926d244c4be2bd202dd73d17b8c5 [term 0 FOLLOWER]: Becoming Follower/Learner. State: Replica: 9de2926d244c4be2bd202dd73d17b8c5, State: Initialized, Role: FOLLOWER
I20260709 12:57:24.258993  1739 consensus_queue.cc:260] T de9a9f996be2483096583485d98eda90 P 43bac7b6d5b948ea95a66c1e64679f21 [NON_LEADER]: Queue going to NON_LEADER mode. State: All replicated index: 0, Majority replicated index: 0, Committed index: 0, Last appended: 0.0, Last appended by leader: 0, Current term: 0, Majority size: -1, State: 0, Mode: NON_LEADER, active raft config: opid_index: -1 OBSOLETE_local: false peers { permanent_uuid: "24295cd911594d63ae7e888ee167f669" member_type: VOTER last_known_addr { host: "127.0.107.193" port: 44821 } } peers { permanent_uuid: "43bac7b6d5b948ea95a66c1e64679f21" member_type: VOTER last_known_addr { host: "127.0.107.194" port: 37887 } } peers { permanent_uuid: "9de2926d244c4be2bd202dd73d17b8c5" member_type: VOTER last_known_addr { host: "127.0.107.195" port: 44827 } }
I20260709 12:57:24.259760  1741 consensus_queue.cc:260] T de9a9f996be2483096583485d98eda90 P 9de2926d244c4be2bd202dd73d17b8c5 [NON_LEADER]: Queue going to NON_LEADER mode. State: All replicated index: 0, Majority replicated index: 0, Committed index: 0, Last appended: 0.0, Last appended by leader: 0, Current term: 0, Majority size: -1, State: 0, Mode: NON_LEADER, active raft config: opid_index: -1 OBSOLETE_local: false peers { permanent_uuid: "24295cd911594d63ae7e888ee167f669" member_type: VOTER last_known_addr { host: "127.0.107.193" port: 44821 } } peers { permanent_uuid: "43bac7b6d5b948ea95a66c1e64679f21" member_type: VOTER last_known_addr { host: "127.0.107.194" port: 37887 } } peers { permanent_uuid: "9de2926d244c4be2bd202dd73d17b8c5" member_type: VOTER last_known_addr { host: "127.0.107.195" port: 44827 } }
I20260709 12:57:24.261710  1741 ts_tablet_manager.cc:1434] T de9a9f996be2483096583485d98eda90 P 9de2926d244c4be2bd202dd73d17b8c5: Time spent starting tablet: real 0.006s	user 0.002s	sys 0.002s
I20260709 12:57:24.262873  1739 ts_tablet_manager.cc:1434] T de9a9f996be2483096583485d98eda90 P 43bac7b6d5b948ea95a66c1e64679f21: Time spent starting tablet: real 0.008s	user 0.005s	sys 0.001s
I20260709 12:57:24.264420  1741 tablet_bootstrap.cc:492] T 9592fcaeaf7244338c3e4f0acf0579ff P 9de2926d244c4be2bd202dd73d17b8c5: Bootstrap starting.
I20260709 12:57:24.271972  1738 tablet_bootstrap.cc:654] T 4f85d0c16c1643b7bda4ea9d108a4606 P 24295cd911594d63ae7e888ee167f669: Neither blocks nor log segments found. Creating new log.
I20260709 12:57:24.263748  1739 tablet_bootstrap.cc:492] T 9d803f05b03c48159ade9068a4f9cf5d P 43bac7b6d5b948ea95a66c1e64679f21: Bootstrap starting.
I20260709 12:57:24.275344  1843 raft_consensus.cc:493] T 1694dea80e894bb99cbb15a758b2320d P 24295cd911594d63ae7e888ee167f669 [term 0 FOLLOWER]: Starting pre-election (no leader contacted us within the election timeout)
I20260709 12:57:24.275851  1843 raft_consensus.cc:515] T 1694dea80e894bb99cbb15a758b2320d P 24295cd911594d63ae7e888ee167f669 [term 0 FOLLOWER]: Starting pre-election with config: opid_index: -1 OBSOLETE_local: false peers { permanent_uuid: "24295cd911594d63ae7e888ee167f669" member_type: VOTER last_known_addr { host: "127.0.107.193" port: 44821 } } peers { permanent_uuid: "43bac7b6d5b948ea95a66c1e64679f21" member_type: VOTER last_known_addr { host: "127.0.107.194" port: 37887 } } peers { permanent_uuid: "9de2926d244c4be2bd202dd73d17b8c5" member_type: VOTER last_known_addr { host: "127.0.107.195" port: 44827 } }
I20260709 12:57:24.277666  1843 leader_election.cc:290] T 1694dea80e894bb99cbb15a758b2320d P 24295cd911594d63ae7e888ee167f669 [CANDIDATE]: Term 1 pre-election: Requested pre-vote from peers 43bac7b6d5b948ea95a66c1e64679f21 (127.0.107.194:37887), 9de2926d244c4be2bd202dd73d17b8c5 (127.0.107.195:44827)
