I20260709 12:56:41.638413  2006 consensus_queue.cc:1048] T 89071a75dff1449588d2f1f4d1b1fb15 P 2af567a273d44ca89d2b3b0f7c815bd1 [LEADER]: Connected to new peer: Peer: permanent_uuid: "7a04d0a2963b4860beb7cd14e0b4939a" member_type: VOTER last_known_addr { host: "127.0.107.194" port: 33881 }, Status: LMP_MISMATCH, Last received: 0.0, Next index: 1, Last known committed idx: 0, Time since last communication: 0.000s
I20260709 12:56:41.638705  1762 tablet_bootstrap.cc:492] T 35c533e32b324f8f80c12f5380f0c92d P 7a04d0a2963b4860beb7cd14e0b4939a: No bootstrap required, opened a new log
I20260709 12:56:41.639408  1762 ts_tablet_manager.cc:1403] T 35c533e32b324f8f80c12f5380f0c92d P 7a04d0a2963b4860beb7cd14e0b4939a: Time spent bootstrapping tablet: real 0.369s	user 0.018s	sys 0.059s
I20260709 12:56:41.643271  1762 raft_consensus.cc:359] T 35c533e32b324f8f80c12f5380f0c92d P 7a04d0a2963b4860beb7cd14e0b4939a [term 0 FOLLOWER]: Replica starting. Triggering 0 pending ops. Active config: opid_index: -1 OBSOLETE_local: false peers { permanent_uuid: "2af567a273d44ca89d2b3b0f7c815bd1" member_type: VOTER last_known_addr { host: "127.0.107.193" port: 39997 } } peers { permanent_uuid: "7a04d0a2963b4860beb7cd14e0b4939a" member_type: VOTER last_known_addr { host: "127.0.107.194" port: 33881 } } peers { permanent_uuid: "20c9ad12e0d0435f95be2eda5b653b39" member_type: VOTER last_known_addr { host: "127.0.107.195" port: 36649 } }
I20260709 12:56:41.644141  1762 raft_consensus.cc:385] T 35c533e32b324f8f80c12f5380f0c92d P 7a04d0a2963b4860beb7cd14e0b4939a [term 0 FOLLOWER]: Consensus starting up: Expiring failure detector timer to make a prompt election more likely
I20260709 12:56:41.644438  1762 raft_consensus.cc:740] T 35c533e32b324f8f80c12f5380f0c92d P 7a04d0a2963b4860beb7cd14e0b4939a [term 0 FOLLOWER]: Becoming Follower/Learner. State: Replica: 7a04d0a2963b4860beb7cd14e0b4939a, State: Initialized, Role: FOLLOWER
I20260709 12:56:41.645237  1762 consensus_queue.cc:260] T 35c533e32b324f8f80c12f5380f0c92d P 7a04d0a2963b4860beb7cd14e0b4939a [NON_LEADER]: Queue going to NON_LEADER mode. State: All replicated index: 0, Majority replicated index: 0, Committed index: 0, Last appended: 0.0, Last appended by leader: 0, Current term: 0, Majority size: -1, State: 0, Mode: NON_LEADER, active raft config: opid_index: -1 OBSOLETE_local: false peers { permanent_uuid: "2af567a273d44ca89d2b3b0f7c815bd1" member_type: VOTER last_known_addr { host: "127.0.107.193" port: 39997 } } peers { permanent_uuid: "7a04d0a2963b4860beb7cd14e0b4939a" member_type: VOTER last_known_addr { host: "127.0.107.194" port: 33881 } } peers { permanent_uuid: "20c9ad12e0d0435f95be2eda5b653b39" member_type: VOTER last_known_addr { host: "127.0.107.195" port: 36649 } }
I20260709 12:56:41.647094  1762 ts_tablet_manager.cc:1434] T 35c533e32b324f8f80c12f5380f0c92d P 7a04d0a2963b4860beb7cd14e0b4939a: Time spent starting tablet: real 0.007s	user 0.003s	sys 0.003s
I20260709 12:56:41.648205  1762 tablet_bootstrap.cc:492] T d5a66d6152a24cf08a833d30477e5bbe P 7a04d0a2963b4860beb7cd14e0b4939a: Bootstrap starting.
I20260709 12:56:41.651721  2033 consensus_queue.cc:1048] T 963d2113f061422e874d4718ed8d9538 P 20c9ad12e0d0435f95be2eda5b653b39 [LEADER]: Connected to new peer: Peer: permanent_uuid: "7a04d0a2963b4860beb7cd14e0b4939a" member_type: VOTER last_known_addr { host: "127.0.107.194" port: 33881 }, Status: LMP_MISMATCH, Last received: 0.0, Next index: 1, Last known committed idx: 0, Time since last communication: 0.001s
I20260709 12:56:41.654834  2033 consensus_queue.cc:1048] T 35dd8bcf618a48bb9d3dc5e16f488fcf P 20c9ad12e0d0435f95be2eda5b653b39 [LEADER]: Connected to new peer: Peer: permanent_uuid: "2af567a273d44ca89d2b3b0f7c815bd1" member_type: VOTER last_known_addr { host: "127.0.107.193" port: 39997 }, Status: LMP_MISMATCH, Last received: 0.0, Next index: 1, Last known committed idx: 0, Time since last communication: 0.001s
I20260709 12:56:41.658399  1765 tablet_bootstrap.cc:492] T 963d2113f061422e874d4718ed8d9538 P 2af567a273d44ca89d2b3b0f7c815bd1: No bootstrap required, opened a new log
I20260709 12:56:41.658846  1765 ts_tablet_manager.cc:1403] T 963d2113f061422e874d4718ed8d9538 P 2af567a273d44ca89d2b3b0f7c815bd1: Time spent bootstrapping tablet: real 0.333s	user 0.035s	sys 0.006s
I20260709 12:56:41.659184  1762 tablet_bootstrap.cc:654] T d5a66d6152a24cf08a833d30477e5bbe P 7a04d0a2963b4860beb7cd14e0b4939a: Neither blocks nor log segments found. Creating new log.
I20260709 12:56:41.659509  1761 tablet_bootstrap.cc:654] T 35c533e32b324f8f80c12f5380f0c92d P 20c9ad12e0d0435f95be2eda5b653b39: Neither blocks nor log segments found. Creating new log.
I20260709 12:56:41.650357  1720 raft_consensus.cc:2468] T 218ace78ff9d4582bd0fa7fe82f9654f P 20c9ad12e0d0435f95be2eda5b653b39 [term 1 FOLLOWER]: Leader election vote request: Granting yes vote for candidate 7a04d0a2963b4860beb7cd14e0b4939a in term 1.
I20260709 12:56:41.672181  1612 leader_election.cc:304] T 218ace78ff9d4582bd0fa7fe82f9654f P 7a04d0a2963b4860beb7cd14e0b4939a [CANDIDATE]: Term 1 election: Election decided. Result: candidate won. Election summary: received 3 responses out of 3 voters: 2 yes votes; 1 no votes. yes voters: 20c9ad12e0d0435f95be2eda5b653b39, 7a04d0a2963b4860beb7cd14e0b4939a; no voters: 2af567a273d44ca89d2b3b0f7c815bd1
I20260709 12:56:41.671401  1765 raft_consensus.cc:359] T 963d2113f061422e874d4718ed8d9538 P 2af567a273d44ca89d2b3b0f7c815bd1 [term 0 FOLLOWER]: Replica starting. Triggering 0 pending ops. Active config: opid_index: -1 OBSOLETE_local: false peers { permanent_uuid: "2af567a273d44ca89d2b3b0f7c815bd1" member_type: VOTER last_known_addr { host: "127.0.107.193" port: 39997 } } peers { permanent_uuid: "7a04d0a2963b4860beb7cd14e0b4939a" member_type: VOTER last_known_addr { host: "127.0.107.194" port: 33881 } } peers { permanent_uuid: "20c9ad12e0d0435f95be2eda5b653b39" member_type: VOTER last_known_addr { host: "127.0.107.195" port: 36649 } }
I20260709 12:56:41.673629  1765 raft_consensus.cc:385] T 963d2113f061422e874d4718ed8d9538 P 2af567a273d44ca89d2b3b0f7c815bd1 [term 0 FOLLOWER]: Consensus starting up: Expiring failure detector timer to make a prompt election more likely
I20260709 12:56:41.673934  1765 raft_consensus.cc:740] T 963d2113f061422e874d4718ed8d9538 P 2af567a273d44ca89d2b3b0f7c815bd1 [term 0 FOLLOWER]: Becoming Follower/Learner. State: Replica: 2af567a273d44ca89d2b3b0f7c815bd1, State: Initialized, Role: FOLLOWER
I20260709 12:56:41.674661  1765 consensus_queue.cc:260] T 963d2113f061422e874d4718ed8d9538 P 2af567a273d44ca89d2b3b0f7c815bd1 [NON_LEADER]: Queue going to NON_LEADER mode. State: All replicated index: 0, Majority replicated index: 0, Committed index: 0, Last appended: 0.0, Last appended by leader: 0, Current term: 0, Majority size: -1, State: 0, Mode: NON_LEADER, active raft config: opid_index: -1 OBSOLETE_local: false peers { permanent_uuid: "2af567a273d44ca89d2b3b0f7c815bd1" member_type: VOTER last_known_addr { host: "127.0.107.193" port: 39997 } } peers { permanent_uuid: "7a04d0a2963b4860beb7cd14e0b4939a" member_type: VOTER last_known_addr { host: "127.0.107.194" port: 33881 } } peers { permanent_uuid: "20c9ad12e0d0435f95be2eda5b653b39" member_type: VOTER last_known_addr { host: "127.0.107.195" port: 36649 } }
I20260709 12:56:41.675575  1967 raft_consensus.cc:2804] T 218ace78ff9d4582bd0fa7fe82f9654f P 7a04d0a2963b4860beb7cd14e0b4939a [term 1 FOLLOWER]: Leader election won for term 1
I20260709 12:56:41.677501  1967 raft_consensus.cc:697] T 218ace78ff9d4582bd0fa7fe82f9654f P 7a04d0a2963b4860beb7cd14e0b4939a [term 1 LEADER]: Becoming Leader. State: Replica: 7a04d0a2963b4860beb7cd14e0b4939a, State: Running, Role: LEADER
I20260709 12:56:41.680728  1967 consensus_queue.cc:237] T 218ace78ff9d4582bd0fa7fe82f9654f P 7a04d0a2963b4860beb7cd14e0b4939a [LEADER]: Queue going to LEADER mode. State: All replicated index: 0, Majority replicated index: 0, Committed index: 0, Last appended: 0.0, Last appended by leader: 0, Current term: 1, Majority size: 2, State: 0, Mode: LEADER, active raft config: opid_index: -1 OBSOLETE_local: false peers { permanent_uuid: "2af567a273d44ca89d2b3b0f7c815bd1" member_type: VOTER last_known_addr { host: "127.0.107.193" port: 39997 } } peers { permanent_uuid: "7a04d0a2963b4860beb7cd14e0b4939a" member_type: VOTER last_known_addr { host: "127.0.107.194" port: 33881 } } peers { permanent_uuid: "20c9ad12e0d0435f95be2eda5b653b39" member_type: VOTER last_known_addr { host: "127.0.107.195" port: 36649 } }
I20260709 12:56:41.690726  1765 ts_tablet_manager.cc:1434] T 963d2113f061422e874d4718ed8d9538 P 2af567a273d44ca89d2b3b0f7c815bd1: Time spent starting tablet: real 0.032s	user 0.005s	sys 0.005s
I20260709 12:56:41.705343  1765 tablet_bootstrap.cc:492] T 218ace78ff9d4582bd0fa7fe82f9654f P 2af567a273d44ca89d2b3b0f7c815bd1: Bootstrap starting.
I20260709 12:56:41.702454  2054 consensus_queue.cc:1048] T 89071a75dff1449588d2f1f4d1b1fb15 P 2af567a273d44ca89d2b3b0f7c815bd1 [LEADER]: Connected to new peer: Peer: permanent_uuid: "20c9ad12e0d0435f95be2eda5b653b39" member_type: VOTER last_known_addr { host: "127.0.107.195" port: 36649 }, Status: LMP_MISMATCH, Last received: 0.0, Next index: 1, Last known committed idx: 0, Time since last communication: 0.001s
I20260709 12:56:41.710212  1762 tablet_bootstrap.cc:492] T d5a66d6152a24cf08a833d30477e5bbe P 7a04d0a2963b4860beb7cd14e0b4939a: No bootstrap required, opened a new log
I20260709 12:56:41.710594  1762 ts_tablet_manager.cc:1403] T d5a66d6152a24cf08a833d30477e5bbe P 7a04d0a2963b4860beb7cd14e0b4939a: Time spent bootstrapping tablet: real 0.063s	user 0.009s	sys 0.017s
I20260709 12:56:41.738632  1761 tablet_bootstrap.cc:492] T 35c533e32b324f8f80c12f5380f0c92d P 20c9ad12e0d0435f95be2eda5b653b39: No bootstrap required, opened a new log
I20260709 12:56:41.739208  1761 ts_tablet_manager.cc:1403] T 35c533e32b324f8f80c12f5380f0c92d P 20c9ad12e0d0435f95be2eda5b653b39: Time spent bootstrapping tablet: real 0.145s	user 0.011s	sys 0.007s
I20260709 12:56:41.743429  1761 raft_consensus.cc:359] T 35c533e32b324f8f80c12f5380f0c92d P 20c9ad12e0d0435f95be2eda5b653b39 [term 0 FOLLOWER]: Replica starting. Triggering 0 pending ops. Active config: opid_index: -1 OBSOLETE_local: false peers { permanent_uuid: "2af567a273d44ca89d2b3b0f7c815bd1" member_type: VOTER last_known_addr { host: "127.0.107.193" port: 39997 } } peers { permanent_uuid: "7a04d0a2963b4860beb7cd14e0b4939a" member_type: VOTER last_known_addr { host: "127.0.107.194" port: 33881 } } peers { permanent_uuid: "20c9ad12e0d0435f95be2eda5b653b39" member_type: VOTER last_known_addr { host: "127.0.107.195" port: 36649 } }
I20260709 12:56:41.744144  1761 raft_consensus.cc:385] T 35c533e32b324f8f80c12f5380f0c92d P 20c9ad12e0d0435f95be2eda5b653b39 [term 0 FOLLOWER]: Consensus starting up: Expiring failure detector timer to make a prompt election more likely
I20260709 12:56:41.746915  1761 raft_consensus.cc:740] T 35c533e32b324f8f80c12f5380f0c92d P 20c9ad12e0d0435f95be2eda5b653b39 [term 0 FOLLOWER]: Becoming Follower/Learner. State: Replica: 20c9ad12e0d0435f95be2eda5b653b39, State: Initialized, Role: FOLLOWER
I20260709 12:56:41.747658  1761 consensus_queue.cc:260] T 35c533e32b324f8f80c12f5380f0c92d P 20c9ad12e0d0435f95be2eda5b653b39 [NON_LEADER]: Queue going to NON_LEADER mode. State: All replicated index: 0, Majority replicated index: 0, Committed index: 0, Last appended: 0.0, Last appended by leader: 0, Current term: 0, Majority size: -1, State: 0, Mode: NON_LEADER, active raft config: opid_index: -1 OBSOLETE_local: false peers { permanent_uuid: "2af567a273d44ca89d2b3b0f7c815bd1" member_type: VOTER last_known_addr { host: "127.0.107.193" port: 39997 } } peers { permanent_uuid: "7a04d0a2963b4860beb7cd14e0b4939a" member_type: VOTER last_known_addr { host: "127.0.107.194" port: 33881 } } peers { permanent_uuid: "20c9ad12e0d0435f95be2eda5b653b39" member_type: VOTER last_known_addr { host: "127.0.107.195" port: 36649 } }
I20260709 12:56:41.749610  1761 ts_tablet_manager.cc:1434] T 35c533e32b324f8f80c12f5380f0c92d P 20c9ad12e0d0435f95be2eda5b653b39: Time spent starting tablet: real 0.010s	user 0.008s	sys 0.000s
I20260709 12:56:41.750898  1761 tablet_bootstrap.cc:492] T fe107547ec8e475786b8fa8f8c789648 P 20c9ad12e0d0435f95be2eda5b653b39: Bootstrap starting.
I20260709 12:56:41.797335  1762 raft_consensus.cc:359] T d5a66d6152a24cf08a833d30477e5bbe P 7a04d0a2963b4860beb7cd14e0b4939a [term 0 FOLLOWER]: Replica starting. Triggering 0 pending ops. Active config: opid_index: -1 OBSOLETE_local: false peers { permanent_uuid: "2af567a273d44ca89d2b3b0f7c815bd1" member_type: VOTER last_known_addr { host: "127.0.107.193" port: 39997 } } peers { permanent_uuid: "7a04d0a2963b4860beb7cd14e0b4939a" member_type: VOTER last_known_addr { host: "127.0.107.194" port: 33881 } } peers { permanent_uuid: "20c9ad12e0d0435f95be2eda5b653b39" member_type: VOTER last_known_addr { host: "127.0.107.195" port: 36649 } }
I20260709 12:56:41.798171  1762 raft_consensus.cc:385] T d5a66d6152a24cf08a833d30477e5bbe P 7a04d0a2963b4860beb7cd14e0b4939a [term 0 FOLLOWER]: Consensus starting up: Expiring failure detector timer to make a prompt election more likely
I20260709 12:56:41.798485  1762 raft_consensus.cc:740] T d5a66d6152a24cf08a833d30477e5bbe P 7a04d0a2963b4860beb7cd14e0b4939a [term 0 FOLLOWER]: Becoming Follower/Learner. State: Replica: 7a04d0a2963b4860beb7cd14e0b4939a, State: Initialized, Role: FOLLOWER
I20260709 12:56:41.799249  1762 consensus_queue.cc:260] T d5a66d6152a24cf08a833d30477e5bbe P 7a04d0a2963b4860beb7cd14e0b4939a [NON_LEADER]: Queue going to NON_LEADER mode. State: All replicated index: 0, Majority replicated index: 0, Committed index: 0, Last appended: 0.0, Last appended by leader: 0, Current term: 0, Majority size: -1, State: 0, Mode: NON_LEADER, active raft config: opid_index: -1 OBSOLETE_local: false peers { permanent_uuid: "2af567a273d44ca89d2b3b0f7c815bd1" member_type: VOTER last_known_addr { host: "127.0.107.193" port: 39997 } } peers { permanent_uuid: "7a04d0a2963b4860beb7cd14e0b4939a" member_type: VOTER last_known_addr { host: "127.0.107.194" port: 33881 } } peers { permanent_uuid: "20c9ad12e0d0435f95be2eda5b653b39" member_type: VOTER last_known_addr { host: "127.0.107.195" port: 36649 } }
I20260709 12:56:41.805802  1762 ts_tablet_manager.cc:1434] T d5a66d6152a24cf08a833d30477e5bbe P 7a04d0a2963b4860beb7cd14e0b4939a: Time spent starting tablet: real 0.095s	user 0.015s	sys 0.020s
I20260709 12:56:41.806850  1762 tablet_bootstrap.cc:492] T 0d36382528fc4b5680388922224bdfa3 P 7a04d0a2963b4860beb7cd14e0b4939a: Bootstrap starting.
I20260709 12:56:41.807327  1765 tablet_bootstrap.cc:654] T 218ace78ff9d4582bd0fa7fe82f9654f P 2af567a273d44ca89d2b3b0f7c815bd1: Neither blocks nor log segments found. Creating new log.
I20260709 12:56:41.810881  1468 catalog_manager.cc:5697] T 0ccb6bb6402c4cdf9f065c72d521dc44 P 7a04d0a2963b4860beb7cd14e0b4939a reported cstate change: term changed from 0 to 1, leader changed from <none> to 7a04d0a2963b4860beb7cd14e0b4939a (127.0.107.194). New cstate: current_term: 1 leader_uuid: "7a04d0a2963b4860beb7cd14e0b4939a" committed_config { opid_index: -1 OBSOLETE_local: false peers { permanent_uuid: "2af567a273d44ca89d2b3b0f7c815bd1" member_type: VOTER last_known_addr { host: "127.0.107.193" port: 39997 } health_report { overall_health: UNKNOWN } } peers { permanent_uuid: "7a04d0a2963b4860beb7cd14e0b4939a" member_type: VOTER last_known_addr { host: "127.0.107.194" port: 33881 } health_report { overall_health: HEALTHY } } peers { permanent_uuid: "20c9ad12e0d0435f95be2eda5b653b39" member_type: VOTER last_known_addr { host: "127.0.107.195" port: 36649 } health_report { overall_health: UNKNOWN } } }
I20260709 12:56:41.812686  1761 tablet_bootstrap.cc:654] T fe107547ec8e475786b8fa8f8c789648 P 20c9ad12e0d0435f95be2eda5b653b39: Neither blocks nor log segments found. Creating new log.
I20260709 12:56:41.812974  1979 raft_consensus.cc:493] T 963d2113f061422e874d4718ed8d9538 P 2af567a273d44ca89d2b3b0f7c815bd1 [term 0 FOLLOWER]: Starting pre-election (no leader contacted us within the election timeout)
I20260709 12:56:41.813623  1979 raft_consensus.cc:515] T 963d2113f061422e874d4718ed8d9538 P 2af567a273d44ca89d2b3b0f7c815bd1 [term 0 FOLLOWER]: Starting pre-election with config: opid_index: -1 OBSOLETE_local: false peers { permanent_uuid: "2af567a273d44ca89d2b3b0f7c815bd1" member_type: VOTER last_known_addr { host: "127.0.107.193" port: 39997 } } peers { permanent_uuid: "7a04d0a2963b4860beb7cd14e0b4939a" member_type: VOTER last_known_addr { host: "127.0.107.194" port: 33881 } } peers { permanent_uuid: "20c9ad12e0d0435f95be2eda5b653b39" member_type: VOTER last_known_addr { host: "127.0.107.195" port: 36649 } }
I20260709 12:56:41.829963  1967 consensus_queue.cc:1048] T 1b56889944b24c9cb46eb080b37a2d4b P 7a04d0a2963b4860beb7cd14e0b4939a [LEADER]: Connected to new peer: Peer: permanent_uuid: "20c9ad12e0d0435f95be2eda5b653b39" member_type: VOTER last_known_addr { host: "127.0.107.195" port: 36649 }, Status: LMP_MISMATCH, Last received: 0.0, Next index: 1, Last known committed idx: 0, Time since last communication: 0.001s
I20260709 12:56:41.835937  1647 tablet_service.cc:1917] Received RequestConsensusVote() RPC: tablet_id: "963d2113f061422e874d4718ed8d9538" candidate_uuid: "2af567a273d44ca89d2b3b0f7c815bd1" candidate_term: 1 candidate_status { last_received { term: 0 index: 0 } } ignore_live_leader: false dest_uuid: "7a04d0a2963b4860beb7cd14e0b4939a" is_pre_election: true
I20260709 12:56:41.888705  2033 raft_consensus.cc:493] T 0ccb6bb6402c4cdf9f065c72d521dc44 P 20c9ad12e0d0435f95be2eda5b653b39 [term 0 FOLLOWER]: Starting pre-election (no leader contacted us within the election timeout)
I20260709 12:56:41.889602  2033 raft_consensus.cc:515] T 0ccb6bb6402c4cdf9f065c72d521dc44 P 20c9ad12e0d0435f95be2eda5b653b39 [term 0 FOLLOWER]: Starting pre-election with config: opid_index: -1 OBSOLETE_local: false peers { permanent_uuid: "2af567a273d44ca89d2b3b0f7c815bd1" member_type: VOTER last_known_addr { host: "127.0.107.193" port: 39997 } } peers { permanent_uuid: "7a04d0a2963b4860beb7cd14e0b4939a" member_type: VOTER last_known_addr { host: "127.0.107.194" port: 33881 } } peers { permanent_uuid: "20c9ad12e0d0435f95be2eda5b653b39" member_type: VOTER last_known_addr { host: "127.0.107.195" port: 36649 } }
I20260709 12:56:41.897616  1979 leader_election.cc:290] T 963d2113f061422e874d4718ed8d9538 P 2af567a273d44ca89d2b3b0f7c815bd1 [CANDIDATE]: Term 1 pre-election: Requested pre-vote from peers 7a04d0a2963b4860beb7cd14e0b4939a (127.0.107.194:33881), 20c9ad12e0d0435f95be2eda5b653b39 (127.0.107.195:36649)
I20260709 12:56:41.906287  1717 tablet_service.cc:1917] Received RequestConsensusVote() RPC: tablet_id: "963d2113f061422e874d4718ed8d9538" candidate_uuid: "2af567a273d44ca89d2b3b0f7c815bd1" candidate_term: 1 candidate_status { last_received { term: 0 index: 0 } } ignore_live_leader: false dest_uuid: "20c9ad12e0d0435f95be2eda5b653b39" is_pre_election: true
I20260709 12:56:41.907158  2033 leader_election.cc:290] T 0ccb6bb6402c4cdf9f065c72d521dc44 P 20c9ad12e0d0435f95be2eda5b653b39 [CANDIDATE]: Term 1 pre-election: Requested pre-vote from peers 2af567a273d44ca89d2b3b0f7c815bd1 (127.0.107.193:39997), 7a04d0a2963b4860beb7cd14e0b4939a (127.0.107.194:33881)
I20260709 12:56:41.908061  1762 tablet_bootstrap.cc:654] T 0d36382528fc4b5680388922224bdfa3 P 7a04d0a2963b4860beb7cd14e0b4939a: Neither blocks nor log segments found. Creating new log.
I20260709 12:56:41.918828  1537 leader_election.cc:304] T 963d2113f061422e874d4718ed8d9538 P 2af567a273d44ca89d2b3b0f7c815bd1 [CANDIDATE]: Term 1 pre-election: Election decided. Result: candidate lost. Election summary: received 3 responses out of 3 voters: 1 yes votes; 2 no votes. yes voters: 2af567a273d44ca89d2b3b0f7c815bd1; no voters: 20c9ad12e0d0435f95be2eda5b653b39, 7a04d0a2963b4860beb7cd14e0b4939a
I20260709 12:56:41.915777  1765 tablet_bootstrap.cc:492] T 218ace78ff9d4582bd0fa7fe82f9654f P 2af567a273d44ca89d2b3b0f7c815bd1: No bootstrap required, opened a new log
I20260709 12:56:41.955803  1765 ts_tablet_manager.cc:1403] T 218ace78ff9d4582bd0fa7fe82f9654f P 2af567a273d44ca89d2b3b0f7c815bd1: Time spent bootstrapping tablet: real 0.251s	user 0.008s	sys 0.046s
I20260709 12:56:41.957285  2054 raft_consensus.cc:2749] T 963d2113f061422e874d4718ed8d9538 P 2af567a273d44ca89d2b3b0f7c815bd1 [term 0 FOLLOWER]: Leader pre-election lost for term 1. Reason: could not achieve majority
I20260709 12:56:41.969777  1765 raft_consensus.cc:359] T 218ace78ff9d4582bd0fa7fe82f9654f P 2af567a273d44ca89d2b3b0f7c815bd1 [term 0 FOLLOWER]: Replica starting. Triggering 0 pending ops. Active config: opid_index: -1 OBSOLETE_local: false peers { permanent_uuid: "2af567a273d44ca89d2b3b0f7c815bd1" member_type: VOTER last_known_addr { host: "127.0.107.193" port: 39997 } } peers { permanent_uuid: "7a04d0a2963b4860beb7cd14e0b4939a" member_type: VOTER last_known_addr { host: "127.0.107.194" port: 33881 } } peers { permanent_uuid: "20c9ad12e0d0435f95be2eda5b653b39" member_type: VOTER last_known_addr { host: "127.0.107.195" port: 36649 } }
I20260709 12:56:41.970718  1765 raft_consensus.cc:385] T 218ace78ff9d4582bd0fa7fe82f9654f P 2af567a273d44ca89d2b3b0f7c815bd1 [term 0 FOLLOWER]: Consensus starting up: Expiring failure detector timer to make a prompt election more likely
I20260709 12:56:41.971030  1765 raft_consensus.cc:740] T 218ace78ff9d4582bd0fa7fe82f9654f P 2af567a273d44ca89d2b3b0f7c815bd1 [term 0 FOLLOWER]: Becoming Follower/Learner. State: Replica: 2af567a273d44ca89d2b3b0f7c815bd1, State: Initialized, Role: FOLLOWER
W20260709 12:56:41.972663  1612 consensus_peers.cc:597] T 1b56889944b24c9cb46eb080b37a2d4b P 7a04d0a2963b4860beb7cd14e0b4939a -> Peer 2af567a273d44ca89d2b3b0f7c815bd1 (127.0.107.193:39997): Couldn't send request to peer 2af567a273d44ca89d2b3b0f7c815bd1. Error code: TABLET_NOT_RUNNING (12). Status: Illegal state: Tablet not RUNNING: INITIALIZED. This is attempt 1: this message will repeat every 5th retry.
I20260709 12:56:41.971837  1765 consensus_queue.cc:260] T 218ace78ff9d4582bd0fa7fe82f9654f P 2af567a273d44ca89d2b3b0f7c815bd1 [NON_LEADER]: Queue going to NON_LEADER mode. State: All replicated index: 0, Majority replicated index: 0, Committed index: 0, Last appended: 0.0, Last appended by leader: 0, Current term: 0, Majority size: -1, State: 0, Mode: NON_LEADER, active raft config: opid_index: -1 OBSOLETE_local: false peers { permanent_uuid: "2af567a273d44ca89d2b3b0f7c815bd1" member_type: VOTER last_known_addr { host: "127.0.107.193" port: 39997 } } peers { permanent_uuid: "7a04d0a2963b4860beb7cd14e0b4939a" member_type: VOTER last_known_addr { host: "127.0.107.194" port: 33881 } } peers { permanent_uuid: "20c9ad12e0d0435f95be2eda5b653b39" member_type: VOTER last_known_addr { host: "127.0.107.195" port: 36649 } }
I20260709 12:56:41.978152  1469 catalog_manager.cc:5697] T 218ace78ff9d4582bd0fa7fe82f9654f P 7a04d0a2963b4860beb7cd14e0b4939a reported cstate change: term changed from 0 to 1, leader changed from <none> to 7a04d0a2963b4860beb7cd14e0b4939a (127.0.107.194). New cstate: current_term: 1 leader_uuid: "7a04d0a2963b4860beb7cd14e0b4939a" committed_config { opid_index: -1 OBSOLETE_local: false peers { permanent_uuid: "2af567a273d44ca89d2b3b0f7c815bd1" member_type: VOTER last_known_addr { host: "127.0.107.193" port: 39997 } health_report { overall_health: UNKNOWN } } peers { permanent_uuid: "7a04d0a2963b4860beb7cd14e0b4939a" member_type: VOTER last_known_addr { host: "127.0.107.194" port: 33881 } health_report { overall_health: HEALTHY } } peers { permanent_uuid: "20c9ad12e0d0435f95be2eda5b653b39" member_type: VOTER last_known_addr { host: "127.0.107.195" port: 36649 } health_report { overall_health: UNKNOWN } } }
I20260709 12:56:41.973167  1647 tablet_service.cc:1917] Received RequestConsensusVote() RPC: tablet_id: "0ccb6bb6402c4cdf9f065c72d521dc44" candidate_uuid: "20c9ad12e0d0435f95be2eda5b653b39" candidate_term: 1 candidate_status { last_received { term: 0 index: 0 } } ignore_live_leader: false dest_uuid: "7a04d0a2963b4860beb7cd14e0b4939a" is_pre_election: true
I20260709 12:56:41.915210  1570 tablet_service.cc:1917] Received RequestConsensusVote() RPC: tablet_id: "0ccb6bb6402c4cdf9f065c72d521dc44" candidate_uuid: "20c9ad12e0d0435f95be2eda5b653b39" candidate_term: 1 candidate_status { last_received { term: 0 index: 0 } } ignore_live_leader: false dest_uuid: "2af567a273d44ca89d2b3b0f7c815bd1" is_pre_election: true
I20260709 12:56:41.981276  1570 raft_consensus.cc:2393] T 0ccb6bb6402c4cdf9f065c72d521dc44 P 2af567a273d44ca89d2b3b0f7c815bd1 [term 1 FOLLOWER]: Leader pre-election vote request: Denying vote to candidate 20c9ad12e0d0435f95be2eda5b653b39 in current term 1: Already voted for candidate 7a04d0a2963b4860beb7cd14e0b4939a in this term.
I20260709 12:56:41.982555  1765 ts_tablet_manager.cc:1434] T 218ace78ff9d4582bd0fa7fe82f9654f P 2af567a273d44ca89d2b3b0f7c815bd1: Time spent starting tablet: real 0.026s	user 0.006s	sys 0.001s
I20260709 12:56:41.982698  1761 tablet_bootstrap.cc:492] T fe107547ec8e475786b8fa8f8c789648 P 20c9ad12e0d0435f95be2eda5b653b39: No bootstrap required, opened a new log
I20260709 12:56:41.983109  1761 ts_tablet_manager.cc:1403] T fe107547ec8e475786b8fa8f8c789648 P 20c9ad12e0d0435f95be2eda5b653b39: Time spent bootstrapping tablet: real 0.232s	user 0.029s	sys 0.016s
I20260709 12:56:41.983500  1765 tablet_bootstrap.cc:492] T d5a66d6152a24cf08a833d30477e5bbe P 2af567a273d44ca89d2b3b0f7c815bd1: Bootstrap starting.
I20260709 12:56:41.993288  1761 raft_consensus.cc:359] T fe107547ec8e475786b8fa8f8c789648 P 20c9ad12e0d0435f95be2eda5b653b39 [term 0 FOLLOWER]: Replica starting. Triggering 0 pending ops. Active config: opid_index: -1 OBSOLETE_local: false peers { permanent_uuid: "2af567a273d44ca89d2b3b0f7c815bd1" member_type: VOTER last_known_addr { host: "127.0.107.193" port: 39997 } } peers { permanent_uuid: "7a04d0a2963b4860beb7cd14e0b4939a" member_type: VOTER last_known_addr { host: "127.0.107.194" port: 33881 } } peers { permanent_uuid: "20c9ad12e0d0435f95be2eda5b653b39" member_type: VOTER last_known_addr { host: "127.0.107.195" port: 36649 } }
I20260709 12:56:41.994155  1761 raft_consensus.cc:385] T fe107547ec8e475786b8fa8f8c789648 P 20c9ad12e0d0435f95be2eda5b653b39 [term 0 FOLLOWER]: Consensus starting up: Expiring failure detector timer to make a prompt election more likely
I20260709 12:56:41.994479  1761 raft_consensus.cc:740] T fe107547ec8e475786b8fa8f8c789648 P 20c9ad12e0d0435f95be2eda5b653b39 [term 0 FOLLOWER]: Becoming Follower/Learner. State: Replica: 20c9ad12e0d0435f95be2eda5b653b39, State: Initialized, Role: FOLLOWER
I20260709 12:56:42.010561  1686 leader_election.cc:304] T 0ccb6bb6402c4cdf9f065c72d521dc44 P 20c9ad12e0d0435f95be2eda5b653b39 [CANDIDATE]: Term 1 pre-election: Election decided. Result: candidate lost. Election summary: received 3 responses out of 3 voters: 1 yes votes; 2 no votes. yes voters: 20c9ad12e0d0435f95be2eda5b653b39; no voters: 2af567a273d44ca89d2b3b0f7c815bd1, 7a04d0a2963b4860beb7cd14e0b4939a
I20260709 12:56:42.012773  1719 raft_consensus.cc:3060] T 0ccb6bb6402c4cdf9f065c72d521dc44 P 20c9ad12e0d0435f95be2eda5b653b39 [term 0 FOLLOWER]: Advancing to term 1
I20260709 12:56:42.024534  2033 raft_consensus.cc:2749] T 0ccb6bb6402c4cdf9f065c72d521dc44 P 20c9ad12e0d0435f95be2eda5b653b39 [term 1 FOLLOWER]: Leader pre-election lost for term 1. Reason: could not achieve majority
I20260709 12:56:42.015131  1761 consensus_queue.cc:260] T fe107547ec8e475786b8fa8f8c789648 P 20c9ad12e0d0435f95be2eda5b653b39 [NON_LEADER]: Queue going to NON_LEADER mode. State: All replicated index: 0, Majority replicated index: 0, Committed index: 0, Last appended: 0.0, Last appended by leader: 0, Current term: 0, Majority size: -1, State: 0, Mode: NON_LEADER, active raft config: opid_index: -1 OBSOLETE_local: false peers { permanent_uuid: "2af567a273d44ca89d2b3b0f7c815bd1" member_type: VOTER last_known_addr { host: "127.0.107.193" port: 39997 } } peers { permanent_uuid: "7a04d0a2963b4860beb7cd14e0b4939a" member_type: VOTER last_known_addr { host: "127.0.107.194" port: 33881 } } peers { permanent_uuid: "20c9ad12e0d0435f95be2eda5b653b39" member_type: VOTER last_known_addr { host: "127.0.107.195" port: 36649 } }
I20260709 12:56:42.031147  1761 ts_tablet_manager.cc:1434] T fe107547ec8e475786b8fa8f8c789648 P 20c9ad12e0d0435f95be2eda5b653b39: Time spent starting tablet: real 0.048s	user 0.002s	sys 0.006s
I20260709 12:56:42.032230  1761 tablet_bootstrap.cc:492] T c680cef608164c689f7de9b00b60e72d P 20c9ad12e0d0435f95be2eda5b653b39: Bootstrap starting.
I20260709 12:56:42.043272  2050 raft_consensus.cc:493] T 35c533e32b324f8f80c12f5380f0c92d P 7a04d0a2963b4860beb7cd14e0b4939a [term 0 FOLLOWER]: Starting pre-election (no leader contacted us within the election timeout)
I20260709 12:56:42.043960  2050 raft_consensus.cc:515] T 35c533e32b324f8f80c12f5380f0c92d P 7a04d0a2963b4860beb7cd14e0b4939a [term 0 FOLLOWER]: Starting pre-election with config: opid_index: -1 OBSOLETE_local: false peers { permanent_uuid: "2af567a273d44ca89d2b3b0f7c815bd1" member_type: VOTER last_known_addr { host: "127.0.107.193" port: 39997 } } peers { permanent_uuid: "7a04d0a2963b4860beb7cd14e0b4939a" member_type: VOTER last_known_addr { host: "127.0.107.194" port: 33881 } } peers { permanent_uuid: "20c9ad12e0d0435f95be2eda5b653b39" member_type: VOTER last_known_addr { host: "127.0.107.195" port: 36649 } }
I20260709 12:56:42.045933  2052 consensus_queue.cc:1048] T 0ccb6bb6402c4cdf9f065c72d521dc44 P 7a04d0a2963b4860beb7cd14e0b4939a [LEADER]: Connected to new peer: Peer: permanent_uuid: "20c9ad12e0d0435f95be2eda5b653b39" member_type: VOTER last_known_addr { host: "127.0.107.195" port: 36649 }, Status: LMP_MISMATCH, Last received: 0.0, Next index: 1, Last known committed idx: 0, Time since last communication: 0.001s
I20260709 12:56:42.048105  2050 leader_election.cc:290] T 35c533e32b324f8f80c12f5380f0c92d P 7a04d0a2963b4860beb7cd14e0b4939a [CANDIDATE]: Term 1 pre-election: Requested pre-vote from peers 2af567a273d44ca89d2b3b0f7c815bd1 (127.0.107.193:39997), 20c9ad12e0d0435f95be2eda5b653b39 (127.0.107.195:36649)
I20260709 12:56:42.035684  1967 raft_consensus.cc:493] T d5a66d6152a24cf08a833d30477e5bbe P 7a04d0a2963b4860beb7cd14e0b4939a [term 0 FOLLOWER]: Starting pre-election (no leader contacted us within the election timeout)
I20260709 12:56:42.049054  1967 raft_consensus.cc:515] T d5a66d6152a24cf08a833d30477e5bbe P 7a04d0a2963b4860beb7cd14e0b4939a [term 0 FOLLOWER]: Starting pre-election with config: opid_index: -1 OBSOLETE_local: false peers { permanent_uuid: "2af567a273d44ca89d2b3b0f7c815bd1" member_type: VOTER last_known_addr { host: "127.0.107.193" port: 39997 } } peers { permanent_uuid: "7a04d0a2963b4860beb7cd14e0b4939a" member_type: VOTER last_known_addr { host: "127.0.107.194" port: 33881 } } peers { permanent_uuid: "20c9ad12e0d0435f95be2eda5b653b39" member_type: VOTER last_known_addr { host: "127.0.107.195" port: 36649 } }
I20260709 12:56:42.051877  1571 tablet_service.cc:1917] Received RequestConsensusVote() RPC: tablet_id: "35c533e32b324f8f80c12f5380f0c92d" candidate_uuid: "7a04d0a2963b4860beb7cd14e0b4939a" candidate_term: 1 candidate_status { last_received { term: 0 index: 0 } } ignore_live_leader: false dest_uuid: "2af567a273d44ca89d2b3b0f7c815bd1" is_pre_election: true
I20260709 12:56:42.053491  1967 leader_election.cc:290] T d5a66d6152a24cf08a833d30477e5bbe P 7a04d0a2963b4860beb7cd14e0b4939a [CANDIDATE]: Term 1 pre-election: Requested pre-vote from peers 2af567a273d44ca89d2b3b0f7c815bd1 (127.0.107.193:39997), 20c9ad12e0d0435f95be2eda5b653b39 (127.0.107.195:36649)
I20260709 12:56:42.054384  1571 tablet_service.cc:1917] Received RequestConsensusVote() RPC: tablet_id: "d5a66d6152a24cf08a833d30477e5bbe" candidate_uuid: "7a04d0a2963b4860beb7cd14e0b4939a" candidate_term: 1 candidate_status { last_received { term: 0 index: 0 } } ignore_live_leader: false dest_uuid: "2af567a273d44ca89d2b3b0f7c815bd1" is_pre_election: true
W20260709 12:56:42.053591  1612 leader_election.cc:343] T 35c533e32b324f8f80c12f5380f0c92d P 7a04d0a2963b4860beb7cd14e0b4939a [CANDIDATE]: Term 1 pre-election: Tablet error from VoteRequest() call to peer 2af567a273d44ca89d2b3b0f7c815bd1 (127.0.107.193:39997): Illegal state: must be running to vote when last-logged opid is not known
W20260709 12:56:42.059614  1612 leader_election.cc:343] T d5a66d6152a24cf08a833d30477e5bbe P 7a04d0a2963b4860beb7cd14e0b4939a [CANDIDATE]: Term 1 pre-election: Tablet error from VoteRequest() call to peer 2af567a273d44ca89d2b3b0f7c815bd1 (127.0.107.193:39997): Illegal state: must be running to vote when last-logged opid is not known
I20260709 12:56:42.065315  2074 raft_consensus.cc:493] T 218ace78ff9d4582bd0fa7fe82f9654f P 2af567a273d44ca89d2b3b0f7c815bd1 [term 0 FOLLOWER]: Starting pre-election (no leader contacted us within the election timeout)
I20260709 12:56:42.072336  2074 raft_consensus.cc:515] T 218ace78ff9d4582bd0fa7fe82f9654f P 2af567a273d44ca89d2b3b0f7c815bd1 [term 0 FOLLOWER]: Starting pre-election with config: opid_index: -1 OBSOLETE_local: false peers { permanent_uuid: "2af567a273d44ca89d2b3b0f7c815bd1" member_type: VOTER last_known_addr { host: "127.0.107.193" port: 39997 } } peers { permanent_uuid: "7a04d0a2963b4860beb7cd14e0b4939a" member_type: VOTER last_known_addr { host: "127.0.107.194" port: 33881 } } peers { permanent_uuid: "20c9ad12e0d0435f95be2eda5b653b39" member_type: VOTER last_known_addr { host: "127.0.107.195" port: 36649 } }
I20260709 12:56:42.079734  2074 leader_election.cc:290] T 218ace78ff9d4582bd0fa7fe82f9654f P 2af567a273d44ca89d2b3b0f7c815bd1 [CANDIDATE]: Term 1 pre-election: Requested pre-vote from peers 7a04d0a2963b4860beb7cd14e0b4939a (127.0.107.194:33881), 20c9ad12e0d0435f95be2eda5b653b39 (127.0.107.195:36649)
I20260709 12:56:42.081009  1720 tablet_service.cc:1917] Received RequestConsensusVote() RPC: tablet_id: "218ace78ff9d4582bd0fa7fe82f9654f" candidate_uuid: "2af567a273d44ca89d2b3b0f7c815bd1" candidate_term: 1 candidate_status { last_received { term: 0 index: 0 } } ignore_live_leader: false dest_uuid: "20c9ad12e0d0435f95be2eda5b653b39" is_pre_election: true
I20260709 12:56:42.082171  1720 raft_consensus.cc:2393] T 218ace78ff9d4582bd0fa7fe82f9654f P 20c9ad12e0d0435f95be2eda5b653b39 [term 1 FOLLOWER]: Leader pre-election vote request: Denying vote to candidate 2af567a273d44ca89d2b3b0f7c815bd1 in current term 1: Already voted for candidate 7a04d0a2963b4860beb7cd14e0b4939a in this term.
I20260709 12:56:42.085172  1646 tablet_service.cc:1917] Received RequestConsensusVote() RPC: tablet_id: "218ace78ff9d4582bd0fa7fe82f9654f" candidate_uuid: "2af567a273d44ca89d2b3b0f7c815bd1" candidate_term: 1 candidate_status { last_received { term: 0 index: 0 } } ignore_live_leader: false dest_uuid: "7a04d0a2963b4860beb7cd14e0b4939a" is_pre_election: true
W20260709 12:56:42.086004  1518 auto_rebalancer.cc:288] Could not retrieve cluster info: Service unavailable: Tablet not running
I20260709 12:56:42.085697  2052 consensus_queue.cc:1048] T 0ccb6bb6402c4cdf9f065c72d521dc44 P 7a04d0a2963b4860beb7cd14e0b4939a [LEADER]: Connected to new peer: Peer: permanent_uuid: "2af567a273d44ca89d2b3b0f7c815bd1" member_type: VOTER last_known_addr { host: "127.0.107.193" port: 39997 }, Status: LMP_MISMATCH, Last received: 0.0, Next index: 1, Last known committed idx: 0, Time since last communication: 0.001s
I20260709 12:56:42.089246  1715 tablet_service.cc:1917] Received RequestConsensusVote() RPC: tablet_id: "d5a66d6152a24cf08a833d30477e5bbe" candidate_uuid: "7a04d0a2963b4860beb7cd14e0b4939a" candidate_term: 1 candidate_status { last_received { term: 0 index: 0 } } ignore_live_leader: false dest_uuid: "20c9ad12e0d0435f95be2eda5b653b39" is_pre_election: true
I20260709 12:56:42.089968  1715 raft_consensus.cc:2468] T d5a66d6152a24cf08a833d30477e5bbe P 20c9ad12e0d0435f95be2eda5b653b39 [term 0 FOLLOWER]: Leader pre-election vote request: Granting yes vote for candidate 7a04d0a2963b4860beb7cd14e0b4939a in term 0.
I20260709 12:56:42.092008  2040 raft_consensus.cc:493] T 35c533e32b324f8f80c12f5380f0c92d P 20c9ad12e0d0435f95be2eda5b653b39 [term 0 FOLLOWER]: Starting pre-election (no leader contacted us within the election timeout)
I20260709 12:56:42.092290  1535 leader_election.cc:304] T 218ace78ff9d4582bd0fa7fe82f9654f P 2af567a273d44ca89d2b3b0f7c815bd1 [CANDIDATE]: Term 1 pre-election: Election decided. Result: candidate lost. Election summary: received 3 responses out of 3 voters: 1 yes votes; 2 no votes. yes voters: 2af567a273d44ca89d2b3b0f7c815bd1; no voters: 20c9ad12e0d0435f95be2eda5b653b39, 7a04d0a2963b4860beb7cd14e0b4939a
I20260709 12:56:42.092715  2040 raft_consensus.cc:515] T 35c533e32b324f8f80c12f5380f0c92d P 20c9ad12e0d0435f95be2eda5b653b39 [term 0 FOLLOWER]: Starting pre-election with config: opid_index: -1 OBSOLETE_local: false peers { permanent_uuid: "2af567a273d44ca89d2b3b0f7c815bd1" member_type: VOTER last_known_addr { host: "127.0.107.193" port: 39997 } } peers { permanent_uuid: "7a04d0a2963b4860beb7cd14e0b4939a" member_type: VOTER last_known_addr { host: "127.0.107.194" port: 33881 } } peers { permanent_uuid: "20c9ad12e0d0435f95be2eda5b653b39" member_type: VOTER last_known_addr { host: "127.0.107.195" port: 36649 } }
I20260709 12:56:42.094370  2007 raft_consensus.cc:3060] T 218ace78ff9d4582bd0fa7fe82f9654f P 2af567a273d44ca89d2b3b0f7c815bd1 [term 0 FOLLOWER]: Advancing to term 1
I20260709 12:56:42.096673  1612 leader_election.cc:304] T d5a66d6152a24cf08a833d30477e5bbe P 7a04d0a2963b4860beb7cd14e0b4939a [CANDIDATE]: Term 1 pre-election: Election decided. Result: candidate won. Election summary: received 3 responses out of 3 voters: 2 yes votes; 1 no votes. yes voters: 20c9ad12e0d0435f95be2eda5b653b39, 7a04d0a2963b4860beb7cd14e0b4939a; no voters: 2af567a273d44ca89d2b3b0f7c815bd1
I20260709 12:56:42.102605  1765 tablet_bootstrap.cc:654] T d5a66d6152a24cf08a833d30477e5bbe P 2af567a273d44ca89d2b3b0f7c815bd1: Neither blocks nor log segments found. Creating new log.
I20260709 12:56:42.103657  1719 tablet_service.cc:1917] Received RequestConsensusVote() RPC: tablet_id: "35c533e32b324f8f80c12f5380f0c92d" candidate_uuid: "7a04d0a2963b4860beb7cd14e0b4939a" candidate_term: 1 candidate_status { last_received { term: 0 index: 0 } } ignore_live_leader: false dest_uuid: "20c9ad12e0d0435f95be2eda5b653b39" is_pre_election: true
I20260709 12:56:42.104609  1719 raft_consensus.cc:2468] T 35c533e32b324f8f80c12f5380f0c92d P 20c9ad12e0d0435f95be2eda5b653b39 [term 0 FOLLOWER]: Leader pre-election vote request: Granting yes vote for candidate 7a04d0a2963b4860beb7cd14e0b4939a in term 0.
I20260709 12:56:42.108856  1572 tablet_service.cc:1917] Received RequestConsensusVote() RPC: tablet_id: "35c533e32b324f8f80c12f5380f0c92d" candidate_uuid: "20c9ad12e0d0435f95be2eda5b653b39" candidate_term: 1 candidate_status { last_received { term: 0 index: 0 } } ignore_live_leader: false dest_uuid: "2af567a273d44ca89d2b3b0f7c815bd1" is_pre_election: true
I20260709 12:56:42.109092  2040 leader_election.cc:290] T 35c533e32b324f8f80c12f5380f0c92d P 20c9ad12e0d0435f95be2eda5b653b39 [CANDIDATE]: Term 1 pre-election: Requested pre-vote from peers 2af567a273d44ca89d2b3b0f7c815bd1 (127.0.107.193:39997), 7a04d0a2963b4860beb7cd14e0b4939a (127.0.107.194:33881)
I20260709 12:56:42.110504  1762 tablet_bootstrap.cc:492] T 0d36382528fc4b5680388922224bdfa3 P 7a04d0a2963b4860beb7cd14e0b4939a: No bootstrap required, opened a new log
I20260709 12:56:42.111012  1762 ts_tablet_manager.cc:1403] T 0d36382528fc4b5680388922224bdfa3 P 7a04d0a2963b4860beb7cd14e0b4939a: Time spent bootstrapping tablet: real 0.304s	user 0.027s	sys 0.088s
I20260709 12:56:42.111928  1645 tablet_service.cc:1917] Received RequestConsensusVote() RPC: tablet_id: "35c533e32b324f8f80c12f5380f0c92d" candidate_uuid: "20c9ad12e0d0435f95be2eda5b653b39" candidate_term: 1 candidate_status { last_received { term: 0 index: 0 } } ignore_live_leader: false dest_uuid: "7a04d0a2963b4860beb7cd14e0b4939a" is_pre_election: true
I20260709 12:56:42.112357  1761 tablet_bootstrap.cc:654] T c680cef608164c689f7de9b00b60e72d P 20c9ad12e0d0435f95be2eda5b653b39: Neither blocks nor log segments found. Creating new log.
I20260709 12:56:42.112565  1645 raft_consensus.cc:2468] T 35c533e32b324f8f80c12f5380f0c92d P 7a04d0a2963b4860beb7cd14e0b4939a [term 0 FOLLOWER]: Leader pre-election vote request: Granting yes vote for candidate 20c9ad12e0d0435f95be2eda5b653b39 in term 0.
I20260709 12:56:42.119216  1684 leader_election.cc:304] T 35c533e32b324f8f80c12f5380f0c92d P 20c9ad12e0d0435f95be2eda5b653b39 [CANDIDATE]: Term 1 pre-election: Election decided. Result: candidate won. Election summary: received 2 responses out of 3 voters: 2 yes votes; 0 no votes. yes voters: 20c9ad12e0d0435f95be2eda5b653b39, 7a04d0a2963b4860beb7cd14e0b4939a; no voters: 
I20260709 12:56:42.125038  2033 raft_consensus.cc:2804] T 35c533e32b324f8f80c12f5380f0c92d P 20c9ad12e0d0435f95be2eda5b653b39 [term 0 FOLLOWER]: Leader pre-election won for term 1
I20260709 12:56:42.125471  2033 raft_consensus.cc:493] T 35c533e32b324f8f80c12f5380f0c92d P 20c9ad12e0d0435f95be2eda5b653b39 [term 0 FOLLOWER]: Starting leader election (no leader contacted us within the election timeout)
I20260709 12:56:42.125916  2033 raft_consensus.cc:3060] T 35c533e32b324f8f80c12f5380f0c92d P 20c9ad12e0d0435f95be2eda5b653b39 [term 0 FOLLOWER]: Advancing to term 1
W20260709 12:56:42.128763  1686 leader_election.cc:343] T 35c533e32b324f8f80c12f5380f0c92d P 20c9ad12e0d0435f95be2eda5b653b39 [CANDIDATE]: Term 1 pre-election: Tablet error from VoteRequest() call to peer 2af567a273d44ca89d2b3b0f7c815bd1 (127.0.107.193:39997): Illegal state: must be running to vote when last-logged opid is not known
I20260709 12:56:42.132210  1762 raft_consensus.cc:359] T 0d36382528fc4b5680388922224bdfa3 P 7a04d0a2963b4860beb7cd14e0b4939a [term 0 FOLLOWER]: Replica starting. Triggering 0 pending ops. Active config: opid_index: -1 OBSOLETE_local: false peers { permanent_uuid: "2af567a273d44ca89d2b3b0f7c815bd1" member_type: VOTER last_known_addr { host: "127.0.107.193" port: 39997 } } peers { permanent_uuid: "7a04d0a2963b4860beb7cd14e0b4939a" member_type: VOTER last_known_addr { host: "127.0.107.194" port: 33881 } } peers { permanent_uuid: "20c9ad12e0d0435f95be2eda5b653b39" member_type: VOTER last_known_addr { host: "127.0.107.195" port: 36649 } }
I20260709 12:56:42.133435  1762 raft_consensus.cc:385] T 0d36382528fc4b5680388922224bdfa3 P 7a04d0a2963b4860beb7cd14e0b4939a [term 0 FOLLOWER]: Consensus starting up: Expiring failure detector timer to make a prompt election more likely
I20260709 12:56:42.133723  1762 raft_consensus.cc:740] T 0d36382528fc4b5680388922224bdfa3 P 7a04d0a2963b4860beb7cd14e0b4939a [term 0 FOLLOWER]: Becoming Follower/Learner. State: Replica: 7a04d0a2963b4860beb7cd14e0b4939a, State: Initialized, Role: FOLLOWER
I20260709 12:56:42.134857  1762 consensus_queue.cc:260] T 0d36382528fc4b5680388922224bdfa3 P 7a04d0a2963b4860beb7cd14e0b4939a [NON_LEADER]: Queue going to NON_LEADER mode. State: All replicated index: 0, Majority replicated index: 0, Committed index: 0, Last appended: 0.0, Last appended by leader: 0, Current term: 0, Majority size: -1, State: 0, Mode: NON_LEADER, active raft config: opid_index: -1 OBSOLETE_local: false peers { permanent_uuid: "2af567a273d44ca89d2b3b0f7c815bd1" member_type: VOTER last_known_addr { host: "127.0.107.193" port: 39997 } } peers { permanent_uuid: "7a04d0a2963b4860beb7cd14e0b4939a" member_type: VOTER last_known_addr { host: "127.0.107.194" port: 33881 } } peers { permanent_uuid: "20c9ad12e0d0435f95be2eda5b653b39" member_type: VOTER last_known_addr { host: "127.0.107.195" port: 36649 } }
I20260709 12:56:42.105486  1967 raft_consensus.cc:2804] T d5a66d6152a24cf08a833d30477e5bbe P 7a04d0a2963b4860beb7cd14e0b4939a [term 0 FOLLOWER]: Leader pre-election won for term 1
I20260709 12:56:42.135329  1612 leader_election.cc:304] T 35c533e32b324f8f80c12f5380f0c92d P 7a04d0a2963b4860beb7cd14e0b4939a [CANDIDATE]: Term 1 pre-election: Election decided. Result: candidate won. Election summary: received 3 responses out of 3 voters: 2 yes votes; 1 no votes. yes voters: 20c9ad12e0d0435f95be2eda5b653b39, 7a04d0a2963b4860beb7cd14e0b4939a; no voters: 2af567a273d44ca89d2b3b0f7c815bd1
I20260709 12:56:42.141902  1762 ts_tablet_manager.cc:1434] T 0d36382528fc4b5680388922224bdfa3 P 7a04d0a2963b4860beb7cd14e0b4939a: Time spent starting tablet: real 0.031s	user 0.004s	sys 0.003s
I20260709 12:56:42.141418  2050 raft_consensus.cc:2804] T 35c533e32b324f8f80c12f5380f0c92d P 7a04d0a2963b4860beb7cd14e0b4939a [term 0 FOLLOWER]: Leader pre-election won for term 1
I20260709 12:56:42.142724  2050 raft_consensus.cc:493] T 35c533e32b324f8f80c12f5380f0c92d P 7a04d0a2963b4860beb7cd14e0b4939a [term 0 FOLLOWER]: Starting leader election (no leader contacted us within the election timeout)
I20260709 12:56:42.143052  1762 tablet_bootstrap.cc:492] T fe107547ec8e475786b8fa8f8c789648 P 7a04d0a2963b4860beb7cd14e0b4939a: Bootstrap starting.
I20260709 12:56:42.143175  2050 raft_consensus.cc:3060] T 35c533e32b324f8f80c12f5380f0c92d P 7a04d0a2963b4860beb7cd14e0b4939a [term 0 FOLLOWER]: Advancing to term 1
I20260709 12:56:42.137307  1926 raft_consensus.cc:493] T fe107547ec8e475786b8fa8f8c789648 P 20c9ad12e0d0435f95be2eda5b653b39 [term 0 FOLLOWER]: Starting pre-election (no leader contacted us within the election timeout)
I20260709 12:56:42.144943  1926 raft_consensus.cc:515] T fe107547ec8e475786b8fa8f8c789648 P 20c9ad12e0d0435f95be2eda5b653b39 [term 0 FOLLOWER]: Starting pre-election with config: opid_index: -1 OBSOLETE_local: false peers { permanent_uuid: "2af567a273d44ca89d2b3b0f7c815bd1" member_type: VOTER last_known_addr { host: "127.0.107.193" port: 39997 } } peers { permanent_uuid: "7a04d0a2963b4860beb7cd14e0b4939a" member_type: VOTER last_known_addr { host: "127.0.107.194" port: 33881 } } peers { permanent_uuid: "20c9ad12e0d0435f95be2eda5b653b39" member_type: VOTER last_known_addr { host: "127.0.107.195" port: 36649 } }
I20260709 12:56:42.139249  1967 raft_consensus.cc:493] T d5a66d6152a24cf08a833d30477e5bbe P 7a04d0a2963b4860beb7cd14e0b4939a [term 0 FOLLOWER]: Starting leader election (no leader contacted us within the election timeout)
I20260709 12:56:42.174032  2033 raft_consensus.cc:515] T 35c533e32b324f8f80c12f5380f0c92d P 20c9ad12e0d0435f95be2eda5b653b39 [term 1 FOLLOWER]: Starting leader election with config: opid_index: -1 OBSOLETE_local: false peers { permanent_uuid: "2af567a273d44ca89d2b3b0f7c815bd1" member_type: VOTER last_known_addr { host: "127.0.107.193" port: 39997 } } peers { permanent_uuid: "7a04d0a2963b4860beb7cd14e0b4939a" member_type: VOTER last_known_addr { host: "127.0.107.194" port: 33881 } } peers { permanent_uuid: "20c9ad12e0d0435f95be2eda5b653b39" member_type: VOTER last_known_addr { host: "127.0.107.195" port: 36649 } }
I20260709 12:56:42.180668  1571 tablet_service.cc:1917] Received RequestConsensusVote() RPC: tablet_id: "fe107547ec8e475786b8fa8f8c789648" candidate_uuid: "20c9ad12e0d0435f95be2eda5b653b39" candidate_term: 1 candidate_status { last_received { term: 0 index: 0 } } ignore_live_leader: false dest_uuid: "2af567a273d44ca89d2b3b0f7c815bd1" is_pre_election: true
I20260709 12:56:42.186679  1645 tablet_service.cc:1917] Received RequestConsensusVote() RPC: tablet_id: "35c533e32b324f8f80c12f5380f0c92d" candidate_uuid: "20c9ad12e0d0435f95be2eda5b653b39" candidate_term: 1 candidate_status { last_received { term: 0 index: 0 } } ignore_live_leader: false dest_uuid: "7a04d0a2963b4860beb7cd14e0b4939a"
I20260709 12:56:42.187942  1926 leader_election.cc:290] T fe107547ec8e475786b8fa8f8c789648 P 20c9ad12e0d0435f95be2eda5b653b39 [CANDIDATE]: Term 1 pre-election: Requested pre-vote from peers 2af567a273d44ca89d2b3b0f7c815bd1 (127.0.107.193:39997), 7a04d0a2963b4860beb7cd14e0b4939a (127.0.107.194:33881)
I20260709 12:56:42.188141  1646 tablet_service.cc:1917] Received RequestConsensusVote() RPC: tablet_id: "fe107547ec8e475786b8fa8f8c789648" candidate_uuid: "20c9ad12e0d0435f95be2eda5b653b39" candidate_term: 1 candidate_status { last_received { term: 0 index: 0 } } ignore_live_leader: false dest_uuid: "7a04d0a2963b4860beb7cd14e0b4939a" is_pre_election: true
I20260709 12:56:42.187342  2033 leader_election.cc:290] T 35c533e32b324f8f80c12f5380f0c92d P 20c9ad12e0d0435f95be2eda5b653b39 [CANDIDATE]: Term 1 election: Requested vote from peers 2af567a273d44ca89d2b3b0f7c815bd1 (127.0.107.193:39997), 7a04d0a2963b4860beb7cd14e0b4939a (127.0.107.194:33881)
I20260709 12:56:42.157392  1967 raft_consensus.cc:3060] T d5a66d6152a24cf08a833d30477e5bbe P 7a04d0a2963b4860beb7cd14e0b4939a [term 0 FOLLOWER]: Advancing to term 1
W20260709 12:56:42.195866  1684 leader_election.cc:343] T fe107547ec8e475786b8fa8f8c789648 P 20c9ad12e0d0435f95be2eda5b653b39 [CANDIDATE]: Term 1 pre-election: Tablet error from VoteRequest() call to peer 7a04d0a2963b4860beb7cd14e0b4939a (127.0.107.194:33881): Illegal state: must be running to vote when last-logged opid is not known
I20260709 12:56:42.197487  1571 raft_consensus.cc:3060] T 963d2113f061422e874d4718ed8d9538 P 2af567a273d44ca89d2b3b0f7c815bd1 [term 0 FOLLOWER]: Advancing to term 1
I20260709 12:56:42.194700  2007 raft_consensus.cc:2749] T 218ace78ff9d4582bd0fa7fe82f9654f P 2af567a273d44ca89d2b3b0f7c815bd1 [term 1 FOLLOWER]: Leader pre-election lost for term 1. Reason: could not achieve majority
W20260709 12:56:42.209249  1686 leader_election.cc:343] T fe107547ec8e475786b8fa8f8c789648 P 20c9ad12e0d0435f95be2eda5b653b39 [CANDIDATE]: Term 1 pre-election: Tablet error from VoteRequest() call to peer 2af567a273d44ca89d2b3b0f7c815bd1 (127.0.107.193:39997): Illegal state: must be running to vote when last-logged opid is not known
