I20260709 12:56:42.209976  1686 leader_election.cc:304] T fe107547ec8e475786b8fa8f8c789648 P 20c9ad12e0d0435f95be2eda5b653b39 [CANDIDATE]: Term 1 pre-election: Election decided. Result: candidate lost. Election summary: received 3 responses out of 3 voters: 1 yes votes; 2 no votes. yes voters: 20c9ad12e0d0435f95be2eda5b653b39; no voters: 2af567a273d44ca89d2b3b0f7c815bd1, 7a04d0a2963b4860beb7cd14e0b4939a
I20260709 12:56:42.213353  1926 raft_consensus.cc:2749] T fe107547ec8e475786b8fa8f8c789648 P 20c9ad12e0d0435f95be2eda5b653b39 [term 0 FOLLOWER]: Leader pre-election lost for term 1. Reason: could not achieve majority
I20260709 12:56:42.218439  1569 tablet_service.cc:1917] Received RequestConsensusVote() RPC: tablet_id: "35c533e32b324f8f80c12f5380f0c92d" candidate_uuid: "20c9ad12e0d0435f95be2eda5b653b39" candidate_term: 1 candidate_status { last_received { term: 0 index: 0 } } ignore_live_leader: false dest_uuid: "2af567a273d44ca89d2b3b0f7c815bd1"
I20260709 12:56:42.217504  2050 raft_consensus.cc:515] T 35c533e32b324f8f80c12f5380f0c92d P 7a04d0a2963b4860beb7cd14e0b4939a [term 1 FOLLOWER]: Starting leader election with config: opid_index: -1 OBSOLETE_local: false peers { permanent_uuid: "2af567a273d44ca89d2b3b0f7c815bd1" member_type: VOTER last_known_addr { host: "127.0.107.193" port: 39997 } } peers { permanent_uuid: "7a04d0a2963b4860beb7cd14e0b4939a" member_type: VOTER last_known_addr { host: "127.0.107.194" port: 33881 } } peers { permanent_uuid: "20c9ad12e0d0435f95be2eda5b653b39" member_type: VOTER last_known_addr { host: "127.0.107.195" port: 36649 } }
W20260709 12:56:42.224027  1686 leader_election.cc:343] T 35c533e32b324f8f80c12f5380f0c92d P 20c9ad12e0d0435f95be2eda5b653b39 [CANDIDATE]: Term 1 election: Tablet error from VoteRequest() call to peer 2af567a273d44ca89d2b3b0f7c815bd1 (127.0.107.193:39997): Illegal state: must be running to vote when last-logged opid is not known
I20260709 12:56:42.225787  1645 raft_consensus.cc:2393] T 35c533e32b324f8f80c12f5380f0c92d P 7a04d0a2963b4860beb7cd14e0b4939a [term 1 FOLLOWER]: Leader election vote request: Denying vote to candidate 20c9ad12e0d0435f95be2eda5b653b39 in current term 1: Already voted for candidate 7a04d0a2963b4860beb7cd14e0b4939a in this term.
I20260709 12:56:42.226485  1761 tablet_bootstrap.cc:492] T c680cef608164c689f7de9b00b60e72d P 20c9ad12e0d0435f95be2eda5b653b39: No bootstrap required, opened a new log
I20260709 12:56:42.226984  1761 ts_tablet_manager.cc:1403] T c680cef608164c689f7de9b00b60e72d P 20c9ad12e0d0435f95be2eda5b653b39: Time spent bootstrapping tablet: real 0.195s	user 0.022s	sys 0.033s
I20260709 12:56:42.231068  2050 leader_election.cc:290] T 35c533e32b324f8f80c12f5380f0c92d P 7a04d0a2963b4860beb7cd14e0b4939a [CANDIDATE]: Term 1 election: Requested vote from peers 2af567a273d44ca89d2b3b0f7c815bd1 (127.0.107.193:39997), 20c9ad12e0d0435f95be2eda5b653b39 (127.0.107.195:36649)
I20260709 12:56:42.210621  1967 raft_consensus.cc:515] T d5a66d6152a24cf08a833d30477e5bbe P 7a04d0a2963b4860beb7cd14e0b4939a [term 1 FOLLOWER]: Starting leader election with config: opid_index: -1 OBSOLETE_local: false peers { permanent_uuid: "2af567a273d44ca89d2b3b0f7c815bd1" member_type: VOTER last_known_addr { host: "127.0.107.193" port: 39997 } } peers { permanent_uuid: "7a04d0a2963b4860beb7cd14e0b4939a" member_type: VOTER last_known_addr { host: "127.0.107.194" port: 33881 } } peers { permanent_uuid: "20c9ad12e0d0435f95be2eda5b653b39" member_type: VOTER last_known_addr { host: "127.0.107.195" port: 36649 } }
I20260709 12:56:42.232369  1684 leader_election.cc:304] T 35c533e32b324f8f80c12f5380f0c92d P 20c9ad12e0d0435f95be2eda5b653b39 [CANDIDATE]: Term 1 election: Election decided. Result: candidate lost. Election summary: received 3 responses out of 3 voters: 1 yes votes; 2 no votes. yes voters: 20c9ad12e0d0435f95be2eda5b653b39; no voters: 2af567a273d44ca89d2b3b0f7c815bd1, 7a04d0a2963b4860beb7cd14e0b4939a
I20260709 12:56:42.260430  1926 raft_consensus.cc:2749] T 35c533e32b324f8f80c12f5380f0c92d P 20c9ad12e0d0435f95be2eda5b653b39 [term 1 FOLLOWER]: Leader election lost for term 1. Reason: could not achieve majority
I20260709 12:56:42.260514  1572 tablet_service.cc:1917] Received RequestConsensusVote() RPC: tablet_id: "35c533e32b324f8f80c12f5380f0c92d" candidate_uuid: "7a04d0a2963b4860beb7cd14e0b4939a" candidate_term: 1 candidate_status { last_received { term: 0 index: 0 } } ignore_live_leader: false dest_uuid: "2af567a273d44ca89d2b3b0f7c815bd1"
I20260709 12:56:42.260833  1716 tablet_service.cc:1917] Received RequestConsensusVote() RPC: tablet_id: "35c533e32b324f8f80c12f5380f0c92d" candidate_uuid: "7a04d0a2963b4860beb7cd14e0b4939a" candidate_term: 1 candidate_status { last_received { term: 0 index: 0 } } ignore_live_leader: false dest_uuid: "20c9ad12e0d0435f95be2eda5b653b39"
I20260709 12:56:42.261874  1716 raft_consensus.cc:2393] T 35c533e32b324f8f80c12f5380f0c92d P 20c9ad12e0d0435f95be2eda5b653b39 [term 1 FOLLOWER]: Leader election vote request: Denying vote to candidate 7a04d0a2963b4860beb7cd14e0b4939a in current term 1: Already voted for candidate 20c9ad12e0d0435f95be2eda5b653b39 in this term.
W20260709 12:56:42.264870  1612 leader_election.cc:343] T 35c533e32b324f8f80c12f5380f0c92d P 7a04d0a2963b4860beb7cd14e0b4939a [CANDIDATE]: Term 1 election: Tablet error from VoteRequest() call to peer 2af567a273d44ca89d2b3b0f7c815bd1 (127.0.107.193:39997): Illegal state: must be running to vote when last-logged opid is not known
I20260709 12:56:42.265748  1612 leader_election.cc:304] T 35c533e32b324f8f80c12f5380f0c92d P 7a04d0a2963b4860beb7cd14e0b4939a [CANDIDATE]: Term 1 election: Election decided. Result: candidate lost. Election summary: received 3 responses out of 3 voters: 1 yes votes; 2 no votes. yes voters: 7a04d0a2963b4860beb7cd14e0b4939a; no voters: 20c9ad12e0d0435f95be2eda5b653b39, 2af567a273d44ca89d2b3b0f7c815bd1
I20260709 12:56:42.269965  2050 consensus_queue.cc:1048] T 218ace78ff9d4582bd0fa7fe82f9654f P 7a04d0a2963b4860beb7cd14e0b4939a [LEADER]: Connected to new peer: Peer: permanent_uuid: "20c9ad12e0d0435f95be2eda5b653b39" member_type: VOTER last_known_addr { host: "127.0.107.195" port: 36649 }, Status: LMP_MISMATCH, Last received: 0.0, Next index: 1, Last known committed idx: 0, Time since last communication: 0.001s
I20260709 12:56:42.271610  2052 raft_consensus.cc:2749] T 35c533e32b324f8f80c12f5380f0c92d P 7a04d0a2963b4860beb7cd14e0b4939a [term 1 FOLLOWER]: Leader election lost for term 1. Reason: could not achieve majority
I20260709 12:56:42.279475  1762 tablet_bootstrap.cc:654] T fe107547ec8e475786b8fa8f8c789648 P 7a04d0a2963b4860beb7cd14e0b4939a: Neither blocks nor log segments found. Creating new log.
I20260709 12:56:42.281862  1761 raft_consensus.cc:359] T c680cef608164c689f7de9b00b60e72d P 20c9ad12e0d0435f95be2eda5b653b39 [term 0 FOLLOWER]: Replica starting. Triggering 0 pending ops. Active config: opid_index: -1 OBSOLETE_local: false peers { permanent_uuid: "2af567a273d44ca89d2b3b0f7c815bd1" member_type: VOTER last_known_addr { host: "127.0.107.193" port: 39997 } } peers { permanent_uuid: "7a04d0a2963b4860beb7cd14e0b4939a" member_type: VOTER last_known_addr { host: "127.0.107.194" port: 33881 } } peers { permanent_uuid: "20c9ad12e0d0435f95be2eda5b653b39" member_type: VOTER last_known_addr { host: "127.0.107.195" port: 36649 } }
I20260709 12:56:42.282701  1761 raft_consensus.cc:385] T c680cef608164c689f7de9b00b60e72d P 20c9ad12e0d0435f95be2eda5b653b39 [term 0 FOLLOWER]: Consensus starting up: Expiring failure detector timer to make a prompt election more likely
I20260709 12:56:42.283030  1761 raft_consensus.cc:740] T c680cef608164c689f7de9b00b60e72d P 20c9ad12e0d0435f95be2eda5b653b39 [term 0 FOLLOWER]: Becoming Follower/Learner. State: Replica: 20c9ad12e0d0435f95be2eda5b653b39, State: Initialized, Role: FOLLOWER
I20260709 12:56:42.289991  1567 tablet_service.cc:1917] Received RequestConsensusVote() RPC: tablet_id: "d5a66d6152a24cf08a833d30477e5bbe" candidate_uuid: "7a04d0a2963b4860beb7cd14e0b4939a" candidate_term: 1 candidate_status { last_received { term: 0 index: 0 } } ignore_live_leader: false dest_uuid: "2af567a273d44ca89d2b3b0f7c815bd1"
I20260709 12:56:42.280373  1967 leader_election.cc:290] T d5a66d6152a24cf08a833d30477e5bbe P 7a04d0a2963b4860beb7cd14e0b4939a [CANDIDATE]: Term 1 election: Requested vote from peers 2af567a273d44ca89d2b3b0f7c815bd1 (127.0.107.193:39997), 20c9ad12e0d0435f95be2eda5b653b39 (127.0.107.195:36649)
I20260709 12:56:42.294754  1761 consensus_queue.cc:260] T c680cef608164c689f7de9b00b60e72d P 20c9ad12e0d0435f95be2eda5b653b39 [NON_LEADER]: Queue going to NON_LEADER mode. State: All replicated index: 0, Majority replicated index: 0, Committed index: 0, Last appended: 0.0, Last appended by leader: 0, Current term: 0, Majority size: -1, State: 0, Mode: NON_LEADER, active raft config: opid_index: -1 OBSOLETE_local: false peers { permanent_uuid: "2af567a273d44ca89d2b3b0f7c815bd1" member_type: VOTER last_known_addr { host: "127.0.107.193" port: 39997 } } peers { permanent_uuid: "7a04d0a2963b4860beb7cd14e0b4939a" member_type: VOTER last_known_addr { host: "127.0.107.194" port: 33881 } } peers { permanent_uuid: "20c9ad12e0d0435f95be2eda5b653b39" member_type: VOTER last_known_addr { host: "127.0.107.195" port: 36649 } }
W20260709 12:56:42.296131  1612 leader_election.cc:343] T d5a66d6152a24cf08a833d30477e5bbe P 7a04d0a2963b4860beb7cd14e0b4939a [CANDIDATE]: Term 1 election: Tablet error from VoteRequest() call to peer 2af567a273d44ca89d2b3b0f7c815bd1 (127.0.107.193:39997): Illegal state: must be running to vote when last-logged opid is not known
I20260709 12:56:42.298101  1761 ts_tablet_manager.cc:1434] T c680cef608164c689f7de9b00b60e72d P 20c9ad12e0d0435f95be2eda5b653b39: Time spent starting tablet: real 0.071s	user 0.007s	sys 0.000s
I20260709 12:56:42.306699  1765 tablet_bootstrap.cc:492] T d5a66d6152a24cf08a833d30477e5bbe P 2af567a273d44ca89d2b3b0f7c815bd1: No bootstrap required, opened a new log
I20260709 12:56:42.307639  1765 ts_tablet_manager.cc:1403] T d5a66d6152a24cf08a833d30477e5bbe P 2af567a273d44ca89d2b3b0f7c815bd1: Time spent bootstrapping tablet: real 0.324s	user 0.016s	sys 0.012s
I20260709 12:56:42.308913  2080 consensus_queue.cc:1048] T 218ace78ff9d4582bd0fa7fe82f9654f P 7a04d0a2963b4860beb7cd14e0b4939a [LEADER]: Connected to new peer: Peer: permanent_uuid: "2af567a273d44ca89d2b3b0f7c815bd1" member_type: VOTER last_known_addr { host: "127.0.107.193" port: 39997 }, Status: LMP_MISMATCH, Last received: 0.0, Next index: 1, Last known committed idx: 0, Time since last communication: 0.000s
I20260709 12:56:42.310169  1761 tablet_bootstrap.cc:492] T a008f8fc81244052803539fc7317853b P 20c9ad12e0d0435f95be2eda5b653b39: Bootstrap starting.
I20260709 12:56:42.310954  1720 tablet_service.cc:1917] Received RequestConsensusVote() RPC: tablet_id: "d5a66d6152a24cf08a833d30477e5bbe" candidate_uuid: "7a04d0a2963b4860beb7cd14e0b4939a" candidate_term: 1 candidate_status { last_received { term: 0 index: 0 } } ignore_live_leader: false dest_uuid: "20c9ad12e0d0435f95be2eda5b653b39"
I20260709 12:56:42.311537  1720 raft_consensus.cc:3060] T d5a66d6152a24cf08a833d30477e5bbe P 20c9ad12e0d0435f95be2eda5b653b39 [term 0 FOLLOWER]: Advancing to term 1
I20260709 12:56:42.313796  1765 raft_consensus.cc:359] T d5a66d6152a24cf08a833d30477e5bbe P 2af567a273d44ca89d2b3b0f7c815bd1 [term 0 FOLLOWER]: Replica starting. Triggering 0 pending ops. Active config: opid_index: -1 OBSOLETE_local: false peers { permanent_uuid: "2af567a273d44ca89d2b3b0f7c815bd1" member_type: VOTER last_known_addr { host: "127.0.107.193" port: 39997 } } peers { permanent_uuid: "7a04d0a2963b4860beb7cd14e0b4939a" member_type: VOTER last_known_addr { host: "127.0.107.194" port: 33881 } } peers { permanent_uuid: "20c9ad12e0d0435f95be2eda5b653b39" member_type: VOTER last_known_addr { host: "127.0.107.195" port: 36649 } }
I20260709 12:56:42.314549  1765 raft_consensus.cc:385] T d5a66d6152a24cf08a833d30477e5bbe P 2af567a273d44ca89d2b3b0f7c815bd1 [term 0 FOLLOWER]: Consensus starting up: Expiring failure detector timer to make a prompt election more likely
I20260709 12:56:42.315165  1765 raft_consensus.cc:740] T d5a66d6152a24cf08a833d30477e5bbe P 2af567a273d44ca89d2b3b0f7c815bd1 [term 0 FOLLOWER]: Becoming Follower/Learner. State: Replica: 2af567a273d44ca89d2b3b0f7c815bd1, State: Initialized, Role: FOLLOWER
I20260709 12:56:42.316181  1765 consensus_queue.cc:260] T d5a66d6152a24cf08a833d30477e5bbe P 2af567a273d44ca89d2b3b0f7c815bd1 [NON_LEADER]: Queue going to NON_LEADER mode. State: All replicated index: 0, Majority replicated index: 0, Committed index: 0, Last appended: 0.0, Last appended by leader: 0, Current term: 0, Majority size: -1, State: 0, Mode: NON_LEADER, active raft config: opid_index: -1 OBSOLETE_local: false peers { permanent_uuid: "2af567a273d44ca89d2b3b0f7c815bd1" member_type: VOTER last_known_addr { host: "127.0.107.193" port: 39997 } } peers { permanent_uuid: "7a04d0a2963b4860beb7cd14e0b4939a" member_type: VOTER last_known_addr { host: "127.0.107.194" port: 33881 } } peers { permanent_uuid: "20c9ad12e0d0435f95be2eda5b653b39" member_type: VOTER last_known_addr { host: "127.0.107.195" port: 36649 } }
I20260709 12:56:42.336239  1720 raft_consensus.cc:2468] T d5a66d6152a24cf08a833d30477e5bbe P 20c9ad12e0d0435f95be2eda5b653b39 [term 1 FOLLOWER]: Leader election vote request: Granting yes vote for candidate 7a04d0a2963b4860beb7cd14e0b4939a in term 1.
I20260709 12:56:42.337527  1612 leader_election.cc:304] T d5a66d6152a24cf08a833d30477e5bbe P 7a04d0a2963b4860beb7cd14e0b4939a [CANDIDATE]: Term 1 election: Election decided. Result: candidate won. Election summary: received 3 responses out of 3 voters: 2 yes votes; 1 no votes. yes voters: 20c9ad12e0d0435f95be2eda5b653b39, 7a04d0a2963b4860beb7cd14e0b4939a; no voters: 2af567a273d44ca89d2b3b0f7c815bd1
I20260709 12:56:42.338258  2080 raft_consensus.cc:2804] T d5a66d6152a24cf08a833d30477e5bbe P 7a04d0a2963b4860beb7cd14e0b4939a [term 1 FOLLOWER]: Leader election won for term 1
I20260709 12:56:42.338857  2080 raft_consensus.cc:697] T d5a66d6152a24cf08a833d30477e5bbe P 7a04d0a2963b4860beb7cd14e0b4939a [term 1 LEADER]: Becoming Leader. State: Replica: 7a04d0a2963b4860beb7cd14e0b4939a, State: Running, Role: LEADER
I20260709 12:56:42.339522  1761 tablet_bootstrap.cc:654] T a008f8fc81244052803539fc7317853b P 20c9ad12e0d0435f95be2eda5b653b39: Neither blocks nor log segments found. Creating new log.
I20260709 12:56:42.340039  2080 consensus_queue.cc:237] T d5a66d6152a24cf08a833d30477e5bbe P 7a04d0a2963b4860beb7cd14e0b4939a [LEADER]: Queue going to LEADER mode. State: All replicated index: 0, Majority replicated index: 0, Committed index: 0, Last appended: 0.0, Last appended by leader: 0, Current term: 1, Majority size: 2, State: 0, Mode: LEADER, active raft config: opid_index: -1 OBSOLETE_local: false peers { permanent_uuid: "2af567a273d44ca89d2b3b0f7c815bd1" member_type: VOTER last_known_addr { host: "127.0.107.193" port: 39997 } } peers { permanent_uuid: "7a04d0a2963b4860beb7cd14e0b4939a" member_type: VOTER last_known_addr { host: "127.0.107.194" port: 33881 } } peers { permanent_uuid: "20c9ad12e0d0435f95be2eda5b653b39" member_type: VOTER last_known_addr { host: "127.0.107.195" port: 36649 } }
I20260709 12:56:42.358155  1761 tablet_bootstrap.cc:492] T a008f8fc81244052803539fc7317853b P 20c9ad12e0d0435f95be2eda5b653b39: No bootstrap required, opened a new log
I20260709 12:56:42.358659  1761 ts_tablet_manager.cc:1403] T a008f8fc81244052803539fc7317853b P 20c9ad12e0d0435f95be2eda5b653b39: Time spent bootstrapping tablet: real 0.049s	user 0.011s	sys 0.003s
I20260709 12:56:42.339653  1765 ts_tablet_manager.cc:1434] T d5a66d6152a24cf08a833d30477e5bbe P 2af567a273d44ca89d2b3b0f7c815bd1: Time spent starting tablet: real 0.032s	user 0.003s	sys 0.003s
I20260709 12:56:42.366677  1765 tablet_bootstrap.cc:492] T fe107547ec8e475786b8fa8f8c789648 P 2af567a273d44ca89d2b3b0f7c815bd1: Bootstrap starting.
I20260709 12:56:42.372164  1761 raft_consensus.cc:359] T a008f8fc81244052803539fc7317853b P 20c9ad12e0d0435f95be2eda5b653b39 [term 0 FOLLOWER]: Replica starting. Triggering 0 pending ops. Active config: opid_index: -1 OBSOLETE_local: false peers { permanent_uuid: "2af567a273d44ca89d2b3b0f7c815bd1" member_type: VOTER last_known_addr { host: "127.0.107.193" port: 39997 } } peers { permanent_uuid: "7a04d0a2963b4860beb7cd14e0b4939a" member_type: VOTER last_known_addr { host: "127.0.107.194" port: 33881 } } peers { permanent_uuid: "20c9ad12e0d0435f95be2eda5b653b39" member_type: VOTER last_known_addr { host: "127.0.107.195" port: 36649 } }
I20260709 12:56:42.373066  1761 raft_consensus.cc:385] T a008f8fc81244052803539fc7317853b P 20c9ad12e0d0435f95be2eda5b653b39 [term 0 FOLLOWER]: Consensus starting up: Expiring failure detector timer to make a prompt election more likely
I20260709 12:56:42.373500  1761 raft_consensus.cc:740] T a008f8fc81244052803539fc7317853b P 20c9ad12e0d0435f95be2eda5b653b39 [term 0 FOLLOWER]: Becoming Follower/Learner. State: Replica: 20c9ad12e0d0435f95be2eda5b653b39, State: Initialized, Role: FOLLOWER
I20260709 12:56:42.375299  1762 tablet_bootstrap.cc:492] T fe107547ec8e475786b8fa8f8c789648 P 7a04d0a2963b4860beb7cd14e0b4939a: No bootstrap required, opened a new log
I20260709 12:56:42.375903  1762 ts_tablet_manager.cc:1403] T fe107547ec8e475786b8fa8f8c789648 P 7a04d0a2963b4860beb7cd14e0b4939a: Time spent bootstrapping tablet: real 0.233s	user 0.023s	sys 0.008s
I20260709 12:56:42.380033  1762 raft_consensus.cc:359] T fe107547ec8e475786b8fa8f8c789648 P 7a04d0a2963b4860beb7cd14e0b4939a [term 0 FOLLOWER]: Replica starting. Triggering 0 pending ops. Active config: opid_index: -1 OBSOLETE_local: false peers { permanent_uuid: "2af567a273d44ca89d2b3b0f7c815bd1" member_type: VOTER last_known_addr { host: "127.0.107.193" port: 39997 } } peers { permanent_uuid: "7a04d0a2963b4860beb7cd14e0b4939a" member_type: VOTER last_known_addr { host: "127.0.107.194" port: 33881 } } peers { permanent_uuid: "20c9ad12e0d0435f95be2eda5b653b39" member_type: VOTER last_known_addr { host: "127.0.107.195" port: 36649 } }
I20260709 12:56:42.380760  1762 raft_consensus.cc:385] T fe107547ec8e475786b8fa8f8c789648 P 7a04d0a2963b4860beb7cd14e0b4939a [term 0 FOLLOWER]: Consensus starting up: Expiring failure detector timer to make a prompt election more likely
I20260709 12:56:42.381028  1762 raft_consensus.cc:740] T fe107547ec8e475786b8fa8f8c789648 P 7a04d0a2963b4860beb7cd14e0b4939a [term 0 FOLLOWER]: Becoming Follower/Learner. State: Replica: 7a04d0a2963b4860beb7cd14e0b4939a, State: Initialized, Role: FOLLOWER
I20260709 12:56:42.381843  1762 consensus_queue.cc:260] T fe107547ec8e475786b8fa8f8c789648 P 7a04d0a2963b4860beb7cd14e0b4939a [NON_LEADER]: Queue going to NON_LEADER mode. State: All replicated index: 0, Majority replicated index: 0, Committed index: 0, Last appended: 0.0, Last appended by leader: 0, Current term: 0, Majority size: -1, State: 0, Mode: NON_LEADER, active raft config: opid_index: -1 OBSOLETE_local: false peers { permanent_uuid: "2af567a273d44ca89d2b3b0f7c815bd1" member_type: VOTER last_known_addr { host: "127.0.107.193" port: 39997 } } peers { permanent_uuid: "7a04d0a2963b4860beb7cd14e0b4939a" member_type: VOTER last_known_addr { host: "127.0.107.194" port: 33881 } } peers { permanent_uuid: "20c9ad12e0d0435f95be2eda5b653b39" member_type: VOTER last_known_addr { host: "127.0.107.195" port: 36649 } }
I20260709 12:56:42.384343  1762 ts_tablet_manager.cc:1434] T fe107547ec8e475786b8fa8f8c789648 P 7a04d0a2963b4860beb7cd14e0b4939a: Time spent starting tablet: real 0.008s	user 0.003s	sys 0.003s
I20260709 12:56:42.385454  1762 tablet_bootstrap.cc:492] T a008f8fc81244052803539fc7317853b P 7a04d0a2963b4860beb7cd14e0b4939a: Bootstrap starting.
I20260709 12:56:42.392234  1761 consensus_queue.cc:260] T a008f8fc81244052803539fc7317853b P 20c9ad12e0d0435f95be2eda5b653b39 [NON_LEADER]: Queue going to NON_LEADER mode. State: All replicated index: 0, Majority replicated index: 0, Committed index: 0, Last appended: 0.0, Last appended by leader: 0, Current term: 0, Majority size: -1, State: 0, Mode: NON_LEADER, active raft config: opid_index: -1 OBSOLETE_local: false peers { permanent_uuid: "2af567a273d44ca89d2b3b0f7c815bd1" member_type: VOTER last_known_addr { host: "127.0.107.193" port: 39997 } } peers { permanent_uuid: "7a04d0a2963b4860beb7cd14e0b4939a" member_type: VOTER last_known_addr { host: "127.0.107.194" port: 33881 } } peers { permanent_uuid: "20c9ad12e0d0435f95be2eda5b653b39" member_type: VOTER last_known_addr { host: "127.0.107.195" port: 36649 } }
I20260709 12:56:42.392725  1468 catalog_manager.cc:5697] T d5a66d6152a24cf08a833d30477e5bbe P 7a04d0a2963b4860beb7cd14e0b4939a reported cstate change: term changed from 0 to 1, leader changed from <none> to 7a04d0a2963b4860beb7cd14e0b4939a (127.0.107.194). New cstate: current_term: 1 leader_uuid: "7a04d0a2963b4860beb7cd14e0b4939a" committed_config { opid_index: -1 OBSOLETE_local: false peers { permanent_uuid: "2af567a273d44ca89d2b3b0f7c815bd1" member_type: VOTER last_known_addr { host: "127.0.107.193" port: 39997 } health_report { overall_health: UNKNOWN } } peers { permanent_uuid: "7a04d0a2963b4860beb7cd14e0b4939a" member_type: VOTER last_known_addr { host: "127.0.107.194" port: 33881 } health_report { overall_health: HEALTHY } } peers { permanent_uuid: "20c9ad12e0d0435f95be2eda5b653b39" member_type: VOTER last_known_addr { host: "127.0.107.195" port: 36649 } health_report { overall_health: UNKNOWN } } }
I20260709 12:56:42.394856  1762 tablet_bootstrap.cc:654] T a008f8fc81244052803539fc7317853b P 7a04d0a2963b4860beb7cd14e0b4939a: Neither blocks nor log segments found. Creating new log.
I20260709 12:56:42.394548  1761 ts_tablet_manager.cc:1434] T a008f8fc81244052803539fc7317853b P 20c9ad12e0d0435f95be2eda5b653b39: Time spent starting tablet: real 0.036s	user 0.008s	sys 0.000s
I20260709 12:56:42.398439  1761 tablet_bootstrap.cc:492] T 45ae77627c4743fc864bb7da44bb00b3 P 20c9ad12e0d0435f95be2eda5b653b39: Bootstrap starting.
I20260709 12:56:42.400252  1765 tablet_bootstrap.cc:654] T fe107547ec8e475786b8fa8f8c789648 P 2af567a273d44ca89d2b3b0f7c815bd1: Neither blocks nor log segments found. Creating new log.
I20260709 12:56:42.407347  1979 raft_consensus.cc:493] T d5a66d6152a24cf08a833d30477e5bbe P 2af567a273d44ca89d2b3b0f7c815bd1 [term 0 FOLLOWER]: Starting pre-election (no leader contacted us within the election timeout)
I20260709 12:56:42.407951  1979 raft_consensus.cc:515] T d5a66d6152a24cf08a833d30477e5bbe P 2af567a273d44ca89d2b3b0f7c815bd1 [term 0 FOLLOWER]: Starting pre-election with config: opid_index: -1 OBSOLETE_local: false peers { permanent_uuid: "2af567a273d44ca89d2b3b0f7c815bd1" member_type: VOTER last_known_addr { host: "127.0.107.193" port: 39997 } } peers { permanent_uuid: "7a04d0a2963b4860beb7cd14e0b4939a" member_type: VOTER last_known_addr { host: "127.0.107.194" port: 33881 } } peers { permanent_uuid: "20c9ad12e0d0435f95be2eda5b653b39" member_type: VOTER last_known_addr { host: "127.0.107.195" port: 36649 } }
I20260709 12:56:42.410162  1979 leader_election.cc:290] T d5a66d6152a24cf08a833d30477e5bbe P 2af567a273d44ca89d2b3b0f7c815bd1 [CANDIDATE]: Term 1 pre-election: Requested pre-vote from peers 7a04d0a2963b4860beb7cd14e0b4939a (127.0.107.194:33881), 20c9ad12e0d0435f95be2eda5b653b39 (127.0.107.195:36649)
I20260709 12:56:42.412127  1647 tablet_service.cc:1917] Received RequestConsensusVote() RPC: tablet_id: "d5a66d6152a24cf08a833d30477e5bbe" candidate_uuid: "2af567a273d44ca89d2b3b0f7c815bd1" candidate_term: 1 candidate_status { last_received { term: 0 index: 0 } } ignore_live_leader: false dest_uuid: "7a04d0a2963b4860beb7cd14e0b4939a" is_pre_election: true
I20260709 12:56:42.413453  1719 tablet_service.cc:1917] Received RequestConsensusVote() RPC: tablet_id: "d5a66d6152a24cf08a833d30477e5bbe" candidate_uuid: "2af567a273d44ca89d2b3b0f7c815bd1" candidate_term: 1 candidate_status { last_received { term: 0 index: 0 } } ignore_live_leader: false dest_uuid: "20c9ad12e0d0435f95be2eda5b653b39" is_pre_election: true
I20260709 12:56:42.414278  1719 raft_consensus.cc:2393] T d5a66d6152a24cf08a833d30477e5bbe P 20c9ad12e0d0435f95be2eda5b653b39 [term 1 FOLLOWER]: Leader pre-election vote request: Denying vote to candidate 2af567a273d44ca89d2b3b0f7c815bd1 in current term 1: Already voted for candidate 7a04d0a2963b4860beb7cd14e0b4939a in this term.
I20260709 12:56:42.415419  1537 leader_election.cc:304] T d5a66d6152a24cf08a833d30477e5bbe P 2af567a273d44ca89d2b3b0f7c815bd1 [CANDIDATE]: Term 1 pre-election: Election decided. Result: candidate lost. Election summary: received 3 responses out of 3 voters: 1 yes votes; 2 no votes. yes voters: 2af567a273d44ca89d2b3b0f7c815bd1; no voters: 20c9ad12e0d0435f95be2eda5b653b39, 7a04d0a2963b4860beb7cd14e0b4939a
I20260709 12:56:42.417030  1979 raft_consensus.cc:3060] T d5a66d6152a24cf08a833d30477e5bbe P 2af567a273d44ca89d2b3b0f7c815bd1 [term 0 FOLLOWER]: Advancing to term 1
I20260709 12:56:42.422376  1761 tablet_bootstrap.cc:654] T 45ae77627c4743fc864bb7da44bb00b3 P 20c9ad12e0d0435f95be2eda5b653b39: Neither blocks nor log segments found. Creating new log.
I20260709 12:56:42.426399  1765 tablet_bootstrap.cc:492] T fe107547ec8e475786b8fa8f8c789648 P 2af567a273d44ca89d2b3b0f7c815bd1: No bootstrap required, opened a new log
I20260709 12:56:42.426769  1765 ts_tablet_manager.cc:1403] T fe107547ec8e475786b8fa8f8c789648 P 2af567a273d44ca89d2b3b0f7c815bd1: Time spent bootstrapping tablet: real 0.061s	user 0.008s	sys 0.008s
I20260709 12:56:42.430518  1765 raft_consensus.cc:359] T fe107547ec8e475786b8fa8f8c789648 P 2af567a273d44ca89d2b3b0f7c815bd1 [term 0 FOLLOWER]: Replica starting. Triggering 0 pending ops. Active config: opid_index: -1 OBSOLETE_local: false peers { permanent_uuid: "2af567a273d44ca89d2b3b0f7c815bd1" member_type: VOTER last_known_addr { host: "127.0.107.193" port: 39997 } } peers { permanent_uuid: "7a04d0a2963b4860beb7cd14e0b4939a" member_type: VOTER last_known_addr { host: "127.0.107.194" port: 33881 } } peers { permanent_uuid: "20c9ad12e0d0435f95be2eda5b653b39" member_type: VOTER last_known_addr { host: "127.0.107.195" port: 36649 } }
I20260709 12:56:42.431057  1765 raft_consensus.cc:385] T fe107547ec8e475786b8fa8f8c789648 P 2af567a273d44ca89d2b3b0f7c815bd1 [term 0 FOLLOWER]: Consensus starting up: Expiring failure detector timer to make a prompt election more likely
I20260709 12:56:42.431272  1765 raft_consensus.cc:740] T fe107547ec8e475786b8fa8f8c789648 P 2af567a273d44ca89d2b3b0f7c815bd1 [term 0 FOLLOWER]: Becoming Follower/Learner. State: Replica: 2af567a273d44ca89d2b3b0f7c815bd1, State: Initialized, Role: FOLLOWER
I20260709 12:56:42.431851  1765 consensus_queue.cc:260] T fe107547ec8e475786b8fa8f8c789648 P 2af567a273d44ca89d2b3b0f7c815bd1 [NON_LEADER]: Queue going to NON_LEADER mode. State: All replicated index: 0, Majority replicated index: 0, Committed index: 0, Last appended: 0.0, Last appended by leader: 0, Current term: 0, Majority size: -1, State: 0, Mode: NON_LEADER, active raft config: opid_index: -1 OBSOLETE_local: false peers { permanent_uuid: "2af567a273d44ca89d2b3b0f7c815bd1" member_type: VOTER last_known_addr { host: "127.0.107.193" port: 39997 } } peers { permanent_uuid: "7a04d0a2963b4860beb7cd14e0b4939a" member_type: VOTER last_known_addr { host: "127.0.107.194" port: 33881 } } peers { permanent_uuid: "20c9ad12e0d0435f95be2eda5b653b39" member_type: VOTER last_known_addr { host: "127.0.107.195" port: 36649 } }
I20260709 12:56:42.433673  1765 ts_tablet_manager.cc:1434] T fe107547ec8e475786b8fa8f8c789648 P 2af567a273d44ca89d2b3b0f7c815bd1: Time spent starting tablet: real 0.007s	user 0.006s	sys 0.000s
I20260709 12:56:42.434563  1765 tablet_bootstrap.cc:492] T 9d74d4e4a65d434897c3095399228ce1 P 2af567a273d44ca89d2b3b0f7c815bd1: Bootstrap starting.
I20260709 12:56:42.438374  1926 raft_consensus.cc:493] T a008f8fc81244052803539fc7317853b P 20c9ad12e0d0435f95be2eda5b653b39 [term 0 FOLLOWER]: Starting pre-election (no leader contacted us within the election timeout)
I20260709 12:56:42.438794  1926 raft_consensus.cc:515] T a008f8fc81244052803539fc7317853b P 20c9ad12e0d0435f95be2eda5b653b39 [term 0 FOLLOWER]: Starting pre-election with config: opid_index: -1 OBSOLETE_local: false peers { permanent_uuid: "2af567a273d44ca89d2b3b0f7c815bd1" member_type: VOTER last_known_addr { host: "127.0.107.193" port: 39997 } } peers { permanent_uuid: "7a04d0a2963b4860beb7cd14e0b4939a" member_type: VOTER last_known_addr { host: "127.0.107.194" port: 33881 } } peers { permanent_uuid: "20c9ad12e0d0435f95be2eda5b653b39" member_type: VOTER last_known_addr { host: "127.0.107.195" port: 36649 } }
I20260709 12:56:42.439241  1765 tablet_bootstrap.cc:654] T 9d74d4e4a65d434897c3095399228ce1 P 2af567a273d44ca89d2b3b0f7c815bd1: Neither blocks nor log segments found. Creating new log.
I20260709 12:56:42.442063  1762 tablet_bootstrap.cc:492] T a008f8fc81244052803539fc7317853b P 7a04d0a2963b4860beb7cd14e0b4939a: No bootstrap required, opened a new log
I20260709 12:56:42.442505  1762 ts_tablet_manager.cc:1403] T a008f8fc81244052803539fc7317853b P 7a04d0a2963b4860beb7cd14e0b4939a: Time spent bootstrapping tablet: real 0.057s	user 0.005s	sys 0.011s
I20260709 12:56:42.443676  1572 tablet_service.cc:1917] Received RequestConsensusVote() RPC: tablet_id: "a008f8fc81244052803539fc7317853b" candidate_uuid: "20c9ad12e0d0435f95be2eda5b653b39" candidate_term: 1 candidate_status { last_received { term: 0 index: 0 } } ignore_live_leader: false dest_uuid: "2af567a273d44ca89d2b3b0f7c815bd1" is_pre_election: true
I20260709 12:56:42.444013  1979 raft_consensus.cc:2749] T d5a66d6152a24cf08a833d30477e5bbe P 2af567a273d44ca89d2b3b0f7c815bd1 [term 1 FOLLOWER]: Leader pre-election lost for term 1. Reason: could not achieve majority
I20260709 12:56:42.444572  1647 tablet_service.cc:1917] Received RequestConsensusVote() RPC: tablet_id: "a008f8fc81244052803539fc7317853b" candidate_uuid: "20c9ad12e0d0435f95be2eda5b653b39" candidate_term: 1 candidate_status { last_received { term: 0 index: 0 } } ignore_live_leader: false dest_uuid: "7a04d0a2963b4860beb7cd14e0b4939a" is_pre_election: true
W20260709 12:56:42.444919  1686 leader_election.cc:343] T a008f8fc81244052803539fc7317853b P 20c9ad12e0d0435f95be2eda5b653b39 [CANDIDATE]: Term 1 pre-election: Tablet error from VoteRequest() call to peer 2af567a273d44ca89d2b3b0f7c815bd1 (127.0.107.193:39997): Illegal state: must be running to vote when last-logged opid is not known
I20260709 12:56:42.444401  1926 leader_election.cc:290] T a008f8fc81244052803539fc7317853b P 20c9ad12e0d0435f95be2eda5b653b39 [CANDIDATE]: Term 1 pre-election: Requested pre-vote from peers 2af567a273d44ca89d2b3b0f7c815bd1 (127.0.107.193:39997), 7a04d0a2963b4860beb7cd14e0b4939a (127.0.107.194:33881)
I20260709 12:56:42.442993  1761 tablet_bootstrap.cc:492] T 45ae77627c4743fc864bb7da44bb00b3 P 20c9ad12e0d0435f95be2eda5b653b39: No bootstrap required, opened a new log
I20260709 12:56:42.445976  1761 ts_tablet_manager.cc:1403] T 45ae77627c4743fc864bb7da44bb00b3 P 20c9ad12e0d0435f95be2eda5b653b39: Time spent bootstrapping tablet: real 0.048s	user 0.017s	sys 0.009s
W20260709 12:56:42.446779  1684 leader_election.cc:343] T a008f8fc81244052803539fc7317853b P 20c9ad12e0d0435f95be2eda5b653b39 [CANDIDATE]: Term 1 pre-election: Tablet error from VoteRequest() call to peer 7a04d0a2963b4860beb7cd14e0b4939a (127.0.107.194:33881): Illegal state: must be running to vote when last-logged opid is not known
I20260709 12:56:42.447242  1684 leader_election.cc:304] T a008f8fc81244052803539fc7317853b P 20c9ad12e0d0435f95be2eda5b653b39 [CANDIDATE]: Term 1 pre-election: Election decided. Result: candidate lost. Election summary: received 3 responses out of 3 voters: 1 yes votes; 2 no votes. yes voters: 20c9ad12e0d0435f95be2eda5b653b39; no voters: 2af567a273d44ca89d2b3b0f7c815bd1, 7a04d0a2963b4860beb7cd14e0b4939a
I20260709 12:56:42.447283  1762 raft_consensus.cc:359] T a008f8fc81244052803539fc7317853b P 7a04d0a2963b4860beb7cd14e0b4939a [term 0 FOLLOWER]: Replica starting. Triggering 0 pending ops. Active config: opid_index: -1 OBSOLETE_local: false peers { permanent_uuid: "2af567a273d44ca89d2b3b0f7c815bd1" member_type: VOTER last_known_addr { host: "127.0.107.193" port: 39997 } } peers { permanent_uuid: "7a04d0a2963b4860beb7cd14e0b4939a" member_type: VOTER last_known_addr { host: "127.0.107.194" port: 33881 } } peers { permanent_uuid: "20c9ad12e0d0435f95be2eda5b653b39" member_type: VOTER last_known_addr { host: "127.0.107.195" port: 36649 } }
I20260709 12:56:42.448199  1762 raft_consensus.cc:385] T a008f8fc81244052803539fc7317853b P 7a04d0a2963b4860beb7cd14e0b4939a [term 0 FOLLOWER]: Consensus starting up: Expiring failure detector timer to make a prompt election more likely
I20260709 12:56:42.448551  1762 raft_consensus.cc:740] T a008f8fc81244052803539fc7317853b P 7a04d0a2963b4860beb7cd14e0b4939a [term 0 FOLLOWER]: Becoming Follower/Learner. State: Replica: 7a04d0a2963b4860beb7cd14e0b4939a, State: Initialized, Role: FOLLOWER
I20260709 12:56:42.448331  1926 raft_consensus.cc:2749] T a008f8fc81244052803539fc7317853b P 20c9ad12e0d0435f95be2eda5b653b39 [term 0 FOLLOWER]: Leader pre-election lost for term 1. Reason: could not achieve majority
I20260709 12:56:42.448791  1761 raft_consensus.cc:359] T 45ae77627c4743fc864bb7da44bb00b3 P 20c9ad12e0d0435f95be2eda5b653b39 [term 0 FOLLOWER]: Replica starting. Triggering 0 pending ops. Active config: opid_index: -1 OBSOLETE_local: false peers { permanent_uuid: "2af567a273d44ca89d2b3b0f7c815bd1" member_type: VOTER last_known_addr { host: "127.0.107.193" port: 39997 } } peers { permanent_uuid: "7a04d0a2963b4860beb7cd14e0b4939a" member_type: VOTER last_known_addr { host: "127.0.107.194" port: 33881 } } peers { permanent_uuid: "20c9ad12e0d0435f95be2eda5b653b39" member_type: VOTER last_known_addr { host: "127.0.107.195" port: 36649 } }
I20260709 12:56:42.449471  1761 raft_consensus.cc:385] T 45ae77627c4743fc864bb7da44bb00b3 P 20c9ad12e0d0435f95be2eda5b653b39 [term 0 FOLLOWER]: Consensus starting up: Expiring failure detector timer to make a prompt election more likely
I20260709 12:56:42.449765  1761 raft_consensus.cc:740] T 45ae77627c4743fc864bb7da44bb00b3 P 20c9ad12e0d0435f95be2eda5b653b39 [term 0 FOLLOWER]: Becoming Follower/Learner. State: Replica: 20c9ad12e0d0435f95be2eda5b653b39, State: Initialized, Role: FOLLOWER
I20260709 12:56:42.450416  1761 consensus_queue.cc:260] T 45ae77627c4743fc864bb7da44bb00b3 P 20c9ad12e0d0435f95be2eda5b653b39 [NON_LEADER]: Queue going to NON_LEADER mode. State: All replicated index: 0, Majority replicated index: 0, Committed index: 0, Last appended: 0.0, Last appended by leader: 0, Current term: 0, Majority size: -1, State: 0, Mode: NON_LEADER, active raft config: opid_index: -1 OBSOLETE_local: false peers { permanent_uuid: "2af567a273d44ca89d2b3b0f7c815bd1" member_type: VOTER last_known_addr { host: "127.0.107.193" port: 39997 } } peers { permanent_uuid: "7a04d0a2963b4860beb7cd14e0b4939a" member_type: VOTER last_known_addr { host: "127.0.107.194" port: 33881 } } peers { permanent_uuid: "20c9ad12e0d0435f95be2eda5b653b39" member_type: VOTER last_known_addr { host: "127.0.107.195" port: 36649 } }
I20260709 12:56:42.452359  1761 ts_tablet_manager.cc:1434] T 45ae77627c4743fc864bb7da44bb00b3 P 20c9ad12e0d0435f95be2eda5b653b39: Time spent starting tablet: real 0.006s	user 0.005s	sys 0.001s
I20260709 12:56:42.457104  1761 tablet_bootstrap.cc:492] T 508332d25a2b4288bc6411b566044758 P 20c9ad12e0d0435f95be2eda5b653b39: Bootstrap starting.
I20260709 12:56:42.455209  1762 consensus_queue.cc:260] T a008f8fc81244052803539fc7317853b P 7a04d0a2963b4860beb7cd14e0b4939a [NON_LEADER]: Queue going to NON_LEADER mode. State: All replicated index: 0, Majority replicated index: 0, Committed index: 0, Last appended: 0.0, Last appended by leader: 0, Current term: 0, Majority size: -1, State: 0, Mode: NON_LEADER, active raft config: opid_index: -1 OBSOLETE_local: false peers { permanent_uuid: "2af567a273d44ca89d2b3b0f7c815bd1" member_type: VOTER last_known_addr { host: "127.0.107.193" port: 39997 } } peers { permanent_uuid: "7a04d0a2963b4860beb7cd14e0b4939a" member_type: VOTER last_known_addr { host: "127.0.107.194" port: 33881 } } peers { permanent_uuid: "20c9ad12e0d0435f95be2eda5b653b39" member_type: VOTER last_known_addr { host: "127.0.107.195" port: 36649 } }
I20260709 12:56:42.469784  1762 ts_tablet_manager.cc:1434] T a008f8fc81244052803539fc7317853b P 7a04d0a2963b4860beb7cd14e0b4939a: Time spent starting tablet: real 0.027s	user 0.015s	sys 0.000s
I20260709 12:56:42.470747  1762 tablet_bootstrap.cc:492] T c680cef608164c689f7de9b00b60e72d P 7a04d0a2963b4860beb7cd14e0b4939a: Bootstrap starting.
I20260709 12:56:42.470929  1761 tablet_bootstrap.cc:654] T 508332d25a2b4288bc6411b566044758 P 20c9ad12e0d0435f95be2eda5b653b39: Neither blocks nor log segments found. Creating new log.
I20260709 12:56:42.478160  1765 tablet_bootstrap.cc:492] T 9d74d4e4a65d434897c3095399228ce1 P 2af567a273d44ca89d2b3b0f7c815bd1: No bootstrap required, opened a new log
I20260709 12:56:42.478672  1765 ts_tablet_manager.cc:1403] T 9d74d4e4a65d434897c3095399228ce1 P 2af567a273d44ca89d2b3b0f7c815bd1: Time spent bootstrapping tablet: real 0.044s	user 0.011s	sys 0.010s
I20260709 12:56:42.481408  1765 raft_consensus.cc:359] T 9d74d4e4a65d434897c3095399228ce1 P 2af567a273d44ca89d2b3b0f7c815bd1 [term 0 FOLLOWER]: Replica starting. Triggering 0 pending ops. Active config: opid_index: -1 OBSOLETE_local: false peers { permanent_uuid: "2af567a273d44ca89d2b3b0f7c815bd1" member_type: VOTER last_known_addr { host: "127.0.107.193" port: 39997 } } peers { permanent_uuid: "7a04d0a2963b4860beb7cd14e0b4939a" member_type: VOTER last_known_addr { host: "127.0.107.194" port: 33881 } } peers { permanent_uuid: "20c9ad12e0d0435f95be2eda5b653b39" member_type: VOTER last_known_addr { host: "127.0.107.195" port: 36649 } }
I20260709 12:56:42.482172  1765 raft_consensus.cc:385] T 9d74d4e4a65d434897c3095399228ce1 P 2af567a273d44ca89d2b3b0f7c815bd1 [term 0 FOLLOWER]: Consensus starting up: Expiring failure detector timer to make a prompt election more likely
I20260709 12:56:42.482453  1765 raft_consensus.cc:740] T 9d74d4e4a65d434897c3095399228ce1 P 2af567a273d44ca89d2b3b0f7c815bd1 [term 0 FOLLOWER]: Becoming Follower/Learner. State: Replica: 2af567a273d44ca89d2b3b0f7c815bd1, State: Initialized, Role: FOLLOWER
I20260709 12:56:42.483158  1765 consensus_queue.cc:260] T 9d74d4e4a65d434897c3095399228ce1 P 2af567a273d44ca89d2b3b0f7c815bd1 [NON_LEADER]: Queue going to NON_LEADER mode. State: All replicated index: 0, Majority replicated index: 0, Committed index: 0, Last appended: 0.0, Last appended by leader: 0, Current term: 0, Majority size: -1, State: 0, Mode: NON_LEADER, active raft config: opid_index: -1 OBSOLETE_local: false peers { permanent_uuid: "2af567a273d44ca89d2b3b0f7c815bd1" member_type: VOTER last_known_addr { host: "127.0.107.193" port: 39997 } } peers { permanent_uuid: "7a04d0a2963b4860beb7cd14e0b4939a" member_type: VOTER last_known_addr { host: "127.0.107.194" port: 33881 } } peers { permanent_uuid: "20c9ad12e0d0435f95be2eda5b653b39" member_type: VOTER last_known_addr { host: "127.0.107.195" port: 36649 } }
I20260709 12:56:42.485473  1765 ts_tablet_manager.cc:1434] T 9d74d4e4a65d434897c3095399228ce1 P 2af567a273d44ca89d2b3b0f7c815bd1: Time spent starting tablet: real 0.006s	user 0.006s	sys 0.002s
I20260709 12:56:42.486325  1765 tablet_bootstrap.cc:492] T bdbdfb43cea249489bc1a1b1cc104254 P 2af567a273d44ca89d2b3b0f7c815bd1: Bootstrap starting.
I20260709 12:56:42.490070  1762 tablet_bootstrap.cc:654] T c680cef608164c689f7de9b00b60e72d P 7a04d0a2963b4860beb7cd14e0b4939a: Neither blocks nor log segments found. Creating new log.
I20260709 12:56:42.493003  1765 tablet_bootstrap.cc:654] T bdbdfb43cea249489bc1a1b1cc104254 P 2af567a273d44ca89d2b3b0f7c815bd1: Neither blocks nor log segments found. Creating new log.
I20260709 12:56:42.496219  1761 tablet_bootstrap.cc:492] T 508332d25a2b4288bc6411b566044758 P 20c9ad12e0d0435f95be2eda5b653b39: No bootstrap required, opened a new log
I20260709 12:56:42.496765  1761 ts_tablet_manager.cc:1403] T 508332d25a2b4288bc6411b566044758 P 20c9ad12e0d0435f95be2eda5b653b39: Time spent bootstrapping tablet: real 0.040s	user 0.024s	sys 0.009s
I20260709 12:56:42.500547  1761 raft_consensus.cc:359] T 508332d25a2b4288bc6411b566044758 P 20c9ad12e0d0435f95be2eda5b653b39 [term 0 FOLLOWER]: Replica starting. Triggering 0 pending ops. Active config: opid_index: -1 OBSOLETE_local: false peers { permanent_uuid: "2af567a273d44ca89d2b3b0f7c815bd1" member_type: VOTER last_known_addr { host: "127.0.107.193" port: 39997 } } peers { permanent_uuid: "7a04d0a2963b4860beb7cd14e0b4939a" member_type: VOTER last_known_addr { host: "127.0.107.194" port: 33881 } } peers { permanent_uuid: "20c9ad12e0d0435f95be2eda5b653b39" member_type: VOTER last_known_addr { host: "127.0.107.195" port: 36649 } }
I20260709 12:56:42.501385  1761 raft_consensus.cc:385] T 508332d25a2b4288bc6411b566044758 P 20c9ad12e0d0435f95be2eda5b653b39 [term 0 FOLLOWER]: Consensus starting up: Expiring failure detector timer to make a prompt election more likely
I20260709 12:56:42.501681  1761 raft_consensus.cc:740] T 508332d25a2b4288bc6411b566044758 P 20c9ad12e0d0435f95be2eda5b653b39 [term 0 FOLLOWER]: Becoming Follower/Learner. State: Replica: 20c9ad12e0d0435f95be2eda5b653b39, State: Initialized, Role: FOLLOWER
I20260709 12:56:42.502521  1761 consensus_queue.cc:260] T 508332d25a2b4288bc6411b566044758 P 20c9ad12e0d0435f95be2eda5b653b39 [NON_LEADER]: Queue going to NON_LEADER mode. State: All replicated index: 0, Majority replicated index: 0, Committed index: 0, Last appended: 0.0, Last appended by leader: 0, Current term: 0, Majority size: -1, State: 0, Mode: NON_LEADER, active raft config: opid_index: -1 OBSOLETE_local: false peers { permanent_uuid: "2af567a273d44ca89d2b3b0f7c815bd1" member_type: VOTER last_known_addr { host: "127.0.107.193" port: 39997 } } peers { permanent_uuid: "7a04d0a2963b4860beb7cd14e0b4939a" member_type: VOTER last_known_addr { host: "127.0.107.194" port: 33881 } } peers { permanent_uuid: "20c9ad12e0d0435f95be2eda5b653b39" member_type: VOTER last_known_addr { host: "127.0.107.195" port: 36649 } }
I20260709 12:56:42.505627  1761 ts_tablet_manager.cc:1434] T 508332d25a2b4288bc6411b566044758 P 20c9ad12e0d0435f95be2eda5b653b39: Time spent starting tablet: real 0.009s	user 0.008s	sys 0.000s
I20260709 12:56:42.506174  1765 tablet_bootstrap.cc:492] T bdbdfb43cea249489bc1a1b1cc104254 P 2af567a273d44ca89d2b3b0f7c815bd1: No bootstrap required, opened a new log
I20260709 12:56:42.507169  1761 tablet_bootstrap.cc:492] T 0d36382528fc4b5680388922224bdfa3 P 20c9ad12e0d0435f95be2eda5b653b39: Bootstrap starting.
I20260709 12:56:42.507295  1765 ts_tablet_manager.cc:1403] T bdbdfb43cea249489bc1a1b1cc104254 P 2af567a273d44ca89d2b3b0f7c815bd1: Time spent bootstrapping tablet: real 0.021s	user 0.015s	sys 0.004s
I20260709 12:56:42.511461  1765 raft_consensus.cc:359] T bdbdfb43cea249489bc1a1b1cc104254 P 2af567a273d44ca89d2b3b0f7c815bd1 [term 0 FOLLOWER]: Replica starting. Triggering 0 pending ops. Active config: opid_index: -1 OBSOLETE_local: false peers { permanent_uuid: "2af567a273d44ca89d2b3b0f7c815bd1" member_type: VOTER last_known_addr { host: "127.0.107.193" port: 39997 } } peers { permanent_uuid: "7a04d0a2963b4860beb7cd14e0b4939a" member_type: VOTER last_known_addr { host: "127.0.107.194" port: 33881 } } peers { permanent_uuid: "20c9ad12e0d0435f95be2eda5b653b39" member_type: VOTER last_known_addr { host: "127.0.107.195" port: 36649 } }
I20260709 12:56:42.512140  1765 raft_consensus.cc:385] T bdbdfb43cea249489bc1a1b1cc104254 P 2af567a273d44ca89d2b3b0f7c815bd1 [term 0 FOLLOWER]: Consensus starting up: Expiring failure detector timer to make a prompt election more likely
I20260709 12:56:42.512425  1765 raft_consensus.cc:740] T bdbdfb43cea249489bc1a1b1cc104254 P 2af567a273d44ca89d2b3b0f7c815bd1 [term 0 FOLLOWER]: Becoming Follower/Learner. State: Replica: 2af567a273d44ca89d2b3b0f7c815bd1, State: Initialized, Role: FOLLOWER
I20260709 12:56:42.513267  1765 consensus_queue.cc:260] T bdbdfb43cea249489bc1a1b1cc104254 P 2af567a273d44ca89d2b3b0f7c815bd1 [NON_LEADER]: Queue going to NON_LEADER mode. State: All replicated index: 0, Majority replicated index: 0, Committed index: 0, Last appended: 0.0, Last appended by leader: 0, Current term: 0, Majority size: -1, State: 0, Mode: NON_LEADER, active raft config: opid_index: -1 OBSOLETE_local: false peers { permanent_uuid: "2af567a273d44ca89d2b3b0f7c815bd1" member_type: VOTER last_known_addr { host: "127.0.107.193" port: 39997 } } peers { permanent_uuid: "7a04d0a2963b4860beb7cd14e0b4939a" member_type: VOTER last_known_addr { host: "127.0.107.194" port: 33881 } } peers { permanent_uuid: "20c9ad12e0d0435f95be2eda5b653b39" member_type: VOTER last_known_addr { host: "127.0.107.195" port: 36649 } }
I20260709 12:56:42.514201  2052 raft_consensus.cc:493] T fe107547ec8e475786b8fa8f8c789648 P 7a04d0a2963b4860beb7cd14e0b4939a [term 0 FOLLOWER]: Starting pre-election (no leader contacted us within the election timeout)
I20260709 12:56:42.515264  1762 tablet_bootstrap.cc:492] T c680cef608164c689f7de9b00b60e72d P 7a04d0a2963b4860beb7cd14e0b4939a: No bootstrap required, opened a new log
I20260709 12:56:42.515630  1765 ts_tablet_manager.cc:1434] T bdbdfb43cea249489bc1a1b1cc104254 P 2af567a273d44ca89d2b3b0f7c815bd1: Time spent starting tablet: real 0.008s	user 0.006s	sys 0.000s
I20260709 12:56:42.515820  1762 ts_tablet_manager.cc:1403] T c680cef608164c689f7de9b00b60e72d P 7a04d0a2963b4860beb7cd14e0b4939a: Time spent bootstrapping tablet: real 0.045s	user 0.012s	sys 0.000s
I20260709 12:56:42.514814  2052 raft_consensus.cc:515] T fe107547ec8e475786b8fa8f8c789648 P 7a04d0a2963b4860beb7cd14e0b4939a [term 0 FOLLOWER]: Starting pre-election with config: opid_index: -1 OBSOLETE_local: false peers { permanent_uuid: "2af567a273d44ca89d2b3b0f7c815bd1" member_type: VOTER last_known_addr { host: "127.0.107.193" port: 39997 } } peers { permanent_uuid: "7a04d0a2963b4860beb7cd14e0b4939a" member_type: VOTER last_known_addr { host: "127.0.107.194" port: 33881 } } peers { permanent_uuid: "20c9ad12e0d0435f95be2eda5b653b39" member_type: VOTER last_known_addr { host: "127.0.107.195" port: 36649 } }
I20260709 12:56:42.516776  1765 tablet_bootstrap.cc:492] T b51b349fdba540c3a8c0e167720c3a7c P 2af567a273d44ca89d2b3b0f7c815bd1: Bootstrap starting.
I20260709 12:56:42.518682  2052 leader_election.cc:290] T fe107547ec8e475786b8fa8f8c789648 P 7a04d0a2963b4860beb7cd14e0b4939a [CANDIDATE]: Term 1 pre-election: Requested pre-vote from peers 2af567a273d44ca89d2b3b0f7c815bd1 (127.0.107.193:39997), 20c9ad12e0d0435f95be2eda5b653b39 (127.0.107.195:36649)
I20260709 12:56:42.519817  1762 raft_consensus.cc:359] T c680cef608164c689f7de9b00b60e72d P 7a04d0a2963b4860beb7cd14e0b4939a [term 0 FOLLOWER]: Replica starting. Triggering 0 pending ops. Active config: opid_index: -1 OBSOLETE_local: false peers { permanent_uuid: "2af567a273d44ca89d2b3b0f7c815bd1" member_type: VOTER last_known_addr { host: "127.0.107.193" port: 39997 } } peers { permanent_uuid: "7a04d0a2963b4860beb7cd14e0b4939a" member_type: VOTER last_known_addr { host: "127.0.107.194" port: 33881 } } peers { permanent_uuid: "20c9ad12e0d0435f95be2eda5b653b39" member_type: VOTER last_known_addr { host: "127.0.107.195" port: 36649 } }
I20260709 12:56:42.522344  1719 tablet_service.cc:1917] Received RequestConsensusVote() RPC: tablet_id: "fe107547ec8e475786b8fa8f8c789648" candidate_uuid: "7a04d0a2963b4860beb7cd14e0b4939a" candidate_term: 1 candidate_status { last_received { term: 0 index: 0 } } ignore_live_leader: false dest_uuid: "20c9ad12e0d0435f95be2eda5b653b39" is_pre_election: true
I20260709 12:56:42.523355  1719 raft_consensus.cc:2468] T fe107547ec8e475786b8fa8f8c789648 P 20c9ad12e0d0435f95be2eda5b653b39 [term 0 FOLLOWER]: Leader pre-election vote request: Granting yes vote for candidate 7a04d0a2963b4860beb7cd14e0b4939a in term 0.
I20260709 12:56:42.525777  1612 leader_election.cc:304] T fe107547ec8e475786b8fa8f8c789648 P 7a04d0a2963b4860beb7cd14e0b4939a [CANDIDATE]: Term 1 pre-election: Election decided. Result: candidate won. Election summary: received 2 responses out of 3 voters: 2 yes votes; 0 no votes. yes voters: 20c9ad12e0d0435f95be2eda5b653b39, 7a04d0a2963b4860beb7cd14e0b4939a; no voters: 
I20260709 12:56:42.525987  1762 raft_consensus.cc:385] T c680cef608164c689f7de9b00b60e72d P 7a04d0a2963b4860beb7cd14e0b4939a [term 0 FOLLOWER]: Consensus starting up: Expiring failure detector timer to make a prompt election more likely
I20260709 12:56:42.526358  1762 raft_consensus.cc:740] T c680cef608164c689f7de9b00b60e72d P 7a04d0a2963b4860beb7cd14e0b4939a [term 0 FOLLOWER]: Becoming Follower/Learner. State: Replica: 7a04d0a2963b4860beb7cd14e0b4939a, State: Initialized, Role: FOLLOWER
I20260709 12:56:42.530448  1572 tablet_service.cc:1917] Received RequestConsensusVote() RPC: tablet_id: "fe107547ec8e475786b8fa8f8c789648" candidate_uuid: "7a04d0a2963b4860beb7cd14e0b4939a" candidate_term: 1 candidate_status { last_received { term: 0 index: 0 } } ignore_live_leader: false dest_uuid: "2af567a273d44ca89d2b3b0f7c815bd1" is_pre_election: true
