[==========] Running 8 tests from 2 test suites.
[----------] Global test environment set-up.
[----------] 6 tests from LeaderRebalancerTest
[ RUN      ] LeaderRebalancerTest.FunctionalTestForDivided
WARNING: Logging before InitGoogleLogging() is written to STDERR
I20260709 13:05:06.370894 20835 internal_mini_cluster.cc:156] Creating distributed mini masters. Addrs: 127.20.88.254:35417
I20260709 13:05:06.372438 20835 env_posix.cc:2285] Not raising this process' open files per process limit of 1048576; it is already as high as it can go
I20260709 13:05:06.373544 20835 file_cache.cc:504] Constructed file cache file cache with capacity 419430
W20260709 13:05:06.390450 20842 instance_detector.cc:116] could not retrieve Azure instance metadata: Network error: curl error: HTTP response code said error: The requested URL returned error: 404
W20260709 13:05:06.390467 20844 instance_detector.cc:116] could not retrieve OpenStack instance metadata: Network error: curl error: HTTP response code said error: The requested URL returned error: 404
W20260709 13:05:06.392027 20841 instance_detector.cc:116] could not retrieve AWS instance metadata: Network error: curl error: HTTP response code said error: The requested URL returned error: 404
I20260709 13:05:06.392944 20835 server_base.cc:1061] running on GCE node
I20260709 13:05:07.617190 20835 hybrid_clock.cc:584] initializing the hybrid clock with 'system_unsync' time source
W20260709 13:05:07.617545 20835 system_unsync_time.cc:38] NTP support is disabled. Clock error bounds will not be accurate. This configuration is not suitable for distributed clusters.
I20260709 13:05:07.617727 20835 hybrid_clock.cc:648] HybridClock initialized: now 1783602307617708 us; error 0 us; skew 500 ppm
I20260709 13:05:07.618759 20835 server_base.cc:861] Flag tcmalloc_max_total_thread_cache_bytes is not working since tcmalloc is not enabled.
I20260709 13:05:07.624640 20835 webserver.cc:533] Webserver started at http://127.20.88.254:43251/ using document root <none> and password file <none>
I20260709 13:05:07.625586 20835 fs_manager.cc:362] Metadata directory not provided
I20260709 13:05:07.625792 20835 fs_manager.cc:368] Using write-ahead log directory (fs_wal_dir) as metadata directory
I20260709 13:05:07.626194 20835 server_base.cc:909] This appears to be a new deployment of Kudu; creating new FS layout
I20260709 13:05:07.632047 20835 fs_manager.cc:1068] Generated new instance metadata in path /tmp/dist-test-task2sZhC0/test-tmp/auto_leader_rebalancer-test.0.LeaderRebalancerTest.FunctionalTestForDivided.1783602306203389-20835-0/minicluster-data/master-0-root/instance:
uuid: "29e35c4f90f34214939310200b2b0186"
format_stamp: "Formatted at 2026-07-09 13:05:07 on dist-test-slave-h616"
I20260709 13:05:07.640520 20835 fs_manager.cc:696] Time spent creating directory manager: real 0.008s	user 0.005s	sys 0.004s
I20260709 13:05:07.646171 20850 log_block_manager.cc:4127] Time spent loading block containers with low live blocks: real 0.000s	user 0.000s	sys 0.000s
I20260709 13:05:07.647485 20835 fs_manager.cc:730] Time spent opening block manager: real 0.004s	user 0.003s	sys 0.002s
I20260709 13:05:07.647941 20835 fs_manager.cc:647] Opened local filesystem: /tmp/dist-test-task2sZhC0/test-tmp/auto_leader_rebalancer-test.0.LeaderRebalancerTest.FunctionalTestForDivided.1783602306203389-20835-0/minicluster-data/master-0-root
uuid: "29e35c4f90f34214939310200b2b0186"
format_stamp: "Formatted at 2026-07-09 13:05:07 on dist-test-slave-h616"
I20260709 13:05:07.648301 20835 fs_report.cc:389] FS layout report
--------------------
wal directory: /tmp/dist-test-task2sZhC0/test-tmp/auto_leader_rebalancer-test.0.LeaderRebalancerTest.FunctionalTestForDivided.1783602306203389-20835-0/minicluster-data/master-0-root
metadata directory: /tmp/dist-test-task2sZhC0/test-tmp/auto_leader_rebalancer-test.0.LeaderRebalancerTest.FunctionalTestForDivided.1783602306203389-20835-0/minicluster-data/master-0-root
1 data directories: /tmp/dist-test-task2sZhC0/test-tmp/auto_leader_rebalancer-test.0.LeaderRebalancerTest.FunctionalTestForDivided.1783602306203389-20835-0/minicluster-data/master-0-root/data
Total live blocks: 0
Total live bytes: 0
Total live bytes (after alignment): 0
Total number of LBM containers: 0 (0 full)
Did not check for missing blocks
Did not check for orphaned blocks
Total full LBM containers with extra space: 0 (0 repaired)
Total full LBM container extra space in bytes: 0 (0 repaired)
Total incomplete LBM containers: 0 (0 repaired)
Total LBM partial records: 0 (0 repaired)
Total corrupted LBM metadata records in RocksDB: 0 (0 repaired)
I20260709 13:05:07.702577 20835 rpc_server.cc:225] running with OpenSSL 1.1.1  11 Sep 2018
I20260709 13:05:07.704172 20835 env_posix.cc:2285] Not raising this process' running threads per effective uid limit of 18446744073709551615; it is already as high as it can go
I20260709 13:05:07.704640 20835 kserver.cc:163] Server-wide thread pool size limit: 3276
I20260709 13:05:07.779632 20835 rpc_server.cc:307] RPC server started. Bound to: 127.20.88.254:35417
I20260709 13:05:07.779706 20901 acceptor_pool.cc:272] collecting diagnostics on the listening RPC socket 127.20.88.254:35417 every 8 connection(s)
I20260709 13:05:07.788034 20902 data_dirs.cc:400] Could only allocate 1 dirs of requested 3 for tablet 00000000000000000000000000000000. 1 dirs total, 0 dirs full, 0 dirs failed
I20260709 13:05:07.810935 20902 tablet_bootstrap.cc:492] T 00000000000000000000000000000000 P 29e35c4f90f34214939310200b2b0186: Bootstrap starting.
I20260709 13:05:07.816884 20902 tablet_bootstrap.cc:654] T 00000000000000000000000000000000 P 29e35c4f90f34214939310200b2b0186: Neither blocks nor log segments found. Creating new log.
I20260709 13:05:07.818886 20902 log.cc:826] T 00000000000000000000000000000000 P 29e35c4f90f34214939310200b2b0186: Log is configured to *not* fsync() on all Append() calls
I20260709 13:05:07.823864 20902 tablet_bootstrap.cc:492] T 00000000000000000000000000000000 P 29e35c4f90f34214939310200b2b0186: No bootstrap required, opened a new log
I20260709 13:05:07.848832 20902 raft_consensus.cc:359] T 00000000000000000000000000000000 P 29e35c4f90f34214939310200b2b0186 [term 0 FOLLOWER]: Replica starting. Triggering 0 pending ops. Active config: opid_index: -1 OBSOLETE_local: true peers { permanent_uuid: "29e35c4f90f34214939310200b2b0186" member_type: VOTER }
I20260709 13:05:07.849509 20902 raft_consensus.cc:385] T 00000000000000000000000000000000 P 29e35c4f90f34214939310200b2b0186 [term 0 FOLLOWER]: Consensus starting up: Expiring failure detector timer to make a prompt election more likely
I20260709 13:05:07.849766 20902 raft_consensus.cc:740] T 00000000000000000000000000000000 P 29e35c4f90f34214939310200b2b0186 [term 0 FOLLOWER]: Becoming Follower/Learner. State: Replica: 29e35c4f90f34214939310200b2b0186, State: Initialized, Role: FOLLOWER
I20260709 13:05:07.850728 20902 consensus_queue.cc:260] T 00000000000000000000000000000000 P 29e35c4f90f34214939310200b2b0186 [NON_LEADER]: Queue going to NON_LEADER mode. State: All replicated index: 0, Majority replicated index: 0, Committed index: 0, Last appended: 0.0, Last appended by leader: 0, Current term: 0, Majority size: -1, State: 0, Mode: NON_LEADER, active raft config: opid_index: -1 OBSOLETE_local: true peers { permanent_uuid: "29e35c4f90f34214939310200b2b0186" member_type: VOTER }
I20260709 13:05:07.851259 20902 raft_consensus.cc:399] T 00000000000000000000000000000000 P 29e35c4f90f34214939310200b2b0186 [term 0 FOLLOWER]: Only one voter in the Raft config. Triggering election immediately
I20260709 13:05:07.851621 20902 raft_consensus.cc:493] T 00000000000000000000000000000000 P 29e35c4f90f34214939310200b2b0186 [term 0 FOLLOWER]: Starting leader election (initial election of a single-replica configuration)
I20260709 13:05:07.851990 20902 raft_consensus.cc:3060] T 00000000000000000000000000000000 P 29e35c4f90f34214939310200b2b0186 [term 0 FOLLOWER]: Advancing to term 1
I20260709 13:05:07.856362 20902 raft_consensus.cc:515] T 00000000000000000000000000000000 P 29e35c4f90f34214939310200b2b0186 [term 1 FOLLOWER]: Starting leader election with config: opid_index: -1 OBSOLETE_local: true peers { permanent_uuid: "29e35c4f90f34214939310200b2b0186" member_type: VOTER }
I20260709 13:05:07.857205 20902 leader_election.cc:304] T 00000000000000000000000000000000 P 29e35c4f90f34214939310200b2b0186 [CANDIDATE]: Term 1 election: Election decided. Result: candidate won. Election summary: received 1 responses out of 1 voters: 1 yes votes; 0 no votes. yes voters: 29e35c4f90f34214939310200b2b0186; no voters: 
I20260709 13:05:07.859066 20902 leader_election.cc:290] T 00000000000000000000000000000000 P 29e35c4f90f34214939310200b2b0186 [CANDIDATE]: Term 1 election: Requested vote from peers 
I20260709 13:05:07.859484 20905 raft_consensus.cc:2804] T 00000000000000000000000000000000 P 29e35c4f90f34214939310200b2b0186 [term 1 FOLLOWER]: Leader election won for term 1
I20260709 13:05:07.862254 20905 raft_consensus.cc:697] T 00000000000000000000000000000000 P 29e35c4f90f34214939310200b2b0186 [term 1 LEADER]: Becoming Leader. State: Replica: 29e35c4f90f34214939310200b2b0186, State: Running, Role: LEADER
I20260709 13:05:07.863116 20905 consensus_queue.cc:237] T 00000000000000000000000000000000 P 29e35c4f90f34214939310200b2b0186 [LEADER]: Queue going to LEADER mode. State: All replicated index: 0, Majority replicated index: 0, Committed index: 0, Last appended: 0.0, Last appended by leader: 0, Current term: 1, Majority size: 1, State: 0, Mode: LEADER, active raft config: opid_index: -1 OBSOLETE_local: true peers { permanent_uuid: "29e35c4f90f34214939310200b2b0186" member_type: VOTER }
I20260709 13:05:07.863662 20902 sys_catalog.cc:565] T 00000000000000000000000000000000 P 29e35c4f90f34214939310200b2b0186 [sys.catalog]: configured and running, proceeding with master startup.
I20260709 13:05:07.875146 20906 sys_catalog.cc:455] T 00000000000000000000000000000000 P 29e35c4f90f34214939310200b2b0186 [sys.catalog]: SysCatalogTable state changed. Reason: RaftConsensus started. Latest consensus state: current_term: 1 leader_uuid: "29e35c4f90f34214939310200b2b0186" committed_config { opid_index: -1 OBSOLETE_local: true peers { permanent_uuid: "29e35c4f90f34214939310200b2b0186" member_type: VOTER } }
I20260709 13:05:07.876279 20906 sys_catalog.cc:458] T 00000000000000000000000000000000 P 29e35c4f90f34214939310200b2b0186 [sys.catalog]: This master's current role is: LEADER
I20260709 13:05:07.876121 20907 sys_catalog.cc:455] T 00000000000000000000000000000000 P 29e35c4f90f34214939310200b2b0186 [sys.catalog]: SysCatalogTable state changed. Reason: New leader 29e35c4f90f34214939310200b2b0186. Latest consensus state: current_term: 1 leader_uuid: "29e35c4f90f34214939310200b2b0186" committed_config { opid_index: -1 OBSOLETE_local: true peers { permanent_uuid: "29e35c4f90f34214939310200b2b0186" member_type: VOTER } }
I20260709 13:05:07.876835 20907 sys_catalog.cc:458] T 00000000000000000000000000000000 P 29e35c4f90f34214939310200b2b0186 [sys.catalog]: This master's current role is: LEADER
I20260709 13:05:07.879828 20915 catalog_manager.cc:1511] Loading table and tablet metadata into memory...
I20260709 13:05:07.892079 20915 catalog_manager.cc:1520] Initializing Kudu cluster ID...
I20260709 13:05:07.894333 20835 internal_mini_cluster.cc:184] Waiting to initialize catalog manager on master 0
I20260709 13:05:07.909973 20915 catalog_manager.cc:1383] Generated new cluster ID: 42d5fa95950049bf990e64ea3375f43d
I20260709 13:05:07.910303 20915 catalog_manager.cc:1531] Initializing Kudu internal certificate authority...
I20260709 13:05:07.941033 20915 catalog_manager.cc:1406] Generated new certificate authority record
I20260709 13:05:07.943358 20915 catalog_manager.cc:1540] Loading token signing keys...
I20260709 13:05:07.962927 20915 catalog_manager.cc:6070] T 00000000000000000000000000000000 P 29e35c4f90f34214939310200b2b0186: Generated new TSK 0
I20260709 13:05:07.964166 20915 catalog_manager.cc:1550] Initializing in-progress tserver states...
I20260709 13:05:08.026460 20835 file_cache.cc:504] Constructed file cache file cache with capacity 419430
W20260709 13:05:08.036047 20924 instance_detector.cc:116] could not retrieve AWS instance metadata: Network error: curl error: HTTP response code said error: The requested URL returned error: 404
W20260709 13:05:08.039611 20925 instance_detector.cc:116] could not retrieve Azure instance metadata: Network error: curl error: HTTP response code said error: The requested URL returned error: 404
W20260709 13:05:08.042165 20927 instance_detector.cc:116] could not retrieve OpenStack instance metadata: Network error: curl error: HTTP response code said error: The requested URL returned error: 404
I20260709 13:05:08.043500 20835 server_base.cc:1061] running on GCE node
I20260709 13:05:08.044350 20835 hybrid_clock.cc:584] initializing the hybrid clock with 'system_unsync' time source
W20260709 13:05:08.044597 20835 system_unsync_time.cc:38] NTP support is disabled. Clock error bounds will not be accurate. This configuration is not suitable for distributed clusters.
I20260709 13:05:08.044807 20835 hybrid_clock.cc:648] HybridClock initialized: now 1783602308044786 us; error 0 us; skew 500 ppm
I20260709 13:05:08.045508 20835 server_base.cc:861] Flag tcmalloc_max_total_thread_cache_bytes is not working since tcmalloc is not enabled.
I20260709 13:05:08.050452 20835 webserver.cc:533] Webserver started at http://127.20.88.193:38027/ using document root <none> and password file <none>
I20260709 13:05:08.051052 20835 fs_manager.cc:362] Metadata directory not provided
I20260709 13:05:08.051258 20835 fs_manager.cc:368] Using write-ahead log directory (fs_wal_dir) as metadata directory
I20260709 13:05:08.051571 20835 server_base.cc:909] This appears to be a new deployment of Kudu; creating new FS layout
I20260709 13:05:08.052703 20835 fs_manager.cc:1068] Generated new instance metadata in path /tmp/dist-test-task2sZhC0/test-tmp/auto_leader_rebalancer-test.0.LeaderRebalancerTest.FunctionalTestForDivided.1783602306203389-20835-0/minicluster-data/ts-0-root/instance:
uuid: "a8074adb6bb44576bf1add631b68f414"
format_stamp: "Formatted at 2026-07-09 13:05:08 on dist-test-slave-h616"
I20260709 13:05:08.061213 20835 fs_manager.cc:696] Time spent creating directory manager: real 0.008s	user 0.008s	sys 0.002s
I20260709 13:05:08.066066 20932 log_block_manager.cc:4127] Time spent loading block containers with low live blocks: real 0.000s	user 0.000s	sys 0.000s
I20260709 13:05:08.066994 20835 fs_manager.cc:730] Time spent opening block manager: real 0.003s	user 0.004s	sys 0.000s
I20260709 13:05:08.067309 20835 fs_manager.cc:647] Opened local filesystem: /tmp/dist-test-task2sZhC0/test-tmp/auto_leader_rebalancer-test.0.LeaderRebalancerTest.FunctionalTestForDivided.1783602306203389-20835-0/minicluster-data/ts-0-root
uuid: "a8074adb6bb44576bf1add631b68f414"
format_stamp: "Formatted at 2026-07-09 13:05:08 on dist-test-slave-h616"
I20260709 13:05:08.067607 20835 fs_report.cc:389] FS layout report
--------------------
wal directory: /tmp/dist-test-task2sZhC0/test-tmp/auto_leader_rebalancer-test.0.LeaderRebalancerTest.FunctionalTestForDivided.1783602306203389-20835-0/minicluster-data/ts-0-root
metadata directory: /tmp/dist-test-task2sZhC0/test-tmp/auto_leader_rebalancer-test.0.LeaderRebalancerTest.FunctionalTestForDivided.1783602306203389-20835-0/minicluster-data/ts-0-root
1 data directories: /tmp/dist-test-task2sZhC0/test-tmp/auto_leader_rebalancer-test.0.LeaderRebalancerTest.FunctionalTestForDivided.1783602306203389-20835-0/minicluster-data/ts-0-root/data
Total live blocks: 0
Total live bytes: 0
Total live bytes (after alignment): 0
Total number of LBM containers: 0 (0 full)
Did not check for missing blocks
Did not check for orphaned blocks
Total full LBM containers with extra space: 0 (0 repaired)
Total full LBM container extra space in bytes: 0 (0 repaired)
Total incomplete LBM containers: 0 (0 repaired)
Total LBM partial records: 0 (0 repaired)
Total corrupted LBM metadata records in RocksDB: 0 (0 repaired)
I20260709 13:05:08.106822 20835 rpc_server.cc:225] running with OpenSSL 1.1.1  11 Sep 2018
I20260709 13:05:08.108738 20835 kserver.cc:163] Server-wide thread pool size limit: 3276
I20260709 13:05:08.112259 20835 txn_system_client.cc:432] TxnSystemClient initialization is disabled...
I20260709 13:05:08.117722 20835 ts_tablet_manager.cc:585] Loaded tablet metadata (0 total tablets, 0 live tablets)
I20260709 13:05:08.117982 20835 ts_tablet_manager.cc:531] Time spent load tablet metadata: real 0.000s	user 0.000s	sys 0.000s
I20260709 13:05:08.118321 20835 ts_tablet_manager.cc:616] Registered 0 tablets
I20260709 13:05:08.118485 20835 ts_tablet_manager.cc:595] Time spent register tablets: real 0.000s	user 0.000s	sys 0.000s
I20260709 13:05:08.224907 20835 rpc_server.cc:307] RPC server started. Bound to: 127.20.88.193:42931
I20260709 13:05:08.224951 20994 acceptor_pool.cc:272] collecting diagnostics on the listening RPC socket 127.20.88.193:42931 every 8 connection(s)
I20260709 13:05:08.233294 20835 file_cache.cc:504] Constructed file cache file cache with capacity 419430
W20260709 13:05:08.242658 20999 instance_detector.cc:116] could not retrieve AWS instance metadata: Network error: curl error: HTTP response code said error: The requested URL returned error: 404
W20260709 13:05:08.245744 21000 instance_detector.cc:116] could not retrieve Azure instance metadata: Network error: curl error: HTTP response code said error: The requested URL returned error: 404
I20260709 13:05:08.256124 20835 server_base.cc:1061] running on GCE node
W20260709 13:05:08.257490 21002 instance_detector.cc:116] could not retrieve OpenStack instance metadata: Network error: curl error: HTTP response code said error: The requested URL returned error: 404
I20260709 13:05:08.258723 20835 hybrid_clock.cc:584] initializing the hybrid clock with 'system_unsync' time source
W20260709 13:05:08.259095 20835 system_unsync_time.cc:38] NTP support is disabled. Clock error bounds will not be accurate. This configuration is not suitable for distributed clusters.
I20260709 13:05:08.259351 20835 hybrid_clock.cc:648] HybridClock initialized: now 1783602308259331 us; error 0 us; skew 500 ppm
I20260709 13:05:08.260356 20835 server_base.cc:861] Flag tcmalloc_max_total_thread_cache_bytes is not working since tcmalloc is not enabled.
I20260709 13:05:08.263624 20835 webserver.cc:533] Webserver started at http://127.20.88.194:42391/ using document root <none> and password file <none>
I20260709 13:05:08.264220 20995 heartbeater.cc:344] Connected to a master server at 127.20.88.254:35417
I20260709 13:05:08.264380 20835 fs_manager.cc:362] Metadata directory not provided
I20260709 13:05:08.264721 20835 fs_manager.cc:368] Using write-ahead log directory (fs_wal_dir) as metadata directory
I20260709 13:05:08.264792 20995 heartbeater.cc:461] Registering TS with master...
I20260709 13:05:08.265086 20835 server_base.cc:909] This appears to be a new deployment of Kudu; creating new FS layout
I20260709 13:05:08.266031 20995 heartbeater.cc:507] Master 127.20.88.254:35417 requested a full tablet report, sending...
I20260709 13:05:08.266580 20835 fs_manager.cc:1068] Generated new instance metadata in path /tmp/dist-test-task2sZhC0/test-tmp/auto_leader_rebalancer-test.0.LeaderRebalancerTest.FunctionalTestForDivided.1783602306203389-20835-0/minicluster-data/ts-1-root/instance:
uuid: "18c069afab5c4a2e85763a0e90104263"
format_stamp: "Formatted at 2026-07-09 13:05:08 on dist-test-slave-h616"
I20260709 13:05:08.269063 20867 ts_manager.cc:194] Registered new tserver with Master: a8074adb6bb44576bf1add631b68f414 (127.20.88.193:42931)
I20260709 13:05:08.271307 20867 master_service.cc:502] Signed X509 certificate for tserver {username='slave'} at 127.0.0.1:37338
I20260709 13:05:08.273837 20835 fs_manager.cc:696] Time spent creating directory manager: real 0.007s	user 0.006s	sys 0.001s
I20260709 13:05:08.279706 21007 log_block_manager.cc:4127] Time spent loading block containers with low live blocks: real 0.000s	user 0.000s	sys 0.000s
I20260709 13:05:08.280676 20835 fs_manager.cc:730] Time spent opening block manager: real 0.004s	user 0.003s	sys 0.002s
I20260709 13:05:08.281011 20835 fs_manager.cc:647] Opened local filesystem: /tmp/dist-test-task2sZhC0/test-tmp/auto_leader_rebalancer-test.0.LeaderRebalancerTest.FunctionalTestForDivided.1783602306203389-20835-0/minicluster-data/ts-1-root
uuid: "18c069afab5c4a2e85763a0e90104263"
format_stamp: "Formatted at 2026-07-09 13:05:08 on dist-test-slave-h616"
I20260709 13:05:08.281412 20835 fs_report.cc:389] FS layout report
--------------------
wal directory: /tmp/dist-test-task2sZhC0/test-tmp/auto_leader_rebalancer-test.0.LeaderRebalancerTest.FunctionalTestForDivided.1783602306203389-20835-0/minicluster-data/ts-1-root
metadata directory: /tmp/dist-test-task2sZhC0/test-tmp/auto_leader_rebalancer-test.0.LeaderRebalancerTest.FunctionalTestForDivided.1783602306203389-20835-0/minicluster-data/ts-1-root
1 data directories: /tmp/dist-test-task2sZhC0/test-tmp/auto_leader_rebalancer-test.0.LeaderRebalancerTest.FunctionalTestForDivided.1783602306203389-20835-0/minicluster-data/ts-1-root/data
Total live blocks: 0
Total live bytes: 0
Total live bytes (after alignment): 0
Total number of LBM containers: 0 (0 full)
Did not check for missing blocks
Did not check for orphaned blocks
Total full LBM containers with extra space: 0 (0 repaired)
Total full LBM container extra space in bytes: 0 (0 repaired)
Total incomplete LBM containers: 0 (0 repaired)
Total LBM partial records: 0 (0 repaired)
Total corrupted LBM metadata records in RocksDB: 0 (0 repaired)
I20260709 13:05:08.308946 20835 rpc_server.cc:225] running with OpenSSL 1.1.1  11 Sep 2018
I20260709 13:05:08.310328 20835 kserver.cc:163] Server-wide thread pool size limit: 3276
I20260709 13:05:08.312462 20835 txn_system_client.cc:432] TxnSystemClient initialization is disabled...
I20260709 13:05:08.316169 20835 ts_tablet_manager.cc:585] Loaded tablet metadata (0 total tablets, 0 live tablets)
I20260709 13:05:08.316437 20835 ts_tablet_manager.cc:531] Time spent load tablet metadata: real 0.000s	user 0.000s	sys 0.000s
I20260709 13:05:08.316694 20835 ts_tablet_manager.cc:616] Registered 0 tablets
I20260709 13:05:08.316867 20835 ts_tablet_manager.cc:595] Time spent register tablets: real 0.000s	user 0.000s	sys 0.000s
I20260709 13:05:08.411123 20835 rpc_server.cc:307] RPC server started. Bound to: 127.20.88.194:36953
I20260709 13:05:08.411235 21069 acceptor_pool.cc:272] collecting diagnostics on the listening RPC socket 127.20.88.194:36953 every 8 connection(s)
I20260709 13:05:08.418259 20835 file_cache.cc:504] Constructed file cache file cache with capacity 419430
W20260709 13:05:08.429523 21073 instance_detector.cc:116] could not retrieve AWS instance metadata: Network error: curl error: HTTP response code said error: The requested URL returned error: 404
W20260709 13:05:08.432251 21074 instance_detector.cc:116] could not retrieve Azure instance metadata: Network error: curl error: HTTP response code said error: The requested URL returned error: 404
I20260709 13:05:08.434494 21070 heartbeater.cc:344] Connected to a master server at 127.20.88.254:35417
I20260709 13:05:08.434980 21070 heartbeater.cc:461] Registering TS with master...
I20260709 13:05:08.436300 21070 heartbeater.cc:507] Master 127.20.88.254:35417 requested a full tablet report, sending...
I20260709 13:05:08.438870 20867 ts_manager.cc:194] Registered new tserver with Master: 18c069afab5c4a2e85763a0e90104263 (127.20.88.194:36953)
I20260709 13:05:08.440687 20867 master_service.cc:502] Signed X509 certificate for tserver {username='slave'} at 127.0.0.1:37350
W20260709 13:05:08.446875 21076 instance_detector.cc:116] could not retrieve OpenStack instance metadata: Network error: curl error: HTTP response code said error: The requested URL returned error: 404
I20260709 13:05:08.448334 20835 server_base.cc:1061] running on GCE node
I20260709 13:05:08.449792 20835 hybrid_clock.cc:584] initializing the hybrid clock with 'system_unsync' time source
W20260709 13:05:08.450003 20835 system_unsync_time.cc:38] NTP support is disabled. Clock error bounds will not be accurate. This configuration is not suitable for distributed clusters.
I20260709 13:05:08.450214 20835 hybrid_clock.cc:648] HybridClock initialized: now 1783602308450179 us; error 0 us; skew 500 ppm
I20260709 13:05:08.450810 20835 server_base.cc:861] Flag tcmalloc_max_total_thread_cache_bytes is not working since tcmalloc is not enabled.
I20260709 13:05:08.453887 20835 webserver.cc:533] Webserver started at http://127.20.88.195:37361/ using document root <none> and password file <none>
I20260709 13:05:08.454509 20835 fs_manager.cc:362] Metadata directory not provided
I20260709 13:05:08.454748 20835 fs_manager.cc:368] Using write-ahead log directory (fs_wal_dir) as metadata directory
I20260709 13:05:08.455063 20835 server_base.cc:909] This appears to be a new deployment of Kudu; creating new FS layout
I20260709 13:05:08.456248 20835 fs_manager.cc:1068] Generated new instance metadata in path /tmp/dist-test-task2sZhC0/test-tmp/auto_leader_rebalancer-test.0.LeaderRebalancerTest.FunctionalTestForDivided.1783602306203389-20835-0/minicluster-data/ts-2-root/instance:
uuid: "9ffa8a3bb60a4e4fb05fa03685a4f704"
format_stamp: "Formatted at 2026-07-09 13:05:08 on dist-test-slave-h616"
I20260709 13:05:08.461632 20835 fs_manager.cc:696] Time spent creating directory manager: real 0.005s	user 0.004s	sys 0.003s
I20260709 13:05:08.465652 21081 log_block_manager.cc:4127] Time spent loading block containers with low live blocks: real 0.000s	user 0.000s	sys 0.000s
I20260709 13:05:08.466607 20835 fs_manager.cc:730] Time spent opening block manager: real 0.003s	user 0.003s	sys 0.001s
I20260709 13:05:08.466925 20835 fs_manager.cc:647] Opened local filesystem: /tmp/dist-test-task2sZhC0/test-tmp/auto_leader_rebalancer-test.0.LeaderRebalancerTest.FunctionalTestForDivided.1783602306203389-20835-0/minicluster-data/ts-2-root
uuid: "9ffa8a3bb60a4e4fb05fa03685a4f704"
format_stamp: "Formatted at 2026-07-09 13:05:08 on dist-test-slave-h616"
I20260709 13:05:08.467206 20835 fs_report.cc:389] FS layout report
--------------------
wal directory: /tmp/dist-test-task2sZhC0/test-tmp/auto_leader_rebalancer-test.0.LeaderRebalancerTest.FunctionalTestForDivided.1783602306203389-20835-0/minicluster-data/ts-2-root
metadata directory: /tmp/dist-test-task2sZhC0/test-tmp/auto_leader_rebalancer-test.0.LeaderRebalancerTest.FunctionalTestForDivided.1783602306203389-20835-0/minicluster-data/ts-2-root
1 data directories: /tmp/dist-test-task2sZhC0/test-tmp/auto_leader_rebalancer-test.0.LeaderRebalancerTest.FunctionalTestForDivided.1783602306203389-20835-0/minicluster-data/ts-2-root/data
Total live blocks: 0
Total live bytes: 0
Total live bytes (after alignment): 0
Total number of LBM containers: 0 (0 full)
Did not check for missing blocks
Did not check for orphaned blocks
Total full LBM containers with extra space: 0 (0 repaired)
Total full LBM container extra space in bytes: 0 (0 repaired)
Total incomplete LBM containers: 0 (0 repaired)
Total LBM partial records: 0 (0 repaired)
Total corrupted LBM metadata records in RocksDB: 0 (0 repaired)
I20260709 13:05:08.482877 20835 rpc_server.cc:225] running with OpenSSL 1.1.1  11 Sep 2018
I20260709 13:05:08.484352 20835 kserver.cc:163] Server-wide thread pool size limit: 3276
I20260709 13:05:08.486100 20835 txn_system_client.cc:432] TxnSystemClient initialization is disabled...
I20260709 13:05:08.488785 20835 ts_tablet_manager.cc:585] Loaded tablet metadata (0 total tablets, 0 live tablets)
I20260709 13:05:08.488981 20835 ts_tablet_manager.cc:531] Time spent load tablet metadata: real 0.000s	user 0.000s	sys 0.000s
I20260709 13:05:08.489316 20835 ts_tablet_manager.cc:616] Registered 0 tablets
I20260709 13:05:08.489621 20835 ts_tablet_manager.cc:595] Time spent register tablets: real 0.000s	user 0.001s	sys 0.000s
I20260709 13:05:08.597536 20835 rpc_server.cc:307] RPC server started. Bound to: 127.20.88.195:36291
I20260709 13:05:08.597630 21143 acceptor_pool.cc:272] collecting diagnostics on the listening RPC socket 127.20.88.195:36291 every 8 connection(s)
I20260709 13:05:08.617210 21144 heartbeater.cc:344] Connected to a master server at 127.20.88.254:35417
I20260709 13:05:08.617681 21144 heartbeater.cc:461] Registering TS with master...
I20260709 13:05:08.618603 21144 heartbeater.cc:507] Master 127.20.88.254:35417 requested a full tablet report, sending...
I20260709 13:05:08.620970 20867 ts_manager.cc:194] Registered new tserver with Master: 9ffa8a3bb60a4e4fb05fa03685a4f704 (127.20.88.195:36291)
I20260709 13:05:08.621862 20835 internal_mini_cluster.cc:371] 3 TS(s) registered with all masters after 0.016147442s
I20260709 13:05:08.622866 20867 master_service.cc:502] Signed X509 certificate for tserver {username='slave'} at 127.0.0.1:37356
I20260709 13:05:08.679814 20867 catalog_manager.cc:2283] Servicing CreateTable request from {username='slave'} at 127.0.0.1:37368:
name: "test-workload"
schema {
  columns {
    name: "key"
    type: INT32
    is_key: true
    is_nullable: false
    encoding: AUTO_ENCODING
    compression: DEFAULT_COMPRESSION
    cfile_block_size: 0
    immutable: false
  }
  columns {
    name: "int_val"
    type: INT32
    is_key: false
    is_nullable: false
    encoding: AUTO_ENCODING
    compression: DEFAULT_COMPRESSION
    cfile_block_size: 0
    immutable: false
  }
  columns {
    name: "string_val"
    type: STRING
    is_key: false
    is_nullable: true
    encoding: AUTO_ENCODING
    compression: DEFAULT_COMPRESSION
    cfile_block_size: 0
    immutable: false
  }
}
num_replicas: 3
split_rows_range_bounds {
  rows: "\004\001\000\216\3438\016\004\001\000\034\307q\034\004\001\000\252\252\252*\004\001\0008\216\3438\004\001\000\306q\034G\004\001\000TUUU\004\001\000\3428\216c\004\001\000p\034\307q""\004\001\000\216\3438\016\004\001\000\034\307q\034\004\001\000\252\252\252*\004\001\0008\216\3438\004\001\000\306q\034G\004\001\000TUUU\004\001\000\3428\216c\004\001\000p\034\307q"
  indirect_data: """"
}
partition_schema {
  range_schema {
    columns {
      name: "key"
    }
  }
}
W20260709 13:05:08.683866 20867 catalog_manager.cc:7077] The number of live tablet servers is not enough to re-replicate a tablet replica of the newly created table test-workload in case of a server failure: 4 tablet servers would be needed, 3 are available. Consider bringing up more tablet servers.
I20260709 13:05:08.814447 21109 tablet_service.cc:1511] Processing CreateTablet for tablet 4f10ec9baf564e2b813104317657e4ac (DEFAULT_TABLE table=test-workload [id=233294a3175849738ebd9cd8ac63c735]), partition=RANGE (key) PARTITION VALUES < 238609294
I20260709 13:05:08.816816 21109 data_dirs.cc:400] Could only allocate 1 dirs of requested 3 for tablet 4f10ec9baf564e2b813104317657e4ac. 1 dirs total, 0 dirs full, 0 dirs failed
I20260709 13:05:08.821369 21107 tablet_service.cc:1511] Processing CreateTablet for tablet befef05e96634c779f12b35cb2bc7ffb (DEFAULT_TABLE table=test-workload [id=233294a3175849738ebd9cd8ac63c735]), partition=RANGE (key) PARTITION 477218588 <= VALUES < 715827882
I20260709 13:05:08.826954 21107 data_dirs.cc:400] Could only allocate 1 dirs of requested 3 for tablet befef05e96634c779f12b35cb2bc7ffb. 1 dirs total, 0 dirs full, 0 dirs failed
I20260709 13:05:08.826687 21106 tablet_service.cc:1511] Processing CreateTablet for tablet d239f696f0d145e79a2bea65e62aa28d (DEFAULT_TABLE table=test-workload [id=233294a3175849738ebd9cd8ac63c735]), partition=RANGE (key) PARTITION 715827882 <= VALUES < 954437176
I20260709 13:05:08.826033 21105 tablet_service.cc:1511] Processing CreateTablet for tablet d6fc71e5f9b44c8b9d6fbbbbb2d4a184 (DEFAULT_TABLE table=test-workload [id=233294a3175849738ebd9cd8ac63c735]), partition=RANGE (key) PARTITION 954437176 <= VALUES < 1193046470
I20260709 13:05:08.827924 21104 tablet_service.cc:1511] Processing CreateTablet for tablet 7e406367b8a248bc849fe175552b513a (DEFAULT_TABLE table=test-workload [id=233294a3175849738ebd9cd8ac63c735]), partition=RANGE (key) PARTITION 1193046470 <= VALUES < 1431655764
I20260709 13:05:08.830621 21106 data_dirs.cc:400] Could only allocate 1 dirs of requested 3 for tablet d239f696f0d145e79a2bea65e62aa28d. 1 dirs total, 0 dirs full, 0 dirs failed
I20260709 13:05:08.829332 21108 tablet_service.cc:1511] Processing CreateTablet for tablet a013b37a38434e68aff6a17d807b9338 (DEFAULT_TABLE table=test-workload [id=233294a3175849738ebd9cd8ac63c735]), partition=RANGE (key) PARTITION 238609294 <= VALUES < 477218588
I20260709 13:05:08.832875 21105 data_dirs.cc:400] Could only allocate 1 dirs of requested 3 for tablet d6fc71e5f9b44c8b9d6fbbbbb2d4a184. 1 dirs total, 0 dirs full, 0 dirs failed
I20260709 13:05:08.834688 21104 data_dirs.cc:400] Could only allocate 1 dirs of requested 3 for tablet 7e406367b8a248bc849fe175552b513a. 1 dirs total, 0 dirs full, 0 dirs failed
I20260709 13:05:08.838781 21108 data_dirs.cc:400] Could only allocate 1 dirs of requested 3 for tablet a013b37a38434e68aff6a17d807b9338. 1 dirs total, 0 dirs full, 0 dirs failed
I20260709 13:05:08.853463 21103 tablet_service.cc:1511] Processing CreateTablet for tablet a96365eceb6a4bf282cf7babfc8c7bf7 (DEFAULT_TABLE table=test-workload [id=233294a3175849738ebd9cd8ac63c735]), partition=RANGE (key) PARTITION 1431655764 <= VALUES < 1670265058
I20260709 13:05:08.855883 21103 data_dirs.cc:400] Could only allocate 1 dirs of requested 3 for tablet a96365eceb6a4bf282cf7babfc8c7bf7. 1 dirs total, 0 dirs full, 0 dirs failed
I20260709 13:05:08.873862 21102 tablet_service.cc:1511] Processing CreateTablet for tablet af674ef9fc9f4916b6201cddef15e8e6 (DEFAULT_TABLE table=test-workload [id=233294a3175849738ebd9cd8ac63c735]), partition=RANGE (key) PARTITION 1670265058 <= VALUES < 1908874352
I20260709 13:05:08.883656 21102 data_dirs.cc:400] Could only allocate 1 dirs of requested 3 for tablet af674ef9fc9f4916b6201cddef15e8e6. 1 dirs total, 0 dirs full, 0 dirs failed
I20260709 13:05:08.889129 21034 tablet_service.cc:1511] Processing CreateTablet for tablet a013b37a38434e68aff6a17d807b9338 (DEFAULT_TABLE table=test-workload [id=233294a3175849738ebd9cd8ac63c735]), partition=RANGE (key) PARTITION 238609294 <= VALUES < 477218588
I20260709 13:05:08.894232 21034 data_dirs.cc:400] Could only allocate 1 dirs of requested 3 for tablet a013b37a38434e68aff6a17d807b9338. 1 dirs total, 0 dirs full, 0 dirs failed
W20260709 13:05:08.894917 20914 auto_rebalancer.cc:288] Could not retrieve cluster info: Service unavailable: Tablet not running
I20260709 13:05:08.896934 21033 tablet_service.cc:1511] Processing CreateTablet for tablet befef05e96634c779f12b35cb2bc7ffb (DEFAULT_TABLE table=test-workload [id=233294a3175849738ebd9cd8ac63c735]), partition=RANGE (key) PARTITION 477218588 <= VALUES < 715827882
I20260709 13:05:08.894821 21035 tablet_service.cc:1511] Processing CreateTablet for tablet 4f10ec9baf564e2b813104317657e4ac (DEFAULT_TABLE table=test-workload [id=233294a3175849738ebd9cd8ac63c735]), partition=RANGE (key) PARTITION VALUES < 238609294
I20260709 13:05:08.884124 21032 tablet_service.cc:1511] Processing CreateTablet for tablet d239f696f0d145e79a2bea65e62aa28d (DEFAULT_TABLE table=test-workload [id=233294a3175849738ebd9cd8ac63c735]), partition=RANGE (key) PARTITION 715827882 <= VALUES < 954437176
I20260709 13:05:08.915943 21029 tablet_service.cc:1511] Processing CreateTablet for tablet a96365eceb6a4bf282cf7babfc8c7bf7 (DEFAULT_TABLE table=test-workload [id=233294a3175849738ebd9cd8ac63c735]), partition=RANGE (key) PARTITION 1431655764 <= VALUES < 1670265058
I20260709 13:05:08.913399 21028 tablet_service.cc:1511] Processing CreateTablet for tablet af674ef9fc9f4916b6201cddef15e8e6 (DEFAULT_TABLE table=test-workload [id=233294a3175849738ebd9cd8ac63c735]), partition=RANGE (key) PARTITION 1670265058 <= VALUES < 1908874352
I20260709 13:05:08.918625 21031 tablet_service.cc:1511] Processing CreateTablet for tablet d6fc71e5f9b44c8b9d6fbbbbb2d4a184 (DEFAULT_TABLE table=test-workload [id=233294a3175849738ebd9cd8ac63c735]), partition=RANGE (key) PARTITION 954437176 <= VALUES < 1193046470
I20260709 13:05:08.914803 21030 tablet_service.cc:1511] Processing CreateTablet for tablet 7e406367b8a248bc849fe175552b513a (DEFAULT_TABLE table=test-workload [id=233294a3175849738ebd9cd8ac63c735]), partition=RANGE (key) PARTITION 1193046470 <= VALUES < 1431655764
I20260709 13:05:08.919873 21033 data_dirs.cc:400] Could only allocate 1 dirs of requested 3 for tablet befef05e96634c779f12b35cb2bc7ffb. 1 dirs total, 0 dirs full, 0 dirs failed
I20260709 13:05:08.924211 21029 data_dirs.cc:400] Could only allocate 1 dirs of requested 3 for tablet a96365eceb6a4bf282cf7babfc8c7bf7. 1 dirs total, 0 dirs full, 0 dirs failed
I20260709 13:05:08.934355 21032 data_dirs.cc:400] Could only allocate 1 dirs of requested 3 for tablet d239f696f0d145e79a2bea65e62aa28d. 1 dirs total, 0 dirs full, 0 dirs failed
I20260709 13:05:08.939721 21030 data_dirs.cc:400] Could only allocate 1 dirs of requested 3 for tablet 7e406367b8a248bc849fe175552b513a. 1 dirs total, 0 dirs full, 0 dirs failed
I20260709 13:05:08.948257 21031 data_dirs.cc:400] Could only allocate 1 dirs of requested 3 for tablet d6fc71e5f9b44c8b9d6fbbbbb2d4a184. 1 dirs total, 0 dirs full, 0 dirs failed
I20260709 13:05:08.953521 21028 data_dirs.cc:400] Could only allocate 1 dirs of requested 3 for tablet af674ef9fc9f4916b6201cddef15e8e6. 1 dirs total, 0 dirs full, 0 dirs failed
I20260709 13:05:08.957365 21027 tablet_service.cc:1511] Processing CreateTablet for tablet 0e018bb9f00c4341bc9cfeb19bc308e0 (DEFAULT_TABLE table=test-workload [id=233294a3175849738ebd9cd8ac63c735]), partition=RANGE (key) PARTITION 1908874352 <= VALUES
I20260709 13:05:08.960099 21101 tablet_service.cc:1511] Processing CreateTablet for tablet 0e018bb9f00c4341bc9cfeb19bc308e0 (DEFAULT_TABLE table=test-workload [id=233294a3175849738ebd9cd8ac63c735]), partition=RANGE (key) PARTITION 1908874352 <= VALUES
I20260709 13:05:08.966106 21101 data_dirs.cc:400] Could only allocate 1 dirs of requested 3 for tablet 0e018bb9f00c4341bc9cfeb19bc308e0. 1 dirs total, 0 dirs full, 0 dirs failed
I20260709 13:05:08.966645 21035 data_dirs.cc:400] Could only allocate 1 dirs of requested 3 for tablet 4f10ec9baf564e2b813104317657e4ac. 1 dirs total, 0 dirs full, 0 dirs failed
I20260709 13:05:08.980278 21027 data_dirs.cc:400] Could only allocate 1 dirs of requested 3 for tablet 0e018bb9f00c4341bc9cfeb19bc308e0. 1 dirs total, 0 dirs full, 0 dirs failed
I20260709 13:05:08.973073 20960 tablet_service.cc:1511] Processing CreateTablet for tablet 4f10ec9baf564e2b813104317657e4ac (DEFAULT_TABLE table=test-workload [id=233294a3175849738ebd9cd8ac63c735]), partition=RANGE (key) PARTITION VALUES < 238609294
I20260709 13:05:08.985097 20958 tablet_service.cc:1511] Processing CreateTablet for tablet befef05e96634c779f12b35cb2bc7ffb (DEFAULT_TABLE table=test-workload [id=233294a3175849738ebd9cd8ac63c735]), partition=RANGE (key) PARTITION 477218588 <= VALUES < 715827882
I20260709 13:05:08.987560 20960 data_dirs.cc:400] Could only allocate 1 dirs of requested 3 for tablet 4f10ec9baf564e2b813104317657e4ac. 1 dirs total, 0 dirs full, 0 dirs failed
I20260709 13:05:08.992671 21162 tablet_bootstrap.cc:492] T a013b37a38434e68aff6a17d807b9338 P 9ffa8a3bb60a4e4fb05fa03685a4f704: Bootstrap starting.
I20260709 13:05:08.989116 20956 tablet_service.cc:1511] Processing CreateTablet for tablet d6fc71e5f9b44c8b9d6fbbbbb2d4a184 (DEFAULT_TABLE table=test-workload [id=233294a3175849738ebd9cd8ac63c735]), partition=RANGE (key) PARTITION 954437176 <= VALUES < 1193046470
I20260709 13:05:08.996798 20954 tablet_service.cc:1511] Processing CreateTablet for tablet a96365eceb6a4bf282cf7babfc8c7bf7 (DEFAULT_TABLE table=test-workload [id=233294a3175849738ebd9cd8ac63c735]), partition=RANGE (key) PARTITION 1431655764 <= VALUES < 1670265058
I20260709 13:05:08.982851 20959 tablet_service.cc:1511] Processing CreateTablet for tablet a013b37a38434e68aff6a17d807b9338 (DEFAULT_TABLE table=test-workload [id=233294a3175849738ebd9cd8ac63c735]), partition=RANGE (key) PARTITION 238609294 <= VALUES < 477218588
I20260709 13:05:09.008656 20955 tablet_service.cc:1511] Processing CreateTablet for tablet 7e406367b8a248bc849fe175552b513a (DEFAULT_TABLE table=test-workload [id=233294a3175849738ebd9cd8ac63c735]), partition=RANGE (key) PARTITION 1193046470 <= VALUES < 1431655764
I20260709 13:05:09.000949 20957 tablet_service.cc:1511] Processing CreateTablet for tablet d239f696f0d145e79a2bea65e62aa28d (DEFAULT_TABLE table=test-workload [id=233294a3175849738ebd9cd8ac63c735]), partition=RANGE (key) PARTITION 715827882 <= VALUES < 954437176
I20260709 13:05:09.009763 20952 tablet_service.cc:1511] Processing CreateTablet for tablet 0e018bb9f00c4341bc9cfeb19bc308e0 (DEFAULT_TABLE table=test-workload [id=233294a3175849738ebd9cd8ac63c735]), partition=RANGE (key) PARTITION 1908874352 <= VALUES
I20260709 13:05:09.012801 20958 data_dirs.cc:400] Could only allocate 1 dirs of requested 3 for tablet befef05e96634c779f12b35cb2bc7ffb. 1 dirs total, 0 dirs full, 0 dirs failed
I20260709 13:05:09.014281 20953 tablet_service.cc:1511] Processing CreateTablet for tablet af674ef9fc9f4916b6201cddef15e8e6 (DEFAULT_TABLE table=test-workload [id=233294a3175849738ebd9cd8ac63c735]), partition=RANGE (key) PARTITION 1670265058 <= VALUES < 1908874352
I20260709 13:05:09.034654 20957 data_dirs.cc:400] Could only allocate 1 dirs of requested 3 for tablet d239f696f0d145e79a2bea65e62aa28d. 1 dirs total, 0 dirs full, 0 dirs failed
I20260709 13:05:09.040361 20953 data_dirs.cc:400] Could only allocate 1 dirs of requested 3 for tablet af674ef9fc9f4916b6201cddef15e8e6. 1 dirs total, 0 dirs full, 0 dirs failed
I20260709 13:05:09.043424 20955 data_dirs.cc:400] Could only allocate 1 dirs of requested 3 for tablet 7e406367b8a248bc849fe175552b513a. 1 dirs total, 0 dirs full, 0 dirs failed
I20260709 13:05:09.049625 20952 data_dirs.cc:400] Could only allocate 1 dirs of requested 3 for tablet 0e018bb9f00c4341bc9cfeb19bc308e0. 1 dirs total, 0 dirs full, 0 dirs failed
I20260709 13:05:09.059770 20959 data_dirs.cc:400] Could only allocate 1 dirs of requested 3 for tablet a013b37a38434e68aff6a17d807b9338. 1 dirs total, 0 dirs full, 0 dirs failed
I20260709 13:05:09.068266 20954 data_dirs.cc:400] Could only allocate 1 dirs of requested 3 for tablet a96365eceb6a4bf282cf7babfc8c7bf7. 1 dirs total, 0 dirs full, 0 dirs failed
I20260709 13:05:09.081915 20956 data_dirs.cc:400] Could only allocate 1 dirs of requested 3 for tablet d6fc71e5f9b44c8b9d6fbbbbb2d4a184. 1 dirs total, 0 dirs full, 0 dirs failed
I20260709 13:05:09.138249 21162 tablet_bootstrap.cc:654] T a013b37a38434e68aff6a17d807b9338 P 9ffa8a3bb60a4e4fb05fa03685a4f704: Neither blocks nor log segments found. Creating new log.
I20260709 13:05:09.147163 21163 tablet_bootstrap.cc:492] T a013b37a38434e68aff6a17d807b9338 P 18c069afab5c4a2e85763a0e90104263: Bootstrap starting.
I20260709 13:05:09.176266 21163 tablet_bootstrap.cc:654] T a013b37a38434e68aff6a17d807b9338 P 18c069afab5c4a2e85763a0e90104263: Neither blocks nor log segments found. Creating new log.
I20260709 13:05:09.230145 21162 tablet_bootstrap.cc:492] T a013b37a38434e68aff6a17d807b9338 P 9ffa8a3bb60a4e4fb05fa03685a4f704: No bootstrap required, opened a new log
I20260709 13:05:09.240276 21165 tablet_bootstrap.cc:492] T befef05e96634c779f12b35cb2bc7ffb P a8074adb6bb44576bf1add631b68f414: Bootstrap starting.
I20260709 13:05:09.239620 21162 ts_tablet_manager.cc:1403] T a013b37a38434e68aff6a17d807b9338 P 9ffa8a3bb60a4e4fb05fa03685a4f704: Time spent bootstrapping tablet: real 0.258s	user 0.008s	sys 0.020s
I20260709 13:05:09.248099 21163 tablet_bootstrap.cc:492] T a013b37a38434e68aff6a17d807b9338 P 18c069afab5c4a2e85763a0e90104263: No bootstrap required, opened a new log
I20260709 13:05:09.248683 21163 ts_tablet_manager.cc:1403] T a013b37a38434e68aff6a17d807b9338 P 18c069afab5c4a2e85763a0e90104263: Time spent bootstrapping tablet: real 0.103s	user 0.016s	sys 0.012s
I20260709 13:05:09.249655 21165 tablet_bootstrap.cc:654] T befef05e96634c779f12b35cb2bc7ffb P a8074adb6bb44576bf1add631b68f414: Neither blocks nor log segments found. Creating new log.
I20260709 13:05:09.251652 21163 raft_consensus.cc:359] T a013b37a38434e68aff6a17d807b9338 P 18c069afab5c4a2e85763a0e90104263 [term 0 FOLLOWER]: Replica starting. Triggering 0 pending ops. Active config: opid_index: -1 OBSOLETE_local: false peers { permanent_uuid: "a8074adb6bb44576bf1add631b68f414" member_type: VOTER last_known_addr { host: "127.20.88.193" port: 42931 } } peers { permanent_uuid: "18c069afab5c4a2e85763a0e90104263" member_type: VOTER last_known_addr { host: "127.20.88.194" port: 36953 } } peers { permanent_uuid: "9ffa8a3bb60a4e4fb05fa03685a4f704" member_type: VOTER last_known_addr { host: "127.20.88.195" port: 36291 } }
I20260709 13:05:09.252300 21163 raft_consensus.cc:385] T a013b37a38434e68aff6a17d807b9338 P 18c069afab5c4a2e85763a0e90104263 [term 0 FOLLOWER]: Consensus starting up: Expiring failure detector timer to make a prompt election more likely
I20260709 13:05:09.252597 21163 raft_consensus.cc:740] T a013b37a38434e68aff6a17d807b9338 P 18c069afab5c4a2e85763a0e90104263 [term 0 FOLLOWER]: Becoming Follower/Learner. State: Replica: 18c069afab5c4a2e85763a0e90104263, State: Initialized, Role: FOLLOWER
I20260709 13:05:09.246766 21162 raft_consensus.cc:359] T a013b37a38434e68aff6a17d807b9338 P 9ffa8a3bb60a4e4fb05fa03685a4f704 [term 0 FOLLOWER]: Replica starting. Triggering 0 pending ops. Active config: opid_index: -1 OBSOLETE_local: false peers { permanent_uuid: "a8074adb6bb44576bf1add631b68f414" member_type: VOTER last_known_addr { host: "127.20.88.193" port: 42931 } } peers { permanent_uuid: "18c069afab5c4a2e85763a0e90104263" member_type: VOTER last_known_addr { host: "127.20.88.194" port: 36953 } } peers { permanent_uuid: "9ffa8a3bb60a4e4fb05fa03685a4f704" member_type: VOTER last_known_addr { host: "127.20.88.195" port: 36291 } }
I20260709 13:05:09.253026 21162 raft_consensus.cc:385] T a013b37a38434e68aff6a17d807b9338 P 9ffa8a3bb60a4e4fb05fa03685a4f704 [term 0 FOLLOWER]: Consensus starting up: Expiring failure detector timer to make a prompt election more likely
I20260709 13:05:09.253450 21162 raft_consensus.cc:740] T a013b37a38434e68aff6a17d807b9338 P 9ffa8a3bb60a4e4fb05fa03685a4f704 [term 0 FOLLOWER]: Becoming Follower/Learner. State: Replica: 9ffa8a3bb60a4e4fb05fa03685a4f704, State: Initialized, Role: FOLLOWER
I20260709 13:05:09.253364 21163 consensus_queue.cc:260] T a013b37a38434e68aff6a17d807b9338 P 18c069afab5c4a2e85763a0e90104263 [NON_LEADER]: Queue going to NON_LEADER mode. State: All replicated index: 0, Majority replicated index: 0, Committed index: 0, Last appended: 0.0, Last appended by leader: 0, Current term: 0, Majority size: -1, State: 0, Mode: NON_LEADER, active raft config: opid_index: -1 OBSOLETE_local: false peers { permanent_uuid: "a8074adb6bb44576bf1add631b68f414" member_type: VOTER last_known_addr { host: "127.20.88.193" port: 42931 } } peers { permanent_uuid: "18c069afab5c4a2e85763a0e90104263" member_type: VOTER last_known_addr { host: "127.20.88.194" port: 36953 } } peers { permanent_uuid: "9ffa8a3bb60a4e4fb05fa03685a4f704" member_type: VOTER last_known_addr { host: "127.20.88.195" port: 36291 } }
I20260709 13:05:09.254382 21162 consensus_queue.cc:260] T a013b37a38434e68aff6a17d807b9338 P 9ffa8a3bb60a4e4fb05fa03685a4f704 [NON_LEADER]: Queue going to NON_LEADER mode. State: All replicated index: 0, Majority replicated index: 0, Committed index: 0, Last appended: 0.0, Last appended by leader: 0, Current term: 0, Majority size: -1, State: 0, Mode: NON_LEADER, active raft config: opid_index: -1 OBSOLETE_local: false peers { permanent_uuid: "a8074adb6bb44576bf1add631b68f414" member_type: VOTER last_known_addr { host: "127.20.88.193" port: 42931 } } peers { permanent_uuid: "18c069afab5c4a2e85763a0e90104263" member_type: VOTER last_known_addr { host: "127.20.88.194" port: 36953 } } peers { permanent_uuid: "9ffa8a3bb60a4e4fb05fa03685a4f704" member_type: VOTER last_known_addr { host: "127.20.88.195" port: 36291 } }
I20260709 13:05:09.262962 21144 heartbeater.cc:499] Master 127.20.88.254:35417 was elected leader, sending a full tablet report...
I20260709 13:05:09.263959 21162 ts_tablet_manager.cc:1434] T a013b37a38434e68aff6a17d807b9338 P 9ffa8a3bb60a4e4fb05fa03685a4f704: Time spent starting tablet: real 0.022s	user 0.008s	sys 0.006s
I20260709 13:05:09.265178 21162 tablet_bootstrap.cc:492] T befef05e96634c779f12b35cb2bc7ffb P 9ffa8a3bb60a4e4fb05fa03685a4f704: Bootstrap starting.
I20260709 13:05:09.267189 21163 ts_tablet_manager.cc:1434] T a013b37a38434e68aff6a17d807b9338 P 18c069afab5c4a2e85763a0e90104263: Time spent starting tablet: real 0.018s	user 0.009s	sys 0.007s
I20260709 13:05:09.267186 21070 heartbeater.cc:499] Master 127.20.88.254:35417 was elected leader, sending a full tablet report...
I20260709 13:05:09.268318 21163 tablet_bootstrap.cc:492] T befef05e96634c779f12b35cb2bc7ffb P 18c069afab5c4a2e85763a0e90104263: Bootstrap starting.
I20260709 13:05:09.272239 21162 tablet_bootstrap.cc:654] T befef05e96634c779f12b35cb2bc7ffb P 9ffa8a3bb60a4e4fb05fa03685a4f704: Neither blocks nor log segments found. Creating new log.
I20260709 13:05:09.275853 21163 tablet_bootstrap.cc:654] T befef05e96634c779f12b35cb2bc7ffb P 18c069afab5c4a2e85763a0e90104263: Neither blocks nor log segments found. Creating new log.
I20260709 13:05:09.277581 20995 heartbeater.cc:499] Master 127.20.88.254:35417 was elected leader, sending a full tablet report...
I20260709 13:05:09.283900 21162 tablet_bootstrap.cc:492] T befef05e96634c779f12b35cb2bc7ffb P 9ffa8a3bb60a4e4fb05fa03685a4f704: No bootstrap required, opened a new log
