I20260709 13:05:28.210636 21796 consensus_queue.cc:237] T 6640dd0e186b46058fbdca21723024cf P 1fe2f015f9ec4144942b01f91426b334 [LEADER]: Queue going to LEADER mode. State: All replicated index: 0, Majority replicated index: 2, Committed index: 2, Last appended: 2.2, Last appended by leader: 2, Current term: 3, Majority size: 2, State: 0, Mode: LEADER, active raft config: opid_index: -1 OBSOLETE_local: false peers { permanent_uuid: "1fe2f015f9ec4144942b01f91426b334" member_type: VOTER last_known_addr { host: "127.20.88.193" port: 34375 } } peers { permanent_uuid: "c854c6b0fad2439682122268d7f5e5f7" member_type: VOTER last_known_addr { host: "127.20.88.194" port: 46583 } } peers { permanent_uuid: "4734ab00147b483996c1f556427bcb9e" member_type: VOTER last_known_addr { host: "127.20.88.195" port: 44577 } }
I20260709 13:05:28.216692 21358 catalog_manager.cc:5697] T 6640dd0e186b46058fbdca21723024cf P 1fe2f015f9ec4144942b01f91426b334 reported cstate change: term changed from 2 to 3, leader changed from c854c6b0fad2439682122268d7f5e5f7 (127.20.88.194) to 1fe2f015f9ec4144942b01f91426b334 (127.20.88.193). New cstate: current_term: 3 leader_uuid: "1fe2f015f9ec4144942b01f91426b334" committed_config { opid_index: -1 OBSOLETE_local: false peers { permanent_uuid: "1fe2f015f9ec4144942b01f91426b334" member_type: VOTER last_known_addr { host: "127.20.88.193" port: 34375 } health_report { overall_health: HEALTHY } } peers { permanent_uuid: "c854c6b0fad2439682122268d7f5e5f7" member_type: VOTER last_known_addr { host: "127.20.88.194" port: 46583 } health_report { overall_health: UNKNOWN } } peers { permanent_uuid: "4734ab00147b483996c1f556427bcb9e" member_type: VOTER last_known_addr { host: "127.20.88.195" port: 44577 } health_report { overall_health: UNKNOWN } } }
I20260709 13:05:28.246182 21791 raft_consensus.cc:993] T a4c09ecd884545598310ebbea13147c7 P c854c6b0fad2439682122268d7f5e5f7: : Instructing follower 1fe2f015f9ec4144942b01f91426b334 to start an election
I20260709 13:05:28.246695 21817 raft_consensus.cc:1081] T a4c09ecd884545598310ebbea13147c7 P c854c6b0fad2439682122268d7f5e5f7 [term 1 LEADER]: Signalling peer 1fe2f015f9ec4144942b01f91426b334 to start an election
I20260709 13:05:28.248054 21461 tablet_service.cc:2044] Received Run Leader Election RPC: tablet_id: "a4c09ecd884545598310ebbea13147c7"
dest_uuid: "1fe2f015f9ec4144942b01f91426b334"
 from {username='slave'} at 127.0.0.1:41206
I20260709 13:05:28.248689 21461 raft_consensus.cc:493] T a4c09ecd884545598310ebbea13147c7 P 1fe2f015f9ec4144942b01f91426b334 [term 1 FOLLOWER]: Starting forced leader election (received explicit request)
I20260709 13:05:28.249046 21461 raft_consensus.cc:3060] T a4c09ecd884545598310ebbea13147c7 P 1fe2f015f9ec4144942b01f91426b334 [term 1 FOLLOWER]: Advancing to term 2
I20260709 13:05:28.253575 21461 raft_consensus.cc:515] T a4c09ecd884545598310ebbea13147c7 P 1fe2f015f9ec4144942b01f91426b334 [term 2 FOLLOWER]: Starting forced leader election with config: opid_index: -1 OBSOLETE_local: false peers { permanent_uuid: "1fe2f015f9ec4144942b01f91426b334" member_type: VOTER last_known_addr { host: "127.20.88.193" port: 34375 } } peers { permanent_uuid: "c854c6b0fad2439682122268d7f5e5f7" member_type: VOTER last_known_addr { host: "127.20.88.194" port: 46583 } } peers { permanent_uuid: "4734ab00147b483996c1f556427bcb9e" member_type: VOTER last_known_addr { host: "127.20.88.195" port: 44577 } }
I20260709 13:05:28.255424 21611 raft_consensus.cc:1275] T dca332f620494bbda6e43fec6734de48 P 4734ab00147b483996c1f556427bcb9e [term 4 FOLLOWER]: Refusing update from remote peer 1fe2f015f9ec4144942b01f91426b334: Log matching property violated. Preceding OpId in replica: term: 3 index: 3. Preceding OpId from leader: term: 4 index: 4. (index mismatch)
I20260709 13:05:28.255553 21461 leader_election.cc:290] T a4c09ecd884545598310ebbea13147c7 P 1fe2f015f9ec4144942b01f91426b334 [CANDIDATE]: Term 2 election: Requested vote from peers c854c6b0fad2439682122268d7f5e5f7 (127.20.88.194:46583), 4734ab00147b483996c1f556427bcb9e (127.20.88.195:44577)
I20260709 13:05:28.255860 21535 tablet_service.cc:1917] Received RequestConsensusVote() RPC: tablet_id: "a4c09ecd884545598310ebbea13147c7" candidate_uuid: "1fe2f015f9ec4144942b01f91426b334" candidate_term: 2 candidate_status { last_received { term: 1 index: 1 } } ignore_live_leader: true dest_uuid: "c854c6b0fad2439682122268d7f5e5f7"
I20260709 13:05:28.256078 21610 tablet_service.cc:1917] Received RequestConsensusVote() RPC: tablet_id: "a4c09ecd884545598310ebbea13147c7" candidate_uuid: "1fe2f015f9ec4144942b01f91426b334" candidate_term: 2 candidate_status { last_received { term: 1 index: 1 } } ignore_live_leader: true dest_uuid: "4734ab00147b483996c1f556427bcb9e"
I20260709 13:05:28.256516 21535 raft_consensus.cc:3055] T a4c09ecd884545598310ebbea13147c7 P c854c6b0fad2439682122268d7f5e5f7 [term 1 LEADER]: Stepping down as leader of term 1
I20260709 13:05:28.256573 21610 raft_consensus.cc:3060] T a4c09ecd884545598310ebbea13147c7 P 4734ab00147b483996c1f556427bcb9e [term 1 FOLLOWER]: Advancing to term 2
I20260709 13:05:28.257040 21535 raft_consensus.cc:740] T a4c09ecd884545598310ebbea13147c7 P c854c6b0fad2439682122268d7f5e5f7 [term 1 LEADER]: Becoming Follower/Learner. State: Replica: c854c6b0fad2439682122268d7f5e5f7, State: Running, Role: LEADER
I20260709 13:05:28.257293 21796 consensus_queue.cc:1048] T dca332f620494bbda6e43fec6734de48 P 1fe2f015f9ec4144942b01f91426b334 [LEADER]: Connected to new peer: Peer: permanent_uuid: "4734ab00147b483996c1f556427bcb9e" member_type: VOTER last_known_addr { host: "127.20.88.195" port: 44577 }, Status: LMP_MISMATCH, Last received: 0.0, Next index: 4, Last known committed idx: 3, Time since last communication: 0.000s
I20260709 13:05:28.258258 21535 consensus_queue.cc:260] T a4c09ecd884545598310ebbea13147c7 P c854c6b0fad2439682122268d7f5e5f7 [NON_LEADER]: Queue going to NON_LEADER mode. State: All replicated index: 0, Majority replicated index: 1, Committed index: 1, Last appended: 1.1, Last appended by leader: 1, Current term: 1, Majority size: -1, State: 0, Mode: NON_LEADER, active raft config: opid_index: -1 OBSOLETE_local: false peers { permanent_uuid: "1fe2f015f9ec4144942b01f91426b334" member_type: VOTER last_known_addr { host: "127.20.88.193" port: 34375 } } peers { permanent_uuid: "c854c6b0fad2439682122268d7f5e5f7" member_type: VOTER last_known_addr { host: "127.20.88.194" port: 46583 } } peers { permanent_uuid: "4734ab00147b483996c1f556427bcb9e" member_type: VOTER last_known_addr { host: "127.20.88.195" port: 44577 } }
I20260709 13:05:28.259637 21535 raft_consensus.cc:3060] T a4c09ecd884545598310ebbea13147c7 P c854c6b0fad2439682122268d7f5e5f7 [term 1 FOLLOWER]: Advancing to term 2
I20260709 13:05:28.264613 21610 raft_consensus.cc:2468] T a4c09ecd884545598310ebbea13147c7 P 4734ab00147b483996c1f556427bcb9e [term 2 FOLLOWER]: Leader election vote request: Granting yes vote for candidate 1fe2f015f9ec4144942b01f91426b334 in term 2.
I20260709 13:05:28.265604 21427 leader_election.cc:304] T a4c09ecd884545598310ebbea13147c7 P 1fe2f015f9ec4144942b01f91426b334 [CANDIDATE]: Term 2 election: Election decided. Result: candidate won. Election summary: received 2 responses out of 3 voters: 2 yes votes; 0 no votes. yes voters: 1fe2f015f9ec4144942b01f91426b334, 4734ab00147b483996c1f556427bcb9e; no voters: 
I20260709 13:05:28.266724 21813 raft_consensus.cc:2804] T a4c09ecd884545598310ebbea13147c7 P 1fe2f015f9ec4144942b01f91426b334 [term 2 FOLLOWER]: Leader election won for term 2
I20260709 13:05:28.267069 21535 raft_consensus.cc:2468] T a4c09ecd884545598310ebbea13147c7 P c854c6b0fad2439682122268d7f5e5f7 [term 2 FOLLOWER]: Leader election vote request: Granting yes vote for candidate 1fe2f015f9ec4144942b01f91426b334 in term 2.
I20260709 13:05:28.267180 21813 raft_consensus.cc:697] T a4c09ecd884545598310ebbea13147c7 P 1fe2f015f9ec4144942b01f91426b334 [term 2 LEADER]: Becoming Leader. State: Replica: 1fe2f015f9ec4144942b01f91426b334, State: Running, Role: LEADER
I20260709 13:05:28.268019 21537 raft_consensus.cc:1275] T dca332f620494bbda6e43fec6734de48 P c854c6b0fad2439682122268d7f5e5f7 [term 4 FOLLOWER]: Refusing update from remote peer 1fe2f015f9ec4144942b01f91426b334: Log matching property violated. Preceding OpId in replica: term: 3 index: 3. Preceding OpId from leader: term: 4 index: 4. (index mismatch)
I20260709 13:05:28.268121 21813 consensus_queue.cc:237] T a4c09ecd884545598310ebbea13147c7 P 1fe2f015f9ec4144942b01f91426b334 [LEADER]: Queue going to LEADER mode. State: All replicated index: 0, Majority replicated index: 1, Committed index: 1, Last appended: 1.1, Last appended by leader: 1, Current term: 2, Majority size: 2, State: 0, Mode: LEADER, active raft config: opid_index: -1 OBSOLETE_local: false peers { permanent_uuid: "1fe2f015f9ec4144942b01f91426b334" member_type: VOTER last_known_addr { host: "127.20.88.193" port: 34375 } } peers { permanent_uuid: "c854c6b0fad2439682122268d7f5e5f7" member_type: VOTER last_known_addr { host: "127.20.88.194" port: 46583 } } peers { permanent_uuid: "4734ab00147b483996c1f556427bcb9e" member_type: VOTER last_known_addr { host: "127.20.88.195" port: 44577 } }
I20260709 13:05:28.270413 21821 consensus_queue.cc:1048] T dca332f620494bbda6e43fec6734de48 P 1fe2f015f9ec4144942b01f91426b334 [LEADER]: Connected to new peer: Peer: permanent_uuid: "c854c6b0fad2439682122268d7f5e5f7" member_type: VOTER last_known_addr { host: "127.20.88.194" port: 46583 }, Status: LMP_MISMATCH, Last received: 0.0, Next index: 4, Last known committed idx: 3, Time since last communication: 0.001s
I20260709 13:05:28.279774 21356 catalog_manager.cc:5697] T a4c09ecd884545598310ebbea13147c7 P 1fe2f015f9ec4144942b01f91426b334 reported cstate change: term changed from 1 to 2, leader changed from c854c6b0fad2439682122268d7f5e5f7 (127.20.88.194) to 1fe2f015f9ec4144942b01f91426b334 (127.20.88.193). New cstate: current_term: 2 leader_uuid: "1fe2f015f9ec4144942b01f91426b334" committed_config { opid_index: -1 OBSOLETE_local: false peers { permanent_uuid: "1fe2f015f9ec4144942b01f91426b334" member_type: VOTER last_known_addr { host: "127.20.88.193" port: 34375 } health_report { overall_health: HEALTHY } } peers { permanent_uuid: "c854c6b0fad2439682122268d7f5e5f7" member_type: VOTER last_known_addr { host: "127.20.88.194" port: 46583 } health_report { overall_health: UNKNOWN } } peers { permanent_uuid: "4734ab00147b483996c1f556427bcb9e" member_type: VOTER last_known_addr { host: "127.20.88.195" port: 44577 } health_report { overall_health: UNKNOWN } } }
I20260709 13:05:28.493001 21537 raft_consensus.cc:1275] T ea8cbe95b7c8413698765c5dc74b62b6 P c854c6b0fad2439682122268d7f5e5f7 [term 4 FOLLOWER]: Refusing update from remote peer 1fe2f015f9ec4144942b01f91426b334: Log matching property violated. Preceding OpId in replica: term: 3 index: 3. Preceding OpId from leader: term: 4 index: 4. (index mismatch)
I20260709 13:05:28.494719 21813 consensus_queue.cc:1048] T ea8cbe95b7c8413698765c5dc74b62b6 P 1fe2f015f9ec4144942b01f91426b334 [LEADER]: Connected to new peer: Peer: permanent_uuid: "c854c6b0fad2439682122268d7f5e5f7" member_type: VOTER last_known_addr { host: "127.20.88.194" port: 46583 }, Status: LMP_MISMATCH, Last received: 0.0, Next index: 4, Last known committed idx: 3, Time since last communication: 0.000s
I20260709 13:05:28.504503 21611 raft_consensus.cc:1275] T ea8cbe95b7c8413698765c5dc74b62b6 P 4734ab00147b483996c1f556427bcb9e [term 4 FOLLOWER]: Refusing update from remote peer 1fe2f015f9ec4144942b01f91426b334: Log matching property violated. Preceding OpId in replica: term: 3 index: 3. Preceding OpId from leader: term: 4 index: 4. (index mismatch)
I20260709 13:05:28.505761 21796 consensus_queue.cc:1048] T ea8cbe95b7c8413698765c5dc74b62b6 P 1fe2f015f9ec4144942b01f91426b334 [LEADER]: Connected to new peer: Peer: permanent_uuid: "4734ab00147b483996c1f556427bcb9e" member_type: VOTER last_known_addr { host: "127.20.88.195" port: 44577 }, Status: LMP_MISMATCH, Last received: 0.0, Next index: 4, Last known committed idx: 3, Time since last communication: 0.000s
I20260709 13:05:28.573480 21611 raft_consensus.cc:1275] T 95e8e4db951f43c1a3e53cfa8ef96019 P 4734ab00147b483996c1f556427bcb9e [term 4 FOLLOWER]: Refusing update from remote peer 1fe2f015f9ec4144942b01f91426b334: Log matching property violated. Preceding OpId in replica: term: 3 index: 2. Preceding OpId from leader: term: 4 index: 3. (index mismatch)
I20260709 13:05:28.574864 21796 consensus_queue.cc:1048] T 95e8e4db951f43c1a3e53cfa8ef96019 P 1fe2f015f9ec4144942b01f91426b334 [LEADER]: Connected to new peer: Peer: permanent_uuid: "4734ab00147b483996c1f556427bcb9e" member_type: VOTER last_known_addr { host: "127.20.88.195" port: 44577 }, Status: LMP_MISMATCH, Last received: 0.0, Next index: 3, Last known committed idx: 2, Time since last communication: 0.000s
I20260709 13:05:28.586601 21537 raft_consensus.cc:1275] T 95e8e4db951f43c1a3e53cfa8ef96019 P c854c6b0fad2439682122268d7f5e5f7 [term 4 FOLLOWER]: Refusing update from remote peer 1fe2f015f9ec4144942b01f91426b334: Log matching property violated. Preceding OpId in replica: term: 3 index: 2. Preceding OpId from leader: term: 4 index: 3. (index mismatch)
I20260709 13:05:28.588079 21821 consensus_queue.cc:1048] T 95e8e4db951f43c1a3e53cfa8ef96019 P 1fe2f015f9ec4144942b01f91426b334 [LEADER]: Connected to new peer: Peer: permanent_uuid: "c854c6b0fad2439682122268d7f5e5f7" member_type: VOTER last_known_addr { host: "127.20.88.194" port: 46583 }, Status: LMP_MISMATCH, Last received: 0.0, Next index: 3, Last known committed idx: 2, Time since last communication: 0.000s
I20260709 13:05:28.704070 21537 raft_consensus.cc:1275] T 6640dd0e186b46058fbdca21723024cf P c854c6b0fad2439682122268d7f5e5f7 [term 3 FOLLOWER]: Refusing update from remote peer 1fe2f015f9ec4144942b01f91426b334: Log matching property violated. Preceding OpId in replica: term: 2 index: 2. Preceding OpId from leader: term: 3 index: 3. (index mismatch)
I20260709 13:05:28.705355 21821 consensus_queue.cc:1048] T 6640dd0e186b46058fbdca21723024cf P 1fe2f015f9ec4144942b01f91426b334 [LEADER]: Connected to new peer: Peer: permanent_uuid: "c854c6b0fad2439682122268d7f5e5f7" member_type: VOTER last_known_addr { host: "127.20.88.194" port: 46583 }, Status: LMP_MISMATCH, Last received: 0.0, Next index: 3, Last known committed idx: 2, Time since last communication: 0.000s
I20260709 13:05:28.714432 21611 raft_consensus.cc:1275] T 6640dd0e186b46058fbdca21723024cf P 4734ab00147b483996c1f556427bcb9e [term 3 FOLLOWER]: Refusing update from remote peer 1fe2f015f9ec4144942b01f91426b334: Log matching property violated. Preceding OpId in replica: term: 2 index: 2. Preceding OpId from leader: term: 3 index: 3. (index mismatch)
I20260709 13:05:28.715924 21821 consensus_queue.cc:1048] T 6640dd0e186b46058fbdca21723024cf P 1fe2f015f9ec4144942b01f91426b334 [LEADER]: Connected to new peer: Peer: permanent_uuid: "4734ab00147b483996c1f556427bcb9e" member_type: VOTER last_known_addr { host: "127.20.88.195" port: 44577 }, Status: LMP_MISMATCH, Last received: 0.0, Next index: 3, Last known committed idx: 2, Time since last communication: 0.000s
I20260709 13:05:28.796793 21610 raft_consensus.cc:1275] T a4c09ecd884545598310ebbea13147c7 P 4734ab00147b483996c1f556427bcb9e [term 2 FOLLOWER]: Refusing update from remote peer 1fe2f015f9ec4144942b01f91426b334: Log matching property violated. Preceding OpId in replica: term: 1 index: 1. Preceding OpId from leader: term: 2 index: 2. (index mismatch)
I20260709 13:05:28.798126 21813 consensus_queue.cc:1048] T a4c09ecd884545598310ebbea13147c7 P 1fe2f015f9ec4144942b01f91426b334 [LEADER]: Connected to new peer: Peer: permanent_uuid: "4734ab00147b483996c1f556427bcb9e" member_type: VOTER last_known_addr { host: "127.20.88.195" port: 44577 }, Status: LMP_MISMATCH, Last received: 0.0, Next index: 2, Last known committed idx: 1, Time since last communication: 0.000s
I20260709 13:05:28.810442 21537 raft_consensus.cc:1275] T a4c09ecd884545598310ebbea13147c7 P c854c6b0fad2439682122268d7f5e5f7 [term 2 FOLLOWER]: Refusing update from remote peer 1fe2f015f9ec4144942b01f91426b334: Log matching property violated. Preceding OpId in replica: term: 1 index: 1. Preceding OpId from leader: term: 2 index: 2. (index mismatch)
I20260709 13:05:28.812578 21821 consensus_queue.cc:1048] T a4c09ecd884545598310ebbea13147c7 P 1fe2f015f9ec4144942b01f91426b334 [LEADER]: Connected to new peer: Peer: permanent_uuid: "c854c6b0fad2439682122268d7f5e5f7" member_type: VOTER last_known_addr { host: "127.20.88.194" port: 46583 }, Status: LMP_MISMATCH, Last received: 0.0, Next index: 2, Last known committed idx: 1, Time since last communication: 0.000s
I20260709 13:05:30.784426 20835 auto_leader_rebalancer.cc:141] leader rebalance for table test-workload
I20260709 13:05:30.793164 21461 tablet_service.cc:2072] Received LeaderStepDown RPC: tablet_id: "588a587e977a4515b0388b301f84006e"
dest_uuid: "1fe2f015f9ec4144942b01f91426b334"
mode: GRACEFUL
new_leader_uuid: "c854c6b0fad2439682122268d7f5e5f7"
 from {username='slave'} at 127.0.0.1:41694
I20260709 13:05:30.793740 21461 raft_consensus.cc:606] T 588a587e977a4515b0388b301f84006e P 1fe2f015f9ec4144942b01f91426b334 [term 2 LEADER]: Received request to transfer leadership to TS c854c6b0fad2439682122268d7f5e5f7
I20260709 13:05:30.796115 21461 tablet_service.cc:2072] Received LeaderStepDown RPC: tablet_id: "7e2ffa4250e24cd09624558b6f18f484"
dest_uuid: "1fe2f015f9ec4144942b01f91426b334"
mode: GRACEFUL
new_leader_uuid: "c854c6b0fad2439682122268d7f5e5f7"
 from {username='slave'} at 127.0.0.1:41694
I20260709 13:05:30.796551 21461 raft_consensus.cc:606] T 7e2ffa4250e24cd09624558b6f18f484 P 1fe2f015f9ec4144942b01f91426b334 [term 2 LEADER]: Received request to transfer leadership to TS c854c6b0fad2439682122268d7f5e5f7
I20260709 13:05:30.798833 21461 tablet_service.cc:2072] Received LeaderStepDown RPC: tablet_id: "95e8e4db951f43c1a3e53cfa8ef96019"
dest_uuid: "1fe2f015f9ec4144942b01f91426b334"
mode: GRACEFUL
new_leader_uuid: "4734ab00147b483996c1f556427bcb9e"
 from {username='slave'} at 127.0.0.1:41694
I20260709 13:05:30.799345 21461 raft_consensus.cc:606] T 95e8e4db951f43c1a3e53cfa8ef96019 P 1fe2f015f9ec4144942b01f91426b334 [term 4 LEADER]: Received request to transfer leadership to TS 4734ab00147b483996c1f556427bcb9e
I20260709 13:05:30.801432 21461 tablet_service.cc:2072] Received LeaderStepDown RPC: tablet_id: "fdecd14e57134667865c7d7e5b4dd214"
dest_uuid: "1fe2f015f9ec4144942b01f91426b334"
mode: GRACEFUL
new_leader_uuid: "4734ab00147b483996c1f556427bcb9e"
 from {username='slave'} at 127.0.0.1:41694
I20260709 13:05:30.801851 21461 raft_consensus.cc:606] T fdecd14e57134667865c7d7e5b4dd214 P 1fe2f015f9ec4144942b01f91426b334 [term 2 LEADER]: Received request to transfer leadership to TS 4734ab00147b483996c1f556427bcb9e
I20260709 13:05:30.802769 20835 auto_leader_rebalancer.cc:452] table: test-workload, leader rebalance finish, leader transfer count: 4
I20260709 13:05:30.803258 20835 auto_leader_rebalancer.cc:527] All tables' leader rebalancing finished this round
I20260709 13:05:31.148586 21832 raft_consensus.cc:993] T 588a587e977a4515b0388b301f84006e P 1fe2f015f9ec4144942b01f91426b334: : Instructing follower c854c6b0fad2439682122268d7f5e5f7 to start an election
I20260709 13:05:31.149128 21796 raft_consensus.cc:1081] T 588a587e977a4515b0388b301f84006e P 1fe2f015f9ec4144942b01f91426b334 [term 2 LEADER]: Signalling peer c854c6b0fad2439682122268d7f5e5f7 to start an election
I20260709 13:05:31.150579 21535 tablet_service.cc:2044] Received Run Leader Election RPC: tablet_id: "588a587e977a4515b0388b301f84006e"
dest_uuid: "c854c6b0fad2439682122268d7f5e5f7"
 from {username='slave'} at 127.0.0.1:59516
I20260709 13:05:31.151021 21535 raft_consensus.cc:493] T 588a587e977a4515b0388b301f84006e P c854c6b0fad2439682122268d7f5e5f7 [term 2 FOLLOWER]: Starting forced leader election (received explicit request)
I20260709 13:05:31.151268 21535 raft_consensus.cc:3060] T 588a587e977a4515b0388b301f84006e P c854c6b0fad2439682122268d7f5e5f7 [term 2 FOLLOWER]: Advancing to term 3
I20260709 13:05:31.156106 21535 raft_consensus.cc:515] T 588a587e977a4515b0388b301f84006e P c854c6b0fad2439682122268d7f5e5f7 [term 3 FOLLOWER]: Starting forced leader election with config: opid_index: -1 OBSOLETE_local: false peers { permanent_uuid: "1fe2f015f9ec4144942b01f91426b334" member_type: VOTER last_known_addr { host: "127.20.88.193" port: 34375 } } peers { permanent_uuid: "c854c6b0fad2439682122268d7f5e5f7" member_type: VOTER last_known_addr { host: "127.20.88.194" port: 46583 } } peers { permanent_uuid: "4734ab00147b483996c1f556427bcb9e" member_type: VOTER last_known_addr { host: "127.20.88.195" port: 44577 } }
I20260709 13:05:31.157907 21535 leader_election.cc:290] T 588a587e977a4515b0388b301f84006e P c854c6b0fad2439682122268d7f5e5f7 [CANDIDATE]: Term 3 election: Requested vote from peers 1fe2f015f9ec4144942b01f91426b334 (127.20.88.193:34375), 4734ab00147b483996c1f556427bcb9e (127.20.88.195:44577)
I20260709 13:05:31.158593 21461 tablet_service.cc:1917] Received RequestConsensusVote() RPC: tablet_id: "588a587e977a4515b0388b301f84006e" candidate_uuid: "c854c6b0fad2439682122268d7f5e5f7" candidate_term: 3 candidate_status { last_received { term: 2 index: 2 } } ignore_live_leader: true dest_uuid: "1fe2f015f9ec4144942b01f91426b334"
I20260709 13:05:31.158876 21610 tablet_service.cc:1917] Received RequestConsensusVote() RPC: tablet_id: "588a587e977a4515b0388b301f84006e" candidate_uuid: "c854c6b0fad2439682122268d7f5e5f7" candidate_term: 3 candidate_status { last_received { term: 2 index: 2 } } ignore_live_leader: true dest_uuid: "4734ab00147b483996c1f556427bcb9e"
I20260709 13:05:31.159214 21461 raft_consensus.cc:3055] T 588a587e977a4515b0388b301f84006e P 1fe2f015f9ec4144942b01f91426b334 [term 2 LEADER]: Stepping down as leader of term 2
I20260709 13:05:31.159539 21461 raft_consensus.cc:740] T 588a587e977a4515b0388b301f84006e P 1fe2f015f9ec4144942b01f91426b334 [term 2 LEADER]: Becoming Follower/Learner. State: Replica: 1fe2f015f9ec4144942b01f91426b334, State: Running, Role: LEADER
I20260709 13:05:31.159409 21610 raft_consensus.cc:3060] T 588a587e977a4515b0388b301f84006e P 4734ab00147b483996c1f556427bcb9e [term 2 FOLLOWER]: Advancing to term 3
I20260709 13:05:31.160317 21461 consensus_queue.cc:260] T 588a587e977a4515b0388b301f84006e P 1fe2f015f9ec4144942b01f91426b334 [NON_LEADER]: Queue going to NON_LEADER mode. State: All replicated index: 0, Majority replicated index: 2, Committed index: 2, Last appended: 2.2, Last appended by leader: 2, Current term: 2, Majority size: -1, State: 0, Mode: NON_LEADER, active raft config: opid_index: -1 OBSOLETE_local: false peers { permanent_uuid: "1fe2f015f9ec4144942b01f91426b334" member_type: VOTER last_known_addr { host: "127.20.88.193" port: 34375 } } peers { permanent_uuid: "c854c6b0fad2439682122268d7f5e5f7" member_type: VOTER last_known_addr { host: "127.20.88.194" port: 46583 } } peers { permanent_uuid: "4734ab00147b483996c1f556427bcb9e" member_type: VOTER last_known_addr { host: "127.20.88.195" port: 44577 } }
I20260709 13:05:31.161164 21461 raft_consensus.cc:3060] T 588a587e977a4515b0388b301f84006e P 1fe2f015f9ec4144942b01f91426b334 [term 2 FOLLOWER]: Advancing to term 3
I20260709 13:05:31.164157 21610 raft_consensus.cc:2468] T 588a587e977a4515b0388b301f84006e P 4734ab00147b483996c1f556427bcb9e [term 3 FOLLOWER]: Leader election vote request: Granting yes vote for candidate c854c6b0fad2439682122268d7f5e5f7 in term 3.
I20260709 13:05:31.165266 21502 leader_election.cc:304] T 588a587e977a4515b0388b301f84006e P c854c6b0fad2439682122268d7f5e5f7 [CANDIDATE]: Term 3 election: Election decided. Result: candidate won. Election summary: received 2 responses out of 3 voters: 2 yes votes; 0 no votes. yes voters: 4734ab00147b483996c1f556427bcb9e, c854c6b0fad2439682122268d7f5e5f7; no voters: 
I20260709 13:05:31.165619 21461 raft_consensus.cc:2468] T 588a587e977a4515b0388b301f84006e P 1fe2f015f9ec4144942b01f91426b334 [term 3 FOLLOWER]: Leader election vote request: Granting yes vote for candidate c854c6b0fad2439682122268d7f5e5f7 in term 3.
I20260709 13:05:31.166059 21833 raft_consensus.cc:2804] T 588a587e977a4515b0388b301f84006e P c854c6b0fad2439682122268d7f5e5f7 [term 3 FOLLOWER]: Leader election won for term 3
I20260709 13:05:31.167080 21833 raft_consensus.cc:697] T 588a587e977a4515b0388b301f84006e P c854c6b0fad2439682122268d7f5e5f7 [term 3 LEADER]: Becoming Leader. State: Replica: c854c6b0fad2439682122268d7f5e5f7, State: Running, Role: LEADER
I20260709 13:05:31.167932 21833 consensus_queue.cc:237] T 588a587e977a4515b0388b301f84006e P c854c6b0fad2439682122268d7f5e5f7 [LEADER]: Queue going to LEADER mode. State: All replicated index: 0, Majority replicated index: 2, Committed index: 2, Last appended: 2.2, Last appended by leader: 2, Current term: 3, Majority size: 2, State: 0, Mode: LEADER, active raft config: opid_index: -1 OBSOLETE_local: false peers { permanent_uuid: "1fe2f015f9ec4144942b01f91426b334" member_type: VOTER last_known_addr { host: "127.20.88.193" port: 34375 } } peers { permanent_uuid: "c854c6b0fad2439682122268d7f5e5f7" member_type: VOTER last_known_addr { host: "127.20.88.194" port: 46583 } } peers { permanent_uuid: "4734ab00147b483996c1f556427bcb9e" member_type: VOTER last_known_addr { host: "127.20.88.195" port: 44577 } }
I20260709 13:05:31.174546 21358 catalog_manager.cc:5697] T 588a587e977a4515b0388b301f84006e P c854c6b0fad2439682122268d7f5e5f7 reported cstate change: term changed from 2 to 3, leader changed from 1fe2f015f9ec4144942b01f91426b334 (127.20.88.193) to c854c6b0fad2439682122268d7f5e5f7 (127.20.88.194). New cstate: current_term: 3 leader_uuid: "c854c6b0fad2439682122268d7f5e5f7" committed_config { opid_index: -1 OBSOLETE_local: false peers { permanent_uuid: "1fe2f015f9ec4144942b01f91426b334" member_type: VOTER last_known_addr { host: "127.20.88.193" port: 34375 } health_report { overall_health: UNKNOWN } } peers { permanent_uuid: "c854c6b0fad2439682122268d7f5e5f7" member_type: VOTER last_known_addr { host: "127.20.88.194" port: 46583 } health_report { overall_health: HEALTHY } } peers { permanent_uuid: "4734ab00147b483996c1f556427bcb9e" member_type: VOTER last_known_addr { host: "127.20.88.195" port: 44577 } health_report { overall_health: UNKNOWN } } }
I20260709 13:05:31.181869 21832 raft_consensus.cc:993] T 95e8e4db951f43c1a3e53cfa8ef96019 P 1fe2f015f9ec4144942b01f91426b334: : Instructing follower 4734ab00147b483996c1f556427bcb9e to start an election
I20260709 13:05:31.182403 21796 raft_consensus.cc:1081] T 95e8e4db951f43c1a3e53cfa8ef96019 P 1fe2f015f9ec4144942b01f91426b334 [term 4 LEADER]: Signalling peer 4734ab00147b483996c1f556427bcb9e to start an election
I20260709 13:05:31.184031 21610 tablet_service.cc:2044] Received Run Leader Election RPC: tablet_id: "95e8e4db951f43c1a3e53cfa8ef96019"
dest_uuid: "4734ab00147b483996c1f556427bcb9e"
 from {username='slave'} at 127.0.0.1:48334
I20260709 13:05:31.184600 21610 raft_consensus.cc:493] T 95e8e4db951f43c1a3e53cfa8ef96019 P 4734ab00147b483996c1f556427bcb9e [term 4 FOLLOWER]: Starting forced leader election (received explicit request)
I20260709 13:05:31.184989 21610 raft_consensus.cc:3060] T 95e8e4db951f43c1a3e53cfa8ef96019 P 4734ab00147b483996c1f556427bcb9e [term 4 FOLLOWER]: Advancing to term 5
I20260709 13:05:31.189472 21832 raft_consensus.cc:993] T fdecd14e57134667865c7d7e5b4dd214 P 1fe2f015f9ec4144942b01f91426b334: : Instructing follower 4734ab00147b483996c1f556427bcb9e to start an election
I20260709 13:05:31.189994 21796 raft_consensus.cc:1081] T fdecd14e57134667865c7d7e5b4dd214 P 1fe2f015f9ec4144942b01f91426b334 [term 2 LEADER]: Signalling peer 4734ab00147b483996c1f556427bcb9e to start an election
I20260709 13:05:31.190553 21610 raft_consensus.cc:515] T 95e8e4db951f43c1a3e53cfa8ef96019 P 4734ab00147b483996c1f556427bcb9e [term 5 FOLLOWER]: Starting forced leader election with config: opid_index: -1 OBSOLETE_local: false peers { permanent_uuid: "1fe2f015f9ec4144942b01f91426b334" member_type: VOTER last_known_addr { host: "127.20.88.193" port: 34375 } } peers { permanent_uuid: "c854c6b0fad2439682122268d7f5e5f7" member_type: VOTER last_known_addr { host: "127.20.88.194" port: 46583 } } peers { permanent_uuid: "4734ab00147b483996c1f556427bcb9e" member_type: VOTER last_known_addr { host: "127.20.88.195" port: 44577 } }
I20260709 13:05:31.191949 21611 tablet_service.cc:2044] Received Run Leader Election RPC: tablet_id: "fdecd14e57134667865c7d7e5b4dd214"
dest_uuid: "4734ab00147b483996c1f556427bcb9e"
 from {username='slave'} at 127.0.0.1:48334
I20260709 13:05:31.192503 21611 raft_consensus.cc:493] T fdecd14e57134667865c7d7e5b4dd214 P 4734ab00147b483996c1f556427bcb9e [term 2 FOLLOWER]: Starting forced leader election (received explicit request)
I20260709 13:05:31.192811 21610 leader_election.cc:290] T 95e8e4db951f43c1a3e53cfa8ef96019 P 4734ab00147b483996c1f556427bcb9e [CANDIDATE]: Term 5 election: Requested vote from peers 1fe2f015f9ec4144942b01f91426b334 (127.20.88.193:34375), c854c6b0fad2439682122268d7f5e5f7 (127.20.88.194:46583)
I20260709 13:05:31.192960 21611 raft_consensus.cc:3060] T fdecd14e57134667865c7d7e5b4dd214 P 4734ab00147b483996c1f556427bcb9e [term 2 FOLLOWER]: Advancing to term 3
I20260709 13:05:31.193841 21535 tablet_service.cc:1917] Received RequestConsensusVote() RPC: tablet_id: "95e8e4db951f43c1a3e53cfa8ef96019" candidate_uuid: "4734ab00147b483996c1f556427bcb9e" candidate_term: 5 candidate_status { last_received { term: 4 index: 3 } } ignore_live_leader: true dest_uuid: "c854c6b0fad2439682122268d7f5e5f7"
I20260709 13:05:31.193818 21461 tablet_service.cc:1917] Received RequestConsensusVote() RPC: tablet_id: "95e8e4db951f43c1a3e53cfa8ef96019" candidate_uuid: "4734ab00147b483996c1f556427bcb9e" candidate_term: 5 candidate_status { last_received { term: 4 index: 3 } } ignore_live_leader: true dest_uuid: "1fe2f015f9ec4144942b01f91426b334"
I20260709 13:05:31.194492 21535 raft_consensus.cc:3060] T 95e8e4db951f43c1a3e53cfa8ef96019 P c854c6b0fad2439682122268d7f5e5f7 [term 4 FOLLOWER]: Advancing to term 5
I20260709 13:05:31.194510 21461 raft_consensus.cc:3055] T 95e8e4db951f43c1a3e53cfa8ef96019 P 1fe2f015f9ec4144942b01f91426b334 [term 4 LEADER]: Stepping down as leader of term 4
I20260709 13:05:31.194976 21461 raft_consensus.cc:740] T 95e8e4db951f43c1a3e53cfa8ef96019 P 1fe2f015f9ec4144942b01f91426b334 [term 4 LEADER]: Becoming Follower/Learner. State: Replica: 1fe2f015f9ec4144942b01f91426b334, State: Running, Role: LEADER
I20260709 13:05:31.195719 21461 consensus_queue.cc:260] T 95e8e4db951f43c1a3e53cfa8ef96019 P 1fe2f015f9ec4144942b01f91426b334 [NON_LEADER]: Queue going to NON_LEADER mode. State: All replicated index: 0, Majority replicated index: 3, Committed index: 3, Last appended: 4.3, Last appended by leader: 3, Current term: 4, Majority size: -1, State: 0, Mode: NON_LEADER, active raft config: opid_index: -1 OBSOLETE_local: false peers { permanent_uuid: "1fe2f015f9ec4144942b01f91426b334" member_type: VOTER last_known_addr { host: "127.20.88.193" port: 34375 } } peers { permanent_uuid: "c854c6b0fad2439682122268d7f5e5f7" member_type: VOTER last_known_addr { host: "127.20.88.194" port: 46583 } } peers { permanent_uuid: "4734ab00147b483996c1f556427bcb9e" member_type: VOTER last_known_addr { host: "127.20.88.195" port: 44577 } }
I20260709 13:05:31.196988 21461 raft_consensus.cc:3060] T 95e8e4db951f43c1a3e53cfa8ef96019 P 1fe2f015f9ec4144942b01f91426b334 [term 4 FOLLOWER]: Advancing to term 5
I20260709 13:05:31.198235 21611 raft_consensus.cc:515] T fdecd14e57134667865c7d7e5b4dd214 P 4734ab00147b483996c1f556427bcb9e [term 3 FOLLOWER]: Starting forced leader election with config: opid_index: -1 OBSOLETE_local: false peers { permanent_uuid: "1fe2f015f9ec4144942b01f91426b334" member_type: VOTER last_known_addr { host: "127.20.88.193" port: 34375 } } peers { permanent_uuid: "c854c6b0fad2439682122268d7f5e5f7" member_type: VOTER last_known_addr { host: "127.20.88.194" port: 46583 } } peers { permanent_uuid: "4734ab00147b483996c1f556427bcb9e" member_type: VOTER last_known_addr { host: "127.20.88.195" port: 44577 } }
I20260709 13:05:31.201182 21535 raft_consensus.cc:2468] T 95e8e4db951f43c1a3e53cfa8ef96019 P c854c6b0fad2439682122268d7f5e5f7 [term 5 FOLLOWER]: Leader election vote request: Granting yes vote for candidate 4734ab00147b483996c1f556427bcb9e in term 5.
I20260709 13:05:31.201684 21462 tablet_service.cc:1917] Received RequestConsensusVote() RPC: tablet_id: "fdecd14e57134667865c7d7e5b4dd214" candidate_uuid: "4734ab00147b483996c1f556427bcb9e" candidate_term: 3 candidate_status { last_received { term: 2 index: 2 } } ignore_live_leader: true dest_uuid: "1fe2f015f9ec4144942b01f91426b334"
I20260709 13:05:31.201808 21537 tablet_service.cc:1917] Received RequestConsensusVote() RPC: tablet_id: "fdecd14e57134667865c7d7e5b4dd214" candidate_uuid: "4734ab00147b483996c1f556427bcb9e" candidate_term: 3 candidate_status { last_received { term: 2 index: 2 } } ignore_live_leader: true dest_uuid: "c854c6b0fad2439682122268d7f5e5f7"
I20260709 13:05:31.202209 21462 raft_consensus.cc:3055] T fdecd14e57134667865c7d7e5b4dd214 P 1fe2f015f9ec4144942b01f91426b334 [term 2 LEADER]: Stepping down as leader of term 2
I20260709 13:05:31.202607 21462 raft_consensus.cc:740] T fdecd14e57134667865c7d7e5b4dd214 P 1fe2f015f9ec4144942b01f91426b334 [term 2 LEADER]: Becoming Follower/Learner. State: Replica: 1fe2f015f9ec4144942b01f91426b334, State: Running, Role: LEADER
I20260709 13:05:31.202839 21577 leader_election.cc:304] T 95e8e4db951f43c1a3e53cfa8ef96019 P 4734ab00147b483996c1f556427bcb9e [CANDIDATE]: Term 5 election: Election decided. Result: candidate won. Election summary: received 2 responses out of 3 voters: 2 yes votes; 0 no votes. yes voters: 4734ab00147b483996c1f556427bcb9e, c854c6b0fad2439682122268d7f5e5f7; no voters: 
I20260709 13:05:31.201262 21611 leader_election.cc:290] T fdecd14e57134667865c7d7e5b4dd214 P 4734ab00147b483996c1f556427bcb9e [CANDIDATE]: Term 3 election: Requested vote from peers 1fe2f015f9ec4144942b01f91426b334 (127.20.88.193:34375), c854c6b0fad2439682122268d7f5e5f7 (127.20.88.194:46583)
I20260709 13:05:31.203301 21461 raft_consensus.cc:2468] T 95e8e4db951f43c1a3e53cfa8ef96019 P 1fe2f015f9ec4144942b01f91426b334 [term 5 FOLLOWER]: Leader election vote request: Granting yes vote for candidate 4734ab00147b483996c1f556427bcb9e in term 5.
I20260709 13:05:31.203590 21812 raft_consensus.cc:2804] T 95e8e4db951f43c1a3e53cfa8ef96019 P 4734ab00147b483996c1f556427bcb9e [term 5 FOLLOWER]: Leader election won for term 5
I20260709 13:05:31.203362 21462 consensus_queue.cc:260] T fdecd14e57134667865c7d7e5b4dd214 P 1fe2f015f9ec4144942b01f91426b334 [NON_LEADER]: Queue going to NON_LEADER mode. State: All replicated index: 0, Majority replicated index: 2, Committed index: 2, Last appended: 2.2, Last appended by leader: 2, Current term: 2, Majority size: -1, State: 0, Mode: NON_LEADER, active raft config: opid_index: -1 OBSOLETE_local: false peers { permanent_uuid: "1fe2f015f9ec4144942b01f91426b334" member_type: VOTER last_known_addr { host: "127.20.88.193" port: 34375 } } peers { permanent_uuid: "c854c6b0fad2439682122268d7f5e5f7" member_type: VOTER last_known_addr { host: "127.20.88.194" port: 46583 } } peers { permanent_uuid: "4734ab00147b483996c1f556427bcb9e" member_type: VOTER last_known_addr { host: "127.20.88.195" port: 44577 } }
I20260709 13:05:31.202256 21537 raft_consensus.cc:3060] T fdecd14e57134667865c7d7e5b4dd214 P c854c6b0fad2439682122268d7f5e5f7 [term 2 FOLLOWER]: Advancing to term 3
I20260709 13:05:31.204432 21462 raft_consensus.cc:3060] T fdecd14e57134667865c7d7e5b4dd214 P 1fe2f015f9ec4144942b01f91426b334 [term 2 FOLLOWER]: Advancing to term 3
I20260709 13:05:31.210322 21537 raft_consensus.cc:2468] T fdecd14e57134667865c7d7e5b4dd214 P c854c6b0fad2439682122268d7f5e5f7 [term 3 FOLLOWER]: Leader election vote request: Granting yes vote for candidate 4734ab00147b483996c1f556427bcb9e in term 3.
I20260709 13:05:31.210322 21462 raft_consensus.cc:2468] T fdecd14e57134667865c7d7e5b4dd214 P 1fe2f015f9ec4144942b01f91426b334 [term 3 FOLLOWER]: Leader election vote request: Granting yes vote for candidate 4734ab00147b483996c1f556427bcb9e in term 3.
I20260709 13:05:31.210747 21812 raft_consensus.cc:697] T 95e8e4db951f43c1a3e53cfa8ef96019 P 4734ab00147b483996c1f556427bcb9e [term 5 LEADER]: Becoming Leader. State: Replica: 4734ab00147b483996c1f556427bcb9e, State: Running, Role: LEADER
I20260709 13:05:31.212361 21575 leader_election.cc:304] T fdecd14e57134667865c7d7e5b4dd214 P 4734ab00147b483996c1f556427bcb9e [CANDIDATE]: Term 3 election: Election decided. Result: candidate won. Election summary: received 2 responses out of 3 voters: 2 yes votes; 0 no votes. yes voters: 1fe2f015f9ec4144942b01f91426b334, 4734ab00147b483996c1f556427bcb9e; no voters: 
I20260709 13:05:31.212450 21812 consensus_queue.cc:237] T 95e8e4db951f43c1a3e53cfa8ef96019 P 4734ab00147b483996c1f556427bcb9e [LEADER]: Queue going to LEADER mode. State: All replicated index: 0, Majority replicated index: 3, Committed index: 3, Last appended: 4.3, Last appended by leader: 3, Current term: 5, Majority size: 2, State: 0, Mode: LEADER, active raft config: opid_index: -1 OBSOLETE_local: false peers { permanent_uuid: "1fe2f015f9ec4144942b01f91426b334" member_type: VOTER last_known_addr { host: "127.20.88.193" port: 34375 } } peers { permanent_uuid: "c854c6b0fad2439682122268d7f5e5f7" member_type: VOTER last_known_addr { host: "127.20.88.194" port: 46583 } } peers { permanent_uuid: "4734ab00147b483996c1f556427bcb9e" member_type: VOTER last_known_addr { host: "127.20.88.195" port: 44577 } }
I20260709 13:05:31.213371 21840 raft_consensus.cc:2804] T fdecd14e57134667865c7d7e5b4dd214 P 4734ab00147b483996c1f556427bcb9e [term 3 FOLLOWER]: Leader election won for term 3
I20260709 13:05:31.214665 21840 raft_consensus.cc:697] T fdecd14e57134667865c7d7e5b4dd214 P 4734ab00147b483996c1f556427bcb9e [term 3 LEADER]: Becoming Leader. State: Replica: 4734ab00147b483996c1f556427bcb9e, State: Running, Role: LEADER
I20260709 13:05:31.215408 21840 consensus_queue.cc:237] T fdecd14e57134667865c7d7e5b4dd214 P 4734ab00147b483996c1f556427bcb9e [LEADER]: Queue going to LEADER mode. State: All replicated index: 0, Majority replicated index: 2, Committed index: 2, Last appended: 2.2, Last appended by leader: 2, Current term: 3, Majority size: 2, State: 0, Mode: LEADER, active raft config: opid_index: -1 OBSOLETE_local: false peers { permanent_uuid: "1fe2f015f9ec4144942b01f91426b334" member_type: VOTER last_known_addr { host: "127.20.88.193" port: 34375 } } peers { permanent_uuid: "c854c6b0fad2439682122268d7f5e5f7" member_type: VOTER last_known_addr { host: "127.20.88.194" port: 46583 } } peers { permanent_uuid: "4734ab00147b483996c1f556427bcb9e" member_type: VOTER last_known_addr { host: "127.20.88.195" port: 44577 } }
I20260709 13:05:31.222097 21358 catalog_manager.cc:5697] T 95e8e4db951f43c1a3e53cfa8ef96019 P 4734ab00147b483996c1f556427bcb9e reported cstate change: term changed from 4 to 5, leader changed from 1fe2f015f9ec4144942b01f91426b334 (127.20.88.193) to 4734ab00147b483996c1f556427bcb9e (127.20.88.195). New cstate: current_term: 5 leader_uuid: "4734ab00147b483996c1f556427bcb9e" committed_config { opid_index: -1 OBSOLETE_local: false peers { permanent_uuid: "1fe2f015f9ec4144942b01f91426b334" member_type: VOTER last_known_addr { host: "127.20.88.193" port: 34375 } health_report { overall_health: UNKNOWN } } peers { permanent_uuid: "c854c6b0fad2439682122268d7f5e5f7" member_type: VOTER last_known_addr { host: "127.20.88.194" port: 46583 } health_report { overall_health: UNKNOWN } } peers { permanent_uuid: "4734ab00147b483996c1f556427bcb9e" member_type: VOTER last_known_addr { host: "127.20.88.195" port: 44577 } health_report { overall_health: HEALTHY } } }
I20260709 13:05:31.233242 21358 catalog_manager.cc:5697] T fdecd14e57134667865c7d7e5b4dd214 P 4734ab00147b483996c1f556427bcb9e reported cstate change: term changed from 2 to 3, leader changed from 1fe2f015f9ec4144942b01f91426b334 (127.20.88.193) to 4734ab00147b483996c1f556427bcb9e (127.20.88.195). New cstate: current_term: 3 leader_uuid: "4734ab00147b483996c1f556427bcb9e" committed_config { opid_index: -1 OBSOLETE_local: false peers { permanent_uuid: "1fe2f015f9ec4144942b01f91426b334" member_type: VOTER last_known_addr { host: "127.20.88.193" port: 34375 } health_report { overall_health: UNKNOWN } } peers { permanent_uuid: "c854c6b0fad2439682122268d7f5e5f7" member_type: VOTER last_known_addr { host: "127.20.88.194" port: 46583 } health_report { overall_health: UNKNOWN } } peers { permanent_uuid: "4734ab00147b483996c1f556427bcb9e" member_type: VOTER last_known_addr { host: "127.20.88.195" port: 44577 } health_report { overall_health: HEALTHY } } }
I20260709 13:05:31.258839 21832 raft_consensus.cc:993] T 7e2ffa4250e24cd09624558b6f18f484 P 1fe2f015f9ec4144942b01f91426b334: : Instructing follower c854c6b0fad2439682122268d7f5e5f7 to start an election
I20260709 13:05:31.259276 21796 raft_consensus.cc:1081] T 7e2ffa4250e24cd09624558b6f18f484 P 1fe2f015f9ec4144942b01f91426b334 [term 2 LEADER]: Signalling peer c854c6b0fad2439682122268d7f5e5f7 to start an election
I20260709 13:05:31.260723 21537 tablet_service.cc:2044] Received Run Leader Election RPC: tablet_id: "7e2ffa4250e24cd09624558b6f18f484"
dest_uuid: "c854c6b0fad2439682122268d7f5e5f7"
 from {username='slave'} at 127.0.0.1:59516
I20260709 13:05:31.261250 21537 raft_consensus.cc:493] T 7e2ffa4250e24cd09624558b6f18f484 P c854c6b0fad2439682122268d7f5e5f7 [term 2 FOLLOWER]: Starting forced leader election (received explicit request)
I20260709 13:05:31.261600 21537 raft_consensus.cc:3060] T 7e2ffa4250e24cd09624558b6f18f484 P c854c6b0fad2439682122268d7f5e5f7 [term 2 FOLLOWER]: Advancing to term 3
I20260709 13:05:31.266074 21537 raft_consensus.cc:515] T 7e2ffa4250e24cd09624558b6f18f484 P c854c6b0fad2439682122268d7f5e5f7 [term 3 FOLLOWER]: Starting forced leader election with config: opid_index: -1 OBSOLETE_local: false peers { permanent_uuid: "1fe2f015f9ec4144942b01f91426b334" member_type: VOTER last_known_addr { host: "127.20.88.193" port: 34375 } } peers { permanent_uuid: "c854c6b0fad2439682122268d7f5e5f7" member_type: VOTER last_known_addr { host: "127.20.88.194" port: 46583 } } peers { permanent_uuid: "4734ab00147b483996c1f556427bcb9e" member_type: VOTER last_known_addr { host: "127.20.88.195" port: 44577 } }
I20260709 13:05:31.267635 21537 leader_election.cc:290] T 7e2ffa4250e24cd09624558b6f18f484 P c854c6b0fad2439682122268d7f5e5f7 [CANDIDATE]: Term 3 election: Requested vote from peers 1fe2f015f9ec4144942b01f91426b334 (127.20.88.193:34375), 4734ab00147b483996c1f556427bcb9e (127.20.88.195:44577)
I20260709 13:05:31.268576 21462 tablet_service.cc:1917] Received RequestConsensusVote() RPC: tablet_id: "7e2ffa4250e24cd09624558b6f18f484" candidate_uuid: "c854c6b0fad2439682122268d7f5e5f7" candidate_term: 3 candidate_status { last_received { term: 2 index: 2 } } ignore_live_leader: true dest_uuid: "1fe2f015f9ec4144942b01f91426b334"
I20260709 13:05:31.268672 21611 tablet_service.cc:1917] Received RequestConsensusVote() RPC: tablet_id: "7e2ffa4250e24cd09624558b6f18f484" candidate_uuid: "c854c6b0fad2439682122268d7f5e5f7" candidate_term: 3 candidate_status { last_received { term: 2 index: 2 } } ignore_live_leader: true dest_uuid: "4734ab00147b483996c1f556427bcb9e"
I20260709 13:05:31.269153 21462 raft_consensus.cc:3055] T 7e2ffa4250e24cd09624558b6f18f484 P 1fe2f015f9ec4144942b01f91426b334 [term 2 LEADER]: Stepping down as leader of term 2
I20260709 13:05:31.269156 21611 raft_consensus.cc:3060] T 7e2ffa4250e24cd09624558b6f18f484 P 4734ab00147b483996c1f556427bcb9e [term 2 FOLLOWER]: Advancing to term 3
I20260709 13:05:31.269603 21462 raft_consensus.cc:740] T 7e2ffa4250e24cd09624558b6f18f484 P 1fe2f015f9ec4144942b01f91426b334 [term 2 LEADER]: Becoming Follower/Learner. State: Replica: 1fe2f015f9ec4144942b01f91426b334, State: Running, Role: LEADER
I20260709 13:05:31.270332 21462 consensus_queue.cc:260] T 7e2ffa4250e24cd09624558b6f18f484 P 1fe2f015f9ec4144942b01f91426b334 [NON_LEADER]: Queue going to NON_LEADER mode. State: All replicated index: 0, Majority replicated index: 2, Committed index: 2, Last appended: 2.2, Last appended by leader: 2, Current term: 2, Majority size: -1, State: 0, Mode: NON_LEADER, active raft config: opid_index: -1 OBSOLETE_local: false peers { permanent_uuid: "1fe2f015f9ec4144942b01f91426b334" member_type: VOTER last_known_addr { host: "127.20.88.193" port: 34375 } } peers { permanent_uuid: "c854c6b0fad2439682122268d7f5e5f7" member_type: VOTER last_known_addr { host: "127.20.88.194" port: 46583 } } peers { permanent_uuid: "4734ab00147b483996c1f556427bcb9e" member_type: VOTER last_known_addr { host: "127.20.88.195" port: 44577 } }
I20260709 13:05:31.271270 21462 raft_consensus.cc:3060] T 7e2ffa4250e24cd09624558b6f18f484 P 1fe2f015f9ec4144942b01f91426b334 [term 2 FOLLOWER]: Advancing to term 3
I20260709 13:05:31.274046 21611 raft_consensus.cc:2468] T 7e2ffa4250e24cd09624558b6f18f484 P 4734ab00147b483996c1f556427bcb9e [term 3 FOLLOWER]: Leader election vote request: Granting yes vote for candidate c854c6b0fad2439682122268d7f5e5f7 in term 3.
I20260709 13:05:31.274994 21502 leader_election.cc:304] T 7e2ffa4250e24cd09624558b6f18f484 P c854c6b0fad2439682122268d7f5e5f7 [CANDIDATE]: Term 3 election: Election decided. Result: candidate won. Election summary: received 2 responses out of 3 voters: 2 yes votes; 0 no votes. yes voters: 4734ab00147b483996c1f556427bcb9e, c854c6b0fad2439682122268d7f5e5f7; no voters: 
I20260709 13:05:31.275815 21833 raft_consensus.cc:2804] T 7e2ffa4250e24cd09624558b6f18f484 P c854c6b0fad2439682122268d7f5e5f7 [term 3 FOLLOWER]: Leader election won for term 3
I20260709 13:05:31.276400 21833 raft_consensus.cc:697] T 7e2ffa4250e24cd09624558b6f18f484 P c854c6b0fad2439682122268d7f5e5f7 [term 3 LEADER]: Becoming Leader. State: Replica: c854c6b0fad2439682122268d7f5e5f7, State: Running, Role: LEADER
I20260709 13:05:31.277174 21833 consensus_queue.cc:237] T 7e2ffa4250e24cd09624558b6f18f484 P c854c6b0fad2439682122268d7f5e5f7 [LEADER]: Queue going to LEADER mode. State: All replicated index: 0, Majority replicated index: 2, Committed index: 2, Last appended: 2.2, Last appended by leader: 2, Current term: 3, Majority size: 2, State: 0, Mode: LEADER, active raft config: opid_index: -1 OBSOLETE_local: false peers { permanent_uuid: "1fe2f015f9ec4144942b01f91426b334" member_type: VOTER last_known_addr { host: "127.20.88.193" port: 34375 } } peers { permanent_uuid: "c854c6b0fad2439682122268d7f5e5f7" member_type: VOTER last_known_addr { host: "127.20.88.194" port: 46583 } } peers { permanent_uuid: "4734ab00147b483996c1f556427bcb9e" member_type: VOTER last_known_addr { host: "127.20.88.195" port: 44577 } }
I20260709 13:05:31.277835 21462 raft_consensus.cc:2468] T 7e2ffa4250e24cd09624558b6f18f484 P 1fe2f015f9ec4144942b01f91426b334 [term 3 FOLLOWER]: Leader election vote request: Granting yes vote for candidate c854c6b0fad2439682122268d7f5e5f7 in term 3.
I20260709 13:05:31.284121 21358 catalog_manager.cc:5697] T 7e2ffa4250e24cd09624558b6f18f484 P c854c6b0fad2439682122268d7f5e5f7 reported cstate change: term changed from 2 to 3, leader changed from 1fe2f015f9ec4144942b01f91426b334 (127.20.88.193) to c854c6b0fad2439682122268d7f5e5f7 (127.20.88.194). New cstate: current_term: 3 leader_uuid: "c854c6b0fad2439682122268d7f5e5f7" committed_config { opid_index: -1 OBSOLETE_local: false peers { permanent_uuid: "1fe2f015f9ec4144942b01f91426b334" member_type: VOTER last_known_addr { host: "127.20.88.193" port: 34375 } health_report { overall_health: UNKNOWN } } peers { permanent_uuid: "c854c6b0fad2439682122268d7f5e5f7" member_type: VOTER last_known_addr { host: "127.20.88.194" port: 46583 } health_report { overall_health: HEALTHY } } peers { permanent_uuid: "4734ab00147b483996c1f556427bcb9e" member_type: VOTER last_known_addr { host: "127.20.88.195" port: 44577 } health_report { overall_health: UNKNOWN } } }
I20260709 13:05:31.610147 21537 raft_consensus.cc:1275] T fdecd14e57134667865c7d7e5b4dd214 P c854c6b0fad2439682122268d7f5e5f7 [term 3 FOLLOWER]: Refusing update from remote peer 4734ab00147b483996c1f556427bcb9e: Log matching property violated. Preceding OpId in replica: term: 2 index: 2. Preceding OpId from leader: term: 3 index: 3. (index mismatch)
I20260709 13:05:31.610597 21462 raft_consensus.cc:1275] T 95e8e4db951f43c1a3e53cfa8ef96019 P 1fe2f015f9ec4144942b01f91426b334 [term 5 FOLLOWER]: Refusing update from remote peer 4734ab00147b483996c1f556427bcb9e: Log matching property violated. Preceding OpId in replica: term: 4 index: 3. Preceding OpId from leader: term: 5 index: 4. (index mismatch)
I20260709 13:05:31.611518 21840 consensus_queue.cc:1048] T fdecd14e57134667865c7d7e5b4dd214 P 4734ab00147b483996c1f556427bcb9e [LEADER]: Connected to new peer: Peer: permanent_uuid: "c854c6b0fad2439682122268d7f5e5f7" member_type: VOTER last_known_addr { host: "127.20.88.194" port: 46583 }, Status: LMP_MISMATCH, Last received: 0.0, Next index: 3, Last known committed idx: 2, Time since last communication: 0.000s
I20260709 13:05:31.611933 21812 consensus_queue.cc:1048] T 95e8e4db951f43c1a3e53cfa8ef96019 P 4734ab00147b483996c1f556427bcb9e [LEADER]: Connected to new peer: Peer: permanent_uuid: "1fe2f015f9ec4144942b01f91426b334" member_type: VOTER last_known_addr { host: "127.20.88.193" port: 34375 }, Status: LMP_MISMATCH, Last received: 0.0, Next index: 4, Last known committed idx: 3, Time since last communication: 0.000s
I20260709 13:05:31.628983 21535 raft_consensus.cc:1275] T 95e8e4db951f43c1a3e53cfa8ef96019 P c854c6b0fad2439682122268d7f5e5f7 [term 5 FOLLOWER]: Refusing update from remote peer 4734ab00147b483996c1f556427bcb9e: Log matching property violated. Preceding OpId in replica: term: 4 index: 3. Preceding OpId from leader: term: 5 index: 4. (index mismatch)
