I20260709 13:05:10.136768 20933 leader_election.cc:304] T af674ef9fc9f4916b6201cddef15e8e6 P a8074adb6bb44576bf1add631b68f414 [CANDIDATE]: Term 1 election: Election decided. Result: candidate won. Election summary: received 2 responses out of 3 voters: 2 yes votes; 0 no votes. yes voters: 18c069afab5c4a2e85763a0e90104263, a8074adb6bb44576bf1add631b68f414; no voters: 
I20260709 13:05:10.137830 21173 raft_consensus.cc:2804] T af674ef9fc9f4916b6201cddef15e8e6 P a8074adb6bb44576bf1add631b68f414 [term 1 FOLLOWER]: Leader election won for term 1
I20260709 13:05:10.141601 21119 raft_consensus.cc:2468] T af674ef9fc9f4916b6201cddef15e8e6 P 9ffa8a3bb60a4e4fb05fa03685a4f704 [term 1 FOLLOWER]: Leader election vote request: Granting yes vote for candidate a8074adb6bb44576bf1add631b68f414 in term 1.
I20260709 13:05:10.146070 21173 raft_consensus.cc:697] T af674ef9fc9f4916b6201cddef15e8e6 P a8074adb6bb44576bf1add631b68f414 [term 1 LEADER]: Becoming Leader. State: Replica: a8074adb6bb44576bf1add631b68f414, State: Running, Role: LEADER
I20260709 13:05:10.147269 21173 consensus_queue.cc:237] T af674ef9fc9f4916b6201cddef15e8e6 P a8074adb6bb44576bf1add631b68f414 [LEADER]: Queue going to LEADER mode. State: All replicated index: 0, Majority replicated index: 0, Committed index: 0, Last appended: 0.0, Last appended by leader: 0, Current term: 1, Majority size: 2, State: 0, Mode: LEADER, active raft config: opid_index: -1 OBSOLETE_local: false peers { permanent_uuid: "a8074adb6bb44576bf1add631b68f414" member_type: VOTER last_known_addr { host: "127.20.88.193" port: 42931 } } peers { permanent_uuid: "18c069afab5c4a2e85763a0e90104263" member_type: VOTER last_known_addr { host: "127.20.88.194" port: 36953 } } peers { permanent_uuid: "9ffa8a3bb60a4e4fb05fa03685a4f704" member_type: VOTER last_known_addr { host: "127.20.88.195" port: 36291 } }
I20260709 13:05:10.158293 20867 catalog_manager.cc:5697] T af674ef9fc9f4916b6201cddef15e8e6 P a8074adb6bb44576bf1add631b68f414 reported cstate change: term changed from 0 to 1, leader changed from <none> to a8074adb6bb44576bf1add631b68f414 (127.20.88.193). New cstate: current_term: 1 leader_uuid: "a8074adb6bb44576bf1add631b68f414" committed_config { opid_index: -1 OBSOLETE_local: false peers { permanent_uuid: "a8074adb6bb44576bf1add631b68f414" member_type: VOTER last_known_addr { host: "127.20.88.193" port: 42931 } health_report { overall_health: HEALTHY } } peers { permanent_uuid: "18c069afab5c4a2e85763a0e90104263" member_type: VOTER last_known_addr { host: "127.20.88.194" port: 36953 } health_report { overall_health: UNKNOWN } } peers { permanent_uuid: "9ffa8a3bb60a4e4fb05fa03685a4f704" member_type: VOTER last_known_addr { host: "127.20.88.195" port: 36291 } health_report { overall_health: UNKNOWN } } }
I20260709 13:05:10.178233 21194 consensus_queue.cc:1048] T a013b37a38434e68aff6a17d807b9338 P 18c069afab5c4a2e85763a0e90104263 [LEADER]: Connected to new peer: Peer: permanent_uuid: "9ffa8a3bb60a4e4fb05fa03685a4f704" member_type: VOTER last_known_addr { host: "127.20.88.195" port: 36291 }, Status: LMP_MISMATCH, Last received: 0.0, Next index: 1, Last known committed idx: 0, Time since last communication: 0.000s
I20260709 13:05:10.195315 21195 consensus_queue.cc:1048] T a013b37a38434e68aff6a17d807b9338 P 18c069afab5c4a2e85763a0e90104263 [LEADER]: Connected to new peer: Peer: permanent_uuid: "a8074adb6bb44576bf1add631b68f414" member_type: VOTER last_known_addr { host: "127.20.88.193" port: 42931 }, Status: LMP_MISMATCH, Last received: 0.0, Next index: 1, Last known committed idx: 0, Time since last communication: 0.000s
I20260709 13:05:10.209772 21195 consensus_queue.cc:1048] T befef05e96634c779f12b35cb2bc7ffb P 18c069afab5c4a2e85763a0e90104263 [LEADER]: Connected to new peer: Peer: permanent_uuid: "a8074adb6bb44576bf1add631b68f414" member_type: VOTER last_known_addr { host: "127.20.88.193" port: 42931 }, Status: LMP_MISMATCH, Last received: 0.0, Next index: 1, Last known committed idx: 0, Time since last communication: 0.000s
I20260709 13:05:10.222787 21187 consensus_queue.cc:1048] T befef05e96634c779f12b35cb2bc7ffb P 18c069afab5c4a2e85763a0e90104263 [LEADER]: Connected to new peer: Peer: permanent_uuid: "9ffa8a3bb60a4e4fb05fa03685a4f704" member_type: VOTER last_known_addr { host: "127.20.88.195" port: 36291 }, Status: LMP_MISMATCH, Last received: 0.0, Next index: 1, Last known committed idx: 0, Time since last communication: 0.000s
I20260709 13:05:10.350608 20968 raft_consensus.cc:3060] T 7e406367b8a248bc849fe175552b513a P a8074adb6bb44576bf1add631b68f414 [term 0 FOLLOWER]: Advancing to term 1
I20260709 13:05:10.359648 21168 consensus_queue.cc:1048] T 7e406367b8a248bc849fe175552b513a P 18c069afab5c4a2e85763a0e90104263 [LEADER]: Connected to new peer: Peer: permanent_uuid: "a8074adb6bb44576bf1add631b68f414" member_type: VOTER last_known_addr { host: "127.20.88.193" port: 42931 }, Status: LMP_MISMATCH, Last received: 0.0, Next index: 1, Last known committed idx: 0, Time since last communication: 0.000s
I20260709 13:05:10.372726 21194 consensus_queue.cc:1048] T 7e406367b8a248bc849fe175552b513a P 18c069afab5c4a2e85763a0e90104263 [LEADER]: Connected to new peer: Peer: permanent_uuid: "9ffa8a3bb60a4e4fb05fa03685a4f704" member_type: VOTER last_known_addr { host: "127.20.88.195" port: 36291 }, Status: LMP_MISMATCH, Last received: 0.0, Next index: 1, Last known committed idx: 0, Time since last communication: 0.000s
I20260709 13:05:10.388020 21173 raft_consensus.cc:493] T d6fc71e5f9b44c8b9d6fbbbbb2d4a184 P a8074adb6bb44576bf1add631b68f414 [term 0 FOLLOWER]: Starting pre-election (no leader contacted us within the election timeout)
I20260709 13:05:10.388525 21173 raft_consensus.cc:515] T d6fc71e5f9b44c8b9d6fbbbbb2d4a184 P a8074adb6bb44576bf1add631b68f414 [term 0 FOLLOWER]: Starting pre-election with config: opid_index: -1 OBSOLETE_local: false peers { permanent_uuid: "a8074adb6bb44576bf1add631b68f414" member_type: VOTER last_known_addr { host: "127.20.88.193" port: 42931 } } peers { permanent_uuid: "18c069afab5c4a2e85763a0e90104263" member_type: VOTER last_known_addr { host: "127.20.88.194" port: 36953 } } peers { permanent_uuid: "9ffa8a3bb60a4e4fb05fa03685a4f704" member_type: VOTER last_known_addr { host: "127.20.88.195" port: 36291 } }
I20260709 13:05:10.390314 21173 leader_election.cc:290] T d6fc71e5f9b44c8b9d6fbbbbb2d4a184 P a8074adb6bb44576bf1add631b68f414 [CANDIDATE]: Term 1 pre-election: Requested pre-vote from peers 18c069afab5c4a2e85763a0e90104263 (127.20.88.194:36953), 9ffa8a3bb60a4e4fb05fa03685a4f704 (127.20.88.195:36291)
I20260709 13:05:10.391194 21045 tablet_service.cc:1917] Received RequestConsensusVote() RPC: tablet_id: "d6fc71e5f9b44c8b9d6fbbbbb2d4a184" candidate_uuid: "a8074adb6bb44576bf1add631b68f414" candidate_term: 1 candidate_status { last_received { term: 0 index: 0 } } ignore_live_leader: false dest_uuid: "18c069afab5c4a2e85763a0e90104263" is_pre_election: true
I20260709 13:05:10.391885 21045 raft_consensus.cc:2468] T d6fc71e5f9b44c8b9d6fbbbbb2d4a184 P 18c069afab5c4a2e85763a0e90104263 [term 0 FOLLOWER]: Leader pre-election vote request: Granting yes vote for candidate a8074adb6bb44576bf1add631b68f414 in term 0.
I20260709 13:05:10.392998 20933 leader_election.cc:304] T d6fc71e5f9b44c8b9d6fbbbbb2d4a184 P a8074adb6bb44576bf1add631b68f414 [CANDIDATE]: Term 1 pre-election: Election decided. Result: candidate won. Election summary: received 2 responses out of 3 voters: 2 yes votes; 0 no votes. yes voters: 18c069afab5c4a2e85763a0e90104263, a8074adb6bb44576bf1add631b68f414; no voters: 
I20260709 13:05:10.394356 21173 raft_consensus.cc:2804] T d6fc71e5f9b44c8b9d6fbbbbb2d4a184 P a8074adb6bb44576bf1add631b68f414 [term 0 FOLLOWER]: Leader pre-election won for term 1
I20260709 13:05:10.394742 21173 raft_consensus.cc:493] T d6fc71e5f9b44c8b9d6fbbbbb2d4a184 P a8074adb6bb44576bf1add631b68f414 [term 0 FOLLOWER]: Starting leader election (no leader contacted us within the election timeout)
I20260709 13:05:10.391796 21119 tablet_service.cc:1917] Received RequestConsensusVote() RPC: tablet_id: "d6fc71e5f9b44c8b9d6fbbbbb2d4a184" candidate_uuid: "a8074adb6bb44576bf1add631b68f414" candidate_term: 1 candidate_status { last_received { term: 0 index: 0 } } ignore_live_leader: false dest_uuid: "9ffa8a3bb60a4e4fb05fa03685a4f704" is_pre_election: true
I20260709 13:05:10.395272 21173 raft_consensus.cc:3060] T d6fc71e5f9b44c8b9d6fbbbbb2d4a184 P a8074adb6bb44576bf1add631b68f414 [term 0 FOLLOWER]: Advancing to term 1
I20260709 13:05:10.395648 21119 raft_consensus.cc:2468] T d6fc71e5f9b44c8b9d6fbbbbb2d4a184 P 9ffa8a3bb60a4e4fb05fa03685a4f704 [term 0 FOLLOWER]: Leader pre-election vote request: Granting yes vote for candidate a8074adb6bb44576bf1add631b68f414 in term 0.
I20260709 13:05:10.395918 21201 consensus_queue.cc:1048] T d239f696f0d145e79a2bea65e62aa28d P 9ffa8a3bb60a4e4fb05fa03685a4f704 [LEADER]: Connected to new peer: Peer: permanent_uuid: "18c069afab5c4a2e85763a0e90104263" member_type: VOTER last_known_addr { host: "127.20.88.194" port: 36953 }, Status: LMP_MISMATCH, Last received: 0.0, Next index: 1, Last known committed idx: 0, Time since last communication: 0.000s
I20260709 13:05:10.401170 21173 raft_consensus.cc:515] T d6fc71e5f9b44c8b9d6fbbbbb2d4a184 P a8074adb6bb44576bf1add631b68f414 [term 1 FOLLOWER]: Starting leader election with config: opid_index: -1 OBSOLETE_local: false peers { permanent_uuid: "a8074adb6bb44576bf1add631b68f414" member_type: VOTER last_known_addr { host: "127.20.88.193" port: 42931 } } peers { permanent_uuid: "18c069afab5c4a2e85763a0e90104263" member_type: VOTER last_known_addr { host: "127.20.88.194" port: 36953 } } peers { permanent_uuid: "9ffa8a3bb60a4e4fb05fa03685a4f704" member_type: VOTER last_known_addr { host: "127.20.88.195" port: 36291 } }
I20260709 13:05:10.404212 21173 leader_election.cc:290] T d6fc71e5f9b44c8b9d6fbbbbb2d4a184 P a8074adb6bb44576bf1add631b68f414 [CANDIDATE]: Term 1 election: Requested vote from peers 18c069afab5c4a2e85763a0e90104263 (127.20.88.194:36953), 9ffa8a3bb60a4e4fb05fa03685a4f704 (127.20.88.195:36291)
I20260709 13:05:10.405181 21043 tablet_service.cc:1917] Received RequestConsensusVote() RPC: tablet_id: "d6fc71e5f9b44c8b9d6fbbbbb2d4a184" candidate_uuid: "a8074adb6bb44576bf1add631b68f414" candidate_term: 1 candidate_status { last_received { term: 0 index: 0 } } ignore_live_leader: false dest_uuid: "18c069afab5c4a2e85763a0e90104263"
I20260709 13:05:10.405812 21043 raft_consensus.cc:3060] T d6fc71e5f9b44c8b9d6fbbbbb2d4a184 P 18c069afab5c4a2e85763a0e90104263 [term 0 FOLLOWER]: Advancing to term 1
I20260709 13:05:10.408310 21119 tablet_service.cc:1917] Received RequestConsensusVote() RPC: tablet_id: "d6fc71e5f9b44c8b9d6fbbbbb2d4a184" candidate_uuid: "a8074adb6bb44576bf1add631b68f414" candidate_term: 1 candidate_status { last_received { term: 0 index: 0 } } ignore_live_leader: false dest_uuid: "9ffa8a3bb60a4e4fb05fa03685a4f704"
I20260709 13:05:10.411226 21201 consensus_queue.cc:1048] T d239f696f0d145e79a2bea65e62aa28d P 9ffa8a3bb60a4e4fb05fa03685a4f704 [LEADER]: Connected to new peer: Peer: permanent_uuid: "a8074adb6bb44576bf1add631b68f414" member_type: VOTER last_known_addr { host: "127.20.88.193" port: 42931 }, Status: LMP_MISMATCH, Last received: 0.0, Next index: 1, Last known committed idx: 0, Time since last communication: 0.000s
I20260709 13:05:10.412833 21043 raft_consensus.cc:2468] T d6fc71e5f9b44c8b9d6fbbbbb2d4a184 P 18c069afab5c4a2e85763a0e90104263 [term 1 FOLLOWER]: Leader election vote request: Granting yes vote for candidate a8074adb6bb44576bf1add631b68f414 in term 1.
I20260709 13:05:10.416174 20933 leader_election.cc:304] T d6fc71e5f9b44c8b9d6fbbbbb2d4a184 P a8074adb6bb44576bf1add631b68f414 [CANDIDATE]: Term 1 election: Election decided. Result: candidate won. Election summary: received 2 responses out of 3 voters: 2 yes votes; 0 no votes. yes voters: 18c069afab5c4a2e85763a0e90104263, a8074adb6bb44576bf1add631b68f414; no voters: 
I20260709 13:05:10.419353 21221 raft_consensus.cc:2804] T d6fc71e5f9b44c8b9d6fbbbbb2d4a184 P a8074adb6bb44576bf1add631b68f414 [term 1 FOLLOWER]: Leader election won for term 1
I20260709 13:05:10.420070 21221 raft_consensus.cc:697] T d6fc71e5f9b44c8b9d6fbbbbb2d4a184 P a8074adb6bb44576bf1add631b68f414 [term 1 LEADER]: Becoming Leader. State: Replica: a8074adb6bb44576bf1add631b68f414, State: Running, Role: LEADER
I20260709 13:05:10.409117 21119 raft_consensus.cc:3060] T d6fc71e5f9b44c8b9d6fbbbbb2d4a184 P 9ffa8a3bb60a4e4fb05fa03685a4f704 [term 0 FOLLOWER]: Advancing to term 1
I20260709 13:05:10.421478 21221 consensus_queue.cc:237] T d6fc71e5f9b44c8b9d6fbbbbb2d4a184 P a8074adb6bb44576bf1add631b68f414 [LEADER]: Queue going to LEADER mode. State: All replicated index: 0, Majority replicated index: 0, Committed index: 0, Last appended: 0.0, Last appended by leader: 0, Current term: 1, Majority size: 2, State: 0, Mode: LEADER, active raft config: opid_index: -1 OBSOLETE_local: false peers { permanent_uuid: "a8074adb6bb44576bf1add631b68f414" member_type: VOTER last_known_addr { host: "127.20.88.193" port: 42931 } } peers { permanent_uuid: "18c069afab5c4a2e85763a0e90104263" member_type: VOTER last_known_addr { host: "127.20.88.194" port: 36953 } } peers { permanent_uuid: "9ffa8a3bb60a4e4fb05fa03685a4f704" member_type: VOTER last_known_addr { host: "127.20.88.195" port: 36291 } }
I20260709 13:05:10.431998 21119 raft_consensus.cc:2468] T d6fc71e5f9b44c8b9d6fbbbbb2d4a184 P 9ffa8a3bb60a4e4fb05fa03685a4f704 [term 1 FOLLOWER]: Leader election vote request: Granting yes vote for candidate a8074adb6bb44576bf1add631b68f414 in term 1.
I20260709 13:05:10.433754 21194 consensus_queue.cc:1048] T 0e018bb9f00c4341bc9cfeb19bc308e0 P 18c069afab5c4a2e85763a0e90104263 [LEADER]: Connected to new peer: Peer: permanent_uuid: "9ffa8a3bb60a4e4fb05fa03685a4f704" member_type: VOTER last_known_addr { host: "127.20.88.195" port: 36291 }, Status: LMP_MISMATCH, Last received: 0.0, Next index: 1, Last known committed idx: 0, Time since last communication: 0.000s
I20260709 13:05:10.446147 20867 catalog_manager.cc:5697] T d6fc71e5f9b44c8b9d6fbbbbb2d4a184 P a8074adb6bb44576bf1add631b68f414 reported cstate change: term changed from 0 to 1, leader changed from <none> to a8074adb6bb44576bf1add631b68f414 (127.20.88.193). New cstate: current_term: 1 leader_uuid: "a8074adb6bb44576bf1add631b68f414" committed_config { opid_index: -1 OBSOLETE_local: false peers { permanent_uuid: "a8074adb6bb44576bf1add631b68f414" member_type: VOTER last_known_addr { host: "127.20.88.193" port: 42931 } health_report { overall_health: HEALTHY } } peers { permanent_uuid: "18c069afab5c4a2e85763a0e90104263" member_type: VOTER last_known_addr { host: "127.20.88.194" port: 36953 } health_report { overall_health: UNKNOWN } } peers { permanent_uuid: "9ffa8a3bb60a4e4fb05fa03685a4f704" member_type: VOTER last_known_addr { host: "127.20.88.195" port: 36291 } health_report { overall_health: UNKNOWN } } }
I20260709 13:05:10.458501 21168 consensus_queue.cc:1048] T 0e018bb9f00c4341bc9cfeb19bc308e0 P 18c069afab5c4a2e85763a0e90104263 [LEADER]: Connected to new peer: Peer: permanent_uuid: "a8074adb6bb44576bf1add631b68f414" member_type: VOTER last_known_addr { host: "127.20.88.193" port: 42931 }, Status: LMP_MISMATCH, Last received: 0.0, Next index: 1, Last known committed idx: 0, Time since last communication: 0.001s
I20260709 13:05:10.476267 21201 consensus_queue.cc:1048] T 4f10ec9baf564e2b813104317657e4ac P 9ffa8a3bb60a4e4fb05fa03685a4f704 [LEADER]: Connected to new peer: Peer: permanent_uuid: "18c069afab5c4a2e85763a0e90104263" member_type: VOTER last_known_addr { host: "127.20.88.194" port: 36953 }, Status: LMP_MISMATCH, Last received: 0.0, Next index: 1, Last known committed idx: 0, Time since last communication: 0.000s
I20260709 13:05:10.499713 21233 consensus_queue.cc:1048] T 4f10ec9baf564e2b813104317657e4ac P 9ffa8a3bb60a4e4fb05fa03685a4f704 [LEADER]: Connected to new peer: Peer: permanent_uuid: "a8074adb6bb44576bf1add631b68f414" member_type: VOTER last_known_addr { host: "127.20.88.193" port: 42931 }, Status: LMP_MISMATCH, Last received: 0.0, Next index: 1, Last known committed idx: 0, Time since last communication: 0.000s
I20260709 13:05:10.513612 21168 consensus_queue.cc:1048] T a96365eceb6a4bf282cf7babfc8c7bf7 P 18c069afab5c4a2e85763a0e90104263 [LEADER]: Connected to new peer: Peer: permanent_uuid: "9ffa8a3bb60a4e4fb05fa03685a4f704" member_type: VOTER last_known_addr { host: "127.20.88.195" port: 36291 }, Status: LMP_MISMATCH, Last received: 0.0, Next index: 1, Last known committed idx: 0, Time since last communication: 0.000s
I20260709 13:05:10.525806 21187 consensus_queue.cc:1048] T a96365eceb6a4bf282cf7babfc8c7bf7 P 18c069afab5c4a2e85763a0e90104263 [LEADER]: Connected to new peer: Peer: permanent_uuid: "a8074adb6bb44576bf1add631b68f414" member_type: VOTER last_known_addr { host: "127.20.88.193" port: 42931 }, Status: LMP_MISMATCH, Last received: 0.0, Next index: 1, Last known committed idx: 0, Time since last communication: 0.000s
I20260709 13:05:10.553685 21119 tablet_service.cc:2072] Received LeaderStepDown RPC: tablet_id: "4f10ec9baf564e2b813104317657e4ac"
dest_uuid: "9ffa8a3bb60a4e4fb05fa03685a4f704"
mode: GRACEFUL
new_leader_uuid: "a8074adb6bb44576bf1add631b68f414"
 from {username='slave'} at 127.0.0.1:40760
I20260709 13:05:10.554322 21119 raft_consensus.cc:606] T 4f10ec9baf564e2b813104317657e4ac P 9ffa8a3bb60a4e4fb05fa03685a4f704 [term 1 LEADER]: Received request to transfer leadership to TS a8074adb6bb44576bf1add631b68f414
I20260709 13:05:10.568483 21043 tablet_service.cc:2072] Received LeaderStepDown RPC: tablet_id: "a013b37a38434e68aff6a17d807b9338"
dest_uuid: "18c069afab5c4a2e85763a0e90104263"
mode: GRACEFUL
new_leader_uuid: "a8074adb6bb44576bf1add631b68f414"
 from {username='slave'} at 127.0.0.1:35172
I20260709 13:05:10.569180 21043 raft_consensus.cc:606] T a013b37a38434e68aff6a17d807b9338 P 18c069afab5c4a2e85763a0e90104263 [term 1 LEADER]: Received request to transfer leadership to TS a8074adb6bb44576bf1add631b68f414
I20260709 13:05:10.575783 21043 tablet_service.cc:2072] Received LeaderStepDown RPC: tablet_id: "befef05e96634c779f12b35cb2bc7ffb"
dest_uuid: "18c069afab5c4a2e85763a0e90104263"
mode: GRACEFUL
new_leader_uuid: "a8074adb6bb44576bf1add631b68f414"
 from {username='slave'} at 127.0.0.1:35172
I20260709 13:05:10.576409 21043 raft_consensus.cc:606] T befef05e96634c779f12b35cb2bc7ffb P 18c069afab5c4a2e85763a0e90104263 [term 1 LEADER]: Received request to transfer leadership to TS a8074adb6bb44576bf1add631b68f414
I20260709 13:05:10.582314 21119 tablet_service.cc:2072] Received LeaderStepDown RPC: tablet_id: "d239f696f0d145e79a2bea65e62aa28d"
dest_uuid: "9ffa8a3bb60a4e4fb05fa03685a4f704"
mode: GRACEFUL
new_leader_uuid: "a8074adb6bb44576bf1add631b68f414"
 from {username='slave'} at 127.0.0.1:40760
I20260709 13:05:10.582979 21119 raft_consensus.cc:606] T d239f696f0d145e79a2bea65e62aa28d P 9ffa8a3bb60a4e4fb05fa03685a4f704 [term 1 LEADER]: Received request to transfer leadership to TS a8074adb6bb44576bf1add631b68f414
I20260709 13:05:10.601555 21221 consensus_queue.cc:1048] T af674ef9fc9f4916b6201cddef15e8e6 P a8074adb6bb44576bf1add631b68f414 [LEADER]: Connected to new peer: Peer: permanent_uuid: "9ffa8a3bb60a4e4fb05fa03685a4f704" member_type: VOTER last_known_addr { host: "127.20.88.195" port: 36291 }, Status: LMP_MISMATCH, Last received: 0.0, Next index: 1, Last known committed idx: 0, Time since last communication: 0.000s
I20260709 13:05:10.604543 20969 tablet_service.cc:2072] Received LeaderStepDown RPC: tablet_id: "d6fc71e5f9b44c8b9d6fbbbbb2d4a184"
dest_uuid: "a8074adb6bb44576bf1add631b68f414"
mode: GRACEFUL
new_leader_uuid: "18c069afab5c4a2e85763a0e90104263"
 from {username='slave'} at 127.0.0.1:48720
I20260709 13:05:10.605521 20969 raft_consensus.cc:606] T d6fc71e5f9b44c8b9d6fbbbbb2d4a184 P a8074adb6bb44576bf1add631b68f414 [term 1 LEADER]: Received request to transfer leadership to TS 18c069afab5c4a2e85763a0e90104263
I20260709 13:05:10.609573 21187 raft_consensus.cc:993] T befef05e96634c779f12b35cb2bc7ffb P 18c069afab5c4a2e85763a0e90104263: : Instructing follower a8074adb6bb44576bf1add631b68f414 to start an election
I20260709 13:05:10.610203 21187 raft_consensus.cc:1081] T befef05e96634c779f12b35cb2bc7ffb P 18c069afab5c4a2e85763a0e90104263 [term 1 LEADER]: Signalling peer a8074adb6bb44576bf1add631b68f414 to start an election
I20260709 13:05:10.612913 20969 tablet_service.cc:2044] Received Run Leader Election RPC: tablet_id: "befef05e96634c779f12b35cb2bc7ffb"
dest_uuid: "a8074adb6bb44576bf1add631b68f414"
 from {username='slave'} at 127.0.0.1:48704
I20260709 13:05:10.619632 20969 raft_consensus.cc:493] T befef05e96634c779f12b35cb2bc7ffb P a8074adb6bb44576bf1add631b68f414 [term 1 FOLLOWER]: Starting forced leader election (received explicit request)
I20260709 13:05:10.620042 20969 raft_consensus.cc:3060] T befef05e96634c779f12b35cb2bc7ffb P a8074adb6bb44576bf1add631b68f414 [term 1 FOLLOWER]: Advancing to term 2
I20260709 13:05:10.621613 20968 tablet_service.cc:2072] Received LeaderStepDown RPC: tablet_id: "af674ef9fc9f4916b6201cddef15e8e6"
dest_uuid: "a8074adb6bb44576bf1add631b68f414"
mode: GRACEFUL
new_leader_uuid: "18c069afab5c4a2e85763a0e90104263"
 from {username='slave'} at 127.0.0.1:48720
I20260709 13:05:10.622299 20968 raft_consensus.cc:606] T af674ef9fc9f4916b6201cddef15e8e6 P a8074adb6bb44576bf1add631b68f414 [term 1 LEADER]: Received request to transfer leadership to TS 18c069afab5c4a2e85763a0e90104263
I20260709 13:05:10.628284 21173 consensus_queue.cc:1048] T af674ef9fc9f4916b6201cddef15e8e6 P a8074adb6bb44576bf1add631b68f414 [LEADER]: Connected to new peer: Peer: permanent_uuid: "18c069afab5c4a2e85763a0e90104263" member_type: VOTER last_known_addr { host: "127.20.88.194" port: 36953 }, Status: LMP_MISMATCH, Last received: 0.0, Next index: 1, Last known committed idx: 0, Time since last communication: 0.000s
I20260709 13:05:10.634555 20969 raft_consensus.cc:515] T befef05e96634c779f12b35cb2bc7ffb P a8074adb6bb44576bf1add631b68f414 [term 2 FOLLOWER]: Starting forced leader election with config: opid_index: -1 OBSOLETE_local: false peers { permanent_uuid: "a8074adb6bb44576bf1add631b68f414" member_type: VOTER last_known_addr { host: "127.20.88.193" port: 42931 } } peers { permanent_uuid: "18c069afab5c4a2e85763a0e90104263" member_type: VOTER last_known_addr { host: "127.20.88.194" port: 36953 } } peers { permanent_uuid: "9ffa8a3bb60a4e4fb05fa03685a4f704" member_type: VOTER last_known_addr { host: "127.20.88.195" port: 36291 } }
I20260709 13:05:10.637851 21045 tablet_service.cc:1917] Received RequestConsensusVote() RPC: tablet_id: "befef05e96634c779f12b35cb2bc7ffb" candidate_uuid: "a8074adb6bb44576bf1add631b68f414" candidate_term: 2 candidate_status { last_received { term: 1 index: 1 } } ignore_live_leader: true dest_uuid: "18c069afab5c4a2e85763a0e90104263"
I20260709 13:05:10.638497 21045 raft_consensus.cc:3055] T befef05e96634c779f12b35cb2bc7ffb P 18c069afab5c4a2e85763a0e90104263 [term 1 LEADER]: Stepping down as leader of term 1
I20260709 13:05:10.638846 21045 raft_consensus.cc:740] T befef05e96634c779f12b35cb2bc7ffb P 18c069afab5c4a2e85763a0e90104263 [term 1 LEADER]: Becoming Follower/Learner. State: Replica: 18c069afab5c4a2e85763a0e90104263, State: Running, Role: LEADER
I20260709 13:05:10.639670 21045 consensus_queue.cc:260] T befef05e96634c779f12b35cb2bc7ffb P 18c069afab5c4a2e85763a0e90104263 [NON_LEADER]: Queue going to NON_LEADER mode. State: All replicated index: 0, Majority replicated index: 1, Committed index: 1, Last appended: 1.1, Last appended by leader: 1, Current term: 1, Majority size: -1, State: 0, Mode: NON_LEADER, active raft config: opid_index: -1 OBSOLETE_local: false peers { permanent_uuid: "a8074adb6bb44576bf1add631b68f414" member_type: VOTER last_known_addr { host: "127.20.88.193" port: 42931 } } peers { permanent_uuid: "18c069afab5c4a2e85763a0e90104263" member_type: VOTER last_known_addr { host: "127.20.88.194" port: 36953 } } peers { permanent_uuid: "9ffa8a3bb60a4e4fb05fa03685a4f704" member_type: VOTER last_known_addr { host: "127.20.88.195" port: 36291 } }
I20260709 13:05:10.641104 21045 raft_consensus.cc:3060] T befef05e96634c779f12b35cb2bc7ffb P 18c069afab5c4a2e85763a0e90104263 [term 1 FOLLOWER]: Advancing to term 2
I20260709 13:05:10.645865 21043 tablet_service.cc:2072] Received LeaderStepDown RPC: tablet_id: "0e018bb9f00c4341bc9cfeb19bc308e0"
dest_uuid: "18c069afab5c4a2e85763a0e90104263"
mode: GRACEFUL
new_leader_uuid: "9ffa8a3bb60a4e4fb05fa03685a4f704"
 from {username='slave'} at 127.0.0.1:35172
I20260709 13:05:10.646538 21043 raft_consensus.cc:606] T 0e018bb9f00c4341bc9cfeb19bc308e0 P 18c069afab5c4a2e85763a0e90104263 [term 1 LEADER]: Received request to transfer leadership to TS 9ffa8a3bb60a4e4fb05fa03685a4f704
I20260709 13:05:10.647051 21173 raft_consensus.cc:993] T af674ef9fc9f4916b6201cddef15e8e6 P a8074adb6bb44576bf1add631b68f414: : Instructing follower 18c069afab5c4a2e85763a0e90104263 to start an election
I20260709 13:05:10.647476 21173 raft_consensus.cc:1081] T af674ef9fc9f4916b6201cddef15e8e6 P a8074adb6bb44576bf1add631b68f414 [term 1 LEADER]: Signalling peer 18c069afab5c4a2e85763a0e90104263 to start an election
I20260709 13:05:10.649616 21043 tablet_service.cc:2044] Received Run Leader Election RPC: tablet_id: "af674ef9fc9f4916b6201cddef15e8e6"
dest_uuid: "18c069afab5c4a2e85763a0e90104263"
 from {username='slave'} at 127.0.0.1:35158
I20260709 13:05:10.650264 21043 raft_consensus.cc:493] T af674ef9fc9f4916b6201cddef15e8e6 P 18c069afab5c4a2e85763a0e90104263 [term 1 FOLLOWER]: Starting forced leader election (received explicit request)
I20260709 13:05:10.650696 21043 raft_consensus.cc:3060] T af674ef9fc9f4916b6201cddef15e8e6 P 18c069afab5c4a2e85763a0e90104263 [term 1 FOLLOWER]: Advancing to term 2
I20260709 13:05:10.651821 21045 raft_consensus.cc:2468] T befef05e96634c779f12b35cb2bc7ffb P 18c069afab5c4a2e85763a0e90104263 [term 2 FOLLOWER]: Leader election vote request: Granting yes vote for candidate a8074adb6bb44576bf1add631b68f414 in term 2.
I20260709 13:05:10.653090 20933 leader_election.cc:304] T befef05e96634c779f12b35cb2bc7ffb P a8074adb6bb44576bf1add631b68f414 [CANDIDATE]: Term 2 election: Election decided. Result: candidate won. Election summary: received 2 responses out of 3 voters: 2 yes votes; 0 no votes. yes voters: 18c069afab5c4a2e85763a0e90104263, a8074adb6bb44576bf1add631b68f414; no voters: 
I20260709 13:05:10.653955 21221 raft_consensus.cc:2804] T befef05e96634c779f12b35cb2bc7ffb P a8074adb6bb44576bf1add631b68f414 [term 2 FOLLOWER]: Leader election won for term 2
I20260709 13:05:10.654428 21221 raft_consensus.cc:697] T befef05e96634c779f12b35cb2bc7ffb P a8074adb6bb44576bf1add631b68f414 [term 2 LEADER]: Becoming Leader. State: Replica: a8074adb6bb44576bf1add631b68f414, State: Running, Role: LEADER
I20260709 13:05:10.655246 21221 consensus_queue.cc:237] T befef05e96634c779f12b35cb2bc7ffb P a8074adb6bb44576bf1add631b68f414 [LEADER]: Queue going to LEADER mode. State: All replicated index: 0, Majority replicated index: 1, Committed index: 1, Last appended: 1.1, Last appended by leader: 1, Current term: 2, Majority size: 2, State: 0, Mode: LEADER, active raft config: opid_index: -1 OBSOLETE_local: false peers { permanent_uuid: "a8074adb6bb44576bf1add631b68f414" member_type: VOTER last_known_addr { host: "127.20.88.193" port: 42931 } } peers { permanent_uuid: "18c069afab5c4a2e85763a0e90104263" member_type: VOTER last_known_addr { host: "127.20.88.194" port: 36953 } } peers { permanent_uuid: "9ffa8a3bb60a4e4fb05fa03685a4f704" member_type: VOTER last_known_addr { host: "127.20.88.195" port: 36291 } }
I20260709 13:05:10.658732 20969 leader_election.cc:290] T befef05e96634c779f12b35cb2bc7ffb P a8074adb6bb44576bf1add631b68f414 [CANDIDATE]: Term 2 election: Requested vote from peers 18c069afab5c4a2e85763a0e90104263 (127.20.88.194:36953), 9ffa8a3bb60a4e4fb05fa03685a4f704 (127.20.88.195:36291)
I20260709 13:05:10.659354 21119 tablet_service.cc:1917] Received RequestConsensusVote() RPC: tablet_id: "befef05e96634c779f12b35cb2bc7ffb" candidate_uuid: "a8074adb6bb44576bf1add631b68f414" candidate_term: 2 candidate_status { last_received { term: 1 index: 1 } } ignore_live_leader: true dest_uuid: "9ffa8a3bb60a4e4fb05fa03685a4f704"
I20260709 13:05:10.659938 21119 raft_consensus.cc:3060] T befef05e96634c779f12b35cb2bc7ffb P 9ffa8a3bb60a4e4fb05fa03685a4f704 [term 1 FOLLOWER]: Advancing to term 2
I20260709 13:05:10.666599 21194 raft_consensus.cc:993] T a013b37a38434e68aff6a17d807b9338 P 18c069afab5c4a2e85763a0e90104263: : Instructing follower a8074adb6bb44576bf1add631b68f414 to start an election
I20260709 13:05:10.666832 21119 raft_consensus.cc:2468] T befef05e96634c779f12b35cb2bc7ffb P 9ffa8a3bb60a4e4fb05fa03685a4f704 [term 2 FOLLOWER]: Leader election vote request: Granting yes vote for candidate a8074adb6bb44576bf1add631b68f414 in term 2.
I20260709 13:05:10.667088 21194 raft_consensus.cc:1081] T a013b37a38434e68aff6a17d807b9338 P 18c069afab5c4a2e85763a0e90104263 [term 1 LEADER]: Signalling peer a8074adb6bb44576bf1add631b68f414 to start an election
I20260709 13:05:10.670403 20867 catalog_manager.cc:5697] T befef05e96634c779f12b35cb2bc7ffb P a8074adb6bb44576bf1add631b68f414 reported cstate change: term changed from 1 to 2, leader changed from 18c069afab5c4a2e85763a0e90104263 (127.20.88.194) to a8074adb6bb44576bf1add631b68f414 (127.20.88.193). New cstate: current_term: 2 leader_uuid: "a8074adb6bb44576bf1add631b68f414" committed_config { opid_index: -1 OBSOLETE_local: false peers { permanent_uuid: "a8074adb6bb44576bf1add631b68f414" member_type: VOTER last_known_addr { host: "127.20.88.193" port: 42931 } health_report { overall_health: HEALTHY } } peers { permanent_uuid: "18c069afab5c4a2e85763a0e90104263" member_type: VOTER last_known_addr { host: "127.20.88.194" port: 36953 } health_report { overall_health: UNKNOWN } } peers { permanent_uuid: "9ffa8a3bb60a4e4fb05fa03685a4f704" member_type: VOTER last_known_addr { host: "127.20.88.195" port: 36291 } health_report { overall_health: UNKNOWN } } }
I20260709 13:05:10.658097 21043 raft_consensus.cc:515] T af674ef9fc9f4916b6201cddef15e8e6 P 18c069afab5c4a2e85763a0e90104263 [term 2 FOLLOWER]: Starting forced leader election with config: opid_index: -1 OBSOLETE_local: false peers { permanent_uuid: "a8074adb6bb44576bf1add631b68f414" member_type: VOTER last_known_addr { host: "127.20.88.193" port: 42931 } } peers { permanent_uuid: "18c069afab5c4a2e85763a0e90104263" member_type: VOTER last_known_addr { host: "127.20.88.194" port: 36953 } } peers { permanent_uuid: "9ffa8a3bb60a4e4fb05fa03685a4f704" member_type: VOTER last_known_addr { host: "127.20.88.195" port: 36291 } }
I20260709 13:05:10.673569 20969 tablet_service.cc:2044] Received Run Leader Election RPC: tablet_id: "a013b37a38434e68aff6a17d807b9338"
dest_uuid: "a8074adb6bb44576bf1add631b68f414"
 from {username='slave'} at 127.0.0.1:48704
I20260709 13:05:10.674242 20969 raft_consensus.cc:493] T a013b37a38434e68aff6a17d807b9338 P a8074adb6bb44576bf1add631b68f414 [term 1 FOLLOWER]: Starting forced leader election (received explicit request)
I20260709 13:05:10.675519 21043 leader_election.cc:290] T af674ef9fc9f4916b6201cddef15e8e6 P 18c069afab5c4a2e85763a0e90104263 [CANDIDATE]: Term 2 election: Requested vote from peers a8074adb6bb44576bf1add631b68f414 (127.20.88.193:42931), 9ffa8a3bb60a4e4fb05fa03685a4f704 (127.20.88.195:36291)
I20260709 13:05:10.675822 20968 tablet_service.cc:1917] Received RequestConsensusVote() RPC: tablet_id: "af674ef9fc9f4916b6201cddef15e8e6" candidate_uuid: "18c069afab5c4a2e85763a0e90104263" candidate_term: 2 candidate_status { last_received { term: 1 index: 1 } } ignore_live_leader: true dest_uuid: "a8074adb6bb44576bf1add631b68f414"
I20260709 13:05:10.676400 20968 raft_consensus.cc:3055] T af674ef9fc9f4916b6201cddef15e8e6 P a8074adb6bb44576bf1add631b68f414 [term 1 LEADER]: Stepping down as leader of term 1
I20260709 13:05:10.676709 20968 raft_consensus.cc:740] T af674ef9fc9f4916b6201cddef15e8e6 P a8074adb6bb44576bf1add631b68f414 [term 1 LEADER]: Becoming Follower/Learner. State: Replica: a8074adb6bb44576bf1add631b68f414, State: Running, Role: LEADER
I20260709 13:05:10.677315 21119 tablet_service.cc:1917] Received RequestConsensusVote() RPC: tablet_id: "af674ef9fc9f4916b6201cddef15e8e6" candidate_uuid: "18c069afab5c4a2e85763a0e90104263" candidate_term: 2 candidate_status { last_received { term: 1 index: 1 } } ignore_live_leader: true dest_uuid: "9ffa8a3bb60a4e4fb05fa03685a4f704"
I20260709 13:05:10.677879 21119 raft_consensus.cc:3060] T af674ef9fc9f4916b6201cddef15e8e6 P 9ffa8a3bb60a4e4fb05fa03685a4f704 [term 1 FOLLOWER]: Advancing to term 2
I20260709 13:05:10.677521 20968 consensus_queue.cc:260] T af674ef9fc9f4916b6201cddef15e8e6 P a8074adb6bb44576bf1add631b68f414 [NON_LEADER]: Queue going to NON_LEADER mode. State: All replicated index: 0, Majority replicated index: 1, Committed index: 1, Last appended: 1.1, Last appended by leader: 1, Current term: 1, Majority size: -1, State: 0, Mode: NON_LEADER, active raft config: opid_index: -1 OBSOLETE_local: false peers { permanent_uuid: "a8074adb6bb44576bf1add631b68f414" member_type: VOTER last_known_addr { host: "127.20.88.193" port: 42931 } } peers { permanent_uuid: "18c069afab5c4a2e85763a0e90104263" member_type: VOTER last_known_addr { host: "127.20.88.194" port: 36953 } } peers { permanent_uuid: "9ffa8a3bb60a4e4fb05fa03685a4f704" member_type: VOTER last_known_addr { host: "127.20.88.195" port: 36291 } }
I20260709 13:05:10.678634 20968 raft_consensus.cc:3060] T af674ef9fc9f4916b6201cddef15e8e6 P a8074adb6bb44576bf1add631b68f414 [term 1 FOLLOWER]: Advancing to term 2
I20260709 13:05:10.674645 20969 raft_consensus.cc:3060] T a013b37a38434e68aff6a17d807b9338 P a8074adb6bb44576bf1add631b68f414 [term 1 FOLLOWER]: Advancing to term 2
I20260709 13:05:10.684854 21119 raft_consensus.cc:2468] T af674ef9fc9f4916b6201cddef15e8e6 P 9ffa8a3bb60a4e4fb05fa03685a4f704 [term 2 FOLLOWER]: Leader election vote request: Granting yes vote for candidate 18c069afab5c4a2e85763a0e90104263 in term 2.
I20260709 13:05:10.685582 20968 raft_consensus.cc:2468] T af674ef9fc9f4916b6201cddef15e8e6 P a8074adb6bb44576bf1add631b68f414 [term 2 FOLLOWER]: Leader election vote request: Granting yes vote for candidate 18c069afab5c4a2e85763a0e90104263 in term 2.
I20260709 13:05:10.686024 21011 leader_election.cc:304] T af674ef9fc9f4916b6201cddef15e8e6 P 18c069afab5c4a2e85763a0e90104263 [CANDIDATE]: Term 2 election: Election decided. Result: candidate won. Election summary: received 2 responses out of 3 voters: 2 yes votes; 0 no votes. yes voters: 18c069afab5c4a2e85763a0e90104263, 9ffa8a3bb60a4e4fb05fa03685a4f704; no voters: 
I20260709 13:05:10.686800 21187 raft_consensus.cc:2804] T af674ef9fc9f4916b6201cddef15e8e6 P 18c069afab5c4a2e85763a0e90104263 [term 2 FOLLOWER]: Leader election won for term 2
I20260709 13:05:10.687292 21187 raft_consensus.cc:697] T af674ef9fc9f4916b6201cddef15e8e6 P 18c069afab5c4a2e85763a0e90104263 [term 2 LEADER]: Becoming Leader. State: Replica: 18c069afab5c4a2e85763a0e90104263, State: Running, Role: LEADER
I20260709 13:05:10.688033 21187 consensus_queue.cc:237] T af674ef9fc9f4916b6201cddef15e8e6 P 18c069afab5c4a2e85763a0e90104263 [LEADER]: Queue going to LEADER mode. State: All replicated index: 0, Majority replicated index: 1, Committed index: 1, Last appended: 1.1, Last appended by leader: 1, Current term: 2, Majority size: 2, State: 0, Mode: LEADER, active raft config: opid_index: -1 OBSOLETE_local: false peers { permanent_uuid: "a8074adb6bb44576bf1add631b68f414" member_type: VOTER last_known_addr { host: "127.20.88.193" port: 42931 } } peers { permanent_uuid: "18c069afab5c4a2e85763a0e90104263" member_type: VOTER last_known_addr { host: "127.20.88.194" port: 36953 } } peers { permanent_uuid: "9ffa8a3bb60a4e4fb05fa03685a4f704" member_type: VOTER last_known_addr { host: "127.20.88.195" port: 36291 } }
I20260709 13:05:10.691244 20969 raft_consensus.cc:515] T a013b37a38434e68aff6a17d807b9338 P a8074adb6bb44576bf1add631b68f414 [term 2 FOLLOWER]: Starting forced leader election with config: opid_index: -1 OBSOLETE_local: false peers { permanent_uuid: "a8074adb6bb44576bf1add631b68f414" member_type: VOTER last_known_addr { host: "127.20.88.193" port: 42931 } } peers { permanent_uuid: "18c069afab5c4a2e85763a0e90104263" member_type: VOTER last_known_addr { host: "127.20.88.194" port: 36953 } } peers { permanent_uuid: "9ffa8a3bb60a4e4fb05fa03685a4f704" member_type: VOTER last_known_addr { host: "127.20.88.195" port: 36291 } }
I20260709 13:05:10.693501 20969 leader_election.cc:290] T a013b37a38434e68aff6a17d807b9338 P a8074adb6bb44576bf1add631b68f414 [CANDIDATE]: Term 2 election: Requested vote from peers 18c069afab5c4a2e85763a0e90104263 (127.20.88.194:36953), 9ffa8a3bb60a4e4fb05fa03685a4f704 (127.20.88.195:36291)
I20260709 13:05:10.694945 21119 tablet_service.cc:1917] Received RequestConsensusVote() RPC: tablet_id: "a013b37a38434e68aff6a17d807b9338" candidate_uuid: "a8074adb6bb44576bf1add631b68f414" candidate_term: 2 candidate_status { last_received { term: 1 index: 1 } } ignore_live_leader: true dest_uuid: "9ffa8a3bb60a4e4fb05fa03685a4f704"
I20260709 13:05:10.694741 20867 catalog_manager.cc:5697] T af674ef9fc9f4916b6201cddef15e8e6 P 18c069afab5c4a2e85763a0e90104263 reported cstate change: term changed from 1 to 2, leader changed from a8074adb6bb44576bf1add631b68f414 (127.20.88.193) to 18c069afab5c4a2e85763a0e90104263 (127.20.88.194). New cstate: current_term: 2 leader_uuid: "18c069afab5c4a2e85763a0e90104263" committed_config { opid_index: -1 OBSOLETE_local: false peers { permanent_uuid: "a8074adb6bb44576bf1add631b68f414" member_type: VOTER last_known_addr { host: "127.20.88.193" port: 42931 } health_report { overall_health: UNKNOWN } } peers { permanent_uuid: "18c069afab5c4a2e85763a0e90104263" member_type: VOTER last_known_addr { host: "127.20.88.194" port: 36953 } health_report { overall_health: HEALTHY } } peers { permanent_uuid: "9ffa8a3bb60a4e4fb05fa03685a4f704" member_type: VOTER last_known_addr { host: "127.20.88.195" port: 36291 } health_report { overall_health: UNKNOWN } } }
I20260709 13:05:10.695574 21119 raft_consensus.cc:3060] T a013b37a38434e68aff6a17d807b9338 P 9ffa8a3bb60a4e4fb05fa03685a4f704 [term 1 FOLLOWER]: Advancing to term 2
I20260709 13:05:10.695495 21043 tablet_service.cc:1917] Received RequestConsensusVote() RPC: tablet_id: "a013b37a38434e68aff6a17d807b9338" candidate_uuid: "a8074adb6bb44576bf1add631b68f414" candidate_term: 2 candidate_status { last_received { term: 1 index: 1 } } ignore_live_leader: true dest_uuid: "18c069afab5c4a2e85763a0e90104263"
I20260709 13:05:10.696266 21043 raft_consensus.cc:3055] T a013b37a38434e68aff6a17d807b9338 P 18c069afab5c4a2e85763a0e90104263 [term 1 LEADER]: Stepping down as leader of term 1
I20260709 13:05:10.696584 21043 raft_consensus.cc:740] T a013b37a38434e68aff6a17d807b9338 P 18c069afab5c4a2e85763a0e90104263 [term 1 LEADER]: Becoming Follower/Learner. State: Replica: 18c069afab5c4a2e85763a0e90104263, State: Running, Role: LEADER
I20260709 13:05:10.697388 21043 consensus_queue.cc:260] T a013b37a38434e68aff6a17d807b9338 P 18c069afab5c4a2e85763a0e90104263 [NON_LEADER]: Queue going to NON_LEADER mode. State: All replicated index: 0, Majority replicated index: 1, Committed index: 1, Last appended: 1.1, Last appended by leader: 1, Current term: 1, Majority size: -1, State: 0, Mode: NON_LEADER, active raft config: opid_index: -1 OBSOLETE_local: false peers { permanent_uuid: "a8074adb6bb44576bf1add631b68f414" member_type: VOTER last_known_addr { host: "127.20.88.193" port: 42931 } } peers { permanent_uuid: "18c069afab5c4a2e85763a0e90104263" member_type: VOTER last_known_addr { host: "127.20.88.194" port: 36953 } } peers { permanent_uuid: "9ffa8a3bb60a4e4fb05fa03685a4f704" member_type: VOTER last_known_addr { host: "127.20.88.195" port: 36291 } }
I20260709 13:05:10.698597 21043 raft_consensus.cc:3060] T a013b37a38434e68aff6a17d807b9338 P 18c069afab5c4a2e85763a0e90104263 [term 1 FOLLOWER]: Advancing to term 2
I20260709 13:05:10.704941 21119 raft_consensus.cc:2468] T a013b37a38434e68aff6a17d807b9338 P 9ffa8a3bb60a4e4fb05fa03685a4f704 [term 2 FOLLOWER]: Leader election vote request: Granting yes vote for candidate a8074adb6bb44576bf1add631b68f414 in term 2.
I20260709 13:05:10.706256 20936 leader_election.cc:304] T a013b37a38434e68aff6a17d807b9338 P a8074adb6bb44576bf1add631b68f414 [CANDIDATE]: Term 2 election: Election decided. Result: candidate won. Election summary: received 2 responses out of 3 voters: 2 yes votes; 0 no votes. yes voters: 9ffa8a3bb60a4e4fb05fa03685a4f704, a8074adb6bb44576bf1add631b68f414; no voters: 
I20260709 13:05:10.707088 21221 raft_consensus.cc:2804] T a013b37a38434e68aff6a17d807b9338 P a8074adb6bb44576bf1add631b68f414 [term 2 FOLLOWER]: Leader election won for term 2
I20260709 13:05:10.707592 21221 raft_consensus.cc:697] T a013b37a38434e68aff6a17d807b9338 P a8074adb6bb44576bf1add631b68f414 [term 2 LEADER]: Becoming Leader. State: Replica: a8074adb6bb44576bf1add631b68f414, State: Running, Role: LEADER
I20260709 13:05:10.707592 21043 raft_consensus.cc:2468] T a013b37a38434e68aff6a17d807b9338 P 18c069afab5c4a2e85763a0e90104263 [term 2 FOLLOWER]: Leader election vote request: Granting yes vote for candidate a8074adb6bb44576bf1add631b68f414 in term 2.
I20260709 13:05:10.708515 21221 consensus_queue.cc:237] T a013b37a38434e68aff6a17d807b9338 P a8074adb6bb44576bf1add631b68f414 [LEADER]: Queue going to LEADER mode. State: All replicated index: 0, Majority replicated index: 1, Committed index: 1, Last appended: 1.1, Last appended by leader: 1, Current term: 2, Majority size: 2, State: 0, Mode: LEADER, active raft config: opid_index: -1 OBSOLETE_local: false peers { permanent_uuid: "a8074adb6bb44576bf1add631b68f414" member_type: VOTER last_known_addr { host: "127.20.88.193" port: 42931 } } peers { permanent_uuid: "18c069afab5c4a2e85763a0e90104263" member_type: VOTER last_known_addr { host: "127.20.88.194" port: 36953 } } peers { permanent_uuid: "9ffa8a3bb60a4e4fb05fa03685a4f704" member_type: VOTER last_known_addr { host: "127.20.88.195" port: 36291 } }
I20260709 13:05:10.715240 20867 catalog_manager.cc:5697] T a013b37a38434e68aff6a17d807b9338 P a8074adb6bb44576bf1add631b68f414 reported cstate change: term changed from 1 to 2, leader changed from 18c069afab5c4a2e85763a0e90104263 (127.20.88.194) to a8074adb6bb44576bf1add631b68f414 (127.20.88.193). New cstate: current_term: 2 leader_uuid: "a8074adb6bb44576bf1add631b68f414" committed_config { opid_index: -1 OBSOLETE_local: false peers { permanent_uuid: "a8074adb6bb44576bf1add631b68f414" member_type: VOTER last_known_addr { host: "127.20.88.193" port: 42931 } health_report { overall_health: HEALTHY } } peers { permanent_uuid: "18c069afab5c4a2e85763a0e90104263" member_type: VOTER last_known_addr { host: "127.20.88.194" port: 36953 } health_report { overall_health: UNKNOWN } } peers { permanent_uuid: "9ffa8a3bb60a4e4fb05fa03685a4f704" member_type: VOTER last_known_addr { host: "127.20.88.195" port: 36291 } health_report { overall_health: UNKNOWN } } }
I20260709 13:05:10.918968 21201 raft_consensus.cc:993] T d239f696f0d145e79a2bea65e62aa28d P 9ffa8a3bb60a4e4fb05fa03685a4f704: : Instructing follower a8074adb6bb44576bf1add631b68f414 to start an election
I20260709 13:05:10.919467 21201 raft_consensus.cc:1081] T d239f696f0d145e79a2bea65e62aa28d P 9ffa8a3bb60a4e4fb05fa03685a4f704 [term 1 LEADER]: Signalling peer a8074adb6bb44576bf1add631b68f414 to start an election
I20260709 13:05:10.921229 20969 tablet_service.cc:2044] Received Run Leader Election RPC: tablet_id: "d239f696f0d145e79a2bea65e62aa28d"
dest_uuid: "a8074adb6bb44576bf1add631b68f414"
 from {username='slave'} at 127.0.0.1:48716
I20260709 13:05:10.921833 20969 raft_consensus.cc:493] T d239f696f0d145e79a2bea65e62aa28d P a8074adb6bb44576bf1add631b68f414 [term 1 FOLLOWER]: Starting forced leader election (received explicit request)
I20260709 13:05:10.922231 20969 raft_consensus.cc:3060] T d239f696f0d145e79a2bea65e62aa28d P a8074adb6bb44576bf1add631b68f414 [term 1 FOLLOWER]: Advancing to term 2
I20260709 13:05:10.930177 20969 raft_consensus.cc:515] T d239f696f0d145e79a2bea65e62aa28d P a8074adb6bb44576bf1add631b68f414 [term 2 FOLLOWER]: Starting forced leader election with config: opid_index: -1 OBSOLETE_local: false peers { permanent_uuid: "a8074adb6bb44576bf1add631b68f414" member_type: VOTER last_known_addr { host: "127.20.88.193" port: 42931 } } peers { permanent_uuid: "18c069afab5c4a2e85763a0e90104263" member_type: VOTER last_known_addr { host: "127.20.88.194" port: 36953 } } peers { permanent_uuid: "9ffa8a3bb60a4e4fb05fa03685a4f704" member_type: VOTER last_known_addr { host: "127.20.88.195" port: 36291 } }
I20260709 13:05:10.931352 21194 raft_consensus.cc:993] T 0e018bb9f00c4341bc9cfeb19bc308e0 P 18c069afab5c4a2e85763a0e90104263: : Instructing follower 9ffa8a3bb60a4e4fb05fa03685a4f704 to start an election
I20260709 13:05:10.931799 21194 raft_consensus.cc:1081] T 0e018bb9f00c4341bc9cfeb19bc308e0 P 18c069afab5c4a2e85763a0e90104263 [term 1 LEADER]: Signalling peer 9ffa8a3bb60a4e4fb05fa03685a4f704 to start an election
I20260709 13:05:10.933383 20969 leader_election.cc:290] T d239f696f0d145e79a2bea65e62aa28d P a8074adb6bb44576bf1add631b68f414 [CANDIDATE]: Term 2 election: Requested vote from peers 18c069afab5c4a2e85763a0e90104263 (127.20.88.194:36953), 9ffa8a3bb60a4e4fb05fa03685a4f704 (127.20.88.195:36291)
I20260709 13:05:10.933771 21043 tablet_service.cc:1917] Received RequestConsensusVote() RPC: tablet_id: "d239f696f0d145e79a2bea65e62aa28d" candidate_uuid: "a8074adb6bb44576bf1add631b68f414" candidate_term: 2 candidate_status { last_received { term: 1 index: 1 } } ignore_live_leader: true dest_uuid: "18c069afab5c4a2e85763a0e90104263"
I20260709 13:05:10.934134 21119 tablet_service.cc:2044] Received Run Leader Election RPC: tablet_id: "0e018bb9f00c4341bc9cfeb19bc308e0"
dest_uuid: "9ffa8a3bb60a4e4fb05fa03685a4f704"
 from {username='slave'} at 127.0.0.1:40742
I20260709 13:05:10.934427 21043 raft_consensus.cc:3060] T d239f696f0d145e79a2bea65e62aa28d P 18c069afab5c4a2e85763a0e90104263 [term 1 FOLLOWER]: Advancing to term 2
I20260709 13:05:10.934702 21119 raft_consensus.cc:493] T 0e018bb9f00c4341bc9cfeb19bc308e0 P 9ffa8a3bb60a4e4fb05fa03685a4f704 [term 1 FOLLOWER]: Starting forced leader election (received explicit request)
I20260709 13:05:10.934603 21118 tablet_service.cc:1917] Received RequestConsensusVote() RPC: tablet_id: "d239f696f0d145e79a2bea65e62aa28d" candidate_uuid: "a8074adb6bb44576bf1add631b68f414" candidate_term: 2 candidate_status { last_received { term: 1 index: 1 } } ignore_live_leader: true dest_uuid: "9ffa8a3bb60a4e4fb05fa03685a4f704"
I20260709 13:05:10.935201 21119 raft_consensus.cc:3060] T 0e018bb9f00c4341bc9cfeb19bc308e0 P 9ffa8a3bb60a4e4fb05fa03685a4f704 [term 1 FOLLOWER]: Advancing to term 2
I20260709 13:05:10.935365 21118 raft_consensus.cc:3055] T d239f696f0d145e79a2bea65e62aa28d P 9ffa8a3bb60a4e4fb05fa03685a4f704 [term 1 LEADER]: Stepping down as leader of term 1
I20260709 13:05:10.935693 21118 raft_consensus.cc:740] T d239f696f0d145e79a2bea65e62aa28d P 9ffa8a3bb60a4e4fb05fa03685a4f704 [term 1 LEADER]: Becoming Follower/Learner. State: Replica: 9ffa8a3bb60a4e4fb05fa03685a4f704, State: Running, Role: LEADER
I20260709 13:05:10.936532 21118 consensus_queue.cc:260] T d239f696f0d145e79a2bea65e62aa28d P 9ffa8a3bb60a4e4fb05fa03685a4f704 [NON_LEADER]: Queue going to NON_LEADER mode. State: All replicated index: 0, Majority replicated index: 1, Committed index: 1, Last appended: 1.1, Last appended by leader: 1, Current term: 1, Majority size: -1, State: 0, Mode: NON_LEADER, active raft config: opid_index: -1 OBSOLETE_local: false peers { permanent_uuid: "a8074adb6bb44576bf1add631b68f414" member_type: VOTER last_known_addr { host: "127.20.88.193" port: 42931 } } peers { permanent_uuid: "18c069afab5c4a2e85763a0e90104263" member_type: VOTER last_known_addr { host: "127.20.88.194" port: 36953 } } peers { permanent_uuid: "9ffa8a3bb60a4e4fb05fa03685a4f704" member_type: VOTER last_known_addr { host: "127.20.88.195" port: 36291 } }
I20260709 13:05:10.937687 21118 raft_consensus.cc:3060] T d239f696f0d145e79a2bea65e62aa28d P 9ffa8a3bb60a4e4fb05fa03685a4f704 [term 1 FOLLOWER]: Advancing to term 2
I20260709 13:05:10.941370 21043 raft_consensus.cc:2468] T d239f696f0d145e79a2bea65e62aa28d P 18c069afab5c4a2e85763a0e90104263 [term 2 FOLLOWER]: Leader election vote request: Granting yes vote for candidate a8074adb6bb44576bf1add631b68f414 in term 2.
I20260709 13:05:10.942206 21119 raft_consensus.cc:515] T 0e018bb9f00c4341bc9cfeb19bc308e0 P 9ffa8a3bb60a4e4fb05fa03685a4f704 [term 2 FOLLOWER]: Starting forced leader election with config: opid_index: -1 OBSOLETE_local: false peers { permanent_uuid: "a8074adb6bb44576bf1add631b68f414" member_type: VOTER last_known_addr { host: "127.20.88.193" port: 42931 } } peers { permanent_uuid: "18c069afab5c4a2e85763a0e90104263" member_type: VOTER last_known_addr { host: "127.20.88.194" port: 36953 } } peers { permanent_uuid: "9ffa8a3bb60a4e4fb05fa03685a4f704" member_type: VOTER last_known_addr { host: "127.20.88.195" port: 36291 } }
I20260709 13:05:10.943295 20933 leader_election.cc:304] T d239f696f0d145e79a2bea65e62aa28d P a8074adb6bb44576bf1add631b68f414 [CANDIDATE]: Term 2 election: Election decided. Result: candidate won. Election summary: received 2 responses out of 3 voters: 2 yes votes; 0 no votes. yes voters: 18c069afab5c4a2e85763a0e90104263, a8074adb6bb44576bf1add631b68f414; no voters: 
I20260709 13:05:10.944291 21221 raft_consensus.cc:2804] T d239f696f0d145e79a2bea65e62aa28d P a8074adb6bb44576bf1add631b68f414 [term 2 FOLLOWER]: Leader election won for term 2
I20260709 13:05:10.944746 21221 raft_consensus.cc:697] T d239f696f0d145e79a2bea65e62aa28d P a8074adb6bb44576bf1add631b68f414 [term 2 LEADER]: Becoming Leader. State: Replica: a8074adb6bb44576bf1add631b68f414, State: Running, Role: LEADER
