I20260709 13:05:35.538955 16153 tablet_service.cc:1917] Received RequestConsensusVote() RPC: tablet_id: "54912ca1adaa41eabd1555618b6fd0c9" candidate_uuid: "3de94e4528754d508313e7a23c90fb49" candidate_term: 1 candidate_status { last_received { term: 0 index: 0 } } ignore_live_leader: false dest_uuid: "1d2539c1d9d1462ab5315e7124baac3e" is_pre_election: true
I20260709 13:05:35.539291 16149 tablet_service.cc:1917] Received RequestConsensusVote() RPC: tablet_id: "e061dc0792444fa1a716bf74aabccbb3" candidate_uuid: "3de94e4528754d508313e7a23c90fb49" candidate_term: 1 candidate_status { last_received { term: 0 index: 0 } } ignore_live_leader: false dest_uuid: "1d2539c1d9d1462ab5315e7124baac3e" is_pre_election: true
I20260709 13:05:35.539628 16152 tablet_service.cc:1917] Received RequestConsensusVote() RPC: tablet_id: "95107f13eca342349f17abdf7fa70f94" candidate_uuid: "3de94e4528754d508313e7a23c90fb49" candidate_term: 1 candidate_status { last_received { term: 0 index: 0 } } ignore_live_leader: false dest_uuid: "1d2539c1d9d1462ab5315e7124baac3e" is_pre_election: true
I20260709 13:05:35.526564 16381 consensus_queue.cc:1048] T 9acdb7a57bf34364b783dc6995911679 P 1d2539c1d9d1462ab5315e7124baac3e [LEADER]: Connected to new peer: Peer: permanent_uuid: "3de94e4528754d508313e7a23c90fb49" member_type: VOTER last_known_addr { host: "127.14.166.194" port: 44227 }, Status: LMP_MISMATCH, Last received: 0.0, Next index: 1, Last known committed idx: 0, Time since last communication: 0.014s
W20260709 13:05:35.542060 16192 leader_election.cc:343] T 95107f13eca342349f17abdf7fa70f94 P 3de94e4528754d508313e7a23c90fb49 [CANDIDATE]: Term 1 pre-election: Tablet error from VoteRequest() call to peer b9140bb9e68346109b866d5e46ed3e3e (127.14.166.195:45055): Illegal state: must be running to vote when last-logged opid is not known
I20260709 13:05:35.548184 16302 raft_consensus.cc:2468] T 67a296f1f4b24a0ea568fc1fc7be764d P b9140bb9e68346109b866d5e46ed3e3e [term 1 FOLLOWER]: Leader election vote request: Granting yes vote for candidate 1d2539c1d9d1462ab5315e7124baac3e in term 1.
I20260709 13:05:35.549360 16342 tablet_bootstrap.cc:492] T 74bd814cd79d4c1488775157e0b75c0a P 3de94e4528754d508313e7a23c90fb49: No bootstrap required, opened a new log
I20260709 13:05:35.551237 16350 tablet_bootstrap.cc:492] T 74bd814cd79d4c1488775157e0b75c0a P 1d2539c1d9d1462ab5315e7124baac3e: Bootstrap starting.
I20260709 13:05:35.557736 16223 raft_consensus.cc:2468] T 67a296f1f4b24a0ea568fc1fc7be764d P 3de94e4528754d508313e7a23c90fb49 [term 1 FOLLOWER]: Leader election vote request: Granting yes vote for candidate 1d2539c1d9d1462ab5315e7124baac3e in term 1.
I20260709 13:05:35.557996 16411 raft_consensus.cc:493] T b0b257f34cce4f44af8bb48c49f2ea7c P b9140bb9e68346109b866d5e46ed3e3e [term 0 FOLLOWER]: Starting pre-election (no leader contacted us within the election timeout)
I20260709 13:05:35.558334 16266 leader_election.cc:304] T 931bf2f67dbf4ae1bf46494583fe5dbc P b9140bb9e68346109b866d5e46ed3e3e [CANDIDATE]: Term 1 pre-election: Election decided. Result: candidate won. Election summary: received 2 responses out of 3 voters: 2 yes votes; 0 no votes. yes voters: 3de94e4528754d508313e7a23c90fb49, b9140bb9e68346109b866d5e46ed3e3e; no voters: 
I20260709 13:05:35.565557 16411 raft_consensus.cc:515] T b0b257f34cce4f44af8bb48c49f2ea7c P b9140bb9e68346109b866d5e46ed3e3e [term 0 FOLLOWER]: Starting pre-election with config: opid_index: -1 OBSOLETE_local: false peers { permanent_uuid: "1d2539c1d9d1462ab5315e7124baac3e" member_type: VOTER last_known_addr { host: "127.14.166.193" port: 44595 } } peers { permanent_uuid: "3de94e4528754d508313e7a23c90fb49" member_type: VOTER last_known_addr { host: "127.14.166.194" port: 44227 } } peers { permanent_uuid: "b9140bb9e68346109b866d5e46ed3e3e" member_type: VOTER last_known_addr { host: "127.14.166.195" port: 45055 } }
I20260709 13:05:35.570333 16577 consensus_queue.cc:1048] T 9acdb7a57bf34364b783dc6995911679 P 1d2539c1d9d1462ab5315e7124baac3e [LEADER]: Connected to new peer: Peer: permanent_uuid: "b9140bb9e68346109b866d5e46ed3e3e" member_type: VOTER last_known_addr { host: "127.14.166.195" port: 45055 }, Status: LMP_MISMATCH, Last received: 0.0, Next index: 1, Last known committed idx: 0, Time since last communication: 0.001s
I20260709 13:05:35.571501 16351 tablet_bootstrap.cc:492] T 49cf0034e5794e77b1cef3cf800056ae P b9140bb9e68346109b866d5e46ed3e3e: No bootstrap required, opened a new log
I20260709 13:05:35.572150 16351 ts_tablet_manager.cc:1403] T 49cf0034e5794e77b1cef3cf800056ae P b9140bb9e68346109b866d5e46ed3e3e: Time spent bootstrapping tablet: real 0.192s	user 0.014s	sys 0.009s
I20260709 13:05:35.571497 16342 ts_tablet_manager.cc:1403] T 74bd814cd79d4c1488775157e0b75c0a P 3de94e4528754d508313e7a23c90fb49: Time spent bootstrapping tablet: real 0.363s	user 0.017s	sys 0.012s
I20260709 13:05:35.576252 16351 raft_consensus.cc:359] T 49cf0034e5794e77b1cef3cf800056ae P b9140bb9e68346109b866d5e46ed3e3e [term 0 FOLLOWER]: Replica starting. Triggering 0 pending ops. Active config: opid_index: -1 OBSOLETE_local: false peers { permanent_uuid: "1d2539c1d9d1462ab5315e7124baac3e" member_type: VOTER last_known_addr { host: "127.14.166.193" port: 44595 } } peers { permanent_uuid: "3de94e4528754d508313e7a23c90fb49" member_type: VOTER last_known_addr { host: "127.14.166.194" port: 44227 } } peers { permanent_uuid: "b9140bb9e68346109b866d5e46ed3e3e" member_type: VOTER last_known_addr { host: "127.14.166.195" port: 45055 } }
I20260709 13:05:35.577059 16351 raft_consensus.cc:385] T 49cf0034e5794e77b1cef3cf800056ae P b9140bb9e68346109b866d5e46ed3e3e [term 0 FOLLOWER]: Consensus starting up: Expiring failure detector timer to make a prompt election more likely
I20260709 13:05:35.577328 16351 raft_consensus.cc:740] T 49cf0034e5794e77b1cef3cf800056ae P b9140bb9e68346109b866d5e46ed3e3e [term 0 FOLLOWER]: Becoming Follower/Learner. State: Replica: b9140bb9e68346109b866d5e46ed3e3e, State: Initialized, Role: FOLLOWER
I20260709 13:05:35.580374 16351 consensus_queue.cc:260] T 49cf0034e5794e77b1cef3cf800056ae P b9140bb9e68346109b866d5e46ed3e3e [NON_LEADER]: Queue going to NON_LEADER mode. State: All replicated index: 0, Majority replicated index: 0, Committed index: 0, Last appended: 0.0, Last appended by leader: 0, Current term: 0, Majority size: -1, State: 0, Mode: NON_LEADER, active raft config: opid_index: -1 OBSOLETE_local: false peers { permanent_uuid: "1d2539c1d9d1462ab5315e7124baac3e" member_type: VOTER last_known_addr { host: "127.14.166.193" port: 44595 } } peers { permanent_uuid: "3de94e4528754d508313e7a23c90fb49" member_type: VOTER last_known_addr { host: "127.14.166.194" port: 44227 } } peers { permanent_uuid: "b9140bb9e68346109b866d5e46ed3e3e" member_type: VOTER last_known_addr { host: "127.14.166.195" port: 45055 } }
I20260709 13:05:35.586189 16369 raft_consensus.cc:2804] T 931bf2f67dbf4ae1bf46494583fe5dbc P b9140bb9e68346109b866d5e46ed3e3e [term 0 FOLLOWER]: Leader pre-election won for term 1
I20260709 13:05:35.586584 16369 raft_consensus.cc:493] T 931bf2f67dbf4ae1bf46494583fe5dbc P b9140bb9e68346109b866d5e46ed3e3e [term 0 FOLLOWER]: Starting leader election (no leader contacted us within the election timeout)
I20260709 13:05:35.586623 16411 leader_election.cc:290] T b0b257f34cce4f44af8bb48c49f2ea7c P b9140bb9e68346109b866d5e46ed3e3e [CANDIDATE]: Term 1 pre-election: Requested pre-vote from peers 1d2539c1d9d1462ab5315e7124baac3e (127.14.166.193:44595), 3de94e4528754d508313e7a23c90fb49 (127.14.166.194:44227)
I20260709 13:05:35.587036 16369 raft_consensus.cc:3060] T 931bf2f67dbf4ae1bf46494583fe5dbc P b9140bb9e68346109b866d5e46ed3e3e [term 0 FOLLOWER]: Advancing to term 1
I20260709 13:05:35.593514 16226 tablet_service.cc:1917] Received RequestConsensusVote() RPC: tablet_id: "b0b257f34cce4f44af8bb48c49f2ea7c" candidate_uuid: "b9140bb9e68346109b866d5e46ed3e3e" candidate_term: 1 candidate_status { last_received { term: 0 index: 0 } } ignore_live_leader: false dest_uuid: "3de94e4528754d508313e7a23c90fb49" is_pre_election: true
I20260709 13:05:35.600729 16226 raft_consensus.cc:2468] T b0b257f34cce4f44af8bb48c49f2ea7c P 3de94e4528754d508313e7a23c90fb49 [term 0 FOLLOWER]: Leader pre-election vote request: Granting yes vote for candidate b9140bb9e68346109b866d5e46ed3e3e in term 0.
I20260709 13:05:35.603245 16342 raft_consensus.cc:359] T 74bd814cd79d4c1488775157e0b75c0a P 3de94e4528754d508313e7a23c90fb49 [term 0 FOLLOWER]: Replica starting. Triggering 0 pending ops. Active config: opid_index: -1 OBSOLETE_local: false peers { permanent_uuid: "1d2539c1d9d1462ab5315e7124baac3e" member_type: VOTER last_known_addr { host: "127.14.166.193" port: 44595 } } peers { permanent_uuid: "3de94e4528754d508313e7a23c90fb49" member_type: VOTER last_known_addr { host: "127.14.166.194" port: 44227 } } peers { permanent_uuid: "b9140bb9e68346109b866d5e46ed3e3e" member_type: VOTER last_known_addr { host: "127.14.166.195" port: 45055 } }
I20260709 13:05:35.604212 16342 raft_consensus.cc:385] T 74bd814cd79d4c1488775157e0b75c0a P 3de94e4528754d508313e7a23c90fb49 [term 0 FOLLOWER]: Consensus starting up: Expiring failure detector timer to make a prompt election more likely
I20260709 13:05:35.604586 16342 raft_consensus.cc:740] T 74bd814cd79d4c1488775157e0b75c0a P 3de94e4528754d508313e7a23c90fb49 [term 0 FOLLOWER]: Becoming Follower/Learner. State: Replica: 3de94e4528754d508313e7a23c90fb49, State: Initialized, Role: FOLLOWER
I20260709 13:05:35.595935 16117 leader_election.cc:304] T 67a296f1f4b24a0ea568fc1fc7be764d P 1d2539c1d9d1462ab5315e7124baac3e [CANDIDATE]: Term 1 election: Election decided. Result: candidate won. Election summary: received 2 responses out of 3 voters: 2 yes votes; 0 no votes. yes voters: 1d2539c1d9d1462ab5315e7124baac3e, 3de94e4528754d508313e7a23c90fb49; no voters: 
I20260709 13:05:35.607363 16342 consensus_queue.cc:260] T 74bd814cd79d4c1488775157e0b75c0a P 3de94e4528754d508313e7a23c90fb49 [NON_LEADER]: Queue going to NON_LEADER mode. State: All replicated index: 0, Majority replicated index: 0, Committed index: 0, Last appended: 0.0, Last appended by leader: 0, Current term: 0, Majority size: -1, State: 0, Mode: NON_LEADER, active raft config: opid_index: -1 OBSOLETE_local: false peers { permanent_uuid: "1d2539c1d9d1462ab5315e7124baac3e" member_type: VOTER last_known_addr { host: "127.14.166.193" port: 44595 } } peers { permanent_uuid: "3de94e4528754d508313e7a23c90fb49" member_type: VOTER last_known_addr { host: "127.14.166.194" port: 44227 } } peers { permanent_uuid: "b9140bb9e68346109b866d5e46ed3e3e" member_type: VOTER last_known_addr { host: "127.14.166.195" port: 45055 } }
I20260709 13:05:35.611195 16381 raft_consensus.cc:2804] T 67a296f1f4b24a0ea568fc1fc7be764d P 1d2539c1d9d1462ab5315e7124baac3e [term 1 FOLLOWER]: Leader election won for term 1
I20260709 13:05:35.611853 16381 raft_consensus.cc:697] T 67a296f1f4b24a0ea568fc1fc7be764d P 1d2539c1d9d1462ab5315e7124baac3e [term 1 LEADER]: Becoming Leader. State: Replica: 1d2539c1d9d1462ab5315e7124baac3e, State: Running, Role: LEADER
I20260709 13:05:35.613108 16381 consensus_queue.cc:237] T 67a296f1f4b24a0ea568fc1fc7be764d P 1d2539c1d9d1462ab5315e7124baac3e [LEADER]: Queue going to LEADER mode. State: All replicated index: 0, Majority replicated index: 0, Committed index: 0, Last appended: 0.0, Last appended by leader: 0, Current term: 1, Majority size: 2, State: 0, Mode: LEADER, active raft config: opid_index: -1 OBSOLETE_local: false peers { permanent_uuid: "1d2539c1d9d1462ab5315e7124baac3e" member_type: VOTER last_known_addr { host: "127.14.166.193" port: 44595 } } peers { permanent_uuid: "3de94e4528754d508313e7a23c90fb49" member_type: VOTER last_known_addr { host: "127.14.166.194" port: 44227 } } peers { permanent_uuid: "b9140bb9e68346109b866d5e46ed3e3e" member_type: VOTER last_known_addr { host: "127.14.166.195" port: 45055 } }
I20260709 13:05:35.613885 16577 consensus_queue.cc:1048] T 9499ffb7ba6344a8904918eb8d649c5a P 1d2539c1d9d1462ab5315e7124baac3e [LEADER]: Connected to new peer: Peer: permanent_uuid: "b9140bb9e68346109b866d5e46ed3e3e" member_type: VOTER last_known_addr { host: "127.14.166.195" port: 45055 }, Status: LMP_MISMATCH, Last received: 0.0, Next index: 1, Last known committed idx: 0, Time since last communication: 0.000s
I20260709 13:05:35.631994 16342 ts_tablet_manager.cc:1434] T 74bd814cd79d4c1488775157e0b75c0a P 3de94e4528754d508313e7a23c90fb49: Time spent starting tablet: real 0.059s	user 0.008s	sys 0.000s
I20260709 13:05:35.621357 16369 raft_consensus.cc:515] T 931bf2f67dbf4ae1bf46494583fe5dbc P b9140bb9e68346109b866d5e46ed3e3e [term 1 FOLLOWER]: Starting leader election with config: opid_index: -1 OBSOLETE_local: false peers { permanent_uuid: "1d2539c1d9d1462ab5315e7124baac3e" member_type: VOTER last_known_addr { host: "127.14.166.193" port: 44595 } } peers { permanent_uuid: "3de94e4528754d508313e7a23c90fb49" member_type: VOTER last_known_addr { host: "127.14.166.194" port: 44227 } } peers { permanent_uuid: "b9140bb9e68346109b866d5e46ed3e3e" member_type: VOTER last_known_addr { host: "127.14.166.195" port: 45055 } }
I20260709 13:05:35.637043 16577 raft_consensus.cc:493] T 99d88b00d0624156ad7a195af724db8e P 1d2539c1d9d1462ab5315e7124baac3e [term 0 FOLLOWER]: Starting pre-election (no leader contacted us within the election timeout)
I20260709 13:05:35.643378 16577 raft_consensus.cc:515] T 99d88b00d0624156ad7a195af724db8e P 1d2539c1d9d1462ab5315e7124baac3e [term 0 FOLLOWER]: Starting pre-election with config: opid_index: -1 OBSOLETE_local: false peers { permanent_uuid: "1d2539c1d9d1462ab5315e7124baac3e" member_type: VOTER last_known_addr { host: "127.14.166.193" port: 44595 } } peers { permanent_uuid: "3de94e4528754d508313e7a23c90fb49" member_type: VOTER last_known_addr { host: "127.14.166.194" port: 44227 } } peers { permanent_uuid: "b9140bb9e68346109b866d5e46ed3e3e" member_type: VOTER last_known_addr { host: "127.14.166.195" port: 45055 } }
I20260709 13:05:35.645629 16577 leader_election.cc:290] T 99d88b00d0624156ad7a195af724db8e P 1d2539c1d9d1462ab5315e7124baac3e [CANDIDATE]: Term 1 pre-election: Requested pre-vote from peers 3de94e4528754d508313e7a23c90fb49 (127.14.166.194:44227), b9140bb9e68346109b866d5e46ed3e3e (127.14.166.195:45055)
I20260709 13:05:35.646482 16513 raft_consensus.cc:493] T cf07528a30604e9794d3c031a601016c P 3de94e4528754d508313e7a23c90fb49 [term 0 FOLLOWER]: Starting pre-election (no leader contacted us within the election timeout)
I20260709 13:05:35.647091 16369 leader_election.cc:290] T 931bf2f67dbf4ae1bf46494583fe5dbc P b9140bb9e68346109b866d5e46ed3e3e [CANDIDATE]: Term 1 election: Requested vote from peers 1d2539c1d9d1462ab5315e7124baac3e (127.14.166.193:44595), 3de94e4528754d508313e7a23c90fb49 (127.14.166.194:44227)
I20260709 13:05:35.646967 16513 raft_consensus.cc:515] T cf07528a30604e9794d3c031a601016c P 3de94e4528754d508313e7a23c90fb49 [term 0 FOLLOWER]: Starting pre-election with config: opid_index: -1 OBSOLETE_local: false peers { permanent_uuid: "1d2539c1d9d1462ab5315e7124baac3e" member_type: VOTER last_known_addr { host: "127.14.166.193" port: 44595 } } peers { permanent_uuid: "3de94e4528754d508313e7a23c90fb49" member_type: VOTER last_known_addr { host: "127.14.166.194" port: 44227 } } peers { permanent_uuid: "b9140bb9e68346109b866d5e46ed3e3e" member_type: VOTER last_known_addr { host: "127.14.166.195" port: 45055 } }
I20260709 13:05:35.649055 16513 leader_election.cc:290] T cf07528a30604e9794d3c031a601016c P 3de94e4528754d508313e7a23c90fb49 [CANDIDATE]: Term 1 pre-election: Requested pre-vote from peers 1d2539c1d9d1462ab5315e7124baac3e (127.14.166.193:44595), b9140bb9e68346109b866d5e46ed3e3e (127.14.166.195:45055)
I20260709 13:05:35.650979 16302 tablet_service.cc:1917] Received RequestConsensusVote() RPC: tablet_id: "cf07528a30604e9794d3c031a601016c" candidate_uuid: "3de94e4528754d508313e7a23c90fb49" candidate_term: 1 candidate_status { last_received { term: 0 index: 0 } } ignore_live_leader: false dest_uuid: "b9140bb9e68346109b866d5e46ed3e3e" is_pre_election: true
I20260709 13:05:35.637524 16150 tablet_service.cc:1917] Received RequestConsensusVote() RPC: tablet_id: "353fab4a5cce48728ab2b9069c6a50f3" candidate_uuid: "b9140bb9e68346109b866d5e46ed3e3e" candidate_term: 1 candidate_status { last_received { term: 0 index: 0 } } ignore_live_leader: false dest_uuid: "1d2539c1d9d1462ab5315e7124baac3e" is_pre_election: true
I20260709 13:05:35.640625 16344 raft_consensus.cc:493] T 74bd814cd79d4c1488775157e0b75c0a P 3de94e4528754d508313e7a23c90fb49 [term 0 FOLLOWER]: Starting pre-election (no leader contacted us within the election timeout)
I20260709 13:05:35.652984 16344 raft_consensus.cc:515] T 74bd814cd79d4c1488775157e0b75c0a P 3de94e4528754d508313e7a23c90fb49 [term 0 FOLLOWER]: Starting pre-election with config: opid_index: -1 OBSOLETE_local: false peers { permanent_uuid: "1d2539c1d9d1462ab5315e7124baac3e" member_type: VOTER last_known_addr { host: "127.14.166.193" port: 44595 } } peers { permanent_uuid: "3de94e4528754d508313e7a23c90fb49" member_type: VOTER last_known_addr { host: "127.14.166.194" port: 44227 } } peers { permanent_uuid: "b9140bb9e68346109b866d5e46ed3e3e" member_type: VOTER last_known_addr { host: "127.14.166.195" port: 45055 } }
I20260709 13:05:35.651924 16350 tablet_bootstrap.cc:654] T 74bd814cd79d4c1488775157e0b75c0a P 1d2539c1d9d1462ab5315e7124baac3e: Neither blocks nor log segments found. Creating new log.
W20260709 13:05:35.655021 16192 leader_election.cc:343] T cf07528a30604e9794d3c031a601016c P 3de94e4528754d508313e7a23c90fb49 [CANDIDATE]: Term 1 pre-election: Tablet error from VoteRequest() call to peer b9140bb9e68346109b866d5e46ed3e3e (127.14.166.195:45055): Illegal state: must be running to vote when last-logged opid is not known
I20260709 13:05:35.662117 16344 leader_election.cc:290] T 74bd814cd79d4c1488775157e0b75c0a P 3de94e4528754d508313e7a23c90fb49 [CANDIDATE]: Term 1 pre-election: Requested pre-vote from peers 1d2539c1d9d1462ab5315e7124baac3e (127.14.166.193:44595), b9140bb9e68346109b866d5e46ed3e3e (127.14.166.195:45055)
I20260709 13:05:35.664233 16342 tablet_bootstrap.cc:492] T a8cb46e4f446484fa72eb73189a8ebb2 P 3de94e4528754d508313e7a23c90fb49: Bootstrap starting.
I20260709 13:05:35.688228 16351 ts_tablet_manager.cc:1434] T 49cf0034e5794e77b1cef3cf800056ae P b9140bb9e68346109b866d5e46ed3e3e: Time spent starting tablet: real 0.116s	user 0.007s	sys 0.002s
I20260709 13:05:35.685834 16513 raft_consensus.cc:493] T d61fc4a17502400a9371e0cc65f057e3 P 3de94e4528754d508313e7a23c90fb49 [term 0 FOLLOWER]: Starting pre-election (no leader contacted us within the election timeout)
I20260709 13:05:35.667946 16266 leader_election.cc:304] T b0b257f34cce4f44af8bb48c49f2ea7c P b9140bb9e68346109b866d5e46ed3e3e [CANDIDATE]: Term 1 pre-election: Election decided. Result: candidate won. Election summary: received 2 responses out of 3 voters: 2 yes votes; 0 no votes. yes voters: 3de94e4528754d508313e7a23c90fb49, b9140bb9e68346109b866d5e46ed3e3e; no voters: 
I20260709 13:05:35.697299 16225 tablet_service.cc:1917] Received RequestConsensusVote() RPC: tablet_id: "99d88b00d0624156ad7a195af724db8e" candidate_uuid: "1d2539c1d9d1462ab5315e7124baac3e" candidate_term: 1 candidate_status { last_received { term: 0 index: 0 } } ignore_live_leader: false dest_uuid: "3de94e4528754d508313e7a23c90fb49" is_pre_election: true
W20260709 13:05:35.698451 16266 outbound_call.cc:321] RPC callback for RPC call kudu.consensus.ConsensusService.RequestConsensusVote -> {remote=127.14.166.194:44227, user_credentials={real_user=slave}} blocked reactor thread for 62880.9us
I20260709 13:05:35.708302 16225 raft_consensus.cc:2468] T 99d88b00d0624156ad7a195af724db8e P 3de94e4528754d508313e7a23c90fb49 [term 0 FOLLOWER]: Leader pre-election vote request: Granting yes vote for candidate 1d2539c1d9d1462ab5315e7124baac3e in term 0.
I20260709 13:05:35.699954 16513 raft_consensus.cc:515] T d61fc4a17502400a9371e0cc65f057e3 P 3de94e4528754d508313e7a23c90fb49 [term 0 FOLLOWER]: Starting pre-election with config: opid_index: -1 OBSOLETE_local: false peers { permanent_uuid: "1d2539c1d9d1462ab5315e7124baac3e" member_type: VOTER last_known_addr { host: "127.14.166.193" port: 44595 } } peers { permanent_uuid: "3de94e4528754d508313e7a23c90fb49" member_type: VOTER last_known_addr { host: "127.14.166.194" port: 44227 } } peers { permanent_uuid: "b9140bb9e68346109b866d5e46ed3e3e" member_type: VOTER last_known_addr { host: "127.14.166.195" port: 45055 } }
I20260709 13:05:35.714869 16117 leader_election.cc:304] T 99d88b00d0624156ad7a195af724db8e P 1d2539c1d9d1462ab5315e7124baac3e [CANDIDATE]: Term 1 pre-election: Election decided. Result: candidate won. Election summary: received 2 responses out of 3 voters: 2 yes votes; 0 no votes. yes voters: 1d2539c1d9d1462ab5315e7124baac3e, 3de94e4528754d508313e7a23c90fb49; no voters: 
I20260709 13:05:35.709393 16150 tablet_service.cc:1917] Received RequestConsensusVote() RPC: tablet_id: "931bf2f67dbf4ae1bf46494583fe5dbc" candidate_uuid: "b9140bb9e68346109b866d5e46ed3e3e" candidate_term: 1 candidate_status { last_received { term: 0 index: 0 } } ignore_live_leader: false dest_uuid: "1d2539c1d9d1462ab5315e7124baac3e" is_pre_election: true
I20260709 13:05:35.717188 16298 tablet_service.cc:1917] Received RequestConsensusVote() RPC: tablet_id: "74bd814cd79d4c1488775157e0b75c0a" candidate_uuid: "3de94e4528754d508313e7a23c90fb49" candidate_term: 1 candidate_status { last_received { term: 0 index: 0 } } ignore_live_leader: false dest_uuid: "b9140bb9e68346109b866d5e46ed3e3e" is_pre_election: true
I20260709 13:05:35.718230 16577 raft_consensus.cc:2804] T 99d88b00d0624156ad7a195af724db8e P 1d2539c1d9d1462ab5315e7124baac3e [term 0 FOLLOWER]: Leader pre-election won for term 1
I20260709 13:05:35.715951 16587 raft_consensus.cc:2804] T b0b257f34cce4f44af8bb48c49f2ea7c P b9140bb9e68346109b866d5e46ed3e3e [term 0 FOLLOWER]: Leader pre-election won for term 1
I20260709 13:05:35.719878 16587 raft_consensus.cc:493] T b0b257f34cce4f44af8bb48c49f2ea7c P b9140bb9e68346109b866d5e46ed3e3e [term 0 FOLLOWER]: Starting leader election (no leader contacted us within the election timeout)
I20260709 13:05:35.721128 16587 raft_consensus.cc:3060] T b0b257f34cce4f44af8bb48c49f2ea7c P b9140bb9e68346109b866d5e46ed3e3e [term 0 FOLLOWER]: Advancing to term 1
I20260709 13:05:35.719411 16577 raft_consensus.cc:493] T 99d88b00d0624156ad7a195af724db8e P 1d2539c1d9d1462ab5315e7124baac3e [term 0 FOLLOWER]: Starting leader election (no leader contacted us within the election timeout)
I20260709 13:05:35.723948 16577 raft_consensus.cc:3060] T 99d88b00d0624156ad7a195af724db8e P 1d2539c1d9d1462ab5315e7124baac3e [term 0 FOLLOWER]: Advancing to term 1
I20260709 13:05:35.724591 16342 tablet_bootstrap.cc:654] T a8cb46e4f446484fa72eb73189a8ebb2 P 3de94e4528754d508313e7a23c90fb49: Neither blocks nor log segments found. Creating new log.
I20260709 13:05:35.724947 16513 leader_election.cc:290] T d61fc4a17502400a9371e0cc65f057e3 P 3de94e4528754d508313e7a23c90fb49 [CANDIDATE]: Term 1 pre-election: Requested pre-vote from peers 1d2539c1d9d1462ab5315e7124baac3e (127.14.166.193:44595), b9140bb9e68346109b866d5e46ed3e3e (127.14.166.195:45055)
I20260709 13:05:35.727602 16150 tablet_service.cc:1917] Received RequestConsensusVote() RPC: tablet_id: "b0b257f34cce4f44af8bb48c49f2ea7c" candidate_uuid: "b9140bb9e68346109b866d5e46ed3e3e" candidate_term: 1 candidate_status { last_received { term: 0 index: 0 } } ignore_live_leader: false dest_uuid: "1d2539c1d9d1462ab5315e7124baac3e" is_pre_election: true
I20260709 13:05:35.745079 16351 tablet_bootstrap.cc:492] T d61fc4a17502400a9371e0cc65f057e3 P b9140bb9e68346109b866d5e46ed3e3e: Bootstrap starting.
I20260709 13:05:35.757493 16298 tablet_service.cc:1917] Received RequestConsensusVote() RPC: tablet_id: "99d88b00d0624156ad7a195af724db8e" candidate_uuid: "1d2539c1d9d1462ab5315e7124baac3e" candidate_term: 1 candidate_status { last_received { term: 0 index: 0 } } ignore_live_leader: false dest_uuid: "b9140bb9e68346109b866d5e46ed3e3e" is_pre_election: true
W20260709 13:05:35.780287 16192 leader_election.cc:343] T 74bd814cd79d4c1488775157e0b75c0a P 3de94e4528754d508313e7a23c90fb49 [CANDIDATE]: Term 1 pre-election: Tablet error from VoteRequest() call to peer b9140bb9e68346109b866d5e46ed3e3e (127.14.166.195:45055): Illegal state: must be running to vote when last-logged opid is not known
I20260709 13:05:35.797591 16586 raft_consensus.cc:493] T 49cf0034e5794e77b1cef3cf800056ae P b9140bb9e68346109b866d5e46ed3e3e [term 0 FOLLOWER]: Starting pre-election (no leader contacted us within the election timeout)
I20260709 13:05:35.798252 16586 raft_consensus.cc:515] T 49cf0034e5794e77b1cef3cf800056ae P b9140bb9e68346109b866d5e46ed3e3e [term 0 FOLLOWER]: Starting pre-election with config: opid_index: -1 OBSOLETE_local: false peers { permanent_uuid: "1d2539c1d9d1462ab5315e7124baac3e" member_type: VOTER last_known_addr { host: "127.14.166.193" port: 44595 } } peers { permanent_uuid: "3de94e4528754d508313e7a23c90fb49" member_type: VOTER last_known_addr { host: "127.14.166.194" port: 44227 } } peers { permanent_uuid: "b9140bb9e68346109b866d5e46ed3e3e" member_type: VOTER last_known_addr { host: "127.14.166.195" port: 45055 } }
W20260709 13:05:35.812323 16192 leader_election.cc:343] T 54912ca1adaa41eabd1555618b6fd0c9 P 3de94e4528754d508313e7a23c90fb49 [CANDIDATE]: Term 1 pre-election: Tablet error from VoteRequest() call to peer 1d2539c1d9d1462ab5315e7124baac3e (127.14.166.193:44595): Illegal state: must be running to vote when last-logged opid is not known
I20260709 13:05:35.812903 16192 leader_election.cc:304] T 54912ca1adaa41eabd1555618b6fd0c9 P 3de94e4528754d508313e7a23c90fb49 [CANDIDATE]: Term 1 pre-election: Election decided. Result: candidate lost. Election summary: received 3 responses out of 3 voters: 1 yes votes; 2 no votes. yes voters: 3de94e4528754d508313e7a23c90fb49; no voters: 1d2539c1d9d1462ab5315e7124baac3e, b9140bb9e68346109b866d5e46ed3e3e
I20260709 13:05:35.814175 16511 consensus_queue.cc:1048] T 9499ffb7ba6344a8904918eb8d649c5a P 1d2539c1d9d1462ab5315e7124baac3e [LEADER]: Connected to new peer: Peer: permanent_uuid: "3de94e4528754d508313e7a23c90fb49" member_type: VOTER last_known_addr { host: "127.14.166.194" port: 44227 }, Status: LMP_MISMATCH, Last received: 0.0, Next index: 1, Last known committed idx: 0, Time since last communication: 0.001s
I20260709 13:05:35.836061 16516 consensus_queue.cc:1048] T d539521282a144728236c157459b8bfa P 3de94e4528754d508313e7a23c90fb49 [LEADER]: Connected to new peer: Peer: permanent_uuid: "1d2539c1d9d1462ab5315e7124baac3e" member_type: VOTER last_known_addr { host: "127.14.166.193" port: 44595 }, Status: LMP_MISMATCH, Last received: 0.0, Next index: 1, Last known committed idx: 0, Time since last communication: 0.002s
I20260709 13:05:35.837671 16513 raft_consensus.cc:2749] T 54912ca1adaa41eabd1555618b6fd0c9 P 3de94e4528754d508313e7a23c90fb49 [term 0 FOLLOWER]: Leader pre-election lost for term 1. Reason: could not achieve majority
W20260709 13:05:35.834911 16192 leader_election.cc:343] T e061dc0792444fa1a716bf74aabccbb3 P 3de94e4528754d508313e7a23c90fb49 [CANDIDATE]: Term 1 pre-election: Tablet error from VoteRequest() call to peer 1d2539c1d9d1462ab5315e7124baac3e (127.14.166.193:44595): Illegal state: must be running to vote when last-logged opid is not known
I20260709 13:05:35.855136 16192 leader_election.cc:304] T e061dc0792444fa1a716bf74aabccbb3 P 3de94e4528754d508313e7a23c90fb49 [CANDIDATE]: Term 1 pre-election: Election decided. Result: candidate lost. Election summary: received 3 responses out of 3 voters: 1 yes votes; 2 no votes. yes voters: 3de94e4528754d508313e7a23c90fb49; no voters: 1d2539c1d9d1462ab5315e7124baac3e, b9140bb9e68346109b866d5e46ed3e3e
I20260709 13:05:35.731263 16225 tablet_service.cc:1917] Received RequestConsensusVote() RPC: tablet_id: "931bf2f67dbf4ae1bf46494583fe5dbc" candidate_uuid: "b9140bb9e68346109b866d5e46ed3e3e" candidate_term: 1 candidate_status { last_received { term: 0 index: 0 } } ignore_live_leader: false dest_uuid: "3de94e4528754d508313e7a23c90fb49"
W20260709 13:05:35.885174 16192 outbound_call.cc:321] RPC callback for RPC call kudu.consensus.ConsensusService.RequestConsensusVote -> {remote=127.14.166.193:44595, user_credentials={real_user=slave}} blocked reactor thread for 50309.2us
I20260709 13:05:35.877367 16513 raft_consensus.cc:2749] T e061dc0792444fa1a716bf74aabccbb3 P 3de94e4528754d508313e7a23c90fb49 [term 0 FOLLOWER]: Leader pre-election lost for term 1. Reason: could not achieve majority
W20260709 13:05:35.887949 16192 leader_election.cc:343] T 95107f13eca342349f17abdf7fa70f94 P 3de94e4528754d508313e7a23c90fb49 [CANDIDATE]: Term 1 pre-election: Tablet error from VoteRequest() call to peer 1d2539c1d9d1462ab5315e7124baac3e (127.14.166.193:44595): Illegal state: must be running to vote when last-logged opid is not known
I20260709 13:05:35.888257 16192 leader_election.cc:304] T 95107f13eca342349f17abdf7fa70f94 P 3de94e4528754d508313e7a23c90fb49 [CANDIDATE]: Term 1 pre-election: Election decided. Result: candidate lost. Election summary: received 3 responses out of 3 voters: 1 yes votes; 2 no votes. yes voters: 3de94e4528754d508313e7a23c90fb49; no voters: 1d2539c1d9d1462ab5315e7124baac3e, b9140bb9e68346109b866d5e46ed3e3e
I20260709 13:05:35.893930 16298 tablet_service.cc:1917] Received RequestConsensusVote() RPC: tablet_id: "d61fc4a17502400a9371e0cc65f057e3" candidate_uuid: "3de94e4528754d508313e7a23c90fb49" candidate_term: 1 candidate_status { last_received { term: 0 index: 0 } } ignore_live_leader: false dest_uuid: "b9140bb9e68346109b866d5e46ed3e3e" is_pre_election: true
I20260709 13:05:35.892802 16344 consensus_queue.cc:1048] T 89aefe98caf741d4bd49b7634782db76 P 3de94e4528754d508313e7a23c90fb49 [LEADER]: Connected to new peer: Peer: permanent_uuid: "1d2539c1d9d1462ab5315e7124baac3e" member_type: VOTER last_known_addr { host: "127.14.166.193" port: 44595 }, Status: LMP_MISMATCH, Last received: 0.0, Next index: 1, Last known committed idx: 0, Time since last communication: 0.002s
I20260709 13:05:35.895509 16350 tablet_bootstrap.cc:492] T 74bd814cd79d4c1488775157e0b75c0a P 1d2539c1d9d1462ab5315e7124baac3e: No bootstrap required, opened a new log
I20260709 13:05:35.895987 16350 ts_tablet_manager.cc:1403] T 74bd814cd79d4c1488775157e0b75c0a P 1d2539c1d9d1462ab5315e7124baac3e: Time spent bootstrapping tablet: real 0.355s	user 0.007s	sys 0.028s
I20260709 13:05:35.895897 16576 consensus_queue.cc:1048] T 49cf0034e5794e77b1cef3cf800056ae P 1d2539c1d9d1462ab5315e7124baac3e [LEADER]: Connected to new peer: Peer: permanent_uuid: "3de94e4528754d508313e7a23c90fb49" member_type: VOTER last_known_addr { host: "127.14.166.194" port: 44227 }, Status: LMP_MISMATCH, Last received: 0.0, Next index: 1, Last known committed idx: 0, Time since last communication: 0.003s
I20260709 13:05:35.896875 16516 raft_consensus.cc:2749] T 95107f13eca342349f17abdf7fa70f94 P 3de94e4528754d508313e7a23c90fb49 [term 0 FOLLOWER]: Leader pre-election lost for term 1. Reason: could not achieve majority
I20260709 13:05:35.886782 16225 raft_consensus.cc:3060] T 931bf2f67dbf4ae1bf46494583fe5dbc P 3de94e4528754d508313e7a23c90fb49 [term 0 FOLLOWER]: Advancing to term 1
I20260709 13:05:35.900156 16350 raft_consensus.cc:359] T 74bd814cd79d4c1488775157e0b75c0a P 1d2539c1d9d1462ab5315e7124baac3e [term 0 FOLLOWER]: Replica starting. Triggering 0 pending ops. Active config: opid_index: -1 OBSOLETE_local: false peers { permanent_uuid: "1d2539c1d9d1462ab5315e7124baac3e" member_type: VOTER last_known_addr { host: "127.14.166.193" port: 44595 } } peers { permanent_uuid: "3de94e4528754d508313e7a23c90fb49" member_type: VOTER last_known_addr { host: "127.14.166.194" port: 44227 } } peers { permanent_uuid: "b9140bb9e68346109b866d5e46ed3e3e" member_type: VOTER last_known_addr { host: "127.14.166.195" port: 45055 } }
I20260709 13:05:35.900812 16350 raft_consensus.cc:385] T 74bd814cd79d4c1488775157e0b75c0a P 1d2539c1d9d1462ab5315e7124baac3e [term 0 FOLLOWER]: Consensus starting up: Expiring failure detector timer to make a prompt election more likely
I20260709 13:05:35.901084 16350 raft_consensus.cc:740] T 74bd814cd79d4c1488775157e0b75c0a P 1d2539c1d9d1462ab5315e7124baac3e [term 0 FOLLOWER]: Becoming Follower/Learner. State: Replica: 1d2539c1d9d1462ab5315e7124baac3e, State: Initialized, Role: FOLLOWER
I20260709 13:05:35.901784 16350 consensus_queue.cc:260] T 74bd814cd79d4c1488775157e0b75c0a P 1d2539c1d9d1462ab5315e7124baac3e [NON_LEADER]: Queue going to NON_LEADER mode. State: All replicated index: 0, Majority replicated index: 0, Committed index: 0, Last appended: 0.0, Last appended by leader: 0, Current term: 0, Majority size: -1, State: 0, Mode: NON_LEADER, active raft config: opid_index: -1 OBSOLETE_local: false peers { permanent_uuid: "1d2539c1d9d1462ab5315e7124baac3e" member_type: VOTER last_known_addr { host: "127.14.166.193" port: 44595 } } peers { permanent_uuid: "3de94e4528754d508313e7a23c90fb49" member_type: VOTER last_known_addr { host: "127.14.166.194" port: 44227 } } peers { permanent_uuid: "b9140bb9e68346109b866d5e46ed3e3e" member_type: VOTER last_known_addr { host: "127.14.166.195" port: 45055 } }
I20260709 13:05:35.905074 16586 leader_election.cc:290] T 49cf0034e5794e77b1cef3cf800056ae P b9140bb9e68346109b866d5e46ed3e3e [CANDIDATE]: Term 1 pre-election: Requested pre-vote from peers 1d2539c1d9d1462ab5315e7124baac3e (127.14.166.193:44595), 3de94e4528754d508313e7a23c90fb49 (127.14.166.194:44227)
I20260709 13:05:35.906512 16350 ts_tablet_manager.cc:1434] T 74bd814cd79d4c1488775157e0b75c0a P 1d2539c1d9d1462ab5315e7124baac3e: Time spent starting tablet: real 0.010s	user 0.007s	sys 0.000s
I20260709 13:05:35.907781 16350 tablet_bootstrap.cc:492] T bbcece4f45b842688e3c7cf565d0b3b7 P 1d2539c1d9d1462ab5315e7124baac3e: Bootstrap starting.
W20260709 13:05:35.908855 16117 leader_election.cc:343] T 99d88b00d0624156ad7a195af724db8e P 1d2539c1d9d1462ab5315e7124baac3e [CANDIDATE]: Term 1 pre-election: Tablet error from VoteRequest() call to peer b9140bb9e68346109b866d5e46ed3e3e (127.14.166.195:45055): Illegal state: must be running to vote when last-logged opid is not known
I20260709 13:05:35.910806 16226 tablet_service.cc:1917] Received RequestConsensusVote() RPC: tablet_id: "49cf0034e5794e77b1cef3cf800056ae" candidate_uuid: "b9140bb9e68346109b866d5e46ed3e3e" candidate_term: 1 candidate_status { last_received { term: 0 index: 0 } } ignore_live_leader: false dest_uuid: "3de94e4528754d508313e7a23c90fb49" is_pre_election: true
I20260709 13:05:35.910840 16266 leader_election.cc:304] T 353fab4a5cce48728ab2b9069c6a50f3 P b9140bb9e68346109b866d5e46ed3e3e [CANDIDATE]: Term 1 pre-election: Election decided. Result: candidate lost. Election summary: received 3 responses out of 3 voters: 1 yes votes; 2 no votes. yes voters: b9140bb9e68346109b866d5e46ed3e3e; no voters: 1d2539c1d9d1462ab5315e7124baac3e, 3de94e4528754d508313e7a23c90fb49
I20260709 13:05:35.911746 16411 raft_consensus.cc:2749] T 353fab4a5cce48728ab2b9069c6a50f3 P b9140bb9e68346109b866d5e46ed3e3e [term 1 FOLLOWER]: Leader pre-election lost for term 1. Reason: could not achieve majority
I20260709 13:05:35.911966 16226 raft_consensus.cc:2393] T 49cf0034e5794e77b1cef3cf800056ae P 3de94e4528754d508313e7a23c90fb49 [term 1 FOLLOWER]: Leader pre-election vote request: Denying vote to candidate b9140bb9e68346109b866d5e46ed3e3e in current term 1: Already voted for candidate 1d2539c1d9d1462ab5315e7124baac3e in this term.
I20260709 13:05:35.927567 16577 raft_consensus.cc:515] T 99d88b00d0624156ad7a195af724db8e P 1d2539c1d9d1462ab5315e7124baac3e [term 1 FOLLOWER]: Starting leader election with config: opid_index: -1 OBSOLETE_local: false peers { permanent_uuid: "1d2539c1d9d1462ab5315e7124baac3e" member_type: VOTER last_known_addr { host: "127.14.166.193" port: 44595 } } peers { permanent_uuid: "3de94e4528754d508313e7a23c90fb49" member_type: VOTER last_known_addr { host: "127.14.166.194" port: 44227 } } peers { permanent_uuid: "b9140bb9e68346109b866d5e46ed3e3e" member_type: VOTER last_known_addr { host: "127.14.166.195" port: 45055 } }
I20260709 13:05:35.927919 16587 raft_consensus.cc:515] T b0b257f34cce4f44af8bb48c49f2ea7c P b9140bb9e68346109b866d5e46ed3e3e [term 1 FOLLOWER]: Starting leader election with config: opid_index: -1 OBSOLETE_local: false peers { permanent_uuid: "1d2539c1d9d1462ab5315e7124baac3e" member_type: VOTER last_known_addr { host: "127.14.166.193" port: 44595 } } peers { permanent_uuid: "3de94e4528754d508313e7a23c90fb49" member_type: VOTER last_known_addr { host: "127.14.166.194" port: 44227 } } peers { permanent_uuid: "b9140bb9e68346109b866d5e46ed3e3e" member_type: VOTER last_known_addr { host: "127.14.166.195" port: 45055 } }
I20260709 13:05:35.932173 16587 leader_election.cc:290] T b0b257f34cce4f44af8bb48c49f2ea7c P b9140bb9e68346109b866d5e46ed3e3e [CANDIDATE]: Term 1 election: Requested vote from peers 1d2539c1d9d1462ab5315e7124baac3e (127.14.166.193:44595), 3de94e4528754d508313e7a23c90fb49 (127.14.166.194:44227)
I20260709 13:05:35.937040 16150 tablet_service.cc:1917] Received RequestConsensusVote() RPC: tablet_id: "cf07528a30604e9794d3c031a601016c" candidate_uuid: "3de94e4528754d508313e7a23c90fb49" candidate_term: 1 candidate_status { last_received { term: 0 index: 0 } } ignore_live_leader: false dest_uuid: "1d2539c1d9d1462ab5315e7124baac3e" is_pre_election: true
I20260709 13:05:35.939029 16147 tablet_service.cc:1917] Received RequestConsensusVote() RPC: tablet_id: "d61fc4a17502400a9371e0cc65f057e3" candidate_uuid: "3de94e4528754d508313e7a23c90fb49" candidate_term: 1 candidate_status { last_received { term: 0 index: 0 } } ignore_live_leader: false dest_uuid: "1d2539c1d9d1462ab5315e7124baac3e" is_pre_election: true
I20260709 13:05:35.939575 16150 tablet_service.cc:1917] Received RequestConsensusVote() RPC: tablet_id: "74bd814cd79d4c1488775157e0b75c0a" candidate_uuid: "3de94e4528754d508313e7a23c90fb49" candidate_term: 1 candidate_status { last_received { term: 0 index: 0 } } ignore_live_leader: false dest_uuid: "1d2539c1d9d1462ab5315e7124baac3e" is_pre_election: true
I20260709 13:05:35.940212 16150 raft_consensus.cc:2468] T 74bd814cd79d4c1488775157e0b75c0a P 1d2539c1d9d1462ab5315e7124baac3e [term 0 FOLLOWER]: Leader pre-election vote request: Granting yes vote for candidate 3de94e4528754d508313e7a23c90fb49 in term 0.
I20260709 13:05:35.941133 16152 tablet_service.cc:1917] Received RequestConsensusVote() RPC: tablet_id: "931bf2f67dbf4ae1bf46494583fe5dbc" candidate_uuid: "b9140bb9e68346109b866d5e46ed3e3e" candidate_term: 1 candidate_status { last_received { term: 0 index: 0 } } ignore_live_leader: false dest_uuid: "1d2539c1d9d1462ab5315e7124baac3e"
I20260709 13:05:35.942883 16225 raft_consensus.cc:2468] T 931bf2f67dbf4ae1bf46494583fe5dbc P 3de94e4528754d508313e7a23c90fb49 [term 1 FOLLOWER]: Leader election vote request: Granting yes vote for candidate b9140bb9e68346109b866d5e46ed3e3e in term 1.
I20260709 13:05:35.946805 16301 raft_consensus.cc:3060] T 49cf0034e5794e77b1cef3cf800056ae P b9140bb9e68346109b866d5e46ed3e3e [term 0 FOLLOWER]: Advancing to term 1
I20260709 13:05:35.949659 16351 tablet_bootstrap.cc:654] T d61fc4a17502400a9371e0cc65f057e3 P b9140bb9e68346109b866d5e46ed3e3e: Neither blocks nor log segments found. Creating new log.
I20260709 13:05:35.949055 16048 catalog_manager.cc:5697] T 49cf0034e5794e77b1cef3cf800056ae P 1d2539c1d9d1462ab5315e7124baac3e reported cstate change: term changed from 0 to 1, leader changed from <none> to 1d2539c1d9d1462ab5315e7124baac3e (127.14.166.193). New cstate: current_term: 1 leader_uuid: "1d2539c1d9d1462ab5315e7124baac3e" committed_config { opid_index: -1 OBSOLETE_local: false peers { permanent_uuid: "1d2539c1d9d1462ab5315e7124baac3e" member_type: VOTER last_known_addr { host: "127.14.166.193" port: 44595 } health_report { overall_health: HEALTHY } } peers { permanent_uuid: "3de94e4528754d508313e7a23c90fb49" member_type: VOTER last_known_addr { host: "127.14.166.194" port: 44227 } health_report { overall_health: UNKNOWN } } peers { permanent_uuid: "b9140bb9e68346109b866d5e46ed3e3e" member_type: VOTER last_known_addr { host: "127.14.166.195" port: 45055 } health_report { overall_health: UNKNOWN } } }
I20260709 13:05:35.951341 16048 catalog_manager.cc:5697] T 67a296f1f4b24a0ea568fc1fc7be764d P 1d2539c1d9d1462ab5315e7124baac3e reported cstate change: term changed from 0 to 1, leader changed from <none> to 1d2539c1d9d1462ab5315e7124baac3e (127.14.166.193). New cstate: current_term: 1 leader_uuid: "1d2539c1d9d1462ab5315e7124baac3e" committed_config { opid_index: -1 OBSOLETE_local: false peers { permanent_uuid: "1d2539c1d9d1462ab5315e7124baac3e" member_type: VOTER last_known_addr { host: "127.14.166.193" port: 44595 } health_report { overall_health: HEALTHY } } peers { permanent_uuid: "3de94e4528754d508313e7a23c90fb49" member_type: VOTER last_known_addr { host: "127.14.166.194" port: 44227 } health_report { overall_health: UNKNOWN } } peers { permanent_uuid: "b9140bb9e68346109b866d5e46ed3e3e" member_type: VOTER last_known_addr { host: "127.14.166.195" port: 45055 } health_report { overall_health: UNKNOWN } } }
I20260709 13:05:35.957075 16350 tablet_bootstrap.cc:654] T bbcece4f45b842688e3c7cf565d0b3b7 P 1d2539c1d9d1462ab5315e7124baac3e: Neither blocks nor log segments found. Creating new log.
W20260709 13:05:35.959786 16192 outbound_call.cc:321] RPC callback for RPC call kudu.consensus.ConsensusService.UpdateConsensus -> {remote=127.14.166.193:44595, user_credentials={real_user=slave}} blocked reactor thread for 65280.9us
W20260709 13:05:35.960922 16192 leader_election.cc:343] T d61fc4a17502400a9371e0cc65f057e3 P 3de94e4528754d508313e7a23c90fb49 [CANDIDATE]: Term 1 pre-election: Tablet error from VoteRequest() call to peer b9140bb9e68346109b866d5e46ed3e3e (127.14.166.195:45055): Illegal state: must be running to vote when last-logged opid is not known
W20260709 13:05:35.965098 16266 leader_election.cc:343] T 931bf2f67dbf4ae1bf46494583fe5dbc P b9140bb9e68346109b866d5e46ed3e3e [CANDIDATE]: Term 1 pre-election: Tablet error from VoteRequest() call to peer 1d2539c1d9d1462ab5315e7124baac3e (127.14.166.193:44595): Illegal state: must be running to vote when last-logged opid is not known
W20260709 13:05:35.966168 16266 leader_election.cc:343] T b0b257f34cce4f44af8bb48c49f2ea7c P b9140bb9e68346109b866d5e46ed3e3e [CANDIDATE]: Term 1 pre-election: Tablet error from VoteRequest() call to peer 1d2539c1d9d1462ab5315e7124baac3e (127.14.166.193:44595): Illegal state: must be running to vote when last-logged opid is not known
I20260709 13:05:35.959569 16381 consensus_queue.cc:1048] T 49cf0034e5794e77b1cef3cf800056ae P 1d2539c1d9d1462ab5315e7124baac3e [LEADER]: Connected to new peer: Peer: permanent_uuid: "b9140bb9e68346109b866d5e46ed3e3e" member_type: VOTER last_known_addr { host: "127.14.166.195" port: 45055 }, Status: LMP_MISMATCH, Last received: 0.0, Next index: 1, Last known committed idx: 0, Time since last communication: 0.009s
I20260709 13:05:35.974303 16266 leader_election.cc:304] T 931bf2f67dbf4ae1bf46494583fe5dbc P b9140bb9e68346109b866d5e46ed3e3e [CANDIDATE]: Term 1 election: Election decided. Result: candidate won. Election summary: received 2 responses out of 3 voters: 2 yes votes; 0 no votes. yes voters: 3de94e4528754d508313e7a23c90fb49, b9140bb9e68346109b866d5e46ed3e3e; no voters: 
I20260709 13:05:35.977339 16411 raft_consensus.cc:2804] T 931bf2f67dbf4ae1bf46494583fe5dbc P b9140bb9e68346109b866d5e46ed3e3e [term 1 FOLLOWER]: Leader election won for term 1
I20260709 13:05:35.977789 16411 raft_consensus.cc:697] T 931bf2f67dbf4ae1bf46494583fe5dbc P b9140bb9e68346109b866d5e46ed3e3e [term 1 LEADER]: Becoming Leader. State: Replica: b9140bb9e68346109b866d5e46ed3e3e, State: Running, Role: LEADER
I20260709 13:05:35.978597 16411 consensus_queue.cc:237] T 931bf2f67dbf4ae1bf46494583fe5dbc P b9140bb9e68346109b866d5e46ed3e3e [LEADER]: Queue going to LEADER mode. State: All replicated index: 0, Majority replicated index: 0, Committed index: 0, Last appended: 0.0, Last appended by leader: 0, Current term: 1, Majority size: 2, State: 0, Mode: LEADER, active raft config: opid_index: -1 OBSOLETE_local: false peers { permanent_uuid: "1d2539c1d9d1462ab5315e7124baac3e" member_type: VOTER last_known_addr { host: "127.14.166.193" port: 44595 } } peers { permanent_uuid: "3de94e4528754d508313e7a23c90fb49" member_type: VOTER last_known_addr { host: "127.14.166.194" port: 44227 } } peers { permanent_uuid: "b9140bb9e68346109b866d5e46ed3e3e" member_type: VOTER last_known_addr { host: "127.14.166.195" port: 45055 } }
I20260709 13:05:35.979256 16221 tablet_service.cc:1917] Received RequestConsensusVote() RPC: tablet_id: "b0b257f34cce4f44af8bb48c49f2ea7c" candidate_uuid: "b9140bb9e68346109b866d5e46ed3e3e" candidate_term: 1 candidate_status { last_received { term: 0 index: 0 } } ignore_live_leader: false dest_uuid: "3de94e4528754d508313e7a23c90fb49"
I20260709 13:05:35.979873 16221 raft_consensus.cc:3060] T b0b257f34cce4f44af8bb48c49f2ea7c P 3de94e4528754d508313e7a23c90fb49 [term 0 FOLLOWER]: Advancing to term 1
I20260709 13:05:35.985795 16342 tablet_bootstrap.cc:492] T a8cb46e4f446484fa72eb73189a8ebb2 P 3de94e4528754d508313e7a23c90fb49: No bootstrap required, opened a new log
I20260709 13:05:35.986299 16342 ts_tablet_manager.cc:1403] T a8cb46e4f446484fa72eb73189a8ebb2 P 3de94e4528754d508313e7a23c90fb49: Time spent bootstrapping tablet: real 0.322s	user 0.012s	sys 0.010s
I20260709 13:05:36.004458 16577 leader_election.cc:290] T 99d88b00d0624156ad7a195af724db8e P 1d2539c1d9d1462ab5315e7124baac3e [CANDIDATE]: Term 1 election: Requested vote from peers 3de94e4528754d508313e7a23c90fb49 (127.14.166.194:44227), b9140bb9e68346109b866d5e46ed3e3e (127.14.166.195:45055)
W20260709 13:05:36.004683 16192 leader_election.cc:343] T cf07528a30604e9794d3c031a601016c P 3de94e4528754d508313e7a23c90fb49 [CANDIDATE]: Term 1 pre-election: Tablet error from VoteRequest() call to peer 1d2539c1d9d1462ab5315e7124baac3e (127.14.166.193:44595): Illegal state: must be running to vote when last-logged opid is not known
I20260709 13:05:36.010828 16192 leader_election.cc:304] T cf07528a30604e9794d3c031a601016c P 3de94e4528754d508313e7a23c90fb49 [CANDIDATE]: Term 1 pre-election: Election decided. Result: candidate lost. Election summary: received 3 responses out of 3 voters: 1 yes votes; 2 no votes. yes voters: 3de94e4528754d508313e7a23c90fb49; no voters: 1d2539c1d9d1462ab5315e7124baac3e, b9140bb9e68346109b866d5e46ed3e3e
I20260709 13:05:36.017063 16344 raft_consensus.cc:2749] T cf07528a30604e9794d3c031a601016c P 3de94e4528754d508313e7a23c90fb49 [term 0 FOLLOWER]: Leader pre-election lost for term 1. Reason: could not achieve majority
I20260709 13:05:36.000478 16226 tablet_service.cc:1917] Received RequestConsensusVote() RPC: tablet_id: "99d88b00d0624156ad7a195af724db8e" candidate_uuid: "1d2539c1d9d1462ab5315e7124baac3e" candidate_term: 1 candidate_status { last_received { term: 0 index: 0 } } ignore_live_leader: false dest_uuid: "3de94e4528754d508313e7a23c90fb49"
I20260709 13:05:36.019127 16226 raft_consensus.cc:3060] T 99d88b00d0624156ad7a195af724db8e P 3de94e4528754d508313e7a23c90fb49 [term 0 FOLLOWER]: Advancing to term 1
I20260709 13:05:36.026597 16150 tablet_service.cc:1917] Received RequestConsensusVote() RPC: tablet_id: "49cf0034e5794e77b1cef3cf800056ae" candidate_uuid: "b9140bb9e68346109b866d5e46ed3e3e" candidate_term: 1 candidate_status { last_received { term: 0 index: 0 } } ignore_live_leader: false dest_uuid: "1d2539c1d9d1462ab5315e7124baac3e" is_pre_election: true
W20260709 13:05:36.051009 16192 outbound_call.cc:321] RPC callback for RPC call kudu.consensus.ConsensusService.RequestConsensusVote -> {remote=127.14.166.193:44595, user_credentials={real_user=slave}} blocked reactor thread for 52386.4us
W20260709 13:05:36.055775 16192 leader_election.cc:343] T d61fc4a17502400a9371e0cc65f057e3 P 3de94e4528754d508313e7a23c90fb49 [CANDIDATE]: Term 1 pre-election: Tablet error from VoteRequest() call to peer 1d2539c1d9d1462ab5315e7124baac3e (127.14.166.193:44595): Illegal state: must be running to vote when last-logged opid is not known
I20260709 13:05:36.056241 16192 leader_election.cc:304] T d61fc4a17502400a9371e0cc65f057e3 P 3de94e4528754d508313e7a23c90fb49 [CANDIDATE]: Term 1 pre-election: Election decided. Result: candidate lost. Election summary: received 3 responses out of 3 voters: 1 yes votes; 2 no votes. yes voters: 3de94e4528754d508313e7a23c90fb49; no voters: 1d2539c1d9d1462ab5315e7124baac3e, b9140bb9e68346109b866d5e46ed3e3e
I20260709 13:05:36.065626 16342 raft_consensus.cc:359] T a8cb46e4f446484fa72eb73189a8ebb2 P 3de94e4528754d508313e7a23c90fb49 [term 0 FOLLOWER]: Replica starting. Triggering 0 pending ops. Active config: opid_index: -1 OBSOLETE_local: false peers { permanent_uuid: "1d2539c1d9d1462ab5315e7124baac3e" member_type: VOTER last_known_addr { host: "127.14.166.193" port: 44595 } } peers { permanent_uuid: "3de94e4528754d508313e7a23c90fb49" member_type: VOTER last_known_addr { host: "127.14.166.194" port: 44227 } } peers { permanent_uuid: "b9140bb9e68346109b866d5e46ed3e3e" member_type: VOTER last_known_addr { host: "127.14.166.195" port: 45055 } }
I20260709 13:05:36.066329 16342 raft_consensus.cc:385] T a8cb46e4f446484fa72eb73189a8ebb2 P 3de94e4528754d508313e7a23c90fb49 [term 0 FOLLOWER]: Consensus starting up: Expiring failure detector timer to make a prompt election more likely
I20260709 13:05:36.066589 16342 raft_consensus.cc:740] T a8cb46e4f446484fa72eb73189a8ebb2 P 3de94e4528754d508313e7a23c90fb49 [term 0 FOLLOWER]: Becoming Follower/Learner. State: Replica: 3de94e4528754d508313e7a23c90fb49, State: Initialized, Role: FOLLOWER
