I20260709 13:05:35.090317 16221 tablet_service.cc:1917] Received RequestConsensusVote() RPC: tablet_id: "9499ffb7ba6344a8904918eb8d649c5a" candidate_uuid: "1d2539c1d9d1462ab5315e7124baac3e" candidate_term: 1 candidate_status { last_received { term: 0 index: 0 } } ignore_live_leader: false dest_uuid: "3de94e4528754d508313e7a23c90fb49" is_pre_election: true
I20260709 13:05:35.090618 16342 tablet_bootstrap.cc:492] T e061dc0792444fa1a716bf74aabccbb3 P 3de94e4528754d508313e7a23c90fb49: No bootstrap required, opened a new log
I20260709 13:05:35.091024 16342 ts_tablet_manager.cc:1403] T e061dc0792444fa1a716bf74aabccbb3 P 3de94e4528754d508313e7a23c90fb49: Time spent bootstrapping tablet: real 0.042s	user 0.008s	sys 0.006s
I20260709 13:05:35.090919 16221 raft_consensus.cc:2468] T 9499ffb7ba6344a8904918eb8d649c5a P 3de94e4528754d508313e7a23c90fb49 [term 0 FOLLOWER]: Leader pre-election vote request: Granting yes vote for candidate 1d2539c1d9d1462ab5315e7124baac3e in term 0.
I20260709 13:05:35.092154 16117 leader_election.cc:304] T 9499ffb7ba6344a8904918eb8d649c5a P 1d2539c1d9d1462ab5315e7124baac3e [CANDIDATE]: Term 1 pre-election: Election decided. Result: candidate won. Election summary: received 2 responses out of 3 voters: 2 yes votes; 0 no votes. yes voters: 1d2539c1d9d1462ab5315e7124baac3e, 3de94e4528754d508313e7a23c90fb49; no voters: 
I20260709 13:05:35.092860 16511 raft_consensus.cc:2804] T 9499ffb7ba6344a8904918eb8d649c5a P 1d2539c1d9d1462ab5315e7124baac3e [term 0 FOLLOWER]: Leader pre-election won for term 1
I20260709 13:05:35.093194 16511 raft_consensus.cc:493] T 9499ffb7ba6344a8904918eb8d649c5a P 1d2539c1d9d1462ab5315e7124baac3e [term 0 FOLLOWER]: Starting leader election (no leader contacted us within the election timeout)
I20260709 13:05:35.093236 16298 tablet_service.cc:1917] Received RequestConsensusVote() RPC: tablet_id: "9499ffb7ba6344a8904918eb8d649c5a" candidate_uuid: "1d2539c1d9d1462ab5315e7124baac3e" candidate_term: 1 candidate_status { last_received { term: 0 index: 0 } } ignore_live_leader: false dest_uuid: "b9140bb9e68346109b866d5e46ed3e3e" is_pre_election: true
I20260709 13:05:35.093582 16511 raft_consensus.cc:3060] T 9499ffb7ba6344a8904918eb8d649c5a P 1d2539c1d9d1462ab5315e7124baac3e [term 0 FOLLOWER]: Advancing to term 1
I20260709 13:05:35.093544 16342 raft_consensus.cc:359] T e061dc0792444fa1a716bf74aabccbb3 P 3de94e4528754d508313e7a23c90fb49 [term 0 FOLLOWER]: Replica starting. Triggering 0 pending ops. Active config: opid_index: -1 OBSOLETE_local: false peers { permanent_uuid: "1d2539c1d9d1462ab5315e7124baac3e" member_type: VOTER last_known_addr { host: "127.14.166.193" port: 44595 } } peers { permanent_uuid: "3de94e4528754d508313e7a23c90fb49" member_type: VOTER last_known_addr { host: "127.14.166.194" port: 44227 } } peers { permanent_uuid: "b9140bb9e68346109b866d5e46ed3e3e" member_type: VOTER last_known_addr { host: "127.14.166.195" port: 45055 } }
I20260709 13:05:35.094004 16298 raft_consensus.cc:2468] T 9499ffb7ba6344a8904918eb8d649c5a P b9140bb9e68346109b866d5e46ed3e3e [term 0 FOLLOWER]: Leader pre-election vote request: Granting yes vote for candidate 1d2539c1d9d1462ab5315e7124baac3e in term 0.
I20260709 13:05:35.094326 16342 raft_consensus.cc:385] T e061dc0792444fa1a716bf74aabccbb3 P 3de94e4528754d508313e7a23c90fb49 [term 0 FOLLOWER]: Consensus starting up: Expiring failure detector timer to make a prompt election more likely
I20260709 13:05:35.094640 16342 raft_consensus.cc:740] T e061dc0792444fa1a716bf74aabccbb3 P 3de94e4528754d508313e7a23c90fb49 [term 0 FOLLOWER]: Becoming Follower/Learner. State: Replica: 3de94e4528754d508313e7a23c90fb49, State: Initialized, Role: FOLLOWER
I20260709 13:05:35.095247 16342 consensus_queue.cc:260] T e061dc0792444fa1a716bf74aabccbb3 P 3de94e4528754d508313e7a23c90fb49 [NON_LEADER]: Queue going to NON_LEADER mode. State: All replicated index: 0, Majority replicated index: 0, Committed index: 0, Last appended: 0.0, Last appended by leader: 0, Current term: 0, Majority size: -1, State: 0, Mode: NON_LEADER, active raft config: opid_index: -1 OBSOLETE_local: false peers { permanent_uuid: "1d2539c1d9d1462ab5315e7124baac3e" member_type: VOTER last_known_addr { host: "127.14.166.193" port: 44595 } } peers { permanent_uuid: "3de94e4528754d508313e7a23c90fb49" member_type: VOTER last_known_addr { host: "127.14.166.194" port: 44227 } } peers { permanent_uuid: "b9140bb9e68346109b866d5e46ed3e3e" member_type: VOTER last_known_addr { host: "127.14.166.195" port: 45055 } }
I20260709 13:05:35.097795 16351 tablet_bootstrap.cc:492] T 931bf2f67dbf4ae1bf46494583fe5dbc P b9140bb9e68346109b866d5e46ed3e3e: No bootstrap required, opened a new log
I20260709 13:05:35.098208 16351 ts_tablet_manager.cc:1403] T 931bf2f67dbf4ae1bf46494583fe5dbc P b9140bb9e68346109b866d5e46ed3e3e: Time spent bootstrapping tablet: real 0.020s	user 0.004s	sys 0.004s
I20260709 13:05:35.102700 16342 ts_tablet_manager.cc:1434] T e061dc0792444fa1a716bf74aabccbb3 P 3de94e4528754d508313e7a23c90fb49: Time spent starting tablet: real 0.011s	user 0.003s	sys 0.004s
I20260709 13:05:35.103854 16342 tablet_bootstrap.cc:492] T cf07528a30604e9794d3c031a601016c P 3de94e4528754d508313e7a23c90fb49: Bootstrap starting.
I20260709 13:05:35.107600 16350 tablet_bootstrap.cc:654] T 99d88b00d0624156ad7a195af724db8e P 1d2539c1d9d1462ab5315e7124baac3e: Neither blocks nor log segments found. Creating new log.
I20260709 13:05:35.110312 16342 tablet_bootstrap.cc:654] T cf07528a30604e9794d3c031a601016c P 3de94e4528754d508313e7a23c90fb49: Neither blocks nor log segments found. Creating new log.
I20260709 13:05:35.100688 16511 raft_consensus.cc:515] T 9499ffb7ba6344a8904918eb8d649c5a P 1d2539c1d9d1462ab5315e7124baac3e [term 1 FOLLOWER]: Starting leader election with config: opid_index: -1 OBSOLETE_local: false peers { permanent_uuid: "1d2539c1d9d1462ab5315e7124baac3e" member_type: VOTER last_known_addr { host: "127.14.166.193" port: 44595 } } peers { permanent_uuid: "3de94e4528754d508313e7a23c90fb49" member_type: VOTER last_known_addr { host: "127.14.166.194" port: 44227 } } peers { permanent_uuid: "b9140bb9e68346109b866d5e46ed3e3e" member_type: VOTER last_known_addr { host: "127.14.166.195" port: 45055 } }
I20260709 13:05:35.111985 16510 raft_consensus.cc:493] T 49cf0034e5794e77b1cef3cf800056ae P 1d2539c1d9d1462ab5315e7124baac3e [term 0 FOLLOWER]: Starting pre-election (no leader contacted us within the election timeout)
I20260709 13:05:35.112545 16510 raft_consensus.cc:515] T 49cf0034e5794e77b1cef3cf800056ae P 1d2539c1d9d1462ab5315e7124baac3e [term 0 FOLLOWER]: Starting pre-election with config: opid_index: -1 OBSOLETE_local: false peers { permanent_uuid: "1d2539c1d9d1462ab5315e7124baac3e" member_type: VOTER last_known_addr { host: "127.14.166.193" port: 44595 } } peers { permanent_uuid: "3de94e4528754d508313e7a23c90fb49" member_type: VOTER last_known_addr { host: "127.14.166.194" port: 44227 } } peers { permanent_uuid: "b9140bb9e68346109b866d5e46ed3e3e" member_type: VOTER last_known_addr { host: "127.14.166.195" port: 45055 } }
I20260709 13:05:35.113358 16511 leader_election.cc:290] T 9499ffb7ba6344a8904918eb8d649c5a P 1d2539c1d9d1462ab5315e7124baac3e [CANDIDATE]: Term 1 election: Requested vote from peers 3de94e4528754d508313e7a23c90fb49 (127.14.166.194:44227), b9140bb9e68346109b866d5e46ed3e3e (127.14.166.195:45055)
I20260709 13:05:35.113898 16221 tablet_service.cc:1917] Received RequestConsensusVote() RPC: tablet_id: "9499ffb7ba6344a8904918eb8d649c5a" candidate_uuid: "1d2539c1d9d1462ab5315e7124baac3e" candidate_term: 1 candidate_status { last_received { term: 0 index: 0 } } ignore_live_leader: false dest_uuid: "3de94e4528754d508313e7a23c90fb49"
I20260709 13:05:35.114413 16221 raft_consensus.cc:3060] T 9499ffb7ba6344a8904918eb8d649c5a P 3de94e4528754d508313e7a23c90fb49 [term 0 FOLLOWER]: Advancing to term 1
I20260709 13:05:35.114482 16298 tablet_service.cc:1917] Received RequestConsensusVote() RPC: tablet_id: "9499ffb7ba6344a8904918eb8d649c5a" candidate_uuid: "1d2539c1d9d1462ab5315e7124baac3e" candidate_term: 1 candidate_status { last_received { term: 0 index: 0 } } ignore_live_leader: false dest_uuid: "b9140bb9e68346109b866d5e46ed3e3e"
I20260709 13:05:35.114775 16510 leader_election.cc:290] T 49cf0034e5794e77b1cef3cf800056ae P 1d2539c1d9d1462ab5315e7124baac3e [CANDIDATE]: Term 1 pre-election: Requested pre-vote from peers 3de94e4528754d508313e7a23c90fb49 (127.14.166.194:44227), b9140bb9e68346109b866d5e46ed3e3e (127.14.166.195:45055)
I20260709 13:05:35.100703 16351 raft_consensus.cc:359] T 931bf2f67dbf4ae1bf46494583fe5dbc P b9140bb9e68346109b866d5e46ed3e3e [term 0 FOLLOWER]: Replica starting. Triggering 0 pending ops. Active config: opid_index: -1 OBSOLETE_local: false peers { permanent_uuid: "1d2539c1d9d1462ab5315e7124baac3e" member_type: VOTER last_known_addr { host: "127.14.166.193" port: 44595 } } peers { permanent_uuid: "3de94e4528754d508313e7a23c90fb49" member_type: VOTER last_known_addr { host: "127.14.166.194" port: 44227 } } peers { permanent_uuid: "b9140bb9e68346109b866d5e46ed3e3e" member_type: VOTER last_known_addr { host: "127.14.166.195" port: 45055 } }
I20260709 13:05:35.115608 16351 raft_consensus.cc:385] T 931bf2f67dbf4ae1bf46494583fe5dbc P b9140bb9e68346109b866d5e46ed3e3e [term 0 FOLLOWER]: Consensus starting up: Expiring failure detector timer to make a prompt election more likely
I20260709 13:05:35.115917 16351 raft_consensus.cc:740] T 931bf2f67dbf4ae1bf46494583fe5dbc P b9140bb9e68346109b866d5e46ed3e3e [term 0 FOLLOWER]: Becoming Follower/Learner. State: Replica: b9140bb9e68346109b866d5e46ed3e3e, State: Initialized, Role: FOLLOWER
I20260709 13:05:35.116613 16351 consensus_queue.cc:260] T 931bf2f67dbf4ae1bf46494583fe5dbc P b9140bb9e68346109b866d5e46ed3e3e [NON_LEADER]: Queue going to NON_LEADER mode. State: All replicated index: 0, Majority replicated index: 0, Committed index: 0, Last appended: 0.0, Last appended by leader: 0, Current term: 0, Majority size: -1, State: 0, Mode: NON_LEADER, active raft config: opid_index: -1 OBSOLETE_local: false peers { permanent_uuid: "1d2539c1d9d1462ab5315e7124baac3e" member_type: VOTER last_known_addr { host: "127.14.166.193" port: 44595 } } peers { permanent_uuid: "3de94e4528754d508313e7a23c90fb49" member_type: VOTER last_known_addr { host: "127.14.166.194" port: 44227 } } peers { permanent_uuid: "b9140bb9e68346109b866d5e46ed3e3e" member_type: VOTER last_known_addr { host: "127.14.166.195" port: 45055 } }
I20260709 13:05:35.117120 16226 tablet_service.cc:1917] Received RequestConsensusVote() RPC: tablet_id: "49cf0034e5794e77b1cef3cf800056ae" candidate_uuid: "1d2539c1d9d1462ab5315e7124baac3e" candidate_term: 1 candidate_status { last_received { term: 0 index: 0 } } ignore_live_leader: false dest_uuid: "3de94e4528754d508313e7a23c90fb49" is_pre_election: true
I20260709 13:05:35.118860 16351 ts_tablet_manager.cc:1434] T 931bf2f67dbf4ae1bf46494583fe5dbc P b9140bb9e68346109b866d5e46ed3e3e: Time spent starting tablet: real 0.020s	user 0.004s	sys 0.004s
I20260709 13:05:35.117805 16226 raft_consensus.cc:2468] T 49cf0034e5794e77b1cef3cf800056ae P 3de94e4528754d508313e7a23c90fb49 [term 0 FOLLOWER]: Leader pre-election vote request: Granting yes vote for candidate 1d2539c1d9d1462ab5315e7124baac3e in term 0.
I20260709 13:05:35.118947 16297 tablet_service.cc:1917] Received RequestConsensusVote() RPC: tablet_id: "49cf0034e5794e77b1cef3cf800056ae" candidate_uuid: "1d2539c1d9d1462ab5315e7124baac3e" candidate_term: 1 candidate_status { last_received { term: 0 index: 0 } } ignore_live_leader: false dest_uuid: "b9140bb9e68346109b866d5e46ed3e3e" is_pre_election: true
I20260709 13:05:35.120271 16351 tablet_bootstrap.cc:492] T b0b257f34cce4f44af8bb48c49f2ea7c P b9140bb9e68346109b866d5e46ed3e3e: Bootstrap starting.
I20260709 13:05:35.115200 16298 raft_consensus.cc:3060] T 9499ffb7ba6344a8904918eb8d649c5a P b9140bb9e68346109b866d5e46ed3e3e [term 0 FOLLOWER]: Advancing to term 1
I20260709 13:05:35.121582 16221 raft_consensus.cc:2468] T 9499ffb7ba6344a8904918eb8d649c5a P 3de94e4528754d508313e7a23c90fb49 [term 1 FOLLOWER]: Leader election vote request: Granting yes vote for candidate 1d2539c1d9d1462ab5315e7124baac3e in term 1.
W20260709 13:05:35.124111 16117 leader_election.cc:343] T 49cf0034e5794e77b1cef3cf800056ae P 1d2539c1d9d1462ab5315e7124baac3e [CANDIDATE]: Term 1 pre-election: Tablet error from VoteRequest() call to peer b9140bb9e68346109b866d5e46ed3e3e (127.14.166.195:45055): Illegal state: must be running to vote when last-logged opid is not known
I20260709 13:05:35.125046 16117 leader_election.cc:304] T 49cf0034e5794e77b1cef3cf800056ae P 1d2539c1d9d1462ab5315e7124baac3e [CANDIDATE]: Term 1 pre-election: Election decided. Result: candidate won. Election summary: received 3 responses out of 3 voters: 2 yes votes; 1 no votes. yes voters: 1d2539c1d9d1462ab5315e7124baac3e, 3de94e4528754d508313e7a23c90fb49; no voters: b9140bb9e68346109b866d5e46ed3e3e
I20260709 13:05:35.129022 16117 leader_election.cc:304] T 9499ffb7ba6344a8904918eb8d649c5a P 1d2539c1d9d1462ab5315e7124baac3e [CANDIDATE]: Term 1 election: Election decided. Result: candidate won. Election summary: received 2 responses out of 3 voters: 2 yes votes; 0 no votes. yes voters: 1d2539c1d9d1462ab5315e7124baac3e, 3de94e4528754d508313e7a23c90fb49; no voters: 
I20260709 13:05:35.135934 16510 raft_consensus.cc:2804] T 49cf0034e5794e77b1cef3cf800056ae P 1d2539c1d9d1462ab5315e7124baac3e [term 0 FOLLOWER]: Leader pre-election won for term 1
I20260709 13:05:35.136340 16510 raft_consensus.cc:493] T 49cf0034e5794e77b1cef3cf800056ae P 1d2539c1d9d1462ab5315e7124baac3e [term 0 FOLLOWER]: Starting leader election (no leader contacted us within the election timeout)
I20260709 13:05:35.136678 16510 raft_consensus.cc:3060] T 49cf0034e5794e77b1cef3cf800056ae P 1d2539c1d9d1462ab5315e7124baac3e [term 0 FOLLOWER]: Advancing to term 1
I20260709 13:05:35.145794 16510 raft_consensus.cc:515] T 49cf0034e5794e77b1cef3cf800056ae P 1d2539c1d9d1462ab5315e7124baac3e [term 1 FOLLOWER]: Starting leader election with config: opid_index: -1 OBSOLETE_local: false peers { permanent_uuid: "1d2539c1d9d1462ab5315e7124baac3e" member_type: VOTER last_known_addr { host: "127.14.166.193" port: 44595 } } peers { permanent_uuid: "3de94e4528754d508313e7a23c90fb49" member_type: VOTER last_known_addr { host: "127.14.166.194" port: 44227 } } peers { permanent_uuid: "b9140bb9e68346109b866d5e46ed3e3e" member_type: VOTER last_known_addr { host: "127.14.166.195" port: 45055 } }
I20260709 13:05:35.146145 16298 raft_consensus.cc:2468] T 9499ffb7ba6344a8904918eb8d649c5a P b9140bb9e68346109b866d5e46ed3e3e [term 1 FOLLOWER]: Leader election vote request: Granting yes vote for candidate 1d2539c1d9d1462ab5315e7124baac3e in term 1.
I20260709 13:05:35.147768 16510 leader_election.cc:290] T 49cf0034e5794e77b1cef3cf800056ae P 1d2539c1d9d1462ab5315e7124baac3e [CANDIDATE]: Term 1 election: Requested vote from peers 3de94e4528754d508313e7a23c90fb49 (127.14.166.194:44227), b9140bb9e68346109b866d5e46ed3e3e (127.14.166.195:45055)
I20260709 13:05:35.143887 16511 raft_consensus.cc:2804] T 9499ffb7ba6344a8904918eb8d649c5a P 1d2539c1d9d1462ab5315e7124baac3e [term 1 FOLLOWER]: Leader election won for term 1
I20260709 13:05:35.151432 16511 raft_consensus.cc:697] T 9499ffb7ba6344a8904918eb8d649c5a P 1d2539c1d9d1462ab5315e7124baac3e [term 1 LEADER]: Becoming Leader. State: Replica: 1d2539c1d9d1462ab5315e7124baac3e, State: Running, Role: LEADER
I20260709 13:05:35.152089 16226 tablet_service.cc:1917] Received RequestConsensusVote() RPC: tablet_id: "49cf0034e5794e77b1cef3cf800056ae" candidate_uuid: "1d2539c1d9d1462ab5315e7124baac3e" candidate_term: 1 candidate_status { last_received { term: 0 index: 0 } } ignore_live_leader: false dest_uuid: "3de94e4528754d508313e7a23c90fb49"
I20260709 13:05:35.152683 16226 raft_consensus.cc:3060] T 49cf0034e5794e77b1cef3cf800056ae P 3de94e4528754d508313e7a23c90fb49 [term 0 FOLLOWER]: Advancing to term 1
I20260709 13:05:35.152796 16298 tablet_service.cc:1917] Received RequestConsensusVote() RPC: tablet_id: "49cf0034e5794e77b1cef3cf800056ae" candidate_uuid: "1d2539c1d9d1462ab5315e7124baac3e" candidate_term: 1 candidate_status { last_received { term: 0 index: 0 } } ignore_live_leader: false dest_uuid: "b9140bb9e68346109b866d5e46ed3e3e"
I20260709 13:05:35.156308 16511 consensus_queue.cc:237] T 9499ffb7ba6344a8904918eb8d649c5a P 1d2539c1d9d1462ab5315e7124baac3e [LEADER]: Queue going to LEADER mode. State: All replicated index: 0, Majority replicated index: 0, Committed index: 0, Last appended: 0.0, Last appended by leader: 0, Current term: 1, Majority size: 2, State: 0, Mode: LEADER, active raft config: opid_index: -1 OBSOLETE_local: false peers { permanent_uuid: "1d2539c1d9d1462ab5315e7124baac3e" member_type: VOTER last_known_addr { host: "127.14.166.193" port: 44595 } } peers { permanent_uuid: "3de94e4528754d508313e7a23c90fb49" member_type: VOTER last_known_addr { host: "127.14.166.194" port: 44227 } } peers { permanent_uuid: "b9140bb9e68346109b866d5e46ed3e3e" member_type: VOTER last_known_addr { host: "127.14.166.195" port: 45055 } }
I20260709 13:05:35.158277 16226 raft_consensus.cc:2468] T 49cf0034e5794e77b1cef3cf800056ae P 3de94e4528754d508313e7a23c90fb49 [term 1 FOLLOWER]: Leader election vote request: Granting yes vote for candidate 1d2539c1d9d1462ab5315e7124baac3e in term 1.
I20260709 13:05:35.158774 16516 consensus_queue.cc:1048] T d539521282a144728236c157459b8bfa P 3de94e4528754d508313e7a23c90fb49 [LEADER]: Connected to new peer: Peer: permanent_uuid: "b9140bb9e68346109b866d5e46ed3e3e" member_type: VOTER last_known_addr { host: "127.14.166.195" port: 45055 }, Status: LMP_MISMATCH, Last received: 0.0, Next index: 1, Last known committed idx: 0, Time since last communication: 0.000s
I20260709 13:05:35.159873 16351 tablet_bootstrap.cc:654] T b0b257f34cce4f44af8bb48c49f2ea7c P b9140bb9e68346109b866d5e46ed3e3e: Neither blocks nor log segments found. Creating new log.
W20260709 13:05:35.160708 16117 leader_election.cc:343] T 49cf0034e5794e77b1cef3cf800056ae P 1d2539c1d9d1462ab5315e7124baac3e [CANDIDATE]: Term 1 election: Tablet error from VoteRequest() call to peer b9140bb9e68346109b866d5e46ed3e3e (127.14.166.195:45055): Illegal state: must be running to vote when last-logged opid is not known
I20260709 13:05:35.161271 16117 leader_election.cc:304] T 49cf0034e5794e77b1cef3cf800056ae P 1d2539c1d9d1462ab5315e7124baac3e [CANDIDATE]: Term 1 election: Election decided. Result: candidate won. Election summary: received 3 responses out of 3 voters: 2 yes votes; 1 no votes. yes voters: 1d2539c1d9d1462ab5315e7124baac3e, 3de94e4528754d508313e7a23c90fb49; no voters: b9140bb9e68346109b866d5e46ed3e3e
I20260709 13:05:35.162777 16510 raft_consensus.cc:2804] T 49cf0034e5794e77b1cef3cf800056ae P 1d2539c1d9d1462ab5315e7124baac3e [term 1 FOLLOWER]: Leader election won for term 1
I20260709 13:05:35.163358 16510 raft_consensus.cc:697] T 49cf0034e5794e77b1cef3cf800056ae P 1d2539c1d9d1462ab5315e7124baac3e [term 1 LEADER]: Becoming Leader. State: Replica: 1d2539c1d9d1462ab5315e7124baac3e, State: Running, Role: LEADER
I20260709 13:05:35.165611 16342 tablet_bootstrap.cc:492] T cf07528a30604e9794d3c031a601016c P 3de94e4528754d508313e7a23c90fb49: No bootstrap required, opened a new log
I20260709 13:05:35.166020 16342 ts_tablet_manager.cc:1403] T cf07528a30604e9794d3c031a601016c P 3de94e4528754d508313e7a23c90fb49: Time spent bootstrapping tablet: real 0.062s	user 0.008s	sys 0.008s
I20260709 13:05:35.168509 16510 consensus_queue.cc:237] T 49cf0034e5794e77b1cef3cf800056ae P 1d2539c1d9d1462ab5315e7124baac3e [LEADER]: Queue going to LEADER mode. State: All replicated index: 0, Majority replicated index: 0, Committed index: 0, Last appended: 0.0, Last appended by leader: 0, Current term: 1, Majority size: 2, State: 0, Mode: LEADER, active raft config: opid_index: -1 OBSOLETE_local: false peers { permanent_uuid: "1d2539c1d9d1462ab5315e7124baac3e" member_type: VOTER last_known_addr { host: "127.14.166.193" port: 44595 } } peers { permanent_uuid: "3de94e4528754d508313e7a23c90fb49" member_type: VOTER last_known_addr { host: "127.14.166.194" port: 44227 } } peers { permanent_uuid: "b9140bb9e68346109b866d5e46ed3e3e" member_type: VOTER last_known_addr { host: "127.14.166.195" port: 45055 } }
I20260709 13:05:35.167434 16516 raft_consensus.cc:493] T 5109a84340c041bfb207cd0e0cb0efbb P 3de94e4528754d508313e7a23c90fb49 [term 0 FOLLOWER]: Starting pre-election (no leader contacted us within the election timeout)
I20260709 13:05:35.170796 16516 raft_consensus.cc:515] T 5109a84340c041bfb207cd0e0cb0efbb P 3de94e4528754d508313e7a23c90fb49 [term 0 FOLLOWER]: Starting pre-election with config: opid_index: -1 OBSOLETE_local: false peers { permanent_uuid: "1d2539c1d9d1462ab5315e7124baac3e" member_type: VOTER last_known_addr { host: "127.14.166.193" port: 44595 } } peers { permanent_uuid: "3de94e4528754d508313e7a23c90fb49" member_type: VOTER last_known_addr { host: "127.14.166.194" port: 44227 } } peers { permanent_uuid: "b9140bb9e68346109b866d5e46ed3e3e" member_type: VOTER last_known_addr { host: "127.14.166.195" port: 45055 } }
I20260709 13:05:35.172783 16342 raft_consensus.cc:359] T cf07528a30604e9794d3c031a601016c P 3de94e4528754d508313e7a23c90fb49 [term 0 FOLLOWER]: Replica starting. Triggering 0 pending ops. Active config: opid_index: -1 OBSOLETE_local: false peers { permanent_uuid: "1d2539c1d9d1462ab5315e7124baac3e" member_type: VOTER last_known_addr { host: "127.14.166.193" port: 44595 } } peers { permanent_uuid: "3de94e4528754d508313e7a23c90fb49" member_type: VOTER last_known_addr { host: "127.14.166.194" port: 44227 } } peers { permanent_uuid: "b9140bb9e68346109b866d5e46ed3e3e" member_type: VOTER last_known_addr { host: "127.14.166.195" port: 45055 } }
I20260709 13:05:35.174824 16342 raft_consensus.cc:385] T cf07528a30604e9794d3c031a601016c P 3de94e4528754d508313e7a23c90fb49 [term 0 FOLLOWER]: Consensus starting up: Expiring failure detector timer to make a prompt election more likely
I20260709 13:05:35.175148 16342 raft_consensus.cc:740] T cf07528a30604e9794d3c031a601016c P 3de94e4528754d508313e7a23c90fb49 [term 0 FOLLOWER]: Becoming Follower/Learner. State: Replica: 3de94e4528754d508313e7a23c90fb49, State: Initialized, Role: FOLLOWER
I20260709 13:05:35.172773 16516 leader_election.cc:290] T 5109a84340c041bfb207cd0e0cb0efbb P 3de94e4528754d508313e7a23c90fb49 [CANDIDATE]: Term 1 pre-election: Requested pre-vote from peers 1d2539c1d9d1462ab5315e7124baac3e (127.14.166.193:44595), b9140bb9e68346109b866d5e46ed3e3e (127.14.166.195:45055)
I20260709 13:05:35.178128 16147 tablet_service.cc:1917] Received RequestConsensusVote() RPC: tablet_id: "5109a84340c041bfb207cd0e0cb0efbb" candidate_uuid: "3de94e4528754d508313e7a23c90fb49" candidate_term: 1 candidate_status { last_received { term: 0 index: 0 } } ignore_live_leader: false dest_uuid: "1d2539c1d9d1462ab5315e7124baac3e" is_pre_election: true
I20260709 13:05:35.177022 16342 consensus_queue.cc:260] T cf07528a30604e9794d3c031a601016c P 3de94e4528754d508313e7a23c90fb49 [NON_LEADER]: Queue going to NON_LEADER mode. State: All replicated index: 0, Majority replicated index: 0, Committed index: 0, Last appended: 0.0, Last appended by leader: 0, Current term: 0, Majority size: -1, State: 0, Mode: NON_LEADER, active raft config: opid_index: -1 OBSOLETE_local: false peers { permanent_uuid: "1d2539c1d9d1462ab5315e7124baac3e" member_type: VOTER last_known_addr { host: "127.14.166.193" port: 44595 } } peers { permanent_uuid: "3de94e4528754d508313e7a23c90fb49" member_type: VOTER last_known_addr { host: "127.14.166.194" port: 44227 } } peers { permanent_uuid: "b9140bb9e68346109b866d5e46ed3e3e" member_type: VOTER last_known_addr { host: "127.14.166.195" port: 45055 } }
I20260709 13:05:35.180706 16301 tablet_service.cc:1917] Received RequestConsensusVote() RPC: tablet_id: "5109a84340c041bfb207cd0e0cb0efbb" candidate_uuid: "3de94e4528754d508313e7a23c90fb49" candidate_term: 1 candidate_status { last_received { term: 0 index: 0 } } ignore_live_leader: false dest_uuid: "b9140bb9e68346109b866d5e46ed3e3e" is_pre_election: true
W20260709 13:05:35.181232 16192 leader_election.cc:343] T 5109a84340c041bfb207cd0e0cb0efbb P 3de94e4528754d508313e7a23c90fb49 [CANDIDATE]: Term 1 pre-election: Tablet error from VoteRequest() call to peer 1d2539c1d9d1462ab5315e7124baac3e (127.14.166.193:44595): Illegal state: must be running to vote when last-logged opid is not known
W20260709 13:05:35.181871 16192 leader_election.cc:343] T 5109a84340c041bfb207cd0e0cb0efbb P 3de94e4528754d508313e7a23c90fb49 [CANDIDATE]: Term 1 pre-election: Tablet error from VoteRequest() call to peer b9140bb9e68346109b866d5e46ed3e3e (127.14.166.195:45055): Illegal state: must be running to vote when last-logged opid is not known
I20260709 13:05:35.182312 16192 leader_election.cc:304] T 5109a84340c041bfb207cd0e0cb0efbb P 3de94e4528754d508313e7a23c90fb49 [CANDIDATE]: Term 1 pre-election: Election decided. Result: candidate lost. Election summary: received 3 responses out of 3 voters: 1 yes votes; 2 no votes. yes voters: 3de94e4528754d508313e7a23c90fb49; no voters: 1d2539c1d9d1462ab5315e7124baac3e, b9140bb9e68346109b866d5e46ed3e3e
I20260709 13:05:35.183806 16512 raft_consensus.cc:493] T d539521282a144728236c157459b8bfa P 1d2539c1d9d1462ab5315e7124baac3e [term 0 FOLLOWER]: Starting pre-election (no leader contacted us within the election timeout)
I20260709 13:05:35.185009 16513 raft_consensus.cc:2749] T 5109a84340c041bfb207cd0e0cb0efbb P 3de94e4528754d508313e7a23c90fb49 [term 0 FOLLOWER]: Leader pre-election lost for term 1. Reason: could not achieve majority
I20260709 13:05:35.185765 16512 raft_consensus.cc:515] T d539521282a144728236c157459b8bfa P 1d2539c1d9d1462ab5315e7124baac3e [term 0 FOLLOWER]: Starting pre-election with config: opid_index: -1 OBSOLETE_local: false peers { permanent_uuid: "1d2539c1d9d1462ab5315e7124baac3e" member_type: VOTER last_known_addr { host: "127.14.166.193" port: 44595 } } peers { permanent_uuid: "3de94e4528754d508313e7a23c90fb49" member_type: VOTER last_known_addr { host: "127.14.166.194" port: 44227 } } peers { permanent_uuid: "b9140bb9e68346109b866d5e46ed3e3e" member_type: VOTER last_known_addr { host: "127.14.166.195" port: 45055 } }
I20260709 13:05:35.187237 16342 ts_tablet_manager.cc:1434] T cf07528a30604e9794d3c031a601016c P 3de94e4528754d508313e7a23c90fb49: Time spent starting tablet: real 0.021s	user 0.007s	sys 0.000s
I20260709 13:05:35.186322 16381 raft_consensus.cc:493] T 67a296f1f4b24a0ea568fc1fc7be764d P 1d2539c1d9d1462ab5315e7124baac3e [term 0 FOLLOWER]: Starting pre-election (no leader contacted us within the election timeout)
I20260709 13:05:35.188985 16381 raft_consensus.cc:515] T 67a296f1f4b24a0ea568fc1fc7be764d P 1d2539c1d9d1462ab5315e7124baac3e [term 0 FOLLOWER]: Starting pre-election with config: opid_index: -1 OBSOLETE_local: false peers { permanent_uuid: "1d2539c1d9d1462ab5315e7124baac3e" member_type: VOTER last_known_addr { host: "127.14.166.193" port: 44595 } } peers { permanent_uuid: "3de94e4528754d508313e7a23c90fb49" member_type: VOTER last_known_addr { host: "127.14.166.194" port: 44227 } } peers { permanent_uuid: "b9140bb9e68346109b866d5e46ed3e3e" member_type: VOTER last_known_addr { host: "127.14.166.195" port: 45055 } }
I20260709 13:05:35.193058 16381 leader_election.cc:290] T 67a296f1f4b24a0ea568fc1fc7be764d P 1d2539c1d9d1462ab5315e7124baac3e [CANDIDATE]: Term 1 pre-election: Requested pre-vote from peers 3de94e4528754d508313e7a23c90fb49 (127.14.166.194:44227), b9140bb9e68346109b866d5e46ed3e3e (127.14.166.195:45055)
I20260709 13:05:35.193147 16301 tablet_service.cc:1917] Received RequestConsensusVote() RPC: tablet_id: "67a296f1f4b24a0ea568fc1fc7be764d" candidate_uuid: "1d2539c1d9d1462ab5315e7124baac3e" candidate_term: 1 candidate_status { last_received { term: 0 index: 0 } } ignore_live_leader: false dest_uuid: "b9140bb9e68346109b866d5e46ed3e3e" is_pre_election: true
I20260709 13:05:35.194247 16301 raft_consensus.cc:2468] T 67a296f1f4b24a0ea568fc1fc7be764d P b9140bb9e68346109b866d5e46ed3e3e [term 0 FOLLOWER]: Leader pre-election vote request: Granting yes vote for candidate 1d2539c1d9d1462ab5315e7124baac3e in term 0.
I20260709 13:05:35.194494 16512 leader_election.cc:290] T d539521282a144728236c157459b8bfa P 1d2539c1d9d1462ab5315e7124baac3e [CANDIDATE]: Term 1 pre-election: Requested pre-vote from peers 3de94e4528754d508313e7a23c90fb49 (127.14.166.194:44227), b9140bb9e68346109b866d5e46ed3e3e (127.14.166.195:45055)
I20260709 13:05:35.196166 16117 leader_election.cc:304] T 67a296f1f4b24a0ea568fc1fc7be764d P 1d2539c1d9d1462ab5315e7124baac3e [CANDIDATE]: Term 1 pre-election: Election decided. Result: candidate won. Election summary: received 2 responses out of 3 voters: 2 yes votes; 0 no votes. yes voters: 1d2539c1d9d1462ab5315e7124baac3e, b9140bb9e68346109b866d5e46ed3e3e; no voters: 
I20260709 13:05:35.197851 16301 tablet_service.cc:1917] Received RequestConsensusVote() RPC: tablet_id: "d539521282a144728236c157459b8bfa" candidate_uuid: "1d2539c1d9d1462ab5315e7124baac3e" candidate_term: 1 candidate_status { last_received { term: 0 index: 0 } } ignore_live_leader: false dest_uuid: "b9140bb9e68346109b866d5e46ed3e3e" is_pre_election: true
I20260709 13:05:35.208290 16342 tablet_bootstrap.cc:492] T 74bd814cd79d4c1488775157e0b75c0a P 3de94e4528754d508313e7a23c90fb49: Bootstrap starting.
I20260709 13:05:35.200160 16512 raft_consensus.cc:2804] T 67a296f1f4b24a0ea568fc1fc7be764d P 1d2539c1d9d1462ab5315e7124baac3e [term 0 FOLLOWER]: Leader pre-election won for term 1
I20260709 13:05:35.218588 16226 tablet_service.cc:1917] Received RequestConsensusVote() RPC: tablet_id: "67a296f1f4b24a0ea568fc1fc7be764d" candidate_uuid: "1d2539c1d9d1462ab5315e7124baac3e" candidate_term: 1 candidate_status { last_received { term: 0 index: 0 } } ignore_live_leader: false dest_uuid: "3de94e4528754d508313e7a23c90fb49" is_pre_election: true
I20260709 13:05:35.215999 16512 raft_consensus.cc:493] T 67a296f1f4b24a0ea568fc1fc7be764d P 1d2539c1d9d1462ab5315e7124baac3e [term 0 FOLLOWER]: Starting leader election (no leader contacted us within the election timeout)
I20260709 13:05:35.222280 16221 tablet_service.cc:1917] Received RequestConsensusVote() RPC: tablet_id: "d539521282a144728236c157459b8bfa" candidate_uuid: "1d2539c1d9d1462ab5315e7124baac3e" candidate_term: 1 candidate_status { last_received { term: 0 index: 0 } } ignore_live_leader: false dest_uuid: "3de94e4528754d508313e7a23c90fb49" is_pre_election: true
I20260709 13:05:35.350767 16350 tablet_bootstrap.cc:492] T 99d88b00d0624156ad7a195af724db8e P 1d2539c1d9d1462ab5315e7124baac3e: No bootstrap required, opened a new log
I20260709 13:05:35.245206 16513 raft_consensus.cc:493] T 54912ca1adaa41eabd1555618b6fd0c9 P 3de94e4528754d508313e7a23c90fb49 [term 0 FOLLOWER]: Starting pre-election (no leader contacted us within the election timeout)
W20260709 13:05:35.352213 16192 consensus_peers.cc:597] T 89aefe98caf741d4bd49b7634782db76 P 3de94e4528754d508313e7a23c90fb49 -> Peer b9140bb9e68346109b866d5e46ed3e3e (127.14.166.195:45055): Couldn't send request to peer b9140bb9e68346109b866d5e46ed3e3e. Error code: TABLET_NOT_RUNNING (12). Status: Illegal state: Tablet not RUNNING: INITIALIZED. This is attempt 1: this message will repeat every 5th retry.
I20260709 13:05:35.352219 16350 ts_tablet_manager.cc:1403] T 99d88b00d0624156ad7a195af724db8e P 1d2539c1d9d1462ab5315e7124baac3e: Time spent bootstrapping tablet: real 0.269s	user 0.022s	sys 0.014s
I20260709 13:05:35.240455 16512 raft_consensus.cc:3060] T 67a296f1f4b24a0ea568fc1fc7be764d P 1d2539c1d9d1462ab5315e7124baac3e [term 0 FOLLOWER]: Advancing to term 1
I20260709 13:05:35.241487 16147 raft_consensus.cc:3060] T d539521282a144728236c157459b8bfa P 1d2539c1d9d1462ab5315e7124baac3e [term 0 FOLLOWER]: Advancing to term 1
I20260709 13:05:35.310446 16226 raft_consensus.cc:2468] T 67a296f1f4b24a0ea568fc1fc7be764d P 3de94e4528754d508313e7a23c90fb49 [term 0 FOLLOWER]: Leader pre-election vote request: Granting yes vote for candidate 1d2539c1d9d1462ab5315e7124baac3e in term 0.
I20260709 13:05:35.365603 16351 tablet_bootstrap.cc:492] T b0b257f34cce4f44af8bb48c49f2ea7c P b9140bb9e68346109b866d5e46ed3e3e: No bootstrap required, opened a new log
I20260709 13:05:35.366219 16351 ts_tablet_manager.cc:1403] T b0b257f34cce4f44af8bb48c49f2ea7c P b9140bb9e68346109b866d5e46ed3e3e: Time spent bootstrapping tablet: real 0.246s	user 0.016s	sys 0.033s
I20260709 13:05:35.355291 16513 raft_consensus.cc:515] T 54912ca1adaa41eabd1555618b6fd0c9 P 3de94e4528754d508313e7a23c90fb49 [term 0 FOLLOWER]: Starting pre-election with config: opid_index: -1 OBSOLETE_local: false peers { permanent_uuid: "1d2539c1d9d1462ab5315e7124baac3e" member_type: VOTER last_known_addr { host: "127.14.166.193" port: 44595 } } peers { permanent_uuid: "3de94e4528754d508313e7a23c90fb49" member_type: VOTER last_known_addr { host: "127.14.166.194" port: 44227 } } peers { permanent_uuid: "b9140bb9e68346109b866d5e46ed3e3e" member_type: VOTER last_known_addr { host: "127.14.166.195" port: 45055 } }
I20260709 13:05:35.374032 16351 raft_consensus.cc:359] T b0b257f34cce4f44af8bb48c49f2ea7c P b9140bb9e68346109b866d5e46ed3e3e [term 0 FOLLOWER]: Replica starting. Triggering 0 pending ops. Active config: opid_index: -1 OBSOLETE_local: false peers { permanent_uuid: "1d2539c1d9d1462ab5315e7124baac3e" member_type: VOTER last_known_addr { host: "127.14.166.193" port: 44595 } } peers { permanent_uuid: "3de94e4528754d508313e7a23c90fb49" member_type: VOTER last_known_addr { host: "127.14.166.194" port: 44227 } } peers { permanent_uuid: "b9140bb9e68346109b866d5e46ed3e3e" member_type: VOTER last_known_addr { host: "127.14.166.195" port: 45055 } }
I20260709 13:05:35.374428 16513 leader_election.cc:290] T 54912ca1adaa41eabd1555618b6fd0c9 P 3de94e4528754d508313e7a23c90fb49 [CANDIDATE]: Term 1 pre-election: Requested pre-vote from peers 1d2539c1d9d1462ab5315e7124baac3e (127.14.166.193:44595), b9140bb9e68346109b866d5e46ed3e3e (127.14.166.195:45055)
I20260709 13:05:35.374686 16351 raft_consensus.cc:385] T b0b257f34cce4f44af8bb48c49f2ea7c P b9140bb9e68346109b866d5e46ed3e3e [term 0 FOLLOWER]: Consensus starting up: Expiring failure detector timer to make a prompt election more likely
I20260709 13:05:35.375000 16351 raft_consensus.cc:740] T b0b257f34cce4f44af8bb48c49f2ea7c P b9140bb9e68346109b866d5e46ed3e3e [term 0 FOLLOWER]: Becoming Follower/Learner. State: Replica: b9140bb9e68346109b866d5e46ed3e3e, State: Initialized, Role: FOLLOWER
I20260709 13:05:35.367090 16516 raft_consensus.cc:493] T e061dc0792444fa1a716bf74aabccbb3 P 3de94e4528754d508313e7a23c90fb49 [term 0 FOLLOWER]: Starting pre-election (no leader contacted us within the election timeout)
I20260709 13:05:35.376299 16351 consensus_queue.cc:260] T b0b257f34cce4f44af8bb48c49f2ea7c P b9140bb9e68346109b866d5e46ed3e3e [NON_LEADER]: Queue going to NON_LEADER mode. State: All replicated index: 0, Majority replicated index: 0, Committed index: 0, Last appended: 0.0, Last appended by leader: 0, Current term: 0, Majority size: -1, State: 0, Mode: NON_LEADER, active raft config: opid_index: -1 OBSOLETE_local: false peers { permanent_uuid: "1d2539c1d9d1462ab5315e7124baac3e" member_type: VOTER last_known_addr { host: "127.14.166.193" port: 44595 } } peers { permanent_uuid: "3de94e4528754d508313e7a23c90fb49" member_type: VOTER last_known_addr { host: "127.14.166.194" port: 44227 } } peers { permanent_uuid: "b9140bb9e68346109b866d5e46ed3e3e" member_type: VOTER last_known_addr { host: "127.14.166.195" port: 45055 } }
I20260709 13:05:35.378201 16516 raft_consensus.cc:515] T e061dc0792444fa1a716bf74aabccbb3 P 3de94e4528754d508313e7a23c90fb49 [term 0 FOLLOWER]: Starting pre-election with config: opid_index: -1 OBSOLETE_local: false peers { permanent_uuid: "1d2539c1d9d1462ab5315e7124baac3e" member_type: VOTER last_known_addr { host: "127.14.166.193" port: 44595 } } peers { permanent_uuid: "3de94e4528754d508313e7a23c90fb49" member_type: VOTER last_known_addr { host: "127.14.166.194" port: 44227 } } peers { permanent_uuid: "b9140bb9e68346109b866d5e46ed3e3e" member_type: VOTER last_known_addr { host: "127.14.166.195" port: 45055 } }
I20260709 13:05:35.379153 16351 ts_tablet_manager.cc:1434] T b0b257f34cce4f44af8bb48c49f2ea7c P b9140bb9e68346109b866d5e46ed3e3e: Time spent starting tablet: real 0.013s	user 0.004s	sys 0.003s
I20260709 13:05:35.380228 16351 tablet_bootstrap.cc:492] T 49cf0034e5794e77b1cef3cf800056ae P b9140bb9e68346109b866d5e46ed3e3e: Bootstrap starting.
I20260709 13:05:35.382181 16516 leader_election.cc:290] T e061dc0792444fa1a716bf74aabccbb3 P 3de94e4528754d508313e7a23c90fb49 [CANDIDATE]: Term 1 pre-election: Requested pre-vote from peers 1d2539c1d9d1462ab5315e7124baac3e (127.14.166.193:44595), b9140bb9e68346109b866d5e46ed3e3e (127.14.166.195:45055)
W20260709 13:05:35.414712 16117 outbound_call.cc:321] RPC callback for RPC call kudu.consensus.ConsensusService.UpdateConsensus -> {remote=127.14.166.194:44227, user_credentials={real_user=slave}} blocked reactor thread for 49331.7us
I20260709 13:05:35.424189 16297 tablet_service.cc:1917] Received RequestConsensusVote() RPC: tablet_id: "54912ca1adaa41eabd1555618b6fd0c9" candidate_uuid: "3de94e4528754d508313e7a23c90fb49" candidate_term: 1 candidate_status { last_received { term: 0 index: 0 } } ignore_live_leader: false dest_uuid: "b9140bb9e68346109b866d5e46ed3e3e" is_pre_election: true
I20260709 13:05:35.426985 16301 tablet_service.cc:1917] Received RequestConsensusVote() RPC: tablet_id: "e061dc0792444fa1a716bf74aabccbb3" candidate_uuid: "3de94e4528754d508313e7a23c90fb49" candidate_term: 1 candidate_status { last_received { term: 0 index: 0 } } ignore_live_leader: false dest_uuid: "b9140bb9e68346109b866d5e46ed3e3e" is_pre_election: true
I20260709 13:05:35.430842 16512 raft_consensus.cc:515] T 67a296f1f4b24a0ea568fc1fc7be764d P 1d2539c1d9d1462ab5315e7124baac3e [term 1 FOLLOWER]: Starting leader election with config: opid_index: -1 OBSOLETE_local: false peers { permanent_uuid: "1d2539c1d9d1462ab5315e7124baac3e" member_type: VOTER last_known_addr { host: "127.14.166.193" port: 44595 } } peers { permanent_uuid: "3de94e4528754d508313e7a23c90fb49" member_type: VOTER last_known_addr { host: "127.14.166.194" port: 44227 } } peers { permanent_uuid: "b9140bb9e68346109b866d5e46ed3e3e" member_type: VOTER last_known_addr { host: "127.14.166.195" port: 45055 } }
I20260709 13:05:35.445933 16117 leader_election.cc:304] T d539521282a144728236c157459b8bfa P 1d2539c1d9d1462ab5315e7124baac3e [CANDIDATE]: Term 1 pre-election: Election decided. Result: candidate lost. Election summary: received 3 responses out of 3 voters: 1 yes votes; 2 no votes. yes voters: 1d2539c1d9d1462ab5315e7124baac3e; no voters: 3de94e4528754d508313e7a23c90fb49, b9140bb9e68346109b866d5e46ed3e3e
I20260709 13:05:35.447129 16369 raft_consensus.cc:493] T 353fab4a5cce48728ab2b9069c6a50f3 P b9140bb9e68346109b866d5e46ed3e3e [term 0 FOLLOWER]: Starting pre-election (no leader contacted us within the election timeout)
I20260709 13:05:35.448868 16369 raft_consensus.cc:515] T 353fab4a5cce48728ab2b9069c6a50f3 P b9140bb9e68346109b866d5e46ed3e3e [term 0 FOLLOWER]: Starting pre-election with config: opid_index: -1 OBSOLETE_local: false peers { permanent_uuid: "1d2539c1d9d1462ab5315e7124baac3e" member_type: VOTER last_known_addr { host: "127.14.166.193" port: 44595 } } peers { permanent_uuid: "3de94e4528754d508313e7a23c90fb49" member_type: VOTER last_known_addr { host: "127.14.166.194" port: 44227 } } peers { permanent_uuid: "b9140bb9e68346109b866d5e46ed3e3e" member_type: VOTER last_known_addr { host: "127.14.166.195" port: 45055 } }
I20260709 13:05:35.452387 16369 leader_election.cc:290] T 353fab4a5cce48728ab2b9069c6a50f3 P b9140bb9e68346109b866d5e46ed3e3e [CANDIDATE]: Term 1 pre-election: Requested pre-vote from peers 1d2539c1d9d1462ab5315e7124baac3e (127.14.166.193:44595), 3de94e4528754d508313e7a23c90fb49 (127.14.166.194:44227)
I20260709 13:05:35.463133 16301 raft_consensus.cc:3060] T 353fab4a5cce48728ab2b9069c6a50f3 P b9140bb9e68346109b866d5e46ed3e3e [term 0 FOLLOWER]: Advancing to term 1
I20260709 13:05:35.463639 16223 tablet_service.cc:1917] Received RequestConsensusVote() RPC: tablet_id: "353fab4a5cce48728ab2b9069c6a50f3" candidate_uuid: "b9140bb9e68346109b866d5e46ed3e3e" candidate_term: 1 candidate_status { last_received { term: 0 index: 0 } } ignore_live_leader: false dest_uuid: "3de94e4528754d508313e7a23c90fb49" is_pre_election: true
I20260709 13:05:35.476006 16351 tablet_bootstrap.cc:654] T 49cf0034e5794e77b1cef3cf800056ae P b9140bb9e68346109b866d5e46ed3e3e: Neither blocks nor log segments found. Creating new log.
I20260709 13:05:35.479490 16344 raft_consensus.cc:493] T 95107f13eca342349f17abdf7fa70f94 P 3de94e4528754d508313e7a23c90fb49 [term 0 FOLLOWER]: Starting pre-election (no leader contacted us within the election timeout)
I20260709 13:05:35.480139 16302 tablet_service.cc:1917] Received RequestConsensusVote() RPC: tablet_id: "67a296f1f4b24a0ea568fc1fc7be764d" candidate_uuid: "1d2539c1d9d1462ab5315e7124baac3e" candidate_term: 1 candidate_status { last_received { term: 0 index: 0 } } ignore_live_leader: false dest_uuid: "b9140bb9e68346109b866d5e46ed3e3e"
I20260709 13:05:35.480937 16302 raft_consensus.cc:3060] T 67a296f1f4b24a0ea568fc1fc7be764d P b9140bb9e68346109b866d5e46ed3e3e [term 0 FOLLOWER]: Advancing to term 1
I20260709 13:05:35.464656 16369 raft_consensus.cc:493] T 931bf2f67dbf4ae1bf46494583fe5dbc P b9140bb9e68346109b866d5e46ed3e3e [term 0 FOLLOWER]: Starting pre-election (no leader contacted us within the election timeout)
I20260709 13:05:35.483268 16369 raft_consensus.cc:515] T 931bf2f67dbf4ae1bf46494583fe5dbc P b9140bb9e68346109b866d5e46ed3e3e [term 0 FOLLOWER]: Starting pre-election with config: opid_index: -1 OBSOLETE_local: false peers { permanent_uuid: "1d2539c1d9d1462ab5315e7124baac3e" member_type: VOTER last_known_addr { host: "127.14.166.193" port: 44595 } } peers { permanent_uuid: "3de94e4528754d508313e7a23c90fb49" member_type: VOTER last_known_addr { host: "127.14.166.194" port: 44227 } } peers { permanent_uuid: "b9140bb9e68346109b866d5e46ed3e3e" member_type: VOTER last_known_addr { host: "127.14.166.195" port: 45055 } }
I20260709 13:05:35.484807 16342 tablet_bootstrap.cc:700] T 74bd814cd79d4c1488775157e0b75c0a P 3de94e4528754d508313e7a23c90fb49: Time spent opening tablet: real 0.101s	user 0.001s	sys 0.000s
I20260709 13:05:35.485447 16342 tablet_bootstrap.cc:654] T 74bd814cd79d4c1488775157e0b75c0a P 3de94e4528754d508313e7a23c90fb49: Neither blocks nor log segments found. Creating new log.
I20260709 13:05:35.480171 16344 raft_consensus.cc:515] T 95107f13eca342349f17abdf7fa70f94 P 3de94e4528754d508313e7a23c90fb49 [term 0 FOLLOWER]: Starting pre-election with config: opid_index: -1 OBSOLETE_local: false peers { permanent_uuid: "1d2539c1d9d1462ab5315e7124baac3e" member_type: VOTER last_known_addr { host: "127.14.166.193" port: 44595 } } peers { permanent_uuid: "3de94e4528754d508313e7a23c90fb49" member_type: VOTER last_known_addr { host: "127.14.166.194" port: 44227 } } peers { permanent_uuid: "b9140bb9e68346109b866d5e46ed3e3e" member_type: VOTER last_known_addr { host: "127.14.166.195" port: 45055 } }
I20260709 13:05:35.487488 16369 leader_election.cc:290] T 931bf2f67dbf4ae1bf46494583fe5dbc P b9140bb9e68346109b866d5e46ed3e3e [CANDIDATE]: Term 1 pre-election: Requested pre-vote from peers 1d2539c1d9d1462ab5315e7124baac3e (127.14.166.193:44595), 3de94e4528754d508313e7a23c90fb49 (127.14.166.194:44227)
I20260709 13:05:35.476114 16048 catalog_manager.cc:5697] T 9499ffb7ba6344a8904918eb8d649c5a P 1d2539c1d9d1462ab5315e7124baac3e reported cstate change: term changed from 0 to 1, leader changed from <none> to 1d2539c1d9d1462ab5315e7124baac3e (127.14.166.193). New cstate: current_term: 1 leader_uuid: "1d2539c1d9d1462ab5315e7124baac3e" committed_config { opid_index: -1 OBSOLETE_local: false peers { permanent_uuid: "1d2539c1d9d1462ab5315e7124baac3e" member_type: VOTER last_known_addr { host: "127.14.166.193" port: 44595 } health_report { overall_health: HEALTHY } } peers { permanent_uuid: "3de94e4528754d508313e7a23c90fb49" member_type: VOTER last_known_addr { host: "127.14.166.194" port: 44227 } health_report { overall_health: UNKNOWN } } peers { permanent_uuid: "b9140bb9e68346109b866d5e46ed3e3e" member_type: VOTER last_known_addr { host: "127.14.166.195" port: 45055 } health_report { overall_health: UNKNOWN } } }
I20260709 13:05:35.491253 16511 raft_consensus.cc:2749] T d539521282a144728236c157459b8bfa P 1d2539c1d9d1462ab5315e7124baac3e [term 1 FOLLOWER]: Leader pre-election lost for term 1. Reason: could not achieve majority
I20260709 13:05:35.491900 16344 leader_election.cc:290] T 95107f13eca342349f17abdf7fa70f94 P 3de94e4528754d508313e7a23c90fb49 [CANDIDATE]: Term 1 pre-election: Requested pre-vote from peers 1d2539c1d9d1462ab5315e7124baac3e (127.14.166.193:44595), b9140bb9e68346109b866d5e46ed3e3e (127.14.166.195:45055)
W20260709 13:05:35.495208 16192 leader_election.cc:343] T 54912ca1adaa41eabd1555618b6fd0c9 P 3de94e4528754d508313e7a23c90fb49 [CANDIDATE]: Term 1 pre-election: Tablet error from VoteRequest() call to peer b9140bb9e68346109b866d5e46ed3e3e (127.14.166.195:45055): Illegal state: must be running to vote when last-logged opid is not known
I20260709 13:05:35.474555 16512 leader_election.cc:290] T 67a296f1f4b24a0ea568fc1fc7be764d P 1d2539c1d9d1462ab5315e7124baac3e [CANDIDATE]: Term 1 election: Requested vote from peers 3de94e4528754d508313e7a23c90fb49 (127.14.166.194:44227), b9140bb9e68346109b866d5e46ed3e3e (127.14.166.195:45055)
W20260709 13:05:35.498049 16192 outbound_call.cc:321] RPC callback for RPC call kudu.consensus.ConsensusService.RequestConsensusVote -> {remote=127.14.166.195:45055, user_credentials={real_user=slave}} blocked reactor thread for 58849.6us
W20260709 13:05:35.500855 16192 leader_election.cc:343] T e061dc0792444fa1a716bf74aabccbb3 P 3de94e4528754d508313e7a23c90fb49 [CANDIDATE]: Term 1 pre-election: Tablet error from VoteRequest() call to peer b9140bb9e68346109b866d5e46ed3e3e (127.14.166.195:45055): Illegal state: must be running to vote when last-logged opid is not known
I20260709 13:05:35.501678 16350 raft_consensus.cc:359] T 99d88b00d0624156ad7a195af724db8e P 1d2539c1d9d1462ab5315e7124baac3e [term 0 FOLLOWER]: Replica starting. Triggering 0 pending ops. Active config: opid_index: -1 OBSOLETE_local: false peers { permanent_uuid: "1d2539c1d9d1462ab5315e7124baac3e" member_type: VOTER last_known_addr { host: "127.14.166.193" port: 44595 } } peers { permanent_uuid: "3de94e4528754d508313e7a23c90fb49" member_type: VOTER last_known_addr { host: "127.14.166.194" port: 44227 } } peers { permanent_uuid: "b9140bb9e68346109b866d5e46ed3e3e" member_type: VOTER last_known_addr { host: "127.14.166.195" port: 45055 } }
I20260709 13:05:35.502494 16350 raft_consensus.cc:385] T 99d88b00d0624156ad7a195af724db8e P 1d2539c1d9d1462ab5315e7124baac3e [term 0 FOLLOWER]: Consensus starting up: Expiring failure detector timer to make a prompt election more likely
I20260709 13:05:35.502813 16350 raft_consensus.cc:740] T 99d88b00d0624156ad7a195af724db8e P 1d2539c1d9d1462ab5315e7124baac3e [term 0 FOLLOWER]: Becoming Follower/Learner. State: Replica: 1d2539c1d9d1462ab5315e7124baac3e, State: Initialized, Role: FOLLOWER
I20260709 13:05:35.504889 16223 tablet_service.cc:1917] Received RequestConsensusVote() RPC: tablet_id: "67a296f1f4b24a0ea568fc1fc7be764d" candidate_uuid: "1d2539c1d9d1462ab5315e7124baac3e" candidate_term: 1 candidate_status { last_received { term: 0 index: 0 } } ignore_live_leader: false dest_uuid: "3de94e4528754d508313e7a23c90fb49"
I20260709 13:05:35.506440 16223 raft_consensus.cc:3060] T 67a296f1f4b24a0ea568fc1fc7be764d P 3de94e4528754d508313e7a23c90fb49 [term 0 FOLLOWER]: Advancing to term 1
I20260709 13:05:35.505033 16350 consensus_queue.cc:260] T 99d88b00d0624156ad7a195af724db8e P 1d2539c1d9d1462ab5315e7124baac3e [NON_LEADER]: Queue going to NON_LEADER mode. State: All replicated index: 0, Majority replicated index: 0, Committed index: 0, Last appended: 0.0, Last appended by leader: 0, Current term: 0, Majority size: -1, State: 0, Mode: NON_LEADER, active raft config: opid_index: -1 OBSOLETE_local: false peers { permanent_uuid: "1d2539c1d9d1462ab5315e7124baac3e" member_type: VOTER last_known_addr { host: "127.14.166.193" port: 44595 } } peers { permanent_uuid: "3de94e4528754d508313e7a23c90fb49" member_type: VOTER last_known_addr { host: "127.14.166.194" port: 44227 } } peers { permanent_uuid: "b9140bb9e68346109b866d5e46ed3e3e" member_type: VOTER last_known_addr { host: "127.14.166.195" port: 45055 } }
I20260709 13:05:35.519006 16350 ts_tablet_manager.cc:1434] T 99d88b00d0624156ad7a195af724db8e P 1d2539c1d9d1462ab5315e7124baac3e: Time spent starting tablet: real 0.166s	user 0.009s	sys 0.000s
I20260709 13:05:35.531488 16225 tablet_service.cc:1917] Received RequestConsensusVote() RPC: tablet_id: "931bf2f67dbf4ae1bf46494583fe5dbc" candidate_uuid: "b9140bb9e68346109b866d5e46ed3e3e" candidate_term: 1 candidate_status { last_received { term: 0 index: 0 } } ignore_live_leader: false dest_uuid: "3de94e4528754d508313e7a23c90fb49" is_pre_election: true
I20260709 13:05:35.536070 16297 tablet_service.cc:1917] Received RequestConsensusVote() RPC: tablet_id: "95107f13eca342349f17abdf7fa70f94" candidate_uuid: "3de94e4528754d508313e7a23c90fb49" candidate_term: 1 candidate_status { last_received { term: 0 index: 0 } } ignore_live_leader: false dest_uuid: "b9140bb9e68346109b866d5e46ed3e3e" is_pre_election: true
I20260709 13:05:35.537389 16225 raft_consensus.cc:2468] T 931bf2f67dbf4ae1bf46494583fe5dbc P 3de94e4528754d508313e7a23c90fb49 [term 0 FOLLOWER]: Leader pre-election vote request: Granting yes vote for candidate b9140bb9e68346109b866d5e46ed3e3e in term 0.
