I20260709 13:05:14.300069 18610 raft_consensus.cc:697] T 00000000000000000000000000000000 P 22a6ac5305a14d75be73c38d3f4f4613 [term 1 LEADER]: Becoming Leader. State: Replica: 22a6ac5305a14d75be73c38d3f4f4613, State: Running, Role: LEADER
I20260709 13:05:14.300812 18610 consensus_queue.cc:237] T 00000000000000000000000000000000 P 22a6ac5305a14d75be73c38d3f4f4613 [LEADER]: Queue going to LEADER mode. State: All replicated index: 0, Majority replicated index: 0, Committed index: 0, Last appended: 0.0, Last appended by leader: 0, Current term: 1, Majority size: 1, State: 0, Mode: LEADER, active raft config: opid_index: -1 OBSOLETE_local: true peers { permanent_uuid: "22a6ac5305a14d75be73c38d3f4f4613" member_type: VOTER }
I20260709 13:05:14.301515 18607 sys_catalog.cc:565] T 00000000000000000000000000000000 P 22a6ac5305a14d75be73c38d3f4f4613 [sys.catalog]: configured and running, proceeding with master startup.
I20260709 13:05:14.305454 18611 sys_catalog.cc:455] T 00000000000000000000000000000000 P 22a6ac5305a14d75be73c38d3f4f4613 [sys.catalog]: SysCatalogTable state changed. Reason: RaftConsensus started. Latest consensus state: current_term: 1 leader_uuid: "22a6ac5305a14d75be73c38d3f4f4613" committed_config { opid_index: -1 OBSOLETE_local: true peers { permanent_uuid: "22a6ac5305a14d75be73c38d3f4f4613" member_type: VOTER } }
I20260709 13:05:14.305428 18612 sys_catalog.cc:455] T 00000000000000000000000000000000 P 22a6ac5305a14d75be73c38d3f4f4613 [sys.catalog]: SysCatalogTable state changed. Reason: New leader 22a6ac5305a14d75be73c38d3f4f4613. Latest consensus state: current_term: 1 leader_uuid: "22a6ac5305a14d75be73c38d3f4f4613" committed_config { opid_index: -1 OBSOLETE_local: true peers { permanent_uuid: "22a6ac5305a14d75be73c38d3f4f4613" member_type: VOTER } }
I20260709 13:05:14.306711 18611 sys_catalog.cc:458] T 00000000000000000000000000000000 P 22a6ac5305a14d75be73c38d3f4f4613 [sys.catalog]: This master's current role is: LEADER
I20260709 13:05:14.306877 18612 sys_catalog.cc:458] T 00000000000000000000000000000000 P 22a6ac5305a14d75be73c38d3f4f4613 [sys.catalog]: This master's current role is: LEADER
I20260709 13:05:14.314118 18617 catalog_manager.cc:1511] Loading table and tablet metadata into memory...
I20260709 13:05:14.322094 18617 catalog_manager.cc:1520] Initializing Kudu cluster ID...
I20260709 13:05:14.323100 18056 internal_mini_cluster.cc:184] Waiting to initialize catalog manager on master 0
I20260709 13:05:14.330838 18617 catalog_manager.cc:1383] Generated new cluster ID: bfab1ddc234a4b1fb1e794535c50662f
I20260709 13:05:14.331166 18617 catalog_manager.cc:1531] Initializing Kudu internal certificate authority...
I20260709 13:05:14.352011 18617 catalog_manager.cc:1406] Generated new certificate authority record
I20260709 13:05:14.353238 18617 catalog_manager.cc:1540] Loading token signing keys...
I20260709 13:05:14.374868 18617 catalog_manager.cc:6070] T 00000000000000000000000000000000 P 22a6ac5305a14d75be73c38d3f4f4613: Generated new TSK 0
I20260709 13:05:14.375479 18617 catalog_manager.cc:1550] Initializing in-progress tserver states...
I20260709 13:05:14.389415 18056 file_cache.cc:504] Constructed file cache file cache with capacity 419430
W20260709 13:05:14.396296 18628 instance_detector.cc:116] could not retrieve AWS instance metadata: Network error: curl error: HTTP response code said error: The requested URL returned error: 404
W20260709 13:05:14.397432 18629 instance_detector.cc:116] could not retrieve Azure instance metadata: Network error: curl error: HTTP response code said error: The requested URL returned error: 404
W20260709 13:05:14.398717 18631 instance_detector.cc:116] could not retrieve OpenStack instance metadata: Network error: curl error: HTTP response code said error: The requested URL returned error: 404
I20260709 13:05:14.399482 18056 server_base.cc:1061] running on GCE node
I20260709 13:05:14.400336 18056 hybrid_clock.cc:584] initializing the hybrid clock with 'system_unsync' time source
W20260709 13:05:14.400543 18056 system_unsync_time.cc:38] NTP support is disabled. Clock error bounds will not be accurate. This configuration is not suitable for distributed clusters.
I20260709 13:05:14.400688 18056 hybrid_clock.cc:648] HybridClock initialized: now 1783602314400675 us; error 0 us; skew 500 ppm
I20260709 13:05:14.401226 18056 server_base.cc:861] Flag tcmalloc_max_total_thread_cache_bytes is not working since tcmalloc is not enabled.
I20260709 13:05:14.403733 18056 webserver.cc:533] Webserver started at http://127.17.162.1:39877/ using document root <none> and password file <none>
I20260709 13:05:14.404274 18056 fs_manager.cc:362] Metadata directory not provided
I20260709 13:05:14.404469 18056 fs_manager.cc:368] Using write-ahead log directory (fs_wal_dir) as metadata directory
I20260709 13:05:14.404737 18056 server_base.cc:909] This appears to be a new deployment of Kudu; creating new FS layout
I20260709 13:05:14.405750 18056 fs_manager.cc:1068] Generated new instance metadata in path /tmp/dist-test-taskurINh4/test-tmp/auto_leader_rebalancer-test.0.LeaderRebalancerTest.FunctionalTestForNotDivided.1783602301461953-18056-0/minicluster-data/ts-0-root/instance:
uuid: "9b61da6b68614d609f8c81f92b7b079c"
format_stamp: "Formatted at 2026-07-09 13:05:14 on dist-test-slave-vcr9"
I20260709 13:05:14.410219 18056 fs_manager.cc:696] Time spent creating directory manager: real 0.004s	user 0.005s	sys 0.000s
I20260709 13:05:14.413465 18636 log_block_manager.cc:4127] Time spent loading block containers with low live blocks: real 0.000s	user 0.000s	sys 0.000s
I20260709 13:05:14.414225 18056 fs_manager.cc:730] Time spent opening block manager: real 0.002s	user 0.002s	sys 0.001s
I20260709 13:05:14.414530 18056 fs_manager.cc:647] Opened local filesystem: /tmp/dist-test-taskurINh4/test-tmp/auto_leader_rebalancer-test.0.LeaderRebalancerTest.FunctionalTestForNotDivided.1783602301461953-18056-0/minicluster-data/ts-0-root
uuid: "9b61da6b68614d609f8c81f92b7b079c"
format_stamp: "Formatted at 2026-07-09 13:05:14 on dist-test-slave-vcr9"
I20260709 13:05:14.414809 18056 fs_report.cc:389] FS layout report
--------------------
wal directory: /tmp/dist-test-taskurINh4/test-tmp/auto_leader_rebalancer-test.0.LeaderRebalancerTest.FunctionalTestForNotDivided.1783602301461953-18056-0/minicluster-data/ts-0-root
metadata directory: /tmp/dist-test-taskurINh4/test-tmp/auto_leader_rebalancer-test.0.LeaderRebalancerTest.FunctionalTestForNotDivided.1783602301461953-18056-0/minicluster-data/ts-0-root
1 data directories: /tmp/dist-test-taskurINh4/test-tmp/auto_leader_rebalancer-test.0.LeaderRebalancerTest.FunctionalTestForNotDivided.1783602301461953-18056-0/minicluster-data/ts-0-root/data
Total live blocks: 0
Total live bytes: 0
Total live bytes (after alignment): 0
Total number of LBM containers: 0 (0 full)
Did not check for missing blocks
Did not check for orphaned blocks
Total full LBM containers with extra space: 0 (0 repaired)
Total full LBM container extra space in bytes: 0 (0 repaired)
Total incomplete LBM containers: 0 (0 repaired)
Total LBM partial records: 0 (0 repaired)
Total corrupted LBM metadata records in RocksDB: 0 (0 repaired)
I20260709 13:05:14.434860 18056 rpc_server.cc:225] running with OpenSSL 1.1.1  11 Sep 2018
I20260709 13:05:14.436125 18056 kserver.cc:163] Server-wide thread pool size limit: 3276
I20260709 13:05:14.437639 18056 txn_system_client.cc:432] TxnSystemClient initialization is disabled...
I20260709 13:05:14.439908 18056 ts_tablet_manager.cc:585] Loaded tablet metadata (0 total tablets, 0 live tablets)
I20260709 13:05:14.440085 18056 ts_tablet_manager.cc:531] Time spent load tablet metadata: real 0.000s	user 0.000s	sys 0.000s
I20260709 13:05:14.440451 18056 ts_tablet_manager.cc:616] Registered 0 tablets
I20260709 13:05:14.440629 18056 ts_tablet_manager.cc:595] Time spent register tablets: real 0.000s	user 0.000s	sys 0.000s
I20260709 13:05:14.479487 18056 rpc_server.cc:307] RPC server started. Bound to: 127.17.162.1:41571
I20260709 13:05:14.479583 18698 acceptor_pool.cc:272] collecting diagnostics on the listening RPC socket 127.17.162.1:41571 every 8 connection(s)
I20260709 13:05:14.484825 18056 file_cache.cc:504] Constructed file cache file cache with capacity 419430
W20260709 13:05:14.491475 18703 instance_detector.cc:116] could not retrieve AWS instance metadata: Network error: curl error: HTTP response code said error: The requested URL returned error: 404
W20260709 13:05:14.493248 18704 instance_detector.cc:116] could not retrieve Azure instance metadata: Network error: curl error: HTTP response code said error: The requested URL returned error: 404
W20260709 13:05:14.496042 18706 instance_detector.cc:116] could not retrieve OpenStack instance metadata: Network error: curl error: HTTP response code said error: The requested URL returned error: 404
I20260709 13:05:14.496601 18056 server_base.cc:1061] running on GCE node
I20260709 13:05:14.497993 18056 hybrid_clock.cc:584] initializing the hybrid clock with 'system_unsync' time source
W20260709 13:05:14.498273 18056 system_unsync_time.cc:38] NTP support is disabled. Clock error bounds will not be accurate. This configuration is not suitable for distributed clusters.
I20260709 13:05:14.498473 18056 hybrid_clock.cc:648] HybridClock initialized: now 1783602314498457 us; error 0 us; skew 500 ppm
I20260709 13:05:14.499074 18056 server_base.cc:861] Flag tcmalloc_max_total_thread_cache_bytes is not working since tcmalloc is not enabled.
I20260709 13:05:14.501667 18699 heartbeater.cc:344] Connected to a master server at 127.17.162.62:42159
I20260709 13:05:14.502100 18699 heartbeater.cc:461] Registering TS with master...
I20260709 13:05:14.502543 18056 webserver.cc:533] Webserver started at http://127.17.162.2:45101/ using document root <none> and password file <none>
I20260709 13:05:14.503082 18699 heartbeater.cc:507] Master 127.17.162.62:42159 requested a full tablet report, sending...
I20260709 13:05:14.503224 18056 fs_manager.cc:362] Metadata directory not provided
I20260709 13:05:14.503476 18056 fs_manager.cc:368] Using write-ahead log directory (fs_wal_dir) as metadata directory
I20260709 13:05:14.503813 18056 server_base.cc:909] This appears to be a new deployment of Kudu; creating new FS layout
I20260709 13:05:14.505203 18056 fs_manager.cc:1068] Generated new instance metadata in path /tmp/dist-test-taskurINh4/test-tmp/auto_leader_rebalancer-test.0.LeaderRebalancerTest.FunctionalTestForNotDivided.1783602301461953-18056-0/minicluster-data/ts-1-root/instance:
uuid: "a57b485769a5443db18800cf6c0707be"
format_stamp: "Formatted at 2026-07-09 13:05:14 on dist-test-slave-vcr9"
I20260709 13:05:14.505564 18572 ts_manager.cc:194] Registered new tserver with Master: 9b61da6b68614d609f8c81f92b7b079c (127.17.162.1:41571)
I20260709 13:05:14.507946 18572 master_service.cc:502] Signed X509 certificate for tserver {username='slave'} at 127.0.0.1:36414
I20260709 13:05:14.510895 18056 fs_manager.cc:696] Time spent creating directory manager: real 0.005s	user 0.003s	sys 0.003s
I20260709 13:05:14.514175 18711 log_block_manager.cc:4127] Time spent loading block containers with low live blocks: real 0.000s	user 0.000s	sys 0.000s
I20260709 13:05:14.514887 18056 fs_manager.cc:730] Time spent opening block manager: real 0.002s	user 0.002s	sys 0.000s
I20260709 13:05:14.515123 18056 fs_manager.cc:647] Opened local filesystem: /tmp/dist-test-taskurINh4/test-tmp/auto_leader_rebalancer-test.0.LeaderRebalancerTest.FunctionalTestForNotDivided.1783602301461953-18056-0/minicluster-data/ts-1-root
uuid: "a57b485769a5443db18800cf6c0707be"
format_stamp: "Formatted at 2026-07-09 13:05:14 on dist-test-slave-vcr9"
I20260709 13:05:14.515353 18056 fs_report.cc:389] FS layout report
--------------------
wal directory: /tmp/dist-test-taskurINh4/test-tmp/auto_leader_rebalancer-test.0.LeaderRebalancerTest.FunctionalTestForNotDivided.1783602301461953-18056-0/minicluster-data/ts-1-root
metadata directory: /tmp/dist-test-taskurINh4/test-tmp/auto_leader_rebalancer-test.0.LeaderRebalancerTest.FunctionalTestForNotDivided.1783602301461953-18056-0/minicluster-data/ts-1-root
1 data directories: /tmp/dist-test-taskurINh4/test-tmp/auto_leader_rebalancer-test.0.LeaderRebalancerTest.FunctionalTestForNotDivided.1783602301461953-18056-0/minicluster-data/ts-1-root/data
Total live blocks: 0
Total live bytes: 0
Total live bytes (after alignment): 0
Total number of LBM containers: 0 (0 full)
Did not check for missing blocks
Did not check for orphaned blocks
Total full LBM containers with extra space: 0 (0 repaired)
Total full LBM container extra space in bytes: 0 (0 repaired)
Total incomplete LBM containers: 0 (0 repaired)
Total LBM partial records: 0 (0 repaired)
Total corrupted LBM metadata records in RocksDB: 0 (0 repaired)
I20260709 13:05:14.532018 18056 rpc_server.cc:225] running with OpenSSL 1.1.1  11 Sep 2018
I20260709 13:05:14.533274 18056 kserver.cc:163] Server-wide thread pool size limit: 3276
I20260709 13:05:14.534729 18056 txn_system_client.cc:432] TxnSystemClient initialization is disabled...
I20260709 13:05:14.536866 18056 ts_tablet_manager.cc:585] Loaded tablet metadata (0 total tablets, 0 live tablets)
I20260709 13:05:14.537035 18056 ts_tablet_manager.cc:531] Time spent load tablet metadata: real 0.000s	user 0.000s	sys 0.000s
I20260709 13:05:14.537325 18056 ts_tablet_manager.cc:616] Registered 0 tablets
I20260709 13:05:14.537482 18056 ts_tablet_manager.cc:595] Time spent register tablets: real 0.000s	user 0.000s	sys 0.000s
I20260709 13:05:14.576668 18056 rpc_server.cc:307] RPC server started. Bound to: 127.17.162.2:39217
I20260709 13:05:14.576773 18773 acceptor_pool.cc:272] collecting diagnostics on the listening RPC socket 127.17.162.2:39217 every 8 connection(s)
I20260709 13:05:14.581190 18056 file_cache.cc:504] Constructed file cache file cache with capacity 419430
W20260709 13:05:14.588341 18777 instance_detector.cc:116] could not retrieve AWS instance metadata: Network error: curl error: HTTP response code said error: The requested URL returned error: 404
W20260709 13:05:14.589298 18778 instance_detector.cc:116] could not retrieve Azure instance metadata: Network error: curl error: HTTP response code said error: The requested URL returned error: 404
W20260709 13:05:14.590718 18780 instance_detector.cc:116] could not retrieve OpenStack instance metadata: Network error: curl error: HTTP response code said error: The requested URL returned error: 404
I20260709 13:05:14.592166 18056 server_base.cc:1061] running on GCE node
I20260709 13:05:14.593230 18056 hybrid_clock.cc:584] initializing the hybrid clock with 'system_unsync' time source
W20260709 13:05:14.593485 18056 system_unsync_time.cc:38] NTP support is disabled. Clock error bounds will not be accurate. This configuration is not suitable for distributed clusters.
I20260709 13:05:14.593672 18056 hybrid_clock.cc:648] HybridClock initialized: now 1783602314593632 us; error 0 us; skew 500 ppm
I20260709 13:05:14.594337 18056 server_base.cc:861] Flag tcmalloc_max_total_thread_cache_bytes is not working since tcmalloc is not enabled.
I20260709 13:05:14.594525 18774 heartbeater.cc:344] Connected to a master server at 127.17.162.62:42159
I20260709 13:05:14.594873 18774 heartbeater.cc:461] Registering TS with master...
I20260709 13:05:14.595796 18774 heartbeater.cc:507] Master 127.17.162.62:42159 requested a full tablet report, sending...
I20260709 13:05:14.597123 18056 webserver.cc:533] Webserver started at http://127.17.162.3:33471/ using document root <none> and password file <none>
I20260709 13:05:14.597780 18056 fs_manager.cc:362] Metadata directory not provided
I20260709 13:05:14.598009 18056 fs_manager.cc:368] Using write-ahead log directory (fs_wal_dir) as metadata directory
I20260709 13:05:14.598048 18572 ts_manager.cc:194] Registered new tserver with Master: a57b485769a5443db18800cf6c0707be (127.17.162.2:39217)
I20260709 13:05:14.598407 18056 server_base.cc:909] This appears to be a new deployment of Kudu; creating new FS layout
I20260709 13:05:14.599854 18572 master_service.cc:502] Signed X509 certificate for tserver {username='slave'} at 127.0.0.1:36426
I20260709 13:05:14.599869 18056 fs_manager.cc:1068] Generated new instance metadata in path /tmp/dist-test-taskurINh4/test-tmp/auto_leader_rebalancer-test.0.LeaderRebalancerTest.FunctionalTestForNotDivided.1783602301461953-18056-0/minicluster-data/ts-2-root/instance:
uuid: "d5d0e38a81254cc38f60341319f191ef"
format_stamp: "Formatted at 2026-07-09 13:05:14 on dist-test-slave-vcr9"
I20260709 13:05:14.605695 18056 fs_manager.cc:696] Time spent creating directory manager: real 0.005s	user 0.005s	sys 0.000s
I20260709 13:05:14.608778 18785 log_block_manager.cc:4127] Time spent loading block containers with low live blocks: real 0.000s	user 0.000s	sys 0.000s
I20260709 13:05:14.609494 18056 fs_manager.cc:730] Time spent opening block manager: real 0.002s	user 0.002s	sys 0.001s
I20260709 13:05:14.609774 18056 fs_manager.cc:647] Opened local filesystem: /tmp/dist-test-taskurINh4/test-tmp/auto_leader_rebalancer-test.0.LeaderRebalancerTest.FunctionalTestForNotDivided.1783602301461953-18056-0/minicluster-data/ts-2-root
uuid: "d5d0e38a81254cc38f60341319f191ef"
format_stamp: "Formatted at 2026-07-09 13:05:14 on dist-test-slave-vcr9"
I20260709 13:05:14.610047 18056 fs_report.cc:389] FS layout report
--------------------
wal directory: /tmp/dist-test-taskurINh4/test-tmp/auto_leader_rebalancer-test.0.LeaderRebalancerTest.FunctionalTestForNotDivided.1783602301461953-18056-0/minicluster-data/ts-2-root
metadata directory: /tmp/dist-test-taskurINh4/test-tmp/auto_leader_rebalancer-test.0.LeaderRebalancerTest.FunctionalTestForNotDivided.1783602301461953-18056-0/minicluster-data/ts-2-root
1 data directories: /tmp/dist-test-taskurINh4/test-tmp/auto_leader_rebalancer-test.0.LeaderRebalancerTest.FunctionalTestForNotDivided.1783602301461953-18056-0/minicluster-data/ts-2-root/data
Total live blocks: 0
Total live bytes: 0
Total live bytes (after alignment): 0
Total number of LBM containers: 0 (0 full)
Did not check for missing blocks
Did not check for orphaned blocks
Total full LBM containers with extra space: 0 (0 repaired)
Total full LBM container extra space in bytes: 0 (0 repaired)
Total incomplete LBM containers: 0 (0 repaired)
Total LBM partial records: 0 (0 repaired)
Total corrupted LBM metadata records in RocksDB: 0 (0 repaired)
I20260709 13:05:14.634447 18056 rpc_server.cc:225] running with OpenSSL 1.1.1  11 Sep 2018
I20260709 13:05:14.635600 18056 kserver.cc:163] Server-wide thread pool size limit: 3276
I20260709 13:05:14.637166 18056 txn_system_client.cc:432] TxnSystemClient initialization is disabled...
I20260709 13:05:14.639384 18056 ts_tablet_manager.cc:585] Loaded tablet metadata (0 total tablets, 0 live tablets)
I20260709 13:05:14.639616 18056 ts_tablet_manager.cc:531] Time spent load tablet metadata: real 0.000s	user 0.000s	sys 0.000s
I20260709 13:05:14.639853 18056 ts_tablet_manager.cc:616] Registered 0 tablets
I20260709 13:05:14.640024 18056 ts_tablet_manager.cc:595] Time spent register tablets: real 0.000s	user 0.000s	sys 0.000s
I20260709 13:05:14.678228 18056 rpc_server.cc:307] RPC server started. Bound to: 127.17.162.3:41855
I20260709 13:05:14.678323 18847 acceptor_pool.cc:272] collecting diagnostics on the listening RPC socket 127.17.162.3:41855 every 8 connection(s)
I20260709 13:05:14.691378 18848 heartbeater.cc:344] Connected to a master server at 127.17.162.62:42159
I20260709 13:05:14.691803 18848 heartbeater.cc:461] Registering TS with master...
I20260709 13:05:14.692591 18848 heartbeater.cc:507] Master 127.17.162.62:42159 requested a full tablet report, sending...
I20260709 13:05:14.694417 18572 ts_manager.cc:194] Registered new tserver with Master: d5d0e38a81254cc38f60341319f191ef (127.17.162.3:41855)
I20260709 13:05:14.694667 18056 internal_mini_cluster.cc:371] 3 TS(s) registered with all masters after 0.013387573s
I20260709 13:05:14.695726 18572 master_service.cc:502] Signed X509 certificate for tserver {username='slave'} at 127.0.0.1:36442
I20260709 13:05:14.718765 18572 catalog_manager.cc:2283] Servicing CreateTable request from {username='slave'} at 127.0.0.1:36448:
name: "test-workload"
schema {
  columns {
    name: "key"
    type: INT32
    is_key: true
    is_nullable: false
    encoding: AUTO_ENCODING
    compression: DEFAULT_COMPRESSION
    cfile_block_size: 0
    immutable: false
  }
  columns {
    name: "int_val"
    type: INT32
    is_key: false
    is_nullable: false
    encoding: AUTO_ENCODING
    compression: DEFAULT_COMPRESSION
    cfile_block_size: 0
    immutable: false
  }
  columns {
    name: "string_val"
    type: STRING
    is_key: false
    is_nullable: true
    encoding: AUTO_ENCODING
    compression: DEFAULT_COMPRESSION
    cfile_block_size: 0
    immutable: false
  }
}
num_replicas: 3
split_rows_range_bounds {
  rows: "\004\001\000\314\314\314\014\004\001\000\230\231\231\031\004\001\000dff&\004\001\0000333\004\001\000\374\377\377?\004\001\000\310\314\314L\004\001\000\224\231\231Y\004\001\000`fff\004\001\000,33s""\004\001\000\314\314\314\014\004\001\000\230\231\231\031\004\001\000dff&\004\001\0000333\004\001\000\374\377\377?\004\001\000\310\314\314L\004\001\000\224\231\231Y\004\001\000`fff\004\001\000,33s"
  indirect_data: """"
}
partition_schema {
  range_schema {
    columns {
      name: "key"
    }
  }
}
W20260709 13:05:14.721546 18572 catalog_manager.cc:7077] The number of live tablet servers is not enough to re-replicate a tablet replica of the newly created table test-workload in case of a server failure: 4 tablet servers would be needed, 3 are available. Consider bringing up more tablet servers.
I20260709 13:05:14.795269 18739 tablet_service.cc:1511] Processing CreateTablet for tablet f42a5cd59c794ddab8be68eede55113e (DEFAULT_TABLE table=test-workload [id=d0ac080156124c24a2ab3111d7f1f8bc]), partition=RANGE (key) PARTITION VALUES < 214748364
I20260709 13:05:14.796834 18739 data_dirs.cc:400] Could only allocate 1 dirs of requested 3 for tablet f42a5cd59c794ddab8be68eede55113e. 1 dirs total, 0 dirs full, 0 dirs failed
I20260709 13:05:14.798599 18664 tablet_service.cc:1511] Processing CreateTablet for tablet f42a5cd59c794ddab8be68eede55113e (DEFAULT_TABLE table=test-workload [id=d0ac080156124c24a2ab3111d7f1f8bc]), partition=RANGE (key) PARTITION VALUES < 214748364
I20260709 13:05:14.799929 18664 data_dirs.cc:400] Could only allocate 1 dirs of requested 3 for tablet f42a5cd59c794ddab8be68eede55113e. 1 dirs total, 0 dirs full, 0 dirs failed
I20260709 13:05:14.801826 18813 tablet_service.cc:1511] Processing CreateTablet for tablet f42a5cd59c794ddab8be68eede55113e (DEFAULT_TABLE table=test-workload [id=d0ac080156124c24a2ab3111d7f1f8bc]), partition=RANGE (key) PARTITION VALUES < 214748364
I20260709 13:05:14.801879 18738 tablet_service.cc:1511] Processing CreateTablet for tablet ffe30f7c7ba2467d91a0c59e401c7b52 (DEFAULT_TABLE table=test-workload [id=d0ac080156124c24a2ab3111d7f1f8bc]), partition=RANGE (key) PARTITION 214748364 <= VALUES < 429496728
I20260709 13:05:14.803228 18813 data_dirs.cc:400] Could only allocate 1 dirs of requested 3 for tablet f42a5cd59c794ddab8be68eede55113e. 1 dirs total, 0 dirs full, 0 dirs failed
I20260709 13:05:14.803335 18738 data_dirs.cc:400] Could only allocate 1 dirs of requested 3 for tablet ffe30f7c7ba2467d91a0c59e401c7b52. 1 dirs total, 0 dirs full, 0 dirs failed
I20260709 13:05:14.803773 18663 tablet_service.cc:1511] Processing CreateTablet for tablet ffe30f7c7ba2467d91a0c59e401c7b52 (DEFAULT_TABLE table=test-workload [id=d0ac080156124c24a2ab3111d7f1f8bc]), partition=RANGE (key) PARTITION 214748364 <= VALUES < 429496728
I20260709 13:05:14.805020 18663 data_dirs.cc:400] Could only allocate 1 dirs of requested 3 for tablet ffe30f7c7ba2467d91a0c59e401c7b52. 1 dirs total, 0 dirs full, 0 dirs failed
I20260709 13:05:14.809309 18662 tablet_service.cc:1511] Processing CreateTablet for tablet bed7fc9d908f45f58d188c9d493c41d3 (DEFAULT_TABLE table=test-workload [id=d0ac080156124c24a2ab3111d7f1f8bc]), partition=RANGE (key) PARTITION 429496728 <= VALUES < 644245092
I20260709 13:05:14.809641 18737 tablet_service.cc:1511] Processing CreateTablet for tablet bed7fc9d908f45f58d188c9d493c41d3 (DEFAULT_TABLE table=test-workload [id=d0ac080156124c24a2ab3111d7f1f8bc]), partition=RANGE (key) PARTITION 429496728 <= VALUES < 644245092
I20260709 13:05:14.810151 18812 tablet_service.cc:1511] Processing CreateTablet for tablet ffe30f7c7ba2467d91a0c59e401c7b52 (DEFAULT_TABLE table=test-workload [id=d0ac080156124c24a2ab3111d7f1f8bc]), partition=RANGE (key) PARTITION 214748364 <= VALUES < 429496728
I20260709 13:05:14.810657 18662 data_dirs.cc:400] Could only allocate 1 dirs of requested 3 for tablet bed7fc9d908f45f58d188c9d493c41d3. 1 dirs total, 0 dirs full, 0 dirs failed
I20260709 13:05:14.810957 18737 data_dirs.cc:400] Could only allocate 1 dirs of requested 3 for tablet bed7fc9d908f45f58d188c9d493c41d3. 1 dirs total, 0 dirs full, 0 dirs failed
I20260709 13:05:14.811435 18812 data_dirs.cc:400] Could only allocate 1 dirs of requested 3 for tablet ffe30f7c7ba2467d91a0c59e401c7b52. 1 dirs total, 0 dirs full, 0 dirs failed
I20260709 13:05:14.812734 18810 tablet_service.cc:1511] Processing CreateTablet for tablet 15db6a1e527c4c6eb0b52414d18f5a4c (DEFAULT_TABLE table=test-workload [id=d0ac080156124c24a2ab3111d7f1f8bc]), partition=RANGE (key) PARTITION 644245092 <= VALUES < 858993456
I20260709 13:05:14.813328 18811 tablet_service.cc:1511] Processing CreateTablet for tablet bed7fc9d908f45f58d188c9d493c41d3 (DEFAULT_TABLE table=test-workload [id=d0ac080156124c24a2ab3111d7f1f8bc]), partition=RANGE (key) PARTITION 429496728 <= VALUES < 644245092
I20260709 13:05:14.814049 18810 data_dirs.cc:400] Could only allocate 1 dirs of requested 3 for tablet 15db6a1e527c4c6eb0b52414d18f5a4c. 1 dirs total, 0 dirs full, 0 dirs failed
I20260709 13:05:14.814790 18811 data_dirs.cc:400] Could only allocate 1 dirs of requested 3 for tablet bed7fc9d908f45f58d188c9d493c41d3. 1 dirs total, 0 dirs full, 0 dirs failed
I20260709 13:05:14.815944 18809 tablet_service.cc:1511] Processing CreateTablet for tablet 37fdd5cfd6ad4e3bb931a7fe349c90fc (DEFAULT_TABLE table=test-workload [id=d0ac080156124c24a2ab3111d7f1f8bc]), partition=RANGE (key) PARTITION 858993456 <= VALUES < 1073741820
I20260709 13:05:14.817251 18809 data_dirs.cc:400] Could only allocate 1 dirs of requested 3 for tablet 37fdd5cfd6ad4e3bb931a7fe349c90fc. 1 dirs total, 0 dirs full, 0 dirs failed
I20260709 13:05:14.819384 18661 tablet_service.cc:1511] Processing CreateTablet for tablet 15db6a1e527c4c6eb0b52414d18f5a4c (DEFAULT_TABLE table=test-workload [id=d0ac080156124c24a2ab3111d7f1f8bc]), partition=RANGE (key) PARTITION 644245092 <= VALUES < 858993456
I20260709 13:05:14.820698 18661 data_dirs.cc:400] Could only allocate 1 dirs of requested 3 for tablet 15db6a1e527c4c6eb0b52414d18f5a4c. 1 dirs total, 0 dirs full, 0 dirs failed
I20260709 13:05:14.823438 18660 tablet_service.cc:1511] Processing CreateTablet for tablet 37fdd5cfd6ad4e3bb931a7fe349c90fc (DEFAULT_TABLE table=test-workload [id=d0ac080156124c24a2ab3111d7f1f8bc]), partition=RANGE (key) PARTITION 858993456 <= VALUES < 1073741820
I20260709 13:05:14.824738 18660 data_dirs.cc:400] Could only allocate 1 dirs of requested 3 for tablet 37fdd5cfd6ad4e3bb931a7fe349c90fc. 1 dirs total, 0 dirs full, 0 dirs failed
I20260709 13:05:14.829700 18736 tablet_service.cc:1511] Processing CreateTablet for tablet 15db6a1e527c4c6eb0b52414d18f5a4c (DEFAULT_TABLE table=test-workload [id=d0ac080156124c24a2ab3111d7f1f8bc]), partition=RANGE (key) PARTITION 644245092 <= VALUES < 858993456
I20260709 13:05:14.829917 18659 tablet_service.cc:1511] Processing CreateTablet for tablet de37e5a38c06464292be48c3d00ee91b (DEFAULT_TABLE table=test-workload [id=d0ac080156124c24a2ab3111d7f1f8bc]), partition=RANGE (key) PARTITION 1073741820 <= VALUES < 1288490184
I20260709 13:05:14.830969 18736 data_dirs.cc:400] Could only allocate 1 dirs of requested 3 for tablet 15db6a1e527c4c6eb0b52414d18f5a4c. 1 dirs total, 0 dirs full, 0 dirs failed
I20260709 13:05:14.831588 18659 data_dirs.cc:400] Could only allocate 1 dirs of requested 3 for tablet de37e5a38c06464292be48c3d00ee91b. 1 dirs total, 0 dirs full, 0 dirs failed
I20260709 13:05:14.833863 18735 tablet_service.cc:1511] Processing CreateTablet for tablet 37fdd5cfd6ad4e3bb931a7fe349c90fc (DEFAULT_TABLE table=test-workload [id=d0ac080156124c24a2ab3111d7f1f8bc]), partition=RANGE (key) PARTITION 858993456 <= VALUES < 1073741820
I20260709 13:05:14.835173 18735 data_dirs.cc:400] Could only allocate 1 dirs of requested 3 for tablet 37fdd5cfd6ad4e3bb931a7fe349c90fc. 1 dirs total, 0 dirs full, 0 dirs failed
I20260709 13:05:14.837301 18734 tablet_service.cc:1511] Processing CreateTablet for tablet de37e5a38c06464292be48c3d00ee91b (DEFAULT_TABLE table=test-workload [id=d0ac080156124c24a2ab3111d7f1f8bc]), partition=RANGE (key) PARTITION 1073741820 <= VALUES < 1288490184
I20260709 13:05:14.838587 18734 data_dirs.cc:400] Could only allocate 1 dirs of requested 3 for tablet de37e5a38c06464292be48c3d00ee91b. 1 dirs total, 0 dirs full, 0 dirs failed
I20260709 13:05:14.857456 18808 tablet_service.cc:1511] Processing CreateTablet for tablet de37e5a38c06464292be48c3d00ee91b (DEFAULT_TABLE table=test-workload [id=d0ac080156124c24a2ab3111d7f1f8bc]), partition=RANGE (key) PARTITION 1073741820 <= VALUES < 1288490184
I20260709 13:05:14.858825 18808 data_dirs.cc:400] Could only allocate 1 dirs of requested 3 for tablet de37e5a38c06464292be48c3d00ee91b. 1 dirs total, 0 dirs full, 0 dirs failed
I20260709 13:05:14.863719 18658 tablet_service.cc:1511] Processing CreateTablet for tablet 8fbee83517224afb9e7fdef5f85142bd (DEFAULT_TABLE table=test-workload [id=d0ac080156124c24a2ab3111d7f1f8bc]), partition=RANGE (key) PARTITION 1288490184 <= VALUES < 1503238548
I20260709 13:05:14.865077 18658 data_dirs.cc:400] Could only allocate 1 dirs of requested 3 for tablet 8fbee83517224afb9e7fdef5f85142bd. 1 dirs total, 0 dirs full, 0 dirs failed
I20260709 13:05:14.866288 18733 tablet_service.cc:1511] Processing CreateTablet for tablet 8fbee83517224afb9e7fdef5f85142bd (DEFAULT_TABLE table=test-workload [id=d0ac080156124c24a2ab3111d7f1f8bc]), partition=RANGE (key) PARTITION 1288490184 <= VALUES < 1503238548
I20260709 13:05:14.869247 18807 tablet_service.cc:1511] Processing CreateTablet for tablet 8fbee83517224afb9e7fdef5f85142bd (DEFAULT_TABLE table=test-workload [id=d0ac080156124c24a2ab3111d7f1f8bc]), partition=RANGE (key) PARTITION 1288490184 <= VALUES < 1503238548
I20260709 13:05:14.870555 18807 data_dirs.cc:400] Could only allocate 1 dirs of requested 3 for tablet 8fbee83517224afb9e7fdef5f85142bd. 1 dirs total, 0 dirs full, 0 dirs failed
I20260709 13:05:14.885192 18733 data_dirs.cc:400] Could only allocate 1 dirs of requested 3 for tablet 8fbee83517224afb9e7fdef5f85142bd. 1 dirs total, 0 dirs full, 0 dirs failed
I20260709 13:05:14.912062 18657 tablet_service.cc:1511] Processing CreateTablet for tablet f420f5ebe063491c974c6ec2d5e36b8a (DEFAULT_TABLE table=test-workload [id=d0ac080156124c24a2ab3111d7f1f8bc]), partition=RANGE (key) PARTITION 1503238548 <= VALUES < 1717986912
I20260709 13:05:14.915238 18657 data_dirs.cc:400] Could only allocate 1 dirs of requested 3 for tablet f420f5ebe063491c974c6ec2d5e36b8a. 1 dirs total, 0 dirs full, 0 dirs failed
I20260709 13:05:14.921810 18732 tablet_service.cc:1511] Processing CreateTablet for tablet f420f5ebe063491c974c6ec2d5e36b8a (DEFAULT_TABLE table=test-workload [id=d0ac080156124c24a2ab3111d7f1f8bc]), partition=RANGE (key) PARTITION 1503238548 <= VALUES < 1717986912
I20260709 13:05:14.923590 18732 data_dirs.cc:400] Could only allocate 1 dirs of requested 3 for tablet f420f5ebe063491c974c6ec2d5e36b8a. 1 dirs total, 0 dirs full, 0 dirs failed
I20260709 13:05:14.941588 18863 tablet_bootstrap.cc:492] T f42a5cd59c794ddab8be68eede55113e P d5d0e38a81254cc38f60341319f191ef: Bootstrap starting.
I20260709 13:05:14.952299 18864 tablet_bootstrap.cc:492] T de37e5a38c06464292be48c3d00ee91b P a57b485769a5443db18800cf6c0707be: Bootstrap starting.
I20260709 13:05:14.954089 18809 tablet_service.cc:1511] Processing CreateTablet for tablet f420f5ebe063491c974c6ec2d5e36b8a (DEFAULT_TABLE table=test-workload [id=d0ac080156124c24a2ab3111d7f1f8bc]), partition=RANGE (key) PARTITION 1503238548 <= VALUES < 1717986912
I20260709 13:05:14.954221 18656 tablet_service.cc:1511] Processing CreateTablet for tablet 54a080c25a974b169e7dfce8df783d99 (DEFAULT_TABLE table=test-workload [id=d0ac080156124c24a2ab3111d7f1f8bc]), partition=RANGE (key) PARTITION 1717986912 <= VALUES < 1932735276
I20260709 13:05:14.961241 18656 data_dirs.cc:400] Could only allocate 1 dirs of requested 3 for tablet 54a080c25a974b169e7dfce8df783d99. 1 dirs total, 0 dirs full, 0 dirs failed
I20260709 13:05:14.961494 18738 tablet_service.cc:1511] Processing CreateTablet for tablet 54a080c25a974b169e7dfce8df783d99 (DEFAULT_TABLE table=test-workload [id=d0ac080156124c24a2ab3111d7f1f8bc]), partition=RANGE (key) PARTITION 1717986912 <= VALUES < 1932735276
I20260709 13:05:14.962693 18738 data_dirs.cc:400] Could only allocate 1 dirs of requested 3 for tablet 54a080c25a974b169e7dfce8df783d99. 1 dirs total, 0 dirs full, 0 dirs failed
I20260709 13:05:14.965021 18863 tablet_bootstrap.cc:654] T f42a5cd59c794ddab8be68eede55113e P d5d0e38a81254cc38f60341319f191ef: Neither blocks nor log segments found. Creating new log.
I20260709 13:05:14.974642 18864 tablet_bootstrap.cc:654] T de37e5a38c06464292be48c3d00ee91b P a57b485769a5443db18800cf6c0707be: Neither blocks nor log segments found. Creating new log.
I20260709 13:05:14.976833 18809 data_dirs.cc:400] Could only allocate 1 dirs of requested 3 for tablet f420f5ebe063491c974c6ec2d5e36b8a. 1 dirs total, 0 dirs full, 0 dirs failed
I20260709 13:05:14.989814 18865 tablet_bootstrap.cc:492] T bed7fc9d908f45f58d188c9d493c41d3 P 9b61da6b68614d609f8c81f92b7b079c: Bootstrap starting.
I20260709 13:05:14.993742 18810 tablet_service.cc:1511] Processing CreateTablet for tablet 54a080c25a974b169e7dfce8df783d99 (DEFAULT_TABLE table=test-workload [id=d0ac080156124c24a2ab3111d7f1f8bc]), partition=RANGE (key) PARTITION 1717986912 <= VALUES < 1932735276
I20260709 13:05:14.995539 18810 data_dirs.cc:400] Could only allocate 1 dirs of requested 3 for tablet 54a080c25a974b169e7dfce8df783d99. 1 dirs total, 0 dirs full, 0 dirs failed
I20260709 13:05:14.996601 18660 tablet_service.cc:1511] Processing CreateTablet for tablet d694f3f71c89417cb9f45361ac8ca470 (DEFAULT_TABLE table=test-workload [id=d0ac080156124c24a2ab3111d7f1f8bc]), partition=RANGE (key) PARTITION 1932735276 <= VALUES
I20260709 13:05:14.997891 18660 data_dirs.cc:400] Could only allocate 1 dirs of requested 3 for tablet d694f3f71c89417cb9f45361ac8ca470. 1 dirs total, 0 dirs full, 0 dirs failed
I20260709 13:05:15.007890 18865 tablet_bootstrap.cc:654] T bed7fc9d908f45f58d188c9d493c41d3 P 9b61da6b68614d609f8c81f92b7b079c: Neither blocks nor log segments found. Creating new log.
I20260709 13:05:15.013741 18736 tablet_service.cc:1511] Processing CreateTablet for tablet d694f3f71c89417cb9f45361ac8ca470 (DEFAULT_TABLE table=test-workload [id=d0ac080156124c24a2ab3111d7f1f8bc]), partition=RANGE (key) PARTITION 1932735276 <= VALUES
I20260709 13:05:15.014195 18863 tablet_bootstrap.cc:492] T f42a5cd59c794ddab8be68eede55113e P d5d0e38a81254cc38f60341319f191ef: No bootstrap required, opened a new log
I20260709 13:05:15.015228 18863 ts_tablet_manager.cc:1403] T f42a5cd59c794ddab8be68eede55113e P d5d0e38a81254cc38f60341319f191ef: Time spent bootstrapping tablet: real 0.074s	user 0.014s	sys 0.009s
I20260709 13:05:15.015769 18736 data_dirs.cc:400] Could only allocate 1 dirs of requested 3 for tablet d694f3f71c89417cb9f45361ac8ca470. 1 dirs total, 0 dirs full, 0 dirs failed
I20260709 13:05:15.018975 18863 raft_consensus.cc:359] T f42a5cd59c794ddab8be68eede55113e P d5d0e38a81254cc38f60341319f191ef [term 0 FOLLOWER]: Replica starting. Triggering 0 pending ops. Active config: opid_index: -1 OBSOLETE_local: false peers { permanent_uuid: "a57b485769a5443db18800cf6c0707be" member_type: VOTER last_known_addr { host: "127.17.162.2" port: 39217 } } peers { permanent_uuid: "9b61da6b68614d609f8c81f92b7b079c" member_type: VOTER last_known_addr { host: "127.17.162.1" port: 41571 } } peers { permanent_uuid: "d5d0e38a81254cc38f60341319f191ef" member_type: VOTER last_known_addr { host: "127.17.162.3" port: 41855 } }
I20260709 13:05:15.019938 18863 raft_consensus.cc:385] T f42a5cd59c794ddab8be68eede55113e P d5d0e38a81254cc38f60341319f191ef [term 0 FOLLOWER]: Consensus starting up: Expiring failure detector timer to make a prompt election more likely
I20260709 13:05:15.021021 18863 raft_consensus.cc:740] T f42a5cd59c794ddab8be68eede55113e P d5d0e38a81254cc38f60341319f191ef [term 0 FOLLOWER]: Becoming Follower/Learner. State: Replica: d5d0e38a81254cc38f60341319f191ef, State: Initialized, Role: FOLLOWER
I20260709 13:05:15.030985 18863 consensus_queue.cc:260] T f42a5cd59c794ddab8be68eede55113e P d5d0e38a81254cc38f60341319f191ef [NON_LEADER]: Queue going to NON_LEADER mode. State: All replicated index: 0, Majority replicated index: 0, Committed index: 0, Last appended: 0.0, Last appended by leader: 0, Current term: 0, Majority size: -1, State: 0, Mode: NON_LEADER, active raft config: opid_index: -1 OBSOLETE_local: false peers { permanent_uuid: "a57b485769a5443db18800cf6c0707be" member_type: VOTER last_known_addr { host: "127.17.162.2" port: 39217 } } peers { permanent_uuid: "9b61da6b68614d609f8c81f92b7b079c" member_type: VOTER last_known_addr { host: "127.17.162.1" port: 41571 } } peers { permanent_uuid: "d5d0e38a81254cc38f60341319f191ef" member_type: VOTER last_known_addr { host: "127.17.162.3" port: 41855 } }
I20260709 13:05:15.036645 18864 tablet_bootstrap.cc:492] T de37e5a38c06464292be48c3d00ee91b P a57b485769a5443db18800cf6c0707be: No bootstrap required, opened a new log
I20260709 13:05:15.037209 18864 ts_tablet_manager.cc:1403] T de37e5a38c06464292be48c3d00ee91b P a57b485769a5443db18800cf6c0707be: Time spent bootstrapping tablet: real 0.095s	user 0.022s	sys 0.004s
I20260709 13:05:15.036671 18809 tablet_service.cc:1511] Processing CreateTablet for tablet d694f3f71c89417cb9f45361ac8ca470 (DEFAULT_TABLE table=test-workload [id=d0ac080156124c24a2ab3111d7f1f8bc]), partition=RANGE (key) PARTITION 1932735276 <= VALUES
I20260709 13:05:15.040140 18864 raft_consensus.cc:359] T de37e5a38c06464292be48c3d00ee91b P a57b485769a5443db18800cf6c0707be [term 0 FOLLOWER]: Replica starting. Triggering 0 pending ops. Active config: opid_index: -1 OBSOLETE_local: false peers { permanent_uuid: "9b61da6b68614d609f8c81f92b7b079c" member_type: VOTER last_known_addr { host: "127.17.162.1" port: 41571 } } peers { permanent_uuid: "a57b485769a5443db18800cf6c0707be" member_type: VOTER last_known_addr { host: "127.17.162.2" port: 39217 } } peers { permanent_uuid: "d5d0e38a81254cc38f60341319f191ef" member_type: VOTER last_known_addr { host: "127.17.162.3" port: 41855 } }
I20260709 13:05:15.040979 18864 raft_consensus.cc:385] T de37e5a38c06464292be48c3d00ee91b P a57b485769a5443db18800cf6c0707be [term 0 FOLLOWER]: Consensus starting up: Expiring failure detector timer to make a prompt election more likely
I20260709 13:05:15.041184 18809 data_dirs.cc:400] Could only allocate 1 dirs of requested 3 for tablet d694f3f71c89417cb9f45361ac8ca470. 1 dirs total, 0 dirs full, 0 dirs failed
I20260709 13:05:15.041330 18864 raft_consensus.cc:740] T de37e5a38c06464292be48c3d00ee91b P a57b485769a5443db18800cf6c0707be [term 0 FOLLOWER]: Becoming Follower/Learner. State: Replica: a57b485769a5443db18800cf6c0707be, State: Initialized, Role: FOLLOWER
I20260709 13:05:15.042304 18865 tablet_bootstrap.cc:492] T bed7fc9d908f45f58d188c9d493c41d3 P 9b61da6b68614d609f8c81f92b7b079c: No bootstrap required, opened a new log
I20260709 13:05:15.042166 18864 consensus_queue.cc:260] T de37e5a38c06464292be48c3d00ee91b P a57b485769a5443db18800cf6c0707be [NON_LEADER]: Queue going to NON_LEADER mode. State: All replicated index: 0, Majority replicated index: 0, Committed index: 0, Last appended: 0.0, Last appended by leader: 0, Current term: 0, Majority size: -1, State: 0, Mode: NON_LEADER, active raft config: opid_index: -1 OBSOLETE_local: false peers { permanent_uuid: "9b61da6b68614d609f8c81f92b7b079c" member_type: VOTER last_known_addr { host: "127.17.162.1" port: 41571 } } peers { permanent_uuid: "a57b485769a5443db18800cf6c0707be" member_type: VOTER last_known_addr { host: "127.17.162.2" port: 39217 } } peers { permanent_uuid: "d5d0e38a81254cc38f60341319f191ef" member_type: VOTER last_known_addr { host: "127.17.162.3" port: 41855 } }
I20260709 13:05:15.043043 18865 ts_tablet_manager.cc:1403] T bed7fc9d908f45f58d188c9d493c41d3 P 9b61da6b68614d609f8c81f92b7b079c: Time spent bootstrapping tablet: real 0.054s	user 0.020s	sys 0.013s
I20260709 13:05:15.047004 18865 raft_consensus.cc:359] T bed7fc9d908f45f58d188c9d493c41d3 P 9b61da6b68614d609f8c81f92b7b079c [term 0 FOLLOWER]: Replica starting. Triggering 0 pending ops. Active config: opid_index: -1 OBSOLETE_local: false peers { permanent_uuid: "9b61da6b68614d609f8c81f92b7b079c" member_type: VOTER last_known_addr { host: "127.17.162.1" port: 41571 } } peers { permanent_uuid: "a57b485769a5443db18800cf6c0707be" member_type: VOTER last_known_addr { host: "127.17.162.2" port: 39217 } } peers { permanent_uuid: "d5d0e38a81254cc38f60341319f191ef" member_type: VOTER last_known_addr { host: "127.17.162.3" port: 41855 } }
I20260709 13:05:15.048043 18865 raft_consensus.cc:385] T bed7fc9d908f45f58d188c9d493c41d3 P 9b61da6b68614d609f8c81f92b7b079c [term 0 FOLLOWER]: Consensus starting up: Expiring failure detector timer to make a prompt election more likely
I20260709 13:05:15.048528 18865 raft_consensus.cc:740] T bed7fc9d908f45f58d188c9d493c41d3 P 9b61da6b68614d609f8c81f92b7b079c [term 0 FOLLOWER]: Becoming Follower/Learner. State: Replica: 9b61da6b68614d609f8c81f92b7b079c, State: Initialized, Role: FOLLOWER
I20260709 13:05:15.049743 18865 consensus_queue.cc:260] T bed7fc9d908f45f58d188c9d493c41d3 P 9b61da6b68614d609f8c81f92b7b079c [NON_LEADER]: Queue going to NON_LEADER mode. State: All replicated index: 0, Majority replicated index: 0, Committed index: 0, Last appended: 0.0, Last appended by leader: 0, Current term: 0, Majority size: -1, State: 0, Mode: NON_LEADER, active raft config: opid_index: -1 OBSOLETE_local: false peers { permanent_uuid: "9b61da6b68614d609f8c81f92b7b079c" member_type: VOTER last_known_addr { host: "127.17.162.1" port: 41571 } } peers { permanent_uuid: "a57b485769a5443db18800cf6c0707be" member_type: VOTER last_known_addr { host: "127.17.162.2" port: 39217 } } peers { permanent_uuid: "d5d0e38a81254cc38f60341319f191ef" member_type: VOTER last_known_addr { host: "127.17.162.3" port: 41855 } }
I20260709 13:05:15.062129 18865 ts_tablet_manager.cc:1434] T bed7fc9d908f45f58d188c9d493c41d3 P 9b61da6b68614d609f8c81f92b7b079c: Time spent starting tablet: real 0.019s	user 0.009s	sys 0.005s
I20260709 13:05:15.063256 18699 heartbeater.cc:499] Master 127.17.162.62:42159 was elected leader, sending a full tablet report...
I20260709 13:05:15.070345 18864 ts_tablet_manager.cc:1434] T de37e5a38c06464292be48c3d00ee91b P a57b485769a5443db18800cf6c0707be: Time spent starting tablet: real 0.033s	user 0.009s	sys 0.022s
I20260709 13:05:15.070336 18848 heartbeater.cc:499] Master 127.17.162.62:42159 was elected leader, sending a full tablet report...
I20260709 13:05:15.070874 18863 ts_tablet_manager.cc:1434] T f42a5cd59c794ddab8be68eede55113e P d5d0e38a81254cc38f60341319f191ef: Time spent starting tablet: real 0.055s	user 0.027s	sys 0.018s
I20260709 13:05:15.071798 18863 tablet_bootstrap.cc:492] T bed7fc9d908f45f58d188c9d493c41d3 P d5d0e38a81254cc38f60341319f191ef: Bootstrap starting.
I20260709 13:05:15.074120 18774 heartbeater.cc:499] Master 127.17.162.62:42159 was elected leader, sending a full tablet report...
I20260709 13:05:15.078392 18863 tablet_bootstrap.cc:654] T bed7fc9d908f45f58d188c9d493c41d3 P d5d0e38a81254cc38f60341319f191ef: Neither blocks nor log segments found. Creating new log.
I20260709 13:05:15.081238 18865 tablet_bootstrap.cc:492] T f42a5cd59c794ddab8be68eede55113e P 9b61da6b68614d609f8c81f92b7b079c: Bootstrap starting.
I20260709 13:05:15.083278 18864 tablet_bootstrap.cc:492] T 37fdd5cfd6ad4e3bb931a7fe349c90fc P a57b485769a5443db18800cf6c0707be: Bootstrap starting.
I20260709 13:05:15.088289 18864 tablet_bootstrap.cc:654] T 37fdd5cfd6ad4e3bb931a7fe349c90fc P a57b485769a5443db18800cf6c0707be: Neither blocks nor log segments found. Creating new log.
I20260709 13:05:15.090350 18863 tablet_bootstrap.cc:492] T bed7fc9d908f45f58d188c9d493c41d3 P d5d0e38a81254cc38f60341319f191ef: No bootstrap required, opened a new log
I20260709 13:05:15.090922 18863 ts_tablet_manager.cc:1403] T bed7fc9d908f45f58d188c9d493c41d3 P d5d0e38a81254cc38f60341319f191ef: Time spent bootstrapping tablet: real 0.019s	user 0.008s	sys 0.010s
I20260709 13:05:15.093920 18865 tablet_bootstrap.cc:654] T f42a5cd59c794ddab8be68eede55113e P 9b61da6b68614d609f8c81f92b7b079c: Neither blocks nor log segments found. Creating new log.
I20260709 13:05:15.093957 18863 raft_consensus.cc:359] T bed7fc9d908f45f58d188c9d493c41d3 P d5d0e38a81254cc38f60341319f191ef [term 0 FOLLOWER]: Replica starting. Triggering 0 pending ops. Active config: opid_index: -1 OBSOLETE_local: false peers { permanent_uuid: "9b61da6b68614d609f8c81f92b7b079c" member_type: VOTER last_known_addr { host: "127.17.162.1" port: 41571 } } peers { permanent_uuid: "a57b485769a5443db18800cf6c0707be" member_type: VOTER last_known_addr { host: "127.17.162.2" port: 39217 } } peers { permanent_uuid: "d5d0e38a81254cc38f60341319f191ef" member_type: VOTER last_known_addr { host: "127.17.162.3" port: 41855 } }
I20260709 13:05:15.095041 18863 raft_consensus.cc:385] T bed7fc9d908f45f58d188c9d493c41d3 P d5d0e38a81254cc38f60341319f191ef [term 0 FOLLOWER]: Consensus starting up: Expiring failure detector timer to make a prompt election more likely
I20260709 13:05:15.095419 18863 raft_consensus.cc:740] T bed7fc9d908f45f58d188c9d493c41d3 P d5d0e38a81254cc38f60341319f191ef [term 0 FOLLOWER]: Becoming Follower/Learner. State: Replica: d5d0e38a81254cc38f60341319f191ef, State: Initialized, Role: FOLLOWER
I20260709 13:05:15.096258 18863 consensus_queue.cc:260] T bed7fc9d908f45f58d188c9d493c41d3 P d5d0e38a81254cc38f60341319f191ef [NON_LEADER]: Queue going to NON_LEADER mode. State: All replicated index: 0, Majority replicated index: 0, Committed index: 0, Last appended: 0.0, Last appended by leader: 0, Current term: 0, Majority size: -1, State: 0, Mode: NON_LEADER, active raft config: opid_index: -1 OBSOLETE_local: false peers { permanent_uuid: "9b61da6b68614d609f8c81f92b7b079c" member_type: VOTER last_known_addr { host: "127.17.162.1" port: 41571 } } peers { permanent_uuid: "a57b485769a5443db18800cf6c0707be" member_type: VOTER last_known_addr { host: "127.17.162.2" port: 39217 } } peers { permanent_uuid: "d5d0e38a81254cc38f60341319f191ef" member_type: VOTER last_known_addr { host: "127.17.162.3" port: 41855 } }
I20260709 13:05:15.098697 18863 ts_tablet_manager.cc:1434] T bed7fc9d908f45f58d188c9d493c41d3 P d5d0e38a81254cc38f60341319f191ef: Time spent starting tablet: real 0.007s	user 0.006s	sys 0.000s
I20260709 13:05:15.099700 18863 tablet_bootstrap.cc:492] T ffe30f7c7ba2467d91a0c59e401c7b52 P d5d0e38a81254cc38f60341319f191ef: Bootstrap starting.
I20260709 13:05:15.102692 18870 raft_consensus.cc:493] T de37e5a38c06464292be48c3d00ee91b P a57b485769a5443db18800cf6c0707be [term 0 FOLLOWER]: Starting pre-election (no leader contacted us within the election timeout)
I20260709 13:05:15.103386 18870 raft_consensus.cc:515] T de37e5a38c06464292be48c3d00ee91b P a57b485769a5443db18800cf6c0707be [term 0 FOLLOWER]: Starting pre-election with config: opid_index: -1 OBSOLETE_local: false peers { permanent_uuid: "9b61da6b68614d609f8c81f92b7b079c" member_type: VOTER last_known_addr { host: "127.17.162.1" port: 41571 } } peers { permanent_uuid: "a57b485769a5443db18800cf6c0707be" member_type: VOTER last_known_addr { host: "127.17.162.2" port: 39217 } } peers { permanent_uuid: "d5d0e38a81254cc38f60341319f191ef" member_type: VOTER last_known_addr { host: "127.17.162.3" port: 41855 } }
I20260709 13:05:15.105922 18864 tablet_bootstrap.cc:492] T 37fdd5cfd6ad4e3bb931a7fe349c90fc P a57b485769a5443db18800cf6c0707be: No bootstrap required, opened a new log
I20260709 13:05:15.106418 18864 ts_tablet_manager.cc:1403] T 37fdd5cfd6ad4e3bb931a7fe349c90fc P a57b485769a5443db18800cf6c0707be: Time spent bootstrapping tablet: real 0.023s	user 0.016s	sys 0.004s
I20260709 13:05:15.109427 18864 raft_consensus.cc:359] T 37fdd5cfd6ad4e3bb931a7fe349c90fc P a57b485769a5443db18800cf6c0707be [term 0 FOLLOWER]: Replica starting. Triggering 0 pending ops. Active config: opid_index: -1 OBSOLETE_local: false peers { permanent_uuid: "9b61da6b68614d609f8c81f92b7b079c" member_type: VOTER last_known_addr { host: "127.17.162.1" port: 41571 } } peers { permanent_uuid: "a57b485769a5443db18800cf6c0707be" member_type: VOTER last_known_addr { host: "127.17.162.2" port: 39217 } } peers { permanent_uuid: "d5d0e38a81254cc38f60341319f191ef" member_type: VOTER last_known_addr { host: "127.17.162.3" port: 41855 } }
I20260709 13:05:15.110231 18864 raft_consensus.cc:385] T 37fdd5cfd6ad4e3bb931a7fe349c90fc P a57b485769a5443db18800cf6c0707be [term 0 FOLLOWER]: Consensus starting up: Expiring failure detector timer to make a prompt election more likely
I20260709 13:05:15.110553 18864 raft_consensus.cc:740] T 37fdd5cfd6ad4e3bb931a7fe349c90fc P a57b485769a5443db18800cf6c0707be [term 0 FOLLOWER]: Becoming Follower/Learner. State: Replica: a57b485769a5443db18800cf6c0707be, State: Initialized, Role: FOLLOWER
