I20260709 13:05:07.206343 19344 raft_consensus.cc:2804] T d0024e5bc93c40358ffd3f0e70dfed13 P e6690b31ec374d7ab2d8857a61a00a83 [term 0 FOLLOWER]: Leader pre-election won for term 1
I20260709 13:05:07.212845 19344 raft_consensus.cc:493] T d0024e5bc93c40358ffd3f0e70dfed13 P e6690b31ec374d7ab2d8857a61a00a83 [term 0 FOLLOWER]: Starting leader election (no leader contacted us within the election timeout)
I20260709 13:05:07.213251 19344 raft_consensus.cc:3060] T d0024e5bc93c40358ffd3f0e70dfed13 P e6690b31ec374d7ab2d8857a61a00a83 [term 0 FOLLOWER]: Advancing to term 1
W20260709 13:05:07.206437 19114 leader_election.cc:343] T d0024e5bc93c40358ffd3f0e70dfed13 P e6690b31ec374d7ab2d8857a61a00a83 [CANDIDATE]: Term 1 pre-election: Tablet error from VoteRequest() call to peer fa6f059d51ef409ca59295111818bcb6 (127.17.152.195:43901): Illegal state: must be running to vote when last-logged opid is not known
I20260709 13:05:07.218892 19454 consensus_queue.cc:1048] T 8c497bd3ac4f457f9da985c5ed1d7a7b P fa6f059d51ef409ca59295111818bcb6 [LEADER]: Connected to new peer: Peer: permanent_uuid: "e6690b31ec374d7ab2d8857a61a00a83" member_type: VOTER last_known_addr { host: "127.17.152.193" port: 34813 }, Status: LMP_MISMATCH, Last received: 0.0, Next index: 1, Last known committed idx: 0, Time since last communication: 0.000s
I20260709 13:05:07.223106 19426 raft_consensus.cc:515] T 6d569751329b416ea3c478b883b9c4ca P fa6f059d51ef409ca59295111818bcb6 [term 1 FOLLOWER]: Starting leader election with config: opid_index: -1 OBSOLETE_local: false peers { permanent_uuid: "e6690b31ec374d7ab2d8857a61a00a83" member_type: VOTER last_known_addr { host: "127.17.152.193" port: 34813 } } peers { permanent_uuid: "103be26996d240aca8372c1ec36c9b94" member_type: VOTER last_known_addr { host: "127.17.152.194" port: 36039 } } peers { permanent_uuid: "fa6f059d51ef409ca59295111818bcb6" member_type: VOTER last_known_addr { host: "127.17.152.195" port: 43901 } }
I20260709 13:05:07.224710 19369 raft_consensus.cc:515] T f5852bdbac214353968aba5b9e455024 P fa6f059d51ef409ca59295111818bcb6 [term 1 FOLLOWER]: Starting leader election with config: opid_index: -1 OBSOLETE_local: false peers { permanent_uuid: "e6690b31ec374d7ab2d8857a61a00a83" member_type: VOTER last_known_addr { host: "127.17.152.193" port: 34813 } } peers { permanent_uuid: "103be26996d240aca8372c1ec36c9b94" member_type: VOTER last_known_addr { host: "127.17.152.194" port: 36039 } } peers { permanent_uuid: "fa6f059d51ef409ca59295111818bcb6" member_type: VOTER last_known_addr { host: "127.17.152.195" port: 43901 } }
I20260709 13:05:07.225970 19147 tablet_service.cc:1917] Received RequestConsensusVote() RPC: tablet_id: "6d569751329b416ea3c478b883b9c4ca" candidate_uuid: "fa6f059d51ef409ca59295111818bcb6" candidate_term: 1 candidate_status { last_received { term: 0 index: 0 } } ignore_live_leader: false dest_uuid: "e6690b31ec374d7ab2d8857a61a00a83"
I20260709 13:05:07.231963 19147 raft_consensus.cc:3060] T 6d569751329b416ea3c478b883b9c4ca P e6690b31ec374d7ab2d8857a61a00a83 [term 0 FOLLOWER]: Advancing to term 1
I20260709 13:05:07.238345 19147 raft_consensus.cc:2468] T 6d569751329b416ea3c478b883b9c4ca P e6690b31ec374d7ab2d8857a61a00a83 [term 1 FOLLOWER]: Leader election vote request: Granting yes vote for candidate fa6f059d51ef409ca59295111818bcb6 in term 1.
I20260709 13:05:07.240270 19266 leader_election.cc:304] T 6d569751329b416ea3c478b883b9c4ca P fa6f059d51ef409ca59295111818bcb6 [CANDIDATE]: Term 1 election: Election decided. Result: candidate won. Election summary: received 2 responses out of 3 voters: 2 yes votes; 0 no votes. yes voters: e6690b31ec374d7ab2d8857a61a00a83, fa6f059d51ef409ca59295111818bcb6; no voters: 
I20260709 13:05:07.241182 19454 raft_consensus.cc:2804] T 6d569751329b416ea3c478b883b9c4ca P fa6f059d51ef409ca59295111818bcb6 [term 1 FOLLOWER]: Leader election won for term 1
I20260709 13:05:07.241813 19454 raft_consensus.cc:697] T 6d569751329b416ea3c478b883b9c4ca P fa6f059d51ef409ca59295111818bcb6 [term 1 LEADER]: Becoming Leader. State: Replica: fa6f059d51ef409ca59295111818bcb6, State: Running, Role: LEADER
I20260709 13:05:07.242671 19454 consensus_queue.cc:237] T 6d569751329b416ea3c478b883b9c4ca P fa6f059d51ef409ca59295111818bcb6 [LEADER]: Queue going to LEADER mode. State: All replicated index: 0, Majority replicated index: 0, Committed index: 0, Last appended: 0.0, Last appended by leader: 0, Current term: 1, Majority size: 2, State: 0, Mode: LEADER, active raft config: opid_index: -1 OBSOLETE_local: false peers { permanent_uuid: "e6690b31ec374d7ab2d8857a61a00a83" member_type: VOTER last_known_addr { host: "127.17.152.193" port: 34813 } } peers { permanent_uuid: "103be26996d240aca8372c1ec36c9b94" member_type: VOTER last_known_addr { host: "127.17.152.194" port: 36039 } } peers { permanent_uuid: "fa6f059d51ef409ca59295111818bcb6" member_type: VOTER last_known_addr { host: "127.17.152.195" port: 43901 } }
I20260709 13:05:07.249070 19413 consensus_queue.cc:1048] T 61ebcf3183a8481783eeadfeb1a60c2a P 103be26996d240aca8372c1ec36c9b94 [LEADER]: Connected to new peer: Peer: permanent_uuid: "fa6f059d51ef409ca59295111818bcb6" member_type: VOTER last_known_addr { host: "127.17.152.195" port: 43901 }, Status: LMP_MISMATCH, Last received: 0.0, Next index: 1, Last known committed idx: 0, Time since last communication: 0.000s
I20260709 13:05:07.252154 19369 leader_election.cc:290] T f5852bdbac214353968aba5b9e455024 P fa6f059d51ef409ca59295111818bcb6 [CANDIDATE]: Term 1 election: Requested vote from peers e6690b31ec374d7ab2d8857a61a00a83 (127.17.152.193:34813), 103be26996d240aca8372c1ec36c9b94 (127.17.152.194:36039)
I20260709 13:05:07.253365 19376 consensus_queue.cc:1048] T 61ebcf3183a8481783eeadfeb1a60c2a P 103be26996d240aca8372c1ec36c9b94 [LEADER]: Connected to new peer: Peer: permanent_uuid: "e6690b31ec374d7ab2d8857a61a00a83" member_type: VOTER last_known_addr { host: "127.17.152.193" port: 34813 }, Status: LMP_MISMATCH, Last received: 0.0, Next index: 1, Last known committed idx: 0, Time since last communication: 0.001s
I20260709 13:05:07.256606 19148 tablet_service.cc:1917] Received RequestConsensusVote() RPC: tablet_id: "f5852bdbac214353968aba5b9e455024" candidate_uuid: "fa6f059d51ef409ca59295111818bcb6" candidate_term: 1 candidate_status { last_received { term: 0 index: 0 } } ignore_live_leader: false dest_uuid: "e6690b31ec374d7ab2d8857a61a00a83"
I20260709 13:05:07.257252 19148 raft_consensus.cc:3060] T f5852bdbac214353968aba5b9e455024 P e6690b31ec374d7ab2d8857a61a00a83 [term 0 FOLLOWER]: Advancing to term 1
I20260709 13:05:07.228089 19344 raft_consensus.cc:515] T d0024e5bc93c40358ffd3f0e70dfed13 P e6690b31ec374d7ab2d8857a61a00a83 [term 1 FOLLOWER]: Starting leader election with config: opid_index: -1 OBSOLETE_local: false peers { permanent_uuid: "e6690b31ec374d7ab2d8857a61a00a83" member_type: VOTER last_known_addr { host: "127.17.152.193" port: 34813 } } peers { permanent_uuid: "103be26996d240aca8372c1ec36c9b94" member_type: VOTER last_known_addr { host: "127.17.152.194" port: 36039 } } peers { permanent_uuid: "fa6f059d51ef409ca59295111818bcb6" member_type: VOTER last_known_addr { host: "127.17.152.195" port: 43901 } }
I20260709 13:05:07.268941 19344 leader_election.cc:290] T d0024e5bc93c40358ffd3f0e70dfed13 P e6690b31ec374d7ab2d8857a61a00a83 [CANDIDATE]: Term 1 election: Requested vote from peers 103be26996d240aca8372c1ec36c9b94 (127.17.152.194:36039), fa6f059d51ef409ca59295111818bcb6 (127.17.152.195:43901)
I20260709 13:05:07.271765 19223 tablet_service.cc:1917] Received RequestConsensusVote() RPC: tablet_id: "6d569751329b416ea3c478b883b9c4ca" candidate_uuid: "fa6f059d51ef409ca59295111818bcb6" candidate_term: 1 candidate_status { last_received { term: 0 index: 0 } } ignore_live_leader: false dest_uuid: "103be26996d240aca8372c1ec36c9b94"
I20260709 13:05:07.276628 19223 raft_consensus.cc:3060] T 6d569751329b416ea3c478b883b9c4ca P 103be26996d240aca8372c1ec36c9b94 [term 0 FOLLOWER]: Advancing to term 1
W20260709 13:05:07.281296 19097 auto_rebalancer.cc:288] Could not retrieve cluster info: Service unavailable: Tablet not running
I20260709 13:05:07.283615 19340 tablet_bootstrap.cc:492] T df9fb6108ac14608bd7ddb83091b3e97 P e6690b31ec374d7ab2d8857a61a00a83: No bootstrap required, opened a new log
I20260709 13:05:07.284132 19340 ts_tablet_manager.cc:1403] T df9fb6108ac14608bd7ddb83091b3e97 P e6690b31ec374d7ab2d8857a61a00a83: Time spent bootstrapping tablet: real 0.124s	user 0.023s	sys 0.049s
I20260709 13:05:07.285001 19225 tablet_service.cc:1917] Received RequestConsensusVote() RPC: tablet_id: "d0024e5bc93c40358ffd3f0e70dfed13" candidate_uuid: "e6690b31ec374d7ab2d8857a61a00a83" candidate_term: 1 candidate_status { last_received { term: 0 index: 0 } } ignore_live_leader: false dest_uuid: "103be26996d240aca8372c1ec36c9b94"
I20260709 13:05:07.285562 19225 raft_consensus.cc:3060] T d0024e5bc93c40358ffd3f0e70dfed13 P 103be26996d240aca8372c1ec36c9b94 [term 0 FOLLOWER]: Advancing to term 1
I20260709 13:05:07.288757 19340 raft_consensus.cc:359] T df9fb6108ac14608bd7ddb83091b3e97 P e6690b31ec374d7ab2d8857a61a00a83 [term 0 FOLLOWER]: Replica starting. Triggering 0 pending ops. Active config: opid_index: -1 OBSOLETE_local: false peers { permanent_uuid: "e6690b31ec374d7ab2d8857a61a00a83" member_type: VOTER last_known_addr { host: "127.17.152.193" port: 34813 } } peers { permanent_uuid: "103be26996d240aca8372c1ec36c9b94" member_type: VOTER last_known_addr { host: "127.17.152.194" port: 36039 } } peers { permanent_uuid: "fa6f059d51ef409ca59295111818bcb6" member_type: VOTER last_known_addr { host: "127.17.152.195" port: 43901 } }
I20260709 13:05:07.289512 19340 raft_consensus.cc:385] T df9fb6108ac14608bd7ddb83091b3e97 P e6690b31ec374d7ab2d8857a61a00a83 [term 0 FOLLOWER]: Consensus starting up: Expiring failure detector timer to make a prompt election more likely
I20260709 13:05:07.289767 19340 raft_consensus.cc:740] T df9fb6108ac14608bd7ddb83091b3e97 P e6690b31ec374d7ab2d8857a61a00a83 [term 0 FOLLOWER]: Becoming Follower/Learner. State: Replica: e6690b31ec374d7ab2d8857a61a00a83, State: Initialized, Role: FOLLOWER
I20260709 13:05:07.290463 19340 consensus_queue.cc:260] T df9fb6108ac14608bd7ddb83091b3e97 P e6690b31ec374d7ab2d8857a61a00a83 [NON_LEADER]: Queue going to NON_LEADER mode. State: All replicated index: 0, Majority replicated index: 0, Committed index: 0, Last appended: 0.0, Last appended by leader: 0, Current term: 0, Majority size: -1, State: 0, Mode: NON_LEADER, active raft config: opid_index: -1 OBSOLETE_local: false peers { permanent_uuid: "e6690b31ec374d7ab2d8857a61a00a83" member_type: VOTER last_known_addr { host: "127.17.152.193" port: 34813 } } peers { permanent_uuid: "103be26996d240aca8372c1ec36c9b94" member_type: VOTER last_known_addr { host: "127.17.152.194" port: 36039 } } peers { permanent_uuid: "fa6f059d51ef409ca59295111818bcb6" member_type: VOTER last_known_addr { host: "127.17.152.195" port: 43901 } }
I20260709 13:05:07.291409 19223 raft_consensus.cc:2468] T 6d569751329b416ea3c478b883b9c4ca P 103be26996d240aca8372c1ec36c9b94 [term 1 FOLLOWER]: Leader election vote request: Granting yes vote for candidate fa6f059d51ef409ca59295111818bcb6 in term 1.
I20260709 13:05:07.272696 19148 raft_consensus.cc:2468] T f5852bdbac214353968aba5b9e455024 P e6690b31ec374d7ab2d8857a61a00a83 [term 1 FOLLOWER]: Leader election vote request: Granting yes vote for candidate fa6f059d51ef409ca59295111818bcb6 in term 1.
I20260709 13:05:07.293354 19340 ts_tablet_manager.cc:1434] T df9fb6108ac14608bd7ddb83091b3e97 P e6690b31ec374d7ab2d8857a61a00a83: Time spent starting tablet: real 0.009s	user 0.005s	sys 0.000s
I20260709 13:05:07.293543 19426 leader_election.cc:290] T 6d569751329b416ea3c478b883b9c4ca P fa6f059d51ef409ca59295111818bcb6 [CANDIDATE]: Term 1 election: Requested vote from peers e6690b31ec374d7ab2d8857a61a00a83 (127.17.152.193:34813), 103be26996d240aca8372c1ec36c9b94 (127.17.152.194:36039)
I20260709 13:05:07.293644 19225 raft_consensus.cc:2468] T d0024e5bc93c40358ffd3f0e70dfed13 P 103be26996d240aca8372c1ec36c9b94 [term 1 FOLLOWER]: Leader election vote request: Granting yes vote for candidate e6690b31ec374d7ab2d8857a61a00a83 in term 1.
I20260709 13:05:07.294420 19340 tablet_bootstrap.cc:492] T d6eccaedabf841489189dc556e58413a P e6690b31ec374d7ab2d8857a61a00a83: Bootstrap starting.
I20260709 13:05:07.299263 19114 leader_election.cc:304] T d0024e5bc93c40358ffd3f0e70dfed13 P e6690b31ec374d7ab2d8857a61a00a83 [CANDIDATE]: Term 1 election: Election decided. Result: candidate won. Election summary: received 2 responses out of 3 voters: 2 yes votes; 0 no votes. yes voters: 103be26996d240aca8372c1ec36c9b94, e6690b31ec374d7ab2d8857a61a00a83; no voters: 
I20260709 13:05:07.300086 19344 raft_consensus.cc:2804] T d0024e5bc93c40358ffd3f0e70dfed13 P e6690b31ec374d7ab2d8857a61a00a83 [term 1 FOLLOWER]: Leader election won for term 1
I20260709 13:05:07.300546 19344 raft_consensus.cc:697] T d0024e5bc93c40358ffd3f0e70dfed13 P e6690b31ec374d7ab2d8857a61a00a83 [term 1 LEADER]: Becoming Leader. State: Replica: e6690b31ec374d7ab2d8857a61a00a83, State: Running, Role: LEADER
I20260709 13:05:07.301275 19344 consensus_queue.cc:237] T d0024e5bc93c40358ffd3f0e70dfed13 P e6690b31ec374d7ab2d8857a61a00a83 [LEADER]: Queue going to LEADER mode. State: All replicated index: 0, Majority replicated index: 0, Committed index: 0, Last appended: 0.0, Last appended by leader: 0, Current term: 1, Majority size: 2, State: 0, Mode: LEADER, active raft config: opid_index: -1 OBSOLETE_local: false peers { permanent_uuid: "e6690b31ec374d7ab2d8857a61a00a83" member_type: VOTER last_known_addr { host: "127.17.152.193" port: 34813 } } peers { permanent_uuid: "103be26996d240aca8372c1ec36c9b94" member_type: VOTER last_known_addr { host: "127.17.152.194" port: 36039 } } peers { permanent_uuid: "fa6f059d51ef409ca59295111818bcb6" member_type: VOTER last_known_addr { host: "127.17.152.195" port: 43901 } }
I20260709 13:05:07.302196 19340 tablet_bootstrap.cc:654] T d6eccaedabf841489189dc556e58413a P e6690b31ec374d7ab2d8857a61a00a83: Neither blocks nor log segments found. Creating new log.
I20260709 13:05:07.308936 19299 tablet_service.cc:1917] Received RequestConsensusVote() RPC: tablet_id: "d0024e5bc93c40358ffd3f0e70dfed13" candidate_uuid: "e6690b31ec374d7ab2d8857a61a00a83" candidate_term: 1 candidate_status { last_received { term: 0 index: 0 } } ignore_live_leader: false dest_uuid: "fa6f059d51ef409ca59295111818bcb6"
I20260709 13:05:07.314275 19340 tablet_bootstrap.cc:492] T d6eccaedabf841489189dc556e58413a P e6690b31ec374d7ab2d8857a61a00a83: No bootstrap required, opened a new log
I20260709 13:05:07.314076 19266 leader_election.cc:304] T f5852bdbac214353968aba5b9e455024 P fa6f059d51ef409ca59295111818bcb6 [CANDIDATE]: Term 1 election: Election decided. Result: candidate won. Election summary: received 2 responses out of 3 voters: 2 yes votes; 0 no votes. yes voters: e6690b31ec374d7ab2d8857a61a00a83, fa6f059d51ef409ca59295111818bcb6; no voters: 
I20260709 13:05:07.309918 19224 tablet_service.cc:1917] Received RequestConsensusVote() RPC: tablet_id: "f5852bdbac214353968aba5b9e455024" candidate_uuid: "fa6f059d51ef409ca59295111818bcb6" candidate_term: 1 candidate_status { last_received { term: 0 index: 0 } } ignore_live_leader: false dest_uuid: "103be26996d240aca8372c1ec36c9b94"
I20260709 13:05:07.315074 19340 ts_tablet_manager.cc:1403] T d6eccaedabf841489189dc556e58413a P e6690b31ec374d7ab2d8857a61a00a83: Time spent bootstrapping tablet: real 0.021s	user 0.017s	sys 0.000s
W20260709 13:05:07.316255 19263 leader_election.cc:343] T f5852bdbac214353968aba5b9e455024 P fa6f059d51ef409ca59295111818bcb6 [CANDIDATE]: Term 1 election: Tablet error from VoteRequest() call to peer 103be26996d240aca8372c1ec36c9b94 (127.17.152.194:36039): Illegal state: must be running to vote when last-logged opid is not known
W20260709 13:05:07.316521 19114 leader_election.cc:343] T d0024e5bc93c40358ffd3f0e70dfed13 P e6690b31ec374d7ab2d8857a61a00a83 [CANDIDATE]: Term 1 election: Tablet error from VoteRequest() call to peer fa6f059d51ef409ca59295111818bcb6 (127.17.152.195:43901): Illegal state: must be running to vote when last-logged opid is not known
I20260709 13:05:07.315555 19048 catalog_manager.cc:5697] T 6d569751329b416ea3c478b883b9c4ca P fa6f059d51ef409ca59295111818bcb6 reported cstate change: term changed from 0 to 1, leader changed from <none> to fa6f059d51ef409ca59295111818bcb6 (127.17.152.195). New cstate: current_term: 1 leader_uuid: "fa6f059d51ef409ca59295111818bcb6" committed_config { opid_index: -1 OBSOLETE_local: false peers { permanent_uuid: "e6690b31ec374d7ab2d8857a61a00a83" member_type: VOTER last_known_addr { host: "127.17.152.193" port: 34813 } health_report { overall_health: UNKNOWN } } peers { permanent_uuid: "103be26996d240aca8372c1ec36c9b94" member_type: VOTER last_known_addr { host: "127.17.152.194" port: 36039 } health_report { overall_health: UNKNOWN } } peers { permanent_uuid: "fa6f059d51ef409ca59295111818bcb6" member_type: VOTER last_known_addr { host: "127.17.152.195" port: 43901 } health_report { overall_health: HEALTHY } } }
I20260709 13:05:07.318009 19454 raft_consensus.cc:2804] T f5852bdbac214353968aba5b9e455024 P fa6f059d51ef409ca59295111818bcb6 [term 1 FOLLOWER]: Leader election won for term 1
I20260709 13:05:07.318683 19454 raft_consensus.cc:697] T f5852bdbac214353968aba5b9e455024 P fa6f059d51ef409ca59295111818bcb6 [term 1 LEADER]: Becoming Leader. State: Replica: fa6f059d51ef409ca59295111818bcb6, State: Running, Role: LEADER
I20260709 13:05:07.319747 19454 consensus_queue.cc:237] T f5852bdbac214353968aba5b9e455024 P fa6f059d51ef409ca59295111818bcb6 [LEADER]: Queue going to LEADER mode. State: All replicated index: 0, Majority replicated index: 0, Committed index: 0, Last appended: 0.0, Last appended by leader: 0, Current term: 1, Majority size: 2, State: 0, Mode: LEADER, active raft config: opid_index: -1 OBSOLETE_local: false peers { permanent_uuid: "e6690b31ec374d7ab2d8857a61a00a83" member_type: VOTER last_known_addr { host: "127.17.152.193" port: 34813 } } peers { permanent_uuid: "103be26996d240aca8372c1ec36c9b94" member_type: VOTER last_known_addr { host: "127.17.152.194" port: 36039 } } peers { permanent_uuid: "fa6f059d51ef409ca59295111818bcb6" member_type: VOTER last_known_addr { host: "127.17.152.195" port: 43901 } }
I20260709 13:05:07.317659 19340 raft_consensus.cc:359] T d6eccaedabf841489189dc556e58413a P e6690b31ec374d7ab2d8857a61a00a83 [term 0 FOLLOWER]: Replica starting. Triggering 0 pending ops. Active config: opid_index: -1 OBSOLETE_local: false peers { permanent_uuid: "e6690b31ec374d7ab2d8857a61a00a83" member_type: VOTER last_known_addr { host: "127.17.152.193" port: 34813 } } peers { permanent_uuid: "103be26996d240aca8372c1ec36c9b94" member_type: VOTER last_known_addr { host: "127.17.152.194" port: 36039 } } peers { permanent_uuid: "fa6f059d51ef409ca59295111818bcb6" member_type: VOTER last_known_addr { host: "127.17.152.195" port: 43901 } }
I20260709 13:05:07.321734 19340 raft_consensus.cc:385] T d6eccaedabf841489189dc556e58413a P e6690b31ec374d7ab2d8857a61a00a83 [term 0 FOLLOWER]: Consensus starting up: Expiring failure detector timer to make a prompt election more likely
I20260709 13:05:07.322009 19340 raft_consensus.cc:740] T d6eccaedabf841489189dc556e58413a P e6690b31ec374d7ab2d8857a61a00a83 [term 0 FOLLOWER]: Becoming Follower/Learner. State: Replica: e6690b31ec374d7ab2d8857a61a00a83, State: Initialized, Role: FOLLOWER
I20260709 13:05:07.322283 19343 tablet_bootstrap.cc:492] T 5d912aacbf7442069ac1a57901006819 P 103be26996d240aca8372c1ec36c9b94: No bootstrap required, opened a new log
I20260709 13:05:07.322712 19343 ts_tablet_manager.cc:1403] T 5d912aacbf7442069ac1a57901006819 P 103be26996d240aca8372c1ec36c9b94: Time spent bootstrapping tablet: real 0.164s	user 0.006s	sys 0.006s
I20260709 13:05:07.324251 19340 consensus_queue.cc:260] T d6eccaedabf841489189dc556e58413a P e6690b31ec374d7ab2d8857a61a00a83 [NON_LEADER]: Queue going to NON_LEADER mode. State: All replicated index: 0, Majority replicated index: 0, Committed index: 0, Last appended: 0.0, Last appended by leader: 0, Current term: 0, Majority size: -1, State: 0, Mode: NON_LEADER, active raft config: opid_index: -1 OBSOLETE_local: false peers { permanent_uuid: "e6690b31ec374d7ab2d8857a61a00a83" member_type: VOTER last_known_addr { host: "127.17.152.193" port: 34813 } } peers { permanent_uuid: "103be26996d240aca8372c1ec36c9b94" member_type: VOTER last_known_addr { host: "127.17.152.194" port: 36039 } } peers { permanent_uuid: "fa6f059d51ef409ca59295111818bcb6" member_type: VOTER last_known_addr { host: "127.17.152.195" port: 43901 } }
I20260709 13:05:07.326398 19340 ts_tablet_manager.cc:1434] T d6eccaedabf841489189dc556e58413a P e6690b31ec374d7ab2d8857a61a00a83: Time spent starting tablet: real 0.011s	user 0.006s	sys 0.000s
I20260709 13:05:07.327318 19340 tablet_bootstrap.cc:492] T 85a1e49aec4b4bd7bafbf9c159632420 P e6690b31ec374d7ab2d8857a61a00a83: Bootstrap starting.
I20260709 13:05:07.332615 19342 tablet_bootstrap.cc:492] T 5d912aacbf7442069ac1a57901006819 P fa6f059d51ef409ca59295111818bcb6: No bootstrap required, opened a new log
I20260709 13:05:07.333065 19342 ts_tablet_manager.cc:1403] T 5d912aacbf7442069ac1a57901006819 P fa6f059d51ef409ca59295111818bcb6: Time spent bootstrapping tablet: real 0.182s	user 0.074s	sys 0.080s
I20260709 13:05:07.325568 19343 raft_consensus.cc:359] T 5d912aacbf7442069ac1a57901006819 P 103be26996d240aca8372c1ec36c9b94 [term 0 FOLLOWER]: Replica starting. Triggering 0 pending ops. Active config: opid_index: -1 OBSOLETE_local: false peers { permanent_uuid: "e6690b31ec374d7ab2d8857a61a00a83" member_type: VOTER last_known_addr { host: "127.17.152.193" port: 34813 } } peers { permanent_uuid: "103be26996d240aca8372c1ec36c9b94" member_type: VOTER last_known_addr { host: "127.17.152.194" port: 36039 } } peers { permanent_uuid: "fa6f059d51ef409ca59295111818bcb6" member_type: VOTER last_known_addr { host: "127.17.152.195" port: 43901 } }
I20260709 13:05:07.335853 19343 raft_consensus.cc:385] T 5d912aacbf7442069ac1a57901006819 P 103be26996d240aca8372c1ec36c9b94 [term 0 FOLLOWER]: Consensus starting up: Expiring failure detector timer to make a prompt election more likely
I20260709 13:05:07.336136 19343 raft_consensus.cc:740] T 5d912aacbf7442069ac1a57901006819 P 103be26996d240aca8372c1ec36c9b94 [term 0 FOLLOWER]: Becoming Follower/Learner. State: Replica: 103be26996d240aca8372c1ec36c9b94, State: Initialized, Role: FOLLOWER
I20260709 13:05:07.336783 19343 consensus_queue.cc:260] T 5d912aacbf7442069ac1a57901006819 P 103be26996d240aca8372c1ec36c9b94 [NON_LEADER]: Queue going to NON_LEADER mode. State: All replicated index: 0, Majority replicated index: 0, Committed index: 0, Last appended: 0.0, Last appended by leader: 0, Current term: 0, Majority size: -1, State: 0, Mode: NON_LEADER, active raft config: opid_index: -1 OBSOLETE_local: false peers { permanent_uuid: "e6690b31ec374d7ab2d8857a61a00a83" member_type: VOTER last_known_addr { host: "127.17.152.193" port: 34813 } } peers { permanent_uuid: "103be26996d240aca8372c1ec36c9b94" member_type: VOTER last_known_addr { host: "127.17.152.194" port: 36039 } } peers { permanent_uuid: "fa6f059d51ef409ca59295111818bcb6" member_type: VOTER last_known_addr { host: "127.17.152.195" port: 43901 } }
I20260709 13:05:07.341984 19342 raft_consensus.cc:359] T 5d912aacbf7442069ac1a57901006819 P fa6f059d51ef409ca59295111818bcb6 [term 0 FOLLOWER]: Replica starting. Triggering 0 pending ops. Active config: opid_index: -1 OBSOLETE_local: false peers { permanent_uuid: "e6690b31ec374d7ab2d8857a61a00a83" member_type: VOTER last_known_addr { host: "127.17.152.193" port: 34813 } } peers { permanent_uuid: "103be26996d240aca8372c1ec36c9b94" member_type: VOTER last_known_addr { host: "127.17.152.194" port: 36039 } } peers { permanent_uuid: "fa6f059d51ef409ca59295111818bcb6" member_type: VOTER last_known_addr { host: "127.17.152.195" port: 43901 } }
I20260709 13:05:07.342644 19342 raft_consensus.cc:385] T 5d912aacbf7442069ac1a57901006819 P fa6f059d51ef409ca59295111818bcb6 [term 0 FOLLOWER]: Consensus starting up: Expiring failure detector timer to make a prompt election more likely
I20260709 13:05:07.342952 19342 raft_consensus.cc:740] T 5d912aacbf7442069ac1a57901006819 P fa6f059d51ef409ca59295111818bcb6 [term 0 FOLLOWER]: Becoming Follower/Learner. State: Replica: fa6f059d51ef409ca59295111818bcb6, State: Initialized, Role: FOLLOWER
I20260709 13:05:07.338881 19340 tablet_bootstrap.cc:654] T 85a1e49aec4b4bd7bafbf9c159632420 P e6690b31ec374d7ab2d8857a61a00a83: Neither blocks nor log segments found. Creating new log.
I20260709 13:05:07.338824 19343 ts_tablet_manager.cc:1434] T 5d912aacbf7442069ac1a57901006819 P 103be26996d240aca8372c1ec36c9b94: Time spent starting tablet: real 0.016s	user 0.005s	sys 0.001s
I20260709 13:05:07.345063 19343 tablet_bootstrap.cc:492] T f5852bdbac214353968aba5b9e455024 P 103be26996d240aca8372c1ec36c9b94: Bootstrap starting.
I20260709 13:05:07.343715 19342 consensus_queue.cc:260] T 5d912aacbf7442069ac1a57901006819 P fa6f059d51ef409ca59295111818bcb6 [NON_LEADER]: Queue going to NON_LEADER mode. State: All replicated index: 0, Majority replicated index: 0, Committed index: 0, Last appended: 0.0, Last appended by leader: 0, Current term: 0, Majority size: -1, State: 0, Mode: NON_LEADER, active raft config: opid_index: -1 OBSOLETE_local: false peers { permanent_uuid: "e6690b31ec374d7ab2d8857a61a00a83" member_type: VOTER last_known_addr { host: "127.17.152.193" port: 34813 } } peers { permanent_uuid: "103be26996d240aca8372c1ec36c9b94" member_type: VOTER last_known_addr { host: "127.17.152.194" port: 36039 } } peers { permanent_uuid: "fa6f059d51ef409ca59295111818bcb6" member_type: VOTER last_known_addr { host: "127.17.152.195" port: 43901 } }
I20260709 13:05:07.348809 19342 ts_tablet_manager.cc:1434] T 5d912aacbf7442069ac1a57901006819 P fa6f059d51ef409ca59295111818bcb6: Time spent starting tablet: real 0.015s	user 0.007s	sys 0.000s
I20260709 13:05:07.349762 19342 tablet_bootstrap.cc:492] T d0024e5bc93c40358ffd3f0e70dfed13 P fa6f059d51ef409ca59295111818bcb6: Bootstrap starting.
I20260709 13:05:07.350776 19343 tablet_bootstrap.cc:654] T f5852bdbac214353968aba5b9e455024 P 103be26996d240aca8372c1ec36c9b94: Neither blocks nor log segments found. Creating new log.
I20260709 13:05:07.361083 19342 tablet_bootstrap.cc:654] T d0024e5bc93c40358ffd3f0e70dfed13 P fa6f059d51ef409ca59295111818bcb6: Neither blocks nor log segments found. Creating new log.
I20260709 13:05:07.365679 19374 consensus_queue.cc:1048] T 52d7f9d600c245939f9508d84e0f90fe P 103be26996d240aca8372c1ec36c9b94 [LEADER]: Connected to new peer: Peer: permanent_uuid: "fa6f059d51ef409ca59295111818bcb6" member_type: VOTER last_known_addr { host: "127.17.152.195" port: 43901 }, Status: LMP_MISMATCH, Last received: 0.0, Next index: 1, Last known committed idx: 0, Time since last communication: 0.001s
I20260709 13:05:07.370285 19454 raft_consensus.cc:493] T 5d912aacbf7442069ac1a57901006819 P fa6f059d51ef409ca59295111818bcb6 [term 0 FOLLOWER]: Starting pre-election (no leader contacted us within the election timeout)
I20260709 13:05:07.370784 19454 raft_consensus.cc:515] T 5d912aacbf7442069ac1a57901006819 P fa6f059d51ef409ca59295111818bcb6 [term 0 FOLLOWER]: Starting pre-election with config: opid_index: -1 OBSOLETE_local: false peers { permanent_uuid: "e6690b31ec374d7ab2d8857a61a00a83" member_type: VOTER last_known_addr { host: "127.17.152.193" port: 34813 } } peers { permanent_uuid: "103be26996d240aca8372c1ec36c9b94" member_type: VOTER last_known_addr { host: "127.17.152.194" port: 36039 } } peers { permanent_uuid: "fa6f059d51ef409ca59295111818bcb6" member_type: VOTER last_known_addr { host: "127.17.152.195" port: 43901 } }
I20260709 13:05:07.372866 19454 leader_election.cc:290] T 5d912aacbf7442069ac1a57901006819 P fa6f059d51ef409ca59295111818bcb6 [CANDIDATE]: Term 1 pre-election: Requested pre-vote from peers e6690b31ec374d7ab2d8857a61a00a83 (127.17.152.193:34813), 103be26996d240aca8372c1ec36c9b94 (127.17.152.194:36039)
I20260709 13:05:07.374342 19372 consensus_queue.cc:1048] T 2ac0ca7c0be949bca0242540173b9f17 P e6690b31ec374d7ab2d8857a61a00a83 [LEADER]: Connected to new peer: Peer: permanent_uuid: "fa6f059d51ef409ca59295111818bcb6" member_type: VOTER last_known_addr { host: "127.17.152.195" port: 43901 }, Status: LMP_MISMATCH, Last received: 0.0, Next index: 1, Last known committed idx: 0, Time since last communication: 0.000s
I20260709 13:05:07.374985 19226 tablet_service.cc:1917] Received RequestConsensusVote() RPC: tablet_id: "5d912aacbf7442069ac1a57901006819" candidate_uuid: "fa6f059d51ef409ca59295111818bcb6" candidate_term: 1 candidate_status { last_received { term: 0 index: 0 } } ignore_live_leader: false dest_uuid: "103be26996d240aca8372c1ec36c9b94" is_pre_election: true
I20260709 13:05:07.375593 19226 raft_consensus.cc:2468] T 5d912aacbf7442069ac1a57901006819 P 103be26996d240aca8372c1ec36c9b94 [term 0 FOLLOWER]: Leader pre-election vote request: Granting yes vote for candidate fa6f059d51ef409ca59295111818bcb6 in term 0.
I20260709 13:05:07.376190 19342 tablet_bootstrap.cc:492] T d0024e5bc93c40358ffd3f0e70dfed13 P fa6f059d51ef409ca59295111818bcb6: No bootstrap required, opened a new log
I20260709 13:05:07.376643 19151 tablet_service.cc:1917] Received RequestConsensusVote() RPC: tablet_id: "5d912aacbf7442069ac1a57901006819" candidate_uuid: "fa6f059d51ef409ca59295111818bcb6" candidate_term: 1 candidate_status { last_received { term: 0 index: 0 } } ignore_live_leader: false dest_uuid: "e6690b31ec374d7ab2d8857a61a00a83" is_pre_election: true
I20260709 13:05:07.377272 19151 raft_consensus.cc:2468] T 5d912aacbf7442069ac1a57901006819 P e6690b31ec374d7ab2d8857a61a00a83 [term 0 FOLLOWER]: Leader pre-election vote request: Granting yes vote for candidate fa6f059d51ef409ca59295111818bcb6 in term 0.
I20260709 13:05:07.378115 19263 leader_election.cc:304] T 5d912aacbf7442069ac1a57901006819 P fa6f059d51ef409ca59295111818bcb6 [CANDIDATE]: Term 1 pre-election: Election decided. Result: candidate won. Election summary: received 2 responses out of 3 voters: 2 yes votes; 0 no votes. yes voters: 103be26996d240aca8372c1ec36c9b94, fa6f059d51ef409ca59295111818bcb6; no voters: 
I20260709 13:05:07.379017 19490 raft_consensus.cc:2804] T 5d912aacbf7442069ac1a57901006819 P fa6f059d51ef409ca59295111818bcb6 [term 0 FOLLOWER]: Leader pre-election won for term 1
I20260709 13:05:07.379392 19490 raft_consensus.cc:493] T 5d912aacbf7442069ac1a57901006819 P fa6f059d51ef409ca59295111818bcb6 [term 0 FOLLOWER]: Starting leader election (no leader contacted us within the election timeout)
I20260709 13:05:07.376677 19342 ts_tablet_manager.cc:1403] T d0024e5bc93c40358ffd3f0e70dfed13 P fa6f059d51ef409ca59295111818bcb6: Time spent bootstrapping tablet: real 0.027s	user 0.007s	sys 0.003s
I20260709 13:05:07.379863 19490 raft_consensus.cc:3060] T 5d912aacbf7442069ac1a57901006819 P fa6f059d51ef409ca59295111818bcb6 [term 0 FOLLOWER]: Advancing to term 1
I20260709 13:05:07.383143 19342 raft_consensus.cc:359] T d0024e5bc93c40358ffd3f0e70dfed13 P fa6f059d51ef409ca59295111818bcb6 [term 0 FOLLOWER]: Replica starting. Triggering 0 pending ops. Active config: opid_index: -1 OBSOLETE_local: false peers { permanent_uuid: "e6690b31ec374d7ab2d8857a61a00a83" member_type: VOTER last_known_addr { host: "127.17.152.193" port: 34813 } } peers { permanent_uuid: "103be26996d240aca8372c1ec36c9b94" member_type: VOTER last_known_addr { host: "127.17.152.194" port: 36039 } } peers { permanent_uuid: "fa6f059d51ef409ca59295111818bcb6" member_type: VOTER last_known_addr { host: "127.17.152.195" port: 43901 } }
I20260709 13:05:07.383852 19342 raft_consensus.cc:385] T d0024e5bc93c40358ffd3f0e70dfed13 P fa6f059d51ef409ca59295111818bcb6 [term 0 FOLLOWER]: Consensus starting up: Expiring failure detector timer to make a prompt election more likely
I20260709 13:05:07.384114 19342 raft_consensus.cc:740] T d0024e5bc93c40358ffd3f0e70dfed13 P fa6f059d51ef409ca59295111818bcb6 [term 0 FOLLOWER]: Becoming Follower/Learner. State: Replica: fa6f059d51ef409ca59295111818bcb6, State: Initialized, Role: FOLLOWER
I20260709 13:05:07.389693 19342 consensus_queue.cc:260] T d0024e5bc93c40358ffd3f0e70dfed13 P fa6f059d51ef409ca59295111818bcb6 [NON_LEADER]: Queue going to NON_LEADER mode. State: All replicated index: 0, Majority replicated index: 0, Committed index: 0, Last appended: 0.0, Last appended by leader: 0, Current term: 0, Majority size: -1, State: 0, Mode: NON_LEADER, active raft config: opid_index: -1 OBSOLETE_local: false peers { permanent_uuid: "e6690b31ec374d7ab2d8857a61a00a83" member_type: VOTER last_known_addr { host: "127.17.152.193" port: 34813 } } peers { permanent_uuid: "103be26996d240aca8372c1ec36c9b94" member_type: VOTER last_known_addr { host: "127.17.152.194" port: 36039 } } peers { permanent_uuid: "fa6f059d51ef409ca59295111818bcb6" member_type: VOTER last_known_addr { host: "127.17.152.195" port: 43901 } }
I20260709 13:05:07.392457 19342 ts_tablet_manager.cc:1434] T d0024e5bc93c40358ffd3f0e70dfed13 P fa6f059d51ef409ca59295111818bcb6: Time spent starting tablet: real 0.012s	user 0.000s	sys 0.005s
I20260709 13:05:07.390729 19490 raft_consensus.cc:515] T 5d912aacbf7442069ac1a57901006819 P fa6f059d51ef409ca59295111818bcb6 [term 1 FOLLOWER]: Starting leader election with config: opid_index: -1 OBSOLETE_local: false peers { permanent_uuid: "e6690b31ec374d7ab2d8857a61a00a83" member_type: VOTER last_known_addr { host: "127.17.152.193" port: 34813 } } peers { permanent_uuid: "103be26996d240aca8372c1ec36c9b94" member_type: VOTER last_known_addr { host: "127.17.152.194" port: 36039 } } peers { permanent_uuid: "fa6f059d51ef409ca59295111818bcb6" member_type: VOTER last_known_addr { host: "127.17.152.195" port: 43901 } }
I20260709 13:05:07.393473 19342 tablet_bootstrap.cc:492] T df9fb6108ac14608bd7ddb83091b3e97 P fa6f059d51ef409ca59295111818bcb6: Bootstrap starting.
I20260709 13:05:07.395955 19151 tablet_service.cc:1917] Received RequestConsensusVote() RPC: tablet_id: "5d912aacbf7442069ac1a57901006819" candidate_uuid: "fa6f059d51ef409ca59295111818bcb6" candidate_term: 1 candidate_status { last_received { term: 0 index: 0 } } ignore_live_leader: false dest_uuid: "e6690b31ec374d7ab2d8857a61a00a83"
I20260709 13:05:07.396575 19151 raft_consensus.cc:3060] T 5d912aacbf7442069ac1a57901006819 P e6690b31ec374d7ab2d8857a61a00a83 [term 0 FOLLOWER]: Advancing to term 1
I20260709 13:05:07.397858 19490 leader_election.cc:290] T 5d912aacbf7442069ac1a57901006819 P fa6f059d51ef409ca59295111818bcb6 [CANDIDATE]: Term 1 election: Requested vote from peers e6690b31ec374d7ab2d8857a61a00a83 (127.17.152.193:34813), 103be26996d240aca8372c1ec36c9b94 (127.17.152.194:36039)
I20260709 13:05:07.402302 19224 tablet_service.cc:1917] Received RequestConsensusVote() RPC: tablet_id: "5d912aacbf7442069ac1a57901006819" candidate_uuid: "fa6f059d51ef409ca59295111818bcb6" candidate_term: 1 candidate_status { last_received { term: 0 index: 0 } } ignore_live_leader: false dest_uuid: "103be26996d240aca8372c1ec36c9b94"
I20260709 13:05:07.403026 19224 raft_consensus.cc:3060] T 5d912aacbf7442069ac1a57901006819 P 103be26996d240aca8372c1ec36c9b94 [term 0 FOLLOWER]: Advancing to term 1
I20260709 13:05:07.403151 19374 consensus_queue.cc:1048] T 52d7f9d600c245939f9508d84e0f90fe P 103be26996d240aca8372c1ec36c9b94 [LEADER]: Connected to new peer: Peer: permanent_uuid: "e6690b31ec374d7ab2d8857a61a00a83" member_type: VOTER last_known_addr { host: "127.17.152.193" port: 34813 }, Status: LMP_MISMATCH, Last received: 0.0, Next index: 1, Last known committed idx: 0, Time since last communication: 0.000s
I20260709 13:05:07.404843 19342 tablet_bootstrap.cc:654] T df9fb6108ac14608bd7ddb83091b3e97 P fa6f059d51ef409ca59295111818bcb6: Neither blocks nor log segments found. Creating new log.
I20260709 13:05:07.431061 19376 consensus_queue.cc:1048] T eb2eb1a3d6b04a60a685d2b91e5ca470 P 103be26996d240aca8372c1ec36c9b94 [LEADER]: Connected to new peer: Peer: permanent_uuid: "fa6f059d51ef409ca59295111818bcb6" member_type: VOTER last_known_addr { host: "127.17.152.195" port: 43901 }, Status: LMP_MISMATCH, Last received: 0.0, Next index: 1, Last known committed idx: 0, Time since last communication: 0.001s
I20260709 13:05:07.435070 19372 consensus_queue.cc:1048] T 2ac0ca7c0be949bca0242540173b9f17 P e6690b31ec374d7ab2d8857a61a00a83 [LEADER]: Connected to new peer: Peer: permanent_uuid: "103be26996d240aca8372c1ec36c9b94" member_type: VOTER last_known_addr { host: "127.17.152.194" port: 36039 }, Status: LMP_MISMATCH, Last received: 0.0, Next index: 1, Last known committed idx: 0, Time since last communication: 0.000s
I20260709 13:05:07.444582 19151 raft_consensus.cc:2468] T 5d912aacbf7442069ac1a57901006819 P e6690b31ec374d7ab2d8857a61a00a83 [term 1 FOLLOWER]: Leader election vote request: Granting yes vote for candidate fa6f059d51ef409ca59295111818bcb6 in term 1.
I20260709 13:05:07.449774 19374 consensus_queue.cc:1048] T eb2eb1a3d6b04a60a685d2b91e5ca470 P 103be26996d240aca8372c1ec36c9b94 [LEADER]: Connected to new peer: Peer: permanent_uuid: "e6690b31ec374d7ab2d8857a61a00a83" member_type: VOTER last_known_addr { host: "127.17.152.193" port: 34813 }, Status: LMP_MISMATCH, Last received: 0.0, Next index: 1, Last known committed idx: 0, Time since last communication: 0.001s
I20260709 13:05:07.474402 19342 tablet_bootstrap.cc:492] T df9fb6108ac14608bd7ddb83091b3e97 P fa6f059d51ef409ca59295111818bcb6: No bootstrap required, opened a new log
I20260709 13:05:07.475450 19342 ts_tablet_manager.cc:1403] T df9fb6108ac14608bd7ddb83091b3e97 P fa6f059d51ef409ca59295111818bcb6: Time spent bootstrapping tablet: real 0.082s	user 0.013s	sys 0.024s
I20260709 13:05:07.478266 19342 raft_consensus.cc:359] T df9fb6108ac14608bd7ddb83091b3e97 P fa6f059d51ef409ca59295111818bcb6 [term 0 FOLLOWER]: Replica starting. Triggering 0 pending ops. Active config: opid_index: -1 OBSOLETE_local: false peers { permanent_uuid: "e6690b31ec374d7ab2d8857a61a00a83" member_type: VOTER last_known_addr { host: "127.17.152.193" port: 34813 } } peers { permanent_uuid: "103be26996d240aca8372c1ec36c9b94" member_type: VOTER last_known_addr { host: "127.17.152.194" port: 36039 } } peers { permanent_uuid: "fa6f059d51ef409ca59295111818bcb6" member_type: VOTER last_known_addr { host: "127.17.152.195" port: 43901 } }
I20260709 13:05:07.478982 19342 raft_consensus.cc:385] T df9fb6108ac14608bd7ddb83091b3e97 P fa6f059d51ef409ca59295111818bcb6 [term 0 FOLLOWER]: Consensus starting up: Expiring failure detector timer to make a prompt election more likely
I20260709 13:05:07.479254 19342 raft_consensus.cc:740] T df9fb6108ac14608bd7ddb83091b3e97 P fa6f059d51ef409ca59295111818bcb6 [term 0 FOLLOWER]: Becoming Follower/Learner. State: Replica: fa6f059d51ef409ca59295111818bcb6, State: Initialized, Role: FOLLOWER
I20260709 13:05:07.483728 19342 consensus_queue.cc:260] T df9fb6108ac14608bd7ddb83091b3e97 P fa6f059d51ef409ca59295111818bcb6 [NON_LEADER]: Queue going to NON_LEADER mode. State: All replicated index: 0, Majority replicated index: 0, Committed index: 0, Last appended: 0.0, Last appended by leader: 0, Current term: 0, Majority size: -1, State: 0, Mode: NON_LEADER, active raft config: opid_index: -1 OBSOLETE_local: false peers { permanent_uuid: "e6690b31ec374d7ab2d8857a61a00a83" member_type: VOTER last_known_addr { host: "127.17.152.193" port: 34813 } } peers { permanent_uuid: "103be26996d240aca8372c1ec36c9b94" member_type: VOTER last_known_addr { host: "127.17.152.194" port: 36039 } } peers { permanent_uuid: "fa6f059d51ef409ca59295111818bcb6" member_type: VOTER last_known_addr { host: "127.17.152.195" port: 43901 } }
I20260709 13:05:07.485903 19342 ts_tablet_manager.cc:1434] T df9fb6108ac14608bd7ddb83091b3e97 P fa6f059d51ef409ca59295111818bcb6: Time spent starting tablet: real 0.010s	user 0.008s	sys 0.000s
I20260709 13:05:07.489601 19342 tablet_bootstrap.cc:492] T 85a1e49aec4b4bd7bafbf9c159632420 P fa6f059d51ef409ca59295111818bcb6: Bootstrap starting.
I20260709 13:05:07.491717 19046 catalog_manager.cc:5697] T d0024e5bc93c40358ffd3f0e70dfed13 P e6690b31ec374d7ab2d8857a61a00a83 reported cstate change: term changed from 0 to 1, leader changed from <none> to e6690b31ec374d7ab2d8857a61a00a83 (127.17.152.193). New cstate: current_term: 1 leader_uuid: "e6690b31ec374d7ab2d8857a61a00a83" committed_config { opid_index: -1 OBSOLETE_local: false peers { permanent_uuid: "e6690b31ec374d7ab2d8857a61a00a83" member_type: VOTER last_known_addr { host: "127.17.152.193" port: 34813 } health_report { overall_health: HEALTHY } } peers { permanent_uuid: "103be26996d240aca8372c1ec36c9b94" member_type: VOTER last_known_addr { host: "127.17.152.194" port: 36039 } health_report { overall_health: UNKNOWN } } peers { permanent_uuid: "fa6f059d51ef409ca59295111818bcb6" member_type: VOTER last_known_addr { host: "127.17.152.195" port: 43901 } health_report { overall_health: UNKNOWN } } }
I20260709 13:05:07.496249 19342 tablet_bootstrap.cc:654] T 85a1e49aec4b4bd7bafbf9c159632420 P fa6f059d51ef409ca59295111818bcb6: Neither blocks nor log segments found. Creating new log.
I20260709 13:05:07.497231 19266 leader_election.cc:304] T 5d912aacbf7442069ac1a57901006819 P fa6f059d51ef409ca59295111818bcb6 [CANDIDATE]: Term 1 election: Election decided. Result: candidate won. Election summary: received 2 responses out of 3 voters: 2 yes votes; 0 no votes. yes voters: e6690b31ec374d7ab2d8857a61a00a83, fa6f059d51ef409ca59295111818bcb6; no voters: 
I20260709 13:05:07.498099 19490 raft_consensus.cc:2804] T 5d912aacbf7442069ac1a57901006819 P fa6f059d51ef409ca59295111818bcb6 [term 1 FOLLOWER]: Leader election won for term 1
I20260709 13:05:07.498565 19490 raft_consensus.cc:697] T 5d912aacbf7442069ac1a57901006819 P fa6f059d51ef409ca59295111818bcb6 [term 1 LEADER]: Becoming Leader. State: Replica: fa6f059d51ef409ca59295111818bcb6, State: Running, Role: LEADER
I20260709 13:05:07.499336 19490 consensus_queue.cc:237] T 5d912aacbf7442069ac1a57901006819 P fa6f059d51ef409ca59295111818bcb6 [LEADER]: Queue going to LEADER mode. State: All replicated index: 0, Majority replicated index: 0, Committed index: 0, Last appended: 0.0, Last appended by leader: 0, Current term: 1, Majority size: 2, State: 0, Mode: LEADER, active raft config: opid_index: -1 OBSOLETE_local: false peers { permanent_uuid: "e6690b31ec374d7ab2d8857a61a00a83" member_type: VOTER last_known_addr { host: "127.17.152.193" port: 34813 } } peers { permanent_uuid: "103be26996d240aca8372c1ec36c9b94" member_type: VOTER last_known_addr { host: "127.17.152.194" port: 36039 } } peers { permanent_uuid: "fa6f059d51ef409ca59295111818bcb6" member_type: VOTER last_known_addr { host: "127.17.152.195" port: 43901 } }
I20260709 13:05:07.522176 19224 raft_consensus.cc:2468] T 5d912aacbf7442069ac1a57901006819 P 103be26996d240aca8372c1ec36c9b94 [term 1 FOLLOWER]: Leader election vote request: Granting yes vote for candidate fa6f059d51ef409ca59295111818bcb6 in term 1.
I20260709 13:05:07.531222 19049 catalog_manager.cc:5697] T f5852bdbac214353968aba5b9e455024 P fa6f059d51ef409ca59295111818bcb6 reported cstate change: term changed from 0 to 1, leader changed from <none> to fa6f059d51ef409ca59295111818bcb6 (127.17.152.195). New cstate: current_term: 1 leader_uuid: "fa6f059d51ef409ca59295111818bcb6" committed_config { opid_index: -1 OBSOLETE_local: false peers { permanent_uuid: "e6690b31ec374d7ab2d8857a61a00a83" member_type: VOTER last_known_addr { host: "127.17.152.193" port: 34813 } health_report { overall_health: UNKNOWN } } peers { permanent_uuid: "103be26996d240aca8372c1ec36c9b94" member_type: VOTER last_known_addr { host: "127.17.152.194" port: 36039 } health_report { overall_health: UNKNOWN } } peers { permanent_uuid: "fa6f059d51ef409ca59295111818bcb6" member_type: VOTER last_known_addr { host: "127.17.152.195" port: 43901 } health_report { overall_health: HEALTHY } } }
I20260709 13:05:07.540098 19372 raft_consensus.cc:493] T df9fb6108ac14608bd7ddb83091b3e97 P e6690b31ec374d7ab2d8857a61a00a83 [term 0 FOLLOWER]: Starting pre-election (no leader contacted us within the election timeout)
I20260709 13:05:07.540772 19372 raft_consensus.cc:515] T df9fb6108ac14608bd7ddb83091b3e97 P e6690b31ec374d7ab2d8857a61a00a83 [term 0 FOLLOWER]: Starting pre-election with config: opid_index: -1 OBSOLETE_local: false peers { permanent_uuid: "e6690b31ec374d7ab2d8857a61a00a83" member_type: VOTER last_known_addr { host: "127.17.152.193" port: 34813 } } peers { permanent_uuid: "103be26996d240aca8372c1ec36c9b94" member_type: VOTER last_known_addr { host: "127.17.152.194" port: 36039 } } peers { permanent_uuid: "fa6f059d51ef409ca59295111818bcb6" member_type: VOTER last_known_addr { host: "127.17.152.195" port: 43901 } }
I20260709 13:05:07.542784 19500 raft_consensus.cc:493] T d6eccaedabf841489189dc556e58413a P e6690b31ec374d7ab2d8857a61a00a83 [term 0 FOLLOWER]: Starting pre-election (no leader contacted us within the election timeout)
I20260709 13:05:07.543341 19500 raft_consensus.cc:515] T d6eccaedabf841489189dc556e58413a P e6690b31ec374d7ab2d8857a61a00a83 [term 0 FOLLOWER]: Starting pre-election with config: opid_index: -1 OBSOLETE_local: false peers { permanent_uuid: "e6690b31ec374d7ab2d8857a61a00a83" member_type: VOTER last_known_addr { host: "127.17.152.193" port: 34813 } } peers { permanent_uuid: "103be26996d240aca8372c1ec36c9b94" member_type: VOTER last_known_addr { host: "127.17.152.194" port: 36039 } } peers { permanent_uuid: "fa6f059d51ef409ca59295111818bcb6" member_type: VOTER last_known_addr { host: "127.17.152.195" port: 43901 } }
I20260709 13:05:07.547771 19224 tablet_service.cc:1917] Received RequestConsensusVote() RPC: tablet_id: "d6eccaedabf841489189dc556e58413a" candidate_uuid: "e6690b31ec374d7ab2d8857a61a00a83" candidate_term: 1 candidate_status { last_received { term: 0 index: 0 } } ignore_live_leader: false dest_uuid: "103be26996d240aca8372c1ec36c9b94" is_pre_election: true
W20260709 13:05:07.549566 19114 leader_election.cc:343] T d6eccaedabf841489189dc556e58413a P e6690b31ec374d7ab2d8857a61a00a83 [CANDIDATE]: Term 1 pre-election: Tablet error from VoteRequest() call to peer 103be26996d240aca8372c1ec36c9b94 (127.17.152.194:36039): Illegal state: must be running to vote when last-logged opid is not known
I20260709 13:05:07.560823 19340 tablet_bootstrap.cc:492] T 85a1e49aec4b4bd7bafbf9c159632420 P e6690b31ec374d7ab2d8857a61a00a83: No bootstrap required, opened a new log
I20260709 13:05:07.561358 19340 ts_tablet_manager.cc:1403] T 85a1e49aec4b4bd7bafbf9c159632420 P e6690b31ec374d7ab2d8857a61a00a83: Time spent bootstrapping tablet: real 0.234s	user 0.041s	sys 0.050s
I20260709 13:05:07.560878 19342 tablet_bootstrap.cc:492] T 85a1e49aec4b4bd7bafbf9c159632420 P fa6f059d51ef409ca59295111818bcb6: No bootstrap required, opened a new log
I20260709 13:05:07.562696 19342 ts_tablet_manager.cc:1403] T 85a1e49aec4b4bd7bafbf9c159632420 P fa6f059d51ef409ca59295111818bcb6: Time spent bootstrapping tablet: real 0.073s	user 0.009s	sys 0.011s
I20260709 13:05:07.566365 19342 raft_consensus.cc:359] T 85a1e49aec4b4bd7bafbf9c159632420 P fa6f059d51ef409ca59295111818bcb6 [term 0 FOLLOWER]: Replica starting. Triggering 0 pending ops. Active config: opid_index: -1 OBSOLETE_local: false peers { permanent_uuid: "e6690b31ec374d7ab2d8857a61a00a83" member_type: VOTER last_known_addr { host: "127.17.152.193" port: 34813 } } peers { permanent_uuid: "103be26996d240aca8372c1ec36c9b94" member_type: VOTER last_known_addr { host: "127.17.152.194" port: 36039 } } peers { permanent_uuid: "fa6f059d51ef409ca59295111818bcb6" member_type: VOTER last_known_addr { host: "127.17.152.195" port: 43901 } }
I20260709 13:05:07.567027 19342 raft_consensus.cc:385] T 85a1e49aec4b4bd7bafbf9c159632420 P fa6f059d51ef409ca59295111818bcb6 [term 0 FOLLOWER]: Consensus starting up: Expiring failure detector timer to make a prompt election more likely
I20260709 13:05:07.567265 19342 raft_consensus.cc:740] T 85a1e49aec4b4bd7bafbf9c159632420 P fa6f059d51ef409ca59295111818bcb6 [term 0 FOLLOWER]: Becoming Follower/Learner. State: Replica: fa6f059d51ef409ca59295111818bcb6, State: Initialized, Role: FOLLOWER
I20260709 13:05:07.567559 19376 raft_consensus.cc:493] T df9fb6108ac14608bd7ddb83091b3e97 P 103be26996d240aca8372c1ec36c9b94 [term 0 FOLLOWER]: Starting pre-election (no leader contacted us within the election timeout)
I20260709 13:05:07.567914 19342 consensus_queue.cc:260] T 85a1e49aec4b4bd7bafbf9c159632420 P fa6f059d51ef409ca59295111818bcb6 [NON_LEADER]: Queue going to NON_LEADER mode. State: All replicated index: 0, Majority replicated index: 0, Committed index: 0, Last appended: 0.0, Last appended by leader: 0, Current term: 0, Majority size: -1, State: 0, Mode: NON_LEADER, active raft config: opid_index: -1 OBSOLETE_local: false peers { permanent_uuid: "e6690b31ec374d7ab2d8857a61a00a83" member_type: VOTER last_known_addr { host: "127.17.152.193" port: 34813 } } peers { permanent_uuid: "103be26996d240aca8372c1ec36c9b94" member_type: VOTER last_known_addr { host: "127.17.152.194" port: 36039 } } peers { permanent_uuid: "fa6f059d51ef409ca59295111818bcb6" member_type: VOTER last_known_addr { host: "127.17.152.195" port: 43901 } }
I20260709 13:05:07.568001 19376 raft_consensus.cc:515] T df9fb6108ac14608bd7ddb83091b3e97 P 103be26996d240aca8372c1ec36c9b94 [term 0 FOLLOWER]: Starting pre-election with config: opid_index: -1 OBSOLETE_local: false peers { permanent_uuid: "e6690b31ec374d7ab2d8857a61a00a83" member_type: VOTER last_known_addr { host: "127.17.152.193" port: 34813 } } peers { permanent_uuid: "103be26996d240aca8372c1ec36c9b94" member_type: VOTER last_known_addr { host: "127.17.152.194" port: 36039 } } peers { permanent_uuid: "fa6f059d51ef409ca59295111818bcb6" member_type: VOTER last_known_addr { host: "127.17.152.195" port: 43901 } }
