I20260709 13:05:00.506228 15418 leader_election.cc:290] T 637dc7b09bf44af6b88d8653fe9e5de6 P 12100b432bb44c558b8551eba9b70814 [CANDIDATE]: Term 1 election: Requested vote from peers bfd35973d1484cd397fc2bf47b499cb3 (127.13.184.193:33417), 623bf618b24c444bac495e00002c562f (127.13.184.195:35997)
I20260709 13:05:00.507036 15355 consensus_queue.cc:237] T 637dc7b09bf44af6b88d8653fe9e5de6 P 12100b432bb44c558b8551eba9b70814 [LEADER]: Queue going to LEADER mode. State: All replicated index: 0, Majority replicated index: 0, Committed index: 0, Last appended: 0.0, Last appended by leader: 0, Current term: 1, Majority size: 2, State: 0, Mode: LEADER, active raft config: opid_index: -1 OBSOLETE_local: false peers { permanent_uuid: "bfd35973d1484cd397fc2bf47b499cb3" member_type: VOTER last_known_addr { host: "127.13.184.193" port: 33417 } } peers { permanent_uuid: "12100b432bb44c558b8551eba9b70814" member_type: VOTER last_known_addr { host: "127.13.184.194" port: 38953 } } peers { permanent_uuid: "623bf618b24c444bac495e00002c562f" member_type: VOTER last_known_addr { host: "127.13.184.195" port: 35997 } }
I20260709 13:05:00.509127 15348 ts_tablet_manager.cc:1434] T 6fce05724ec0488b94fd321ee15f7979 P bfd35973d1484cd397fc2bf47b499cb3: Time spent starting tablet: real 0.020s	user 0.005s	sys 0.000s
I20260709 13:05:00.509877 15348 tablet_bootstrap.cc:492] T 35e5e70e20de4907b5838304879400ca P bfd35973d1484cd397fc2bf47b499cb3: Bootstrap starting.
I20260709 13:05:00.514238 15348 tablet_bootstrap.cc:654] T 35e5e70e20de4907b5838304879400ca P bfd35973d1484cd397fc2bf47b499cb3: Neither blocks nor log segments found. Creating new log.
I20260709 13:05:00.507440 15305 tablet_service.cc:1917] Received RequestConsensusVote() RPC: tablet_id: "637dc7b09bf44af6b88d8653fe9e5de6" candidate_uuid: "12100b432bb44c558b8551eba9b70814" candidate_term: 1 candidate_status { last_received { term: 0 index: 0 } } ignore_live_leader: false dest_uuid: "623bf618b24c444bac495e00002c562f"
I20260709 13:05:00.516247 15305 raft_consensus.cc:3060] T 637dc7b09bf44af6b88d8653fe9e5de6 P 623bf618b24c444bac495e00002c562f [term 0 FOLLOWER]: Advancing to term 1
I20260709 13:05:00.518118 15053 catalog_manager.cc:5697] T afdfb2e1854a400ca69c08a7d186d926 P 12100b432bb44c558b8551eba9b70814 reported cstate change: term changed from 0 to 1, leader changed from <none> to 12100b432bb44c558b8551eba9b70814 (127.13.184.194). New cstate: current_term: 1 leader_uuid: "12100b432bb44c558b8551eba9b70814" committed_config { opid_index: -1 OBSOLETE_local: false peers { permanent_uuid: "bfd35973d1484cd397fc2bf47b499cb3" member_type: VOTER last_known_addr { host: "127.13.184.193" port: 33417 } health_report { overall_health: UNKNOWN } } peers { permanent_uuid: "12100b432bb44c558b8551eba9b70814" member_type: VOTER last_known_addr { host: "127.13.184.194" port: 38953 } health_report { overall_health: HEALTHY } } peers { permanent_uuid: "623bf618b24c444bac495e00002c562f" member_type: VOTER last_known_addr { host: "127.13.184.195" port: 35997 } health_report { overall_health: UNKNOWN } } }
I20260709 13:05:00.505090 15347 tablet_bootstrap.cc:492] T b3f8e867458a4d988d0d646e5bff4fc3 P 623bf618b24c444bac495e00002c562f: No bootstrap required, opened a new log
I20260709 13:05:00.525887 15305 raft_consensus.cc:2468] T 637dc7b09bf44af6b88d8653fe9e5de6 P 623bf618b24c444bac495e00002c562f [term 1 FOLLOWER]: Leader election vote request: Granting yes vote for candidate 12100b432bb44c558b8551eba9b70814 in term 1.
I20260709 13:05:00.526185 15347 ts_tablet_manager.cc:1403] T b3f8e867458a4d988d0d646e5bff4fc3 P 623bf618b24c444bac495e00002c562f: Time spent bootstrapping tablet: real 0.038s	user 0.010s	sys 0.006s
I20260709 13:05:00.527697 15349 tablet_bootstrap.cc:492] T b354ab74005f4e02834ee760c00d0252 P 12100b432bb44c558b8551eba9b70814: No bootstrap required, opened a new log
I20260709 13:05:00.527701 15348 tablet_bootstrap.cc:492] T 35e5e70e20de4907b5838304879400ca P bfd35973d1484cd397fc2bf47b499cb3: No bootstrap required, opened a new log
I20260709 13:05:00.528175 15349 ts_tablet_manager.cc:1403] T b354ab74005f4e02834ee760c00d0252 P 12100b432bb44c558b8551eba9b70814: Time spent bootstrapping tablet: real 0.100s	user 0.017s	sys 0.035s
I20260709 13:05:00.528304 15348 ts_tablet_manager.cc:1403] T 35e5e70e20de4907b5838304879400ca P bfd35973d1484cd397fc2bf47b499cb3: Time spent bootstrapping tablet: real 0.019s	user 0.011s	sys 0.003s
I20260709 13:05:00.530894 15349 raft_consensus.cc:359] T b354ab74005f4e02834ee760c00d0252 P 12100b432bb44c558b8551eba9b70814 [term 0 FOLLOWER]: Replica starting. Triggering 0 pending ops. Active config: opid_index: -1 OBSOLETE_local: false peers { permanent_uuid: "bfd35973d1484cd397fc2bf47b499cb3" member_type: VOTER last_known_addr { host: "127.13.184.193" port: 33417 } } peers { permanent_uuid: "12100b432bb44c558b8551eba9b70814" member_type: VOTER last_known_addr { host: "127.13.184.194" port: 38953 } } peers { permanent_uuid: "623bf618b24c444bac495e00002c562f" member_type: VOTER last_known_addr { host: "127.13.184.195" port: 35997 } }
I20260709 13:05:00.531088 15348 raft_consensus.cc:359] T 35e5e70e20de4907b5838304879400ca P bfd35973d1484cd397fc2bf47b499cb3 [term 0 FOLLOWER]: Replica starting. Triggering 0 pending ops. Active config: opid_index: -1 OBSOLETE_local: false peers { permanent_uuid: "bfd35973d1484cd397fc2bf47b499cb3" member_type: VOTER last_known_addr { host: "127.13.184.193" port: 33417 } } peers { permanent_uuid: "12100b432bb44c558b8551eba9b70814" member_type: VOTER last_known_addr { host: "127.13.184.194" port: 38953 } } peers { permanent_uuid: "623bf618b24c444bac495e00002c562f" member_type: VOTER last_known_addr { host: "127.13.184.195" port: 35997 } }
I20260709 13:05:00.531540 15349 raft_consensus.cc:385] T b354ab74005f4e02834ee760c00d0252 P 12100b432bb44c558b8551eba9b70814 [term 0 FOLLOWER]: Consensus starting up: Expiring failure detector timer to make a prompt election more likely
I20260709 13:05:00.531352 15347 raft_consensus.cc:359] T b3f8e867458a4d988d0d646e5bff4fc3 P 623bf618b24c444bac495e00002c562f [term 0 FOLLOWER]: Replica starting. Triggering 0 pending ops. Active config: opid_index: -1 OBSOLETE_local: false peers { permanent_uuid: "bfd35973d1484cd397fc2bf47b499cb3" member_type: VOTER last_known_addr { host: "127.13.184.193" port: 33417 } } peers { permanent_uuid: "12100b432bb44c558b8551eba9b70814" member_type: VOTER last_known_addr { host: "127.13.184.194" port: 38953 } } peers { permanent_uuid: "623bf618b24c444bac495e00002c562f" member_type: VOTER last_known_addr { host: "127.13.184.195" port: 35997 } }
I20260709 13:05:00.531862 15348 raft_consensus.cc:385] T 35e5e70e20de4907b5838304879400ca P bfd35973d1484cd397fc2bf47b499cb3 [term 0 FOLLOWER]: Consensus starting up: Expiring failure detector timer to make a prompt election more likely
I20260709 13:05:00.532047 15347 raft_consensus.cc:385] T b3f8e867458a4d988d0d646e5bff4fc3 P 623bf618b24c444bac495e00002c562f [term 0 FOLLOWER]: Consensus starting up: Expiring failure detector timer to make a prompt election more likely
I20260709 13:05:00.532238 15348 raft_consensus.cc:740] T 35e5e70e20de4907b5838304879400ca P bfd35973d1484cd397fc2bf47b499cb3 [term 0 FOLLOWER]: Becoming Follower/Learner. State: Replica: bfd35973d1484cd397fc2bf47b499cb3, State: Initialized, Role: FOLLOWER
I20260709 13:05:00.532372 15347 raft_consensus.cc:740] T b3f8e867458a4d988d0d646e5bff4fc3 P 623bf618b24c444bac495e00002c562f [term 0 FOLLOWER]: Becoming Follower/Learner. State: Replica: 623bf618b24c444bac495e00002c562f, State: Initialized, Role: FOLLOWER
I20260709 13:05:00.532424 15356 raft_consensus.cc:493] T 36cea47de5f94be6b6368ac0817759d1 P 623bf618b24c444bac495e00002c562f [term 0 FOLLOWER]: Starting pre-election (no leader contacted us within the election timeout)
I20260709 13:05:00.533031 15356 raft_consensus.cc:515] T 36cea47de5f94be6b6368ac0817759d1 P 623bf618b24c444bac495e00002c562f [term 0 FOLLOWER]: Starting pre-election with config: opid_index: -1 OBSOLETE_local: false peers { permanent_uuid: "bfd35973d1484cd397fc2bf47b499cb3" member_type: VOTER last_known_addr { host: "127.13.184.193" port: 33417 } } peers { permanent_uuid: "12100b432bb44c558b8551eba9b70814" member_type: VOTER last_known_addr { host: "127.13.184.194" port: 38953 } } peers { permanent_uuid: "623bf618b24c444bac495e00002c562f" member_type: VOTER last_known_addr { host: "127.13.184.195" port: 35997 } }
I20260709 13:05:00.531865 15349 raft_consensus.cc:740] T b354ab74005f4e02834ee760c00d0252 P 12100b432bb44c558b8551eba9b70814 [term 0 FOLLOWER]: Becoming Follower/Learner. State: Replica: 12100b432bb44c558b8551eba9b70814, State: Initialized, Role: FOLLOWER
I20260709 13:05:00.533203 15348 consensus_queue.cc:260] T 35e5e70e20de4907b5838304879400ca P bfd35973d1484cd397fc2bf47b499cb3 [NON_LEADER]: Queue going to NON_LEADER mode. State: All replicated index: 0, Majority replicated index: 0, Committed index: 0, Last appended: 0.0, Last appended by leader: 0, Current term: 0, Majority size: -1, State: 0, Mode: NON_LEADER, active raft config: opid_index: -1 OBSOLETE_local: false peers { permanent_uuid: "bfd35973d1484cd397fc2bf47b499cb3" member_type: VOTER last_known_addr { host: "127.13.184.193" port: 33417 } } peers { permanent_uuid: "12100b432bb44c558b8551eba9b70814" member_type: VOTER last_known_addr { host: "127.13.184.194" port: 38953 } } peers { permanent_uuid: "623bf618b24c444bac495e00002c562f" member_type: VOTER last_known_addr { host: "127.13.184.195" port: 35997 } }
I20260709 13:05:00.534075 15349 consensus_queue.cc:260] T b354ab74005f4e02834ee760c00d0252 P 12100b432bb44c558b8551eba9b70814 [NON_LEADER]: Queue going to NON_LEADER mode. State: All replicated index: 0, Majority replicated index: 0, Committed index: 0, Last appended: 0.0, Last appended by leader: 0, Current term: 0, Majority size: -1, State: 0, Mode: NON_LEADER, active raft config: opid_index: -1 OBSOLETE_local: false peers { permanent_uuid: "bfd35973d1484cd397fc2bf47b499cb3" member_type: VOTER last_known_addr { host: "127.13.184.193" port: 33417 } } peers { permanent_uuid: "12100b432bb44c558b8551eba9b70814" member_type: VOTER last_known_addr { host: "127.13.184.194" port: 38953 } } peers { permanent_uuid: "623bf618b24c444bac495e00002c562f" member_type: VOTER last_known_addr { host: "127.13.184.195" port: 35997 } }
I20260709 13:05:00.534945 15356 leader_election.cc:290] T 36cea47de5f94be6b6368ac0817759d1 P 623bf618b24c444bac495e00002c562f [CANDIDATE]: Term 1 pre-election: Requested pre-vote from peers bfd35973d1484cd397fc2bf47b499cb3 (127.13.184.193:33417), 12100b432bb44c558b8551eba9b70814 (127.13.184.194:38953)
I20260709 13:05:00.535692 15348 ts_tablet_manager.cc:1434] T 35e5e70e20de4907b5838304879400ca P bfd35973d1484cd397fc2bf47b499cb3: Time spent starting tablet: real 0.007s	user 0.006s	sys 0.000s
I20260709 13:05:00.536847 15348 tablet_bootstrap.cc:492] T 97a79366457f4b388c19a52cee8e068c P bfd35973d1484cd397fc2bf47b499cb3: Bootstrap starting.
I20260709 13:05:00.536736 15157 tablet_service.cc:1917] Received RequestConsensusVote() RPC: tablet_id: "36cea47de5f94be6b6368ac0817759d1" candidate_uuid: "623bf618b24c444bac495e00002c562f" candidate_term: 1 candidate_status { last_received { term: 0 index: 0 } } ignore_live_leader: false dest_uuid: "bfd35973d1484cd397fc2bf47b499cb3" is_pre_election: true
I20260709 13:05:00.537389 15157 raft_consensus.cc:2468] T 36cea47de5f94be6b6368ac0817759d1 P bfd35973d1484cd397fc2bf47b499cb3 [term 0 FOLLOWER]: Leader pre-election vote request: Granting yes vote for candidate 623bf618b24c444bac495e00002c562f in term 0.
I20260709 13:05:00.538335 15349 ts_tablet_manager.cc:1434] T b354ab74005f4e02834ee760c00d0252 P 12100b432bb44c558b8551eba9b70814: Time spent starting tablet: real 0.010s	user 0.006s	sys 0.000s
I20260709 13:05:00.538751 15233 tablet_service.cc:1917] Received RequestConsensusVote() RPC: tablet_id: "36cea47de5f94be6b6368ac0817759d1" candidate_uuid: "623bf618b24c444bac495e00002c562f" candidate_term: 1 candidate_status { last_received { term: 0 index: 0 } } ignore_live_leader: false dest_uuid: "12100b432bb44c558b8551eba9b70814" is_pre_election: true
I20260709 13:05:00.539155 15349 tablet_bootstrap.cc:492] T 6fce05724ec0488b94fd321ee15f7979 P 12100b432bb44c558b8551eba9b70814: Bootstrap starting.
W20260709 13:05:00.540498 15271 leader_election.cc:343] T 36cea47de5f94be6b6368ac0817759d1 P 623bf618b24c444bac495e00002c562f [CANDIDATE]: Term 1 pre-election: Tablet error from VoteRequest() call to peer 12100b432bb44c558b8551eba9b70814 (127.13.184.194:38953): Illegal state: must be running to vote when last-logged opid is not known
I20260709 13:05:00.541164 15271 leader_election.cc:304] T 36cea47de5f94be6b6368ac0817759d1 P 623bf618b24c444bac495e00002c562f [CANDIDATE]: Term 1 pre-election: Election decided. Result: candidate won. Election summary: received 3 responses out of 3 voters: 2 yes votes; 1 no votes. yes voters: 623bf618b24c444bac495e00002c562f, bfd35973d1484cd397fc2bf47b499cb3; no voters: 12100b432bb44c558b8551eba9b70814
I20260709 13:05:00.542178 15356 raft_consensus.cc:2804] T 36cea47de5f94be6b6368ac0817759d1 P 623bf618b24c444bac495e00002c562f [term 0 FOLLOWER]: Leader pre-election won for term 1
I20260709 13:05:00.542543 15356 raft_consensus.cc:493] T 36cea47de5f94be6b6368ac0817759d1 P 623bf618b24c444bac495e00002c562f [term 0 FOLLOWER]: Starting leader election (no leader contacted us within the election timeout)
I20260709 13:05:00.542902 15356 raft_consensus.cc:3060] T 36cea47de5f94be6b6368ac0817759d1 P 623bf618b24c444bac495e00002c562f [term 0 FOLLOWER]: Advancing to term 1
I20260709 13:05:00.543004 15348 tablet_bootstrap.cc:654] T 97a79366457f4b388c19a52cee8e068c P bfd35973d1484cd397fc2bf47b499cb3: Neither blocks nor log segments found. Creating new log.
I20260709 13:05:00.545043 15349 tablet_bootstrap.cc:654] T 6fce05724ec0488b94fd321ee15f7979 P 12100b432bb44c558b8551eba9b70814: Neither blocks nor log segments found. Creating new log.
I20260709 13:05:00.536056 15053 catalog_manager.cc:5697] T 637dc7b09bf44af6b88d8653fe9e5de6 P 12100b432bb44c558b8551eba9b70814 reported cstate change: term changed from 0 to 1, leader changed from <none> to 12100b432bb44c558b8551eba9b70814 (127.13.184.194). New cstate: current_term: 1 leader_uuid: "12100b432bb44c558b8551eba9b70814" committed_config { opid_index: -1 OBSOLETE_local: false peers { permanent_uuid: "bfd35973d1484cd397fc2bf47b499cb3" member_type: VOTER last_known_addr { host: "127.13.184.193" port: 33417 } health_report { overall_health: UNKNOWN } } peers { permanent_uuid: "12100b432bb44c558b8551eba9b70814" member_type: VOTER last_known_addr { host: "127.13.184.194" port: 38953 } health_report { overall_health: HEALTHY } } peers { permanent_uuid: "623bf618b24c444bac495e00002c562f" member_type: VOTER last_known_addr { host: "127.13.184.195" port: 35997 } health_report { overall_health: UNKNOWN } } }
I20260709 13:05:00.533320 15347 consensus_queue.cc:260] T b3f8e867458a4d988d0d646e5bff4fc3 P 623bf618b24c444bac495e00002c562f [NON_LEADER]: Queue going to NON_LEADER mode. State: All replicated index: 0, Majority replicated index: 0, Committed index: 0, Last appended: 0.0, Last appended by leader: 0, Current term: 0, Majority size: -1, State: 0, Mode: NON_LEADER, active raft config: opid_index: -1 OBSOLETE_local: false peers { permanent_uuid: "bfd35973d1484cd397fc2bf47b499cb3" member_type: VOTER last_known_addr { host: "127.13.184.193" port: 33417 } } peers { permanent_uuid: "12100b432bb44c558b8551eba9b70814" member_type: VOTER last_known_addr { host: "127.13.184.194" port: 38953 } } peers { permanent_uuid: "623bf618b24c444bac495e00002c562f" member_type: VOTER last_known_addr { host: "127.13.184.195" port: 35997 } }
I20260709 13:05:00.557974 15347 ts_tablet_manager.cc:1434] T b3f8e867458a4d988d0d646e5bff4fc3 P 623bf618b24c444bac495e00002c562f: Time spent starting tablet: real 0.030s	user 0.005s	sys 0.001s
I20260709 13:05:00.561910 15356 raft_consensus.cc:515] T 36cea47de5f94be6b6368ac0817759d1 P 623bf618b24c444bac495e00002c562f [term 1 FOLLOWER]: Starting leader election with config: opid_index: -1 OBSOLETE_local: false peers { permanent_uuid: "bfd35973d1484cd397fc2bf47b499cb3" member_type: VOTER last_known_addr { host: "127.13.184.193" port: 33417 } } peers { permanent_uuid: "12100b432bb44c558b8551eba9b70814" member_type: VOTER last_known_addr { host: "127.13.184.194" port: 38953 } } peers { permanent_uuid: "623bf618b24c444bac495e00002c562f" member_type: VOTER last_known_addr { host: "127.13.184.195" port: 35997 } }
I20260709 13:05:00.564497 15157 tablet_service.cc:1917] Received RequestConsensusVote() RPC: tablet_id: "36cea47de5f94be6b6368ac0817759d1" candidate_uuid: "623bf618b24c444bac495e00002c562f" candidate_term: 1 candidate_status { last_received { term: 0 index: 0 } } ignore_live_leader: false dest_uuid: "bfd35973d1484cd397fc2bf47b499cb3"
I20260709 13:05:00.565028 15157 raft_consensus.cc:3060] T 36cea47de5f94be6b6368ac0817759d1 P bfd35973d1484cd397fc2bf47b499cb3 [term 0 FOLLOWER]: Advancing to term 1
I20260709 13:05:00.568112 15347 tablet_bootstrap.cc:492] T 35e5e70e20de4907b5838304879400ca P 623bf618b24c444bac495e00002c562f: Bootstrap starting.
I20260709 13:05:00.572034 15157 raft_consensus.cc:2468] T 36cea47de5f94be6b6368ac0817759d1 P bfd35973d1484cd397fc2bf47b499cb3 [term 1 FOLLOWER]: Leader election vote request: Granting yes vote for candidate 623bf618b24c444bac495e00002c562f in term 1.
I20260709 13:05:00.573168 15271 leader_election.cc:304] T 36cea47de5f94be6b6368ac0817759d1 P 623bf618b24c444bac495e00002c562f [CANDIDATE]: Term 1 election: Election decided. Result: candidate won. Election summary: received 2 responses out of 3 voters: 2 yes votes; 0 no votes. yes voters: 623bf618b24c444bac495e00002c562f, bfd35973d1484cd397fc2bf47b499cb3; no voters: 
I20260709 13:05:00.574299 15347 tablet_bootstrap.cc:654] T 35e5e70e20de4907b5838304879400ca P 623bf618b24c444bac495e00002c562f: Neither blocks nor log segments found. Creating new log.
I20260709 13:05:00.574334 15410 raft_consensus.cc:2804] T 36cea47de5f94be6b6368ac0817759d1 P 623bf618b24c444bac495e00002c562f [term 1 FOLLOWER]: Leader election won for term 1
I20260709 13:05:00.574880 15410 raft_consensus.cc:697] T 36cea47de5f94be6b6368ac0817759d1 P 623bf618b24c444bac495e00002c562f [term 1 LEADER]: Becoming Leader. State: Replica: 623bf618b24c444bac495e00002c562f, State: Running, Role: LEADER
I20260709 13:05:00.575690 15410 consensus_queue.cc:237] T 36cea47de5f94be6b6368ac0817759d1 P 623bf618b24c444bac495e00002c562f [LEADER]: Queue going to LEADER mode. State: All replicated index: 0, Majority replicated index: 0, Committed index: 0, Last appended: 0.0, Last appended by leader: 0, Current term: 1, Majority size: 2, State: 0, Mode: LEADER, active raft config: opid_index: -1 OBSOLETE_local: false peers { permanent_uuid: "bfd35973d1484cd397fc2bf47b499cb3" member_type: VOTER last_known_addr { host: "127.13.184.193" port: 33417 } } peers { permanent_uuid: "12100b432bb44c558b8551eba9b70814" member_type: VOTER last_known_addr { host: "127.13.184.194" port: 38953 } } peers { permanent_uuid: "623bf618b24c444bac495e00002c562f" member_type: VOTER last_known_addr { host: "127.13.184.195" port: 35997 } }
I20260709 13:05:00.593261 15054 catalog_manager.cc:5697] T 36cea47de5f94be6b6368ac0817759d1 P 623bf618b24c444bac495e00002c562f reported cstate change: term changed from 0 to 1, leader changed from <none> to 623bf618b24c444bac495e00002c562f (127.13.184.195). New cstate: current_term: 1 leader_uuid: "623bf618b24c444bac495e00002c562f" committed_config { opid_index: -1 OBSOLETE_local: false peers { permanent_uuid: "bfd35973d1484cd397fc2bf47b499cb3" member_type: VOTER last_known_addr { host: "127.13.184.193" port: 33417 } health_report { overall_health: UNKNOWN } } peers { permanent_uuid: "12100b432bb44c558b8551eba9b70814" member_type: VOTER last_known_addr { host: "127.13.184.194" port: 38953 } health_report { overall_health: UNKNOWN } } peers { permanent_uuid: "623bf618b24c444bac495e00002c562f" member_type: VOTER last_known_addr { host: "127.13.184.195" port: 35997 } health_report { overall_health: HEALTHY } } }
I20260709 13:05:00.606765 15233 tablet_service.cc:1917] Received RequestConsensusVote() RPC: tablet_id: "36cea47de5f94be6b6368ac0817759d1" candidate_uuid: "623bf618b24c444bac495e00002c562f" candidate_term: 1 candidate_status { last_received { term: 0 index: 0 } } ignore_live_leader: false dest_uuid: "12100b432bb44c558b8551eba9b70814"
W20260709 13:05:00.608209 15271 leader_election.cc:343] T 36cea47de5f94be6b6368ac0817759d1 P 623bf618b24c444bac495e00002c562f [CANDIDATE]: Term 1 election: Tablet error from VoteRequest() call to peer 12100b432bb44c558b8551eba9b70814 (127.13.184.194:38953): Illegal state: must be running to vote when last-logged opid is not known
I20260709 13:05:00.609035 15410 raft_consensus.cc:493] T 97a79366457f4b388c19a52cee8e068c P 623bf618b24c444bac495e00002c562f [term 0 FOLLOWER]: Starting pre-election (no leader contacted us within the election timeout)
I20260709 13:05:00.609516 15410 raft_consensus.cc:515] T 97a79366457f4b388c19a52cee8e068c P 623bf618b24c444bac495e00002c562f [term 0 FOLLOWER]: Starting pre-election with config: opid_index: -1 OBSOLETE_local: false peers { permanent_uuid: "bfd35973d1484cd397fc2bf47b499cb3" member_type: VOTER last_known_addr { host: "127.13.184.193" port: 33417 } } peers { permanent_uuid: "12100b432bb44c558b8551eba9b70814" member_type: VOTER last_known_addr { host: "127.13.184.194" port: 38953 } } peers { permanent_uuid: "623bf618b24c444bac495e00002c562f" member_type: VOTER last_known_addr { host: "127.13.184.195" port: 35997 } }
I20260709 13:05:00.612304 15157 tablet_service.cc:1917] Received RequestConsensusVote() RPC: tablet_id: "97a79366457f4b388c19a52cee8e068c" candidate_uuid: "623bf618b24c444bac495e00002c562f" candidate_term: 1 candidate_status { last_received { term: 0 index: 0 } } ignore_live_leader: false dest_uuid: "bfd35973d1484cd397fc2bf47b499cb3" is_pre_election: true
W20260709 13:05:00.613539 15271 leader_election.cc:343] T 97a79366457f4b388c19a52cee8e068c P 623bf618b24c444bac495e00002c562f [CANDIDATE]: Term 1 pre-election: Tablet error from VoteRequest() call to peer bfd35973d1484cd397fc2bf47b499cb3 (127.13.184.193:33417): Illegal state: must be running to vote when last-logged opid is not known
I20260709 13:05:00.615604 15233 tablet_service.cc:1917] Received RequestConsensusVote() RPC: tablet_id: "97a79366457f4b388c19a52cee8e068c" candidate_uuid: "623bf618b24c444bac495e00002c562f" candidate_term: 1 candidate_status { last_received { term: 0 index: 0 } } ignore_live_leader: false dest_uuid: "12100b432bb44c558b8551eba9b70814" is_pre_election: true
I20260709 13:05:00.616240 15233 raft_consensus.cc:2468] T 97a79366457f4b388c19a52cee8e068c P 12100b432bb44c558b8551eba9b70814 [term 0 FOLLOWER]: Leader pre-election vote request: Granting yes vote for candidate 623bf618b24c444bac495e00002c562f in term 0.
I20260709 13:05:00.617487 15271 leader_election.cc:304] T 97a79366457f4b388c19a52cee8e068c P 623bf618b24c444bac495e00002c562f [CANDIDATE]: Term 1 pre-election: Election decided. Result: candidate won. Election summary: received 3 responses out of 3 voters: 2 yes votes; 1 no votes. yes voters: 12100b432bb44c558b8551eba9b70814, 623bf618b24c444bac495e00002c562f; no voters: bfd35973d1484cd397fc2bf47b499cb3
I20260709 13:05:00.618427 15411 raft_consensus.cc:2804] T 97a79366457f4b388c19a52cee8e068c P 623bf618b24c444bac495e00002c562f [term 0 FOLLOWER]: Leader pre-election won for term 1
I20260709 13:05:00.618784 15411 raft_consensus.cc:493] T 97a79366457f4b388c19a52cee8e068c P 623bf618b24c444bac495e00002c562f [term 0 FOLLOWER]: Starting leader election (no leader contacted us within the election timeout)
I20260709 13:05:00.619102 15411 raft_consensus.cc:3060] T 97a79366457f4b388c19a52cee8e068c P 623bf618b24c444bac495e00002c562f [term 0 FOLLOWER]: Advancing to term 1
I20260709 13:05:00.626973 15411 raft_consensus.cc:515] T 97a79366457f4b388c19a52cee8e068c P 623bf618b24c444bac495e00002c562f [term 1 FOLLOWER]: Starting leader election with config: opid_index: -1 OBSOLETE_local: false peers { permanent_uuid: "bfd35973d1484cd397fc2bf47b499cb3" member_type: VOTER last_known_addr { host: "127.13.184.193" port: 33417 } } peers { permanent_uuid: "12100b432bb44c558b8551eba9b70814" member_type: VOTER last_known_addr { host: "127.13.184.194" port: 38953 } } peers { permanent_uuid: "623bf618b24c444bac495e00002c562f" member_type: VOTER last_known_addr { host: "127.13.184.195" port: 35997 } }
I20260709 13:05:00.627233 15355 consensus_queue.cc:1048] T d322771d31e649c7a0536911fb1d924c P 12100b432bb44c558b8551eba9b70814 [LEADER]: Connected to new peer: Peer: permanent_uuid: "bfd35973d1484cd397fc2bf47b499cb3" member_type: VOTER last_known_addr { host: "127.13.184.193" port: 33417 }, Status: LMP_MISMATCH, Last received: 0.0, Next index: 1, Last known committed idx: 0, Time since last communication: 0.001s
I20260709 13:05:00.629658 15356 leader_election.cc:290] T 36cea47de5f94be6b6368ac0817759d1 P 623bf618b24c444bac495e00002c562f [CANDIDATE]: Term 1 election: Requested vote from peers bfd35973d1484cd397fc2bf47b499cb3 (127.13.184.193:33417), 12100b432bb44c558b8551eba9b70814 (127.13.184.194:38953)
I20260709 13:05:00.630405 15158 tablet_service.cc:1917] Received RequestConsensusVote() RPC: tablet_id: "97a79366457f4b388c19a52cee8e068c" candidate_uuid: "623bf618b24c444bac495e00002c562f" candidate_term: 1 candidate_status { last_received { term: 0 index: 0 } } ignore_live_leader: false dest_uuid: "bfd35973d1484cd397fc2bf47b499cb3"
I20260709 13:05:00.627799 15410 leader_election.cc:290] T 97a79366457f4b388c19a52cee8e068c P 623bf618b24c444bac495e00002c562f [CANDIDATE]: Term 1 pre-election: Requested pre-vote from peers bfd35973d1484cd397fc2bf47b499cb3 (127.13.184.193:33417), 12100b432bb44c558b8551eba9b70814 (127.13.184.194:38953)
W20260709 13:05:00.631678 15271 leader_election.cc:343] T 97a79366457f4b388c19a52cee8e068c P 623bf618b24c444bac495e00002c562f [CANDIDATE]: Term 1 election: Tablet error from VoteRequest() call to peer bfd35973d1484cd397fc2bf47b499cb3 (127.13.184.193:33417): Illegal state: must be running to vote when last-logged opid is not known
I20260709 13:05:00.634640 15233 tablet_service.cc:1917] Received RequestConsensusVote() RPC: tablet_id: "97a79366457f4b388c19a52cee8e068c" candidate_uuid: "623bf618b24c444bac495e00002c562f" candidate_term: 1 candidate_status { last_received { term: 0 index: 0 } } ignore_live_leader: false dest_uuid: "12100b432bb44c558b8551eba9b70814"
I20260709 13:05:00.635257 15233 raft_consensus.cc:3060] T 97a79366457f4b388c19a52cee8e068c P 12100b432bb44c558b8551eba9b70814 [term 0 FOLLOWER]: Advancing to term 1
I20260709 13:05:00.642565 15233 raft_consensus.cc:2468] T 97a79366457f4b388c19a52cee8e068c P 12100b432bb44c558b8551eba9b70814 [term 1 FOLLOWER]: Leader election vote request: Granting yes vote for candidate 623bf618b24c444bac495e00002c562f in term 1.
I20260709 13:05:00.643771 15271 leader_election.cc:304] T 97a79366457f4b388c19a52cee8e068c P 623bf618b24c444bac495e00002c562f [CANDIDATE]: Term 1 election: Election decided. Result: candidate won. Election summary: received 3 responses out of 3 voters: 2 yes votes; 1 no votes. yes voters: 12100b432bb44c558b8551eba9b70814, 623bf618b24c444bac495e00002c562f; no voters: bfd35973d1484cd397fc2bf47b499cb3
I20260709 13:05:00.644640 15410 raft_consensus.cc:2804] T 97a79366457f4b388c19a52cee8e068c P 623bf618b24c444bac495e00002c562f [term 1 FOLLOWER]: Leader election won for term 1
I20260709 13:05:00.645313 15410 raft_consensus.cc:697] T 97a79366457f4b388c19a52cee8e068c P 623bf618b24c444bac495e00002c562f [term 1 LEADER]: Becoming Leader. State: Replica: 623bf618b24c444bac495e00002c562f, State: Running, Role: LEADER
I20260709 13:05:00.646142 15410 consensus_queue.cc:237] T 97a79366457f4b388c19a52cee8e068c P 623bf618b24c444bac495e00002c562f [LEADER]: Queue going to LEADER mode. State: All replicated index: 0, Majority replicated index: 0, Committed index: 0, Last appended: 0.0, Last appended by leader: 0, Current term: 1, Majority size: 2, State: 0, Mode: LEADER, active raft config: opid_index: -1 OBSOLETE_local: false peers { permanent_uuid: "bfd35973d1484cd397fc2bf47b499cb3" member_type: VOTER last_known_addr { host: "127.13.184.193" port: 33417 } } peers { permanent_uuid: "12100b432bb44c558b8551eba9b70814" member_type: VOTER last_known_addr { host: "127.13.184.194" port: 38953 } } peers { permanent_uuid: "623bf618b24c444bac495e00002c562f" member_type: VOTER last_known_addr { host: "127.13.184.195" port: 35997 } }
W20260709 13:05:00.662882 15196 consensus_peers.cc:597] T d322771d31e649c7a0536911fb1d924c P 12100b432bb44c558b8551eba9b70814 -> Peer 623bf618b24c444bac495e00002c562f (127.13.184.195:35997): Couldn't send request to peer 623bf618b24c444bac495e00002c562f. Error code: TABLET_NOT_RUNNING (12). Status: Illegal state: Tablet not RUNNING: INITIALIZED. This is attempt 1: this message will repeat every 5th retry.
I20260709 13:05:00.644622 15411 leader_election.cc:290] T 97a79366457f4b388c19a52cee8e068c P 623bf618b24c444bac495e00002c562f [CANDIDATE]: Term 1 election: Requested vote from peers bfd35973d1484cd397fc2bf47b499cb3 (127.13.184.193:33417), 12100b432bb44c558b8551eba9b70814 (127.13.184.194:38953)
I20260709 13:05:00.673029 15347 tablet_bootstrap.cc:492] T 35e5e70e20de4907b5838304879400ca P 623bf618b24c444bac495e00002c562f: No bootstrap required, opened a new log
I20260709 13:05:00.673470 15347 ts_tablet_manager.cc:1403] T 35e5e70e20de4907b5838304879400ca P 623bf618b24c444bac495e00002c562f: Time spent bootstrapping tablet: real 0.106s	user 0.032s	sys 0.065s
I20260709 13:05:00.676443 15347 raft_consensus.cc:359] T 35e5e70e20de4907b5838304879400ca P 623bf618b24c444bac495e00002c562f [term 0 FOLLOWER]: Replica starting. Triggering 0 pending ops. Active config: opid_index: -1 OBSOLETE_local: false peers { permanent_uuid: "bfd35973d1484cd397fc2bf47b499cb3" member_type: VOTER last_known_addr { host: "127.13.184.193" port: 33417 } } peers { permanent_uuid: "12100b432bb44c558b8551eba9b70814" member_type: VOTER last_known_addr { host: "127.13.184.194" port: 38953 } } peers { permanent_uuid: "623bf618b24c444bac495e00002c562f" member_type: VOTER last_known_addr { host: "127.13.184.195" port: 35997 } }
I20260709 13:05:00.677074 15347 raft_consensus.cc:385] T 35e5e70e20de4907b5838304879400ca P 623bf618b24c444bac495e00002c562f [term 0 FOLLOWER]: Consensus starting up: Expiring failure detector timer to make a prompt election more likely
I20260709 13:05:00.677359 15347 raft_consensus.cc:740] T 35e5e70e20de4907b5838304879400ca P 623bf618b24c444bac495e00002c562f [term 0 FOLLOWER]: Becoming Follower/Learner. State: Replica: 623bf618b24c444bac495e00002c562f, State: Initialized, Role: FOLLOWER
I20260709 13:05:00.678057 15347 consensus_queue.cc:260] T 35e5e70e20de4907b5838304879400ca P 623bf618b24c444bac495e00002c562f [NON_LEADER]: Queue going to NON_LEADER mode. State: All replicated index: 0, Majority replicated index: 0, Committed index: 0, Last appended: 0.0, Last appended by leader: 0, Current term: 0, Majority size: -1, State: 0, Mode: NON_LEADER, active raft config: opid_index: -1 OBSOLETE_local: false peers { permanent_uuid: "bfd35973d1484cd397fc2bf47b499cb3" member_type: VOTER last_known_addr { host: "127.13.184.193" port: 33417 } } peers { permanent_uuid: "12100b432bb44c558b8551eba9b70814" member_type: VOTER last_known_addr { host: "127.13.184.194" port: 38953 } } peers { permanent_uuid: "623bf618b24c444bac495e00002c562f" member_type: VOTER last_known_addr { host: "127.13.184.195" port: 35997 } }
I20260709 13:05:00.680438 15347 ts_tablet_manager.cc:1434] T 35e5e70e20de4907b5838304879400ca P 623bf618b24c444bac495e00002c562f: Time spent starting tablet: real 0.006s	user 0.006s	sys 0.000s
I20260709 13:05:00.681263 15347 tablet_bootstrap.cc:492] T b354ab74005f4e02834ee760c00d0252 P 623bf618b24c444bac495e00002c562f: Bootstrap starting.
I20260709 13:05:00.681771 15349 tablet_bootstrap.cc:492] T 6fce05724ec0488b94fd321ee15f7979 P 12100b432bb44c558b8551eba9b70814: No bootstrap required, opened a new log
I20260709 13:05:00.682185 15349 ts_tablet_manager.cc:1403] T 6fce05724ec0488b94fd321ee15f7979 P 12100b432bb44c558b8551eba9b70814: Time spent bootstrapping tablet: real 0.143s	user 0.039s	sys 0.067s
I20260709 13:05:00.684630 15349 raft_consensus.cc:359] T 6fce05724ec0488b94fd321ee15f7979 P 12100b432bb44c558b8551eba9b70814 [term 0 FOLLOWER]: Replica starting. Triggering 0 pending ops. Active config: opid_index: -1 OBSOLETE_local: false peers { permanent_uuid: "bfd35973d1484cd397fc2bf47b499cb3" member_type: VOTER last_known_addr { host: "127.13.184.193" port: 33417 } } peers { permanent_uuid: "12100b432bb44c558b8551eba9b70814" member_type: VOTER last_known_addr { host: "127.13.184.194" port: 38953 } } peers { permanent_uuid: "623bf618b24c444bac495e00002c562f" member_type: VOTER last_known_addr { host: "127.13.184.195" port: 35997 } }
I20260709 13:05:00.685259 15349 raft_consensus.cc:385] T 6fce05724ec0488b94fd321ee15f7979 P 12100b432bb44c558b8551eba9b70814 [term 0 FOLLOWER]: Consensus starting up: Expiring failure detector timer to make a prompt election more likely
I20260709 13:05:00.685513 15349 raft_consensus.cc:740] T 6fce05724ec0488b94fd321ee15f7979 P 12100b432bb44c558b8551eba9b70814 [term 0 FOLLOWER]: Becoming Follower/Learner. State: Replica: 12100b432bb44c558b8551eba9b70814, State: Initialized, Role: FOLLOWER
I20260709 13:05:00.686502 15347 tablet_bootstrap.cc:654] T b354ab74005f4e02834ee760c00d0252 P 623bf618b24c444bac495e00002c562f: Neither blocks nor log segments found. Creating new log.
I20260709 13:05:00.687008 15349 consensus_queue.cc:260] T 6fce05724ec0488b94fd321ee15f7979 P 12100b432bb44c558b8551eba9b70814 [NON_LEADER]: Queue going to NON_LEADER mode. State: All replicated index: 0, Majority replicated index: 0, Committed index: 0, Last appended: 0.0, Last appended by leader: 0, Current term: 0, Majority size: -1, State: 0, Mode: NON_LEADER, active raft config: opid_index: -1 OBSOLETE_local: false peers { permanent_uuid: "bfd35973d1484cd397fc2bf47b499cb3" member_type: VOTER last_known_addr { host: "127.13.184.193" port: 33417 } } peers { permanent_uuid: "12100b432bb44c558b8551eba9b70814" member_type: VOTER last_known_addr { host: "127.13.184.194" port: 38953 } } peers { permanent_uuid: "623bf618b24c444bac495e00002c562f" member_type: VOTER last_known_addr { host: "127.13.184.195" port: 35997 } }
I20260709 13:05:00.688099 15348 tablet_bootstrap.cc:492] T 97a79366457f4b388c19a52cee8e068c P bfd35973d1484cd397fc2bf47b499cb3: No bootstrap required, opened a new log
I20260709 13:05:00.688503 15348 ts_tablet_manager.cc:1403] T 97a79366457f4b388c19a52cee8e068c P bfd35973d1484cd397fc2bf47b499cb3: Time spent bootstrapping tablet: real 0.152s	user 0.038s	sys 0.089s
I20260709 13:05:00.688899 15349 ts_tablet_manager.cc:1434] T 6fce05724ec0488b94fd321ee15f7979 P 12100b432bb44c558b8551eba9b70814: Time spent starting tablet: real 0.006s	user 0.006s	sys 0.000s
I20260709 13:05:00.689785 15349 tablet_bootstrap.cc:492] T 23df8ebce6e34f7d889c1177167319f3 P 12100b432bb44c558b8551eba9b70814: Bootstrap starting.
I20260709 13:05:00.690845 15348 raft_consensus.cc:359] T 97a79366457f4b388c19a52cee8e068c P bfd35973d1484cd397fc2bf47b499cb3 [term 0 FOLLOWER]: Replica starting. Triggering 0 pending ops. Active config: opid_index: -1 OBSOLETE_local: false peers { permanent_uuid: "bfd35973d1484cd397fc2bf47b499cb3" member_type: VOTER last_known_addr { host: "127.13.184.193" port: 33417 } } peers { permanent_uuid: "12100b432bb44c558b8551eba9b70814" member_type: VOTER last_known_addr { host: "127.13.184.194" port: 38953 } } peers { permanent_uuid: "623bf618b24c444bac495e00002c562f" member_type: VOTER last_known_addr { host: "127.13.184.195" port: 35997 } }
I20260709 13:05:00.691478 15348 raft_consensus.cc:385] T 97a79366457f4b388c19a52cee8e068c P bfd35973d1484cd397fc2bf47b499cb3 [term 0 FOLLOWER]: Consensus starting up: Expiring failure detector timer to make a prompt election more likely
I20260709 13:05:00.691763 15348 raft_consensus.cc:740] T 97a79366457f4b388c19a52cee8e068c P bfd35973d1484cd397fc2bf47b499cb3 [term 0 FOLLOWER]: Becoming Follower/Learner. State: Replica: bfd35973d1484cd397fc2bf47b499cb3, State: Initialized, Role: FOLLOWER
I20260709 13:05:00.692451 15348 consensus_queue.cc:260] T 97a79366457f4b388c19a52cee8e068c P bfd35973d1484cd397fc2bf47b499cb3 [NON_LEADER]: Queue going to NON_LEADER mode. State: All replicated index: 0, Majority replicated index: 0, Committed index: 0, Last appended: 0.0, Last appended by leader: 0, Current term: 0, Majority size: -1, State: 0, Mode: NON_LEADER, active raft config: opid_index: -1 OBSOLETE_local: false peers { permanent_uuid: "bfd35973d1484cd397fc2bf47b499cb3" member_type: VOTER last_known_addr { host: "127.13.184.193" port: 33417 } } peers { permanent_uuid: "12100b432bb44c558b8551eba9b70814" member_type: VOTER last_known_addr { host: "127.13.184.194" port: 38953 } } peers { permanent_uuid: "623bf618b24c444bac495e00002c562f" member_type: VOTER last_known_addr { host: "127.13.184.195" port: 35997 } }
I20260709 13:05:00.694495 15054 catalog_manager.cc:5697] T 97a79366457f4b388c19a52cee8e068c P 623bf618b24c444bac495e00002c562f reported cstate change: term changed from 0 to 1, leader changed from <none> to 623bf618b24c444bac495e00002c562f (127.13.184.195). New cstate: current_term: 1 leader_uuid: "623bf618b24c444bac495e00002c562f" committed_config { opid_index: -1 OBSOLETE_local: false peers { permanent_uuid: "bfd35973d1484cd397fc2bf47b499cb3" member_type: VOTER last_known_addr { host: "127.13.184.193" port: 33417 } health_report { overall_health: UNKNOWN } } peers { permanent_uuid: "12100b432bb44c558b8551eba9b70814" member_type: VOTER last_known_addr { host: "127.13.184.194" port: 38953 } health_report { overall_health: UNKNOWN } } peers { permanent_uuid: "623bf618b24c444bac495e00002c562f" member_type: VOTER last_known_addr { host: "127.13.184.195" port: 35997 } health_report { overall_health: HEALTHY } } }
I20260709 13:05:00.696133 15348 ts_tablet_manager.cc:1434] T 97a79366457f4b388c19a52cee8e068c P bfd35973d1484cd397fc2bf47b499cb3: Time spent starting tablet: real 0.007s	user 0.006s	sys 0.000s
I20260709 13:05:00.697163 15348 tablet_bootstrap.cc:492] T 23df8ebce6e34f7d889c1177167319f3 P bfd35973d1484cd397fc2bf47b499cb3: Bootstrap starting.
I20260709 13:05:00.703315 15348 tablet_bootstrap.cc:654] T 23df8ebce6e34f7d889c1177167319f3 P bfd35973d1484cd397fc2bf47b499cb3: Neither blocks nor log segments found. Creating new log.
I20260709 13:05:00.705482 15347 tablet_bootstrap.cc:492] T b354ab74005f4e02834ee760c00d0252 P 623bf618b24c444bac495e00002c562f: No bootstrap required, opened a new log
I20260709 13:05:00.705670 15349 tablet_bootstrap.cc:654] T 23df8ebce6e34f7d889c1177167319f3 P 12100b432bb44c558b8551eba9b70814: Neither blocks nor log segments found. Creating new log.
I20260709 13:05:00.706473 15347 ts_tablet_manager.cc:1403] T b354ab74005f4e02834ee760c00d0252 P 623bf618b24c444bac495e00002c562f: Time spent bootstrapping tablet: real 0.025s	user 0.010s	sys 0.012s
I20260709 13:05:00.709075 15347 raft_consensus.cc:359] T b354ab74005f4e02834ee760c00d0252 P 623bf618b24c444bac495e00002c562f [term 0 FOLLOWER]: Replica starting. Triggering 0 pending ops. Active config: opid_index: -1 OBSOLETE_local: false peers { permanent_uuid: "bfd35973d1484cd397fc2bf47b499cb3" member_type: VOTER last_known_addr { host: "127.13.184.193" port: 33417 } } peers { permanent_uuid: "12100b432bb44c558b8551eba9b70814" member_type: VOTER last_known_addr { host: "127.13.184.194" port: 38953 } } peers { permanent_uuid: "623bf618b24c444bac495e00002c562f" member_type: VOTER last_known_addr { host: "127.13.184.195" port: 35997 } }
I20260709 13:05:00.709836 15347 raft_consensus.cc:385] T b354ab74005f4e02834ee760c00d0252 P 623bf618b24c444bac495e00002c562f [term 0 FOLLOWER]: Consensus starting up: Expiring failure detector timer to make a prompt election more likely
I20260709 13:05:00.710153 15347 raft_consensus.cc:740] T b354ab74005f4e02834ee760c00d0252 P 623bf618b24c444bac495e00002c562f [term 0 FOLLOWER]: Becoming Follower/Learner. State: Replica: 623bf618b24c444bac495e00002c562f, State: Initialized, Role: FOLLOWER
I20260709 13:05:00.711151 15347 consensus_queue.cc:260] T b354ab74005f4e02834ee760c00d0252 P 623bf618b24c444bac495e00002c562f [NON_LEADER]: Queue going to NON_LEADER mode. State: All replicated index: 0, Majority replicated index: 0, Committed index: 0, Last appended: 0.0, Last appended by leader: 0, Current term: 0, Majority size: -1, State: 0, Mode: NON_LEADER, active raft config: opid_index: -1 OBSOLETE_local: false peers { permanent_uuid: "bfd35973d1484cd397fc2bf47b499cb3" member_type: VOTER last_known_addr { host: "127.13.184.193" port: 33417 } } peers { permanent_uuid: "12100b432bb44c558b8551eba9b70814" member_type: VOTER last_known_addr { host: "127.13.184.194" port: 38953 } } peers { permanent_uuid: "623bf618b24c444bac495e00002c562f" member_type: VOTER last_known_addr { host: "127.13.184.195" port: 35997 } }
I20260709 13:05:00.713506 15347 ts_tablet_manager.cc:1434] T b354ab74005f4e02834ee760c00d0252 P 623bf618b24c444bac495e00002c562f: Time spent starting tablet: real 0.007s	user 0.005s	sys 0.000s
I20260709 13:05:00.713909 15348 tablet_bootstrap.cc:492] T 23df8ebce6e34f7d889c1177167319f3 P bfd35973d1484cd397fc2bf47b499cb3: No bootstrap required, opened a new log
I20260709 13:05:00.714422 15348 ts_tablet_manager.cc:1403] T 23df8ebce6e34f7d889c1177167319f3 P bfd35973d1484cd397fc2bf47b499cb3: Time spent bootstrapping tablet: real 0.017s	user 0.008s	sys 0.008s
I20260709 13:05:00.714947 15347 tablet_bootstrap.cc:492] T 7457e4f53f8b404bb213b53344854175 P 623bf618b24c444bac495e00002c562f: Bootstrap starting.
I20260709 13:05:00.716898 15348 raft_consensus.cc:359] T 23df8ebce6e34f7d889c1177167319f3 P bfd35973d1484cd397fc2bf47b499cb3 [term 0 FOLLOWER]: Replica starting. Triggering 0 pending ops. Active config: opid_index: -1 OBSOLETE_local: false peers { permanent_uuid: "bfd35973d1484cd397fc2bf47b499cb3" member_type: VOTER last_known_addr { host: "127.13.184.193" port: 33417 } } peers { permanent_uuid: "12100b432bb44c558b8551eba9b70814" member_type: VOTER last_known_addr { host: "127.13.184.194" port: 38953 } } peers { permanent_uuid: "623bf618b24c444bac495e00002c562f" member_type: VOTER last_known_addr { host: "127.13.184.195" port: 35997 } }
I20260709 13:05:00.717500 15348 raft_consensus.cc:385] T 23df8ebce6e34f7d889c1177167319f3 P bfd35973d1484cd397fc2bf47b499cb3 [term 0 FOLLOWER]: Consensus starting up: Expiring failure detector timer to make a prompt election more likely
I20260709 13:05:00.717769 15348 raft_consensus.cc:740] T 23df8ebce6e34f7d889c1177167319f3 P bfd35973d1484cd397fc2bf47b499cb3 [term 0 FOLLOWER]: Becoming Follower/Learner. State: Replica: bfd35973d1484cd397fc2bf47b499cb3, State: Initialized, Role: FOLLOWER
I20260709 13:05:00.718504 15348 consensus_queue.cc:260] T 23df8ebce6e34f7d889c1177167319f3 P bfd35973d1484cd397fc2bf47b499cb3 [NON_LEADER]: Queue going to NON_LEADER mode. State: All replicated index: 0, Majority replicated index: 0, Committed index: 0, Last appended: 0.0, Last appended by leader: 0, Current term: 0, Majority size: -1, State: 0, Mode: NON_LEADER, active raft config: opid_index: -1 OBSOLETE_local: false peers { permanent_uuid: "bfd35973d1484cd397fc2bf47b499cb3" member_type: VOTER last_known_addr { host: "127.13.184.193" port: 33417 } } peers { permanent_uuid: "12100b432bb44c558b8551eba9b70814" member_type: VOTER last_known_addr { host: "127.13.184.194" port: 38953 } } peers { permanent_uuid: "623bf618b24c444bac495e00002c562f" member_type: VOTER last_known_addr { host: "127.13.184.195" port: 35997 } }
I20260709 13:05:00.720716 15348 ts_tablet_manager.cc:1434] T 23df8ebce6e34f7d889c1177167319f3 P bfd35973d1484cd397fc2bf47b499cb3: Time spent starting tablet: real 0.006s	user 0.005s	sys 0.000s
I20260709 13:05:00.721491 15348 tablet_bootstrap.cc:492] T 33a5616a94b2453b8c9a0a2ad4cb75c9 P bfd35973d1484cd397fc2bf47b499cb3: Bootstrap starting.
I20260709 13:05:00.721499 15347 tablet_bootstrap.cc:654] T 7457e4f53f8b404bb213b53344854175 P 623bf618b24c444bac495e00002c562f: Neither blocks nor log segments found. Creating new log.
I20260709 13:05:00.727526 15348 tablet_bootstrap.cc:654] T 33a5616a94b2453b8c9a0a2ad4cb75c9 P bfd35973d1484cd397fc2bf47b499cb3: Neither blocks nor log segments found. Creating new log.
I20260709 13:05:00.732614 15347 tablet_bootstrap.cc:492] T 7457e4f53f8b404bb213b53344854175 P 623bf618b24c444bac495e00002c562f: No bootstrap required, opened a new log
I20260709 13:05:00.733153 15347 ts_tablet_manager.cc:1403] T 7457e4f53f8b404bb213b53344854175 P 623bf618b24c444bac495e00002c562f: Time spent bootstrapping tablet: real 0.018s	user 0.017s	sys 0.000s
I20260709 13:05:00.735913 15347 raft_consensus.cc:359] T 7457e4f53f8b404bb213b53344854175 P 623bf618b24c444bac495e00002c562f [term 0 FOLLOWER]: Replica starting. Triggering 0 pending ops. Active config: opid_index: -1 OBSOLETE_local: false peers { permanent_uuid: "bfd35973d1484cd397fc2bf47b499cb3" member_type: VOTER last_known_addr { host: "127.13.184.193" port: 33417 } } peers { permanent_uuid: "12100b432bb44c558b8551eba9b70814" member_type: VOTER last_known_addr { host: "127.13.184.194" port: 38953 } } peers { permanent_uuid: "623bf618b24c444bac495e00002c562f" member_type: VOTER last_known_addr { host: "127.13.184.195" port: 35997 } }
I20260709 13:05:00.736641 15347 raft_consensus.cc:385] T 7457e4f53f8b404bb213b53344854175 P 623bf618b24c444bac495e00002c562f [term 0 FOLLOWER]: Consensus starting up: Expiring failure detector timer to make a prompt election more likely
I20260709 13:05:00.736980 15347 raft_consensus.cc:740] T 7457e4f53f8b404bb213b53344854175 P 623bf618b24c444bac495e00002c562f [term 0 FOLLOWER]: Becoming Follower/Learner. State: Replica: 623bf618b24c444bac495e00002c562f, State: Initialized, Role: FOLLOWER
I20260709 13:05:00.737778 15347 consensus_queue.cc:260] T 7457e4f53f8b404bb213b53344854175 P 623bf618b24c444bac495e00002c562f [NON_LEADER]: Queue going to NON_LEADER mode. State: All replicated index: 0, Majority replicated index: 0, Committed index: 0, Last appended: 0.0, Last appended by leader: 0, Current term: 0, Majority size: -1, State: 0, Mode: NON_LEADER, active raft config: opid_index: -1 OBSOLETE_local: false peers { permanent_uuid: "bfd35973d1484cd397fc2bf47b499cb3" member_type: VOTER last_known_addr { host: "127.13.184.193" port: 33417 } } peers { permanent_uuid: "12100b432bb44c558b8551eba9b70814" member_type: VOTER last_known_addr { host: "127.13.184.194" port: 38953 } } peers { permanent_uuid: "623bf618b24c444bac495e00002c562f" member_type: VOTER last_known_addr { host: "127.13.184.195" port: 35997 } }
I20260709 13:05:00.740316 15348 tablet_bootstrap.cc:492] T 33a5616a94b2453b8c9a0a2ad4cb75c9 P bfd35973d1484cd397fc2bf47b499cb3: No bootstrap required, opened a new log
I20260709 13:05:00.740728 15347 ts_tablet_manager.cc:1434] T 7457e4f53f8b404bb213b53344854175 P 623bf618b24c444bac495e00002c562f: Time spent starting tablet: real 0.007s	user 0.005s	sys 0.000s
I20260709 13:05:00.740742 15348 ts_tablet_manager.cc:1403] T 33a5616a94b2453b8c9a0a2ad4cb75c9 P bfd35973d1484cd397fc2bf47b499cb3: Time spent bootstrapping tablet: real 0.019s	user 0.009s	sys 0.004s
I20260709 13:05:00.741273 15349 tablet_bootstrap.cc:492] T 23df8ebce6e34f7d889c1177167319f3 P 12100b432bb44c558b8551eba9b70814: No bootstrap required, opened a new log
I20260709 13:05:00.741657 15349 ts_tablet_manager.cc:1403] T 23df8ebce6e34f7d889c1177167319f3 P 12100b432bb44c558b8551eba9b70814: Time spent bootstrapping tablet: real 0.052s	user 0.023s	sys 0.016s
I20260709 13:05:00.741657 15347 tablet_bootstrap.cc:492] T d322771d31e649c7a0536911fb1d924c P 623bf618b24c444bac495e00002c562f: Bootstrap starting.
I20260709 13:05:00.744493 15348 raft_consensus.cc:359] T 33a5616a94b2453b8c9a0a2ad4cb75c9 P bfd35973d1484cd397fc2bf47b499cb3 [term 0 FOLLOWER]: Replica starting. Triggering 0 pending ops. Active config: opid_index: -1 OBSOLETE_local: false peers { permanent_uuid: "bfd35973d1484cd397fc2bf47b499cb3" member_type: VOTER last_known_addr { host: "127.13.184.193" port: 33417 } } peers { permanent_uuid: "12100b432bb44c558b8551eba9b70814" member_type: VOTER last_known_addr { host: "127.13.184.194" port: 38953 } } peers { permanent_uuid: "623bf618b24c444bac495e00002c562f" member_type: VOTER last_known_addr { host: "127.13.184.195" port: 35997 } }
I20260709 13:05:00.744709 15349 raft_consensus.cc:359] T 23df8ebce6e34f7d889c1177167319f3 P 12100b432bb44c558b8551eba9b70814 [term 0 FOLLOWER]: Replica starting. Triggering 0 pending ops. Active config: opid_index: -1 OBSOLETE_local: false peers { permanent_uuid: "bfd35973d1484cd397fc2bf47b499cb3" member_type: VOTER last_known_addr { host: "127.13.184.193" port: 33417 } } peers { permanent_uuid: "12100b432bb44c558b8551eba9b70814" member_type: VOTER last_known_addr { host: "127.13.184.194" port: 38953 } } peers { permanent_uuid: "623bf618b24c444bac495e00002c562f" member_type: VOTER last_known_addr { host: "127.13.184.195" port: 35997 } }
I20260709 13:05:00.745122 15348 raft_consensus.cc:385] T 33a5616a94b2453b8c9a0a2ad4cb75c9 P bfd35973d1484cd397fc2bf47b499cb3 [term 0 FOLLOWER]: Consensus starting up: Expiring failure detector timer to make a prompt election more likely
I20260709 13:05:00.745293 15349 raft_consensus.cc:385] T 23df8ebce6e34f7d889c1177167319f3 P 12100b432bb44c558b8551eba9b70814 [term 0 FOLLOWER]: Consensus starting up: Expiring failure detector timer to make a prompt election more likely
I20260709 13:05:00.745390 15348 raft_consensus.cc:740] T 33a5616a94b2453b8c9a0a2ad4cb75c9 P bfd35973d1484cd397fc2bf47b499cb3 [term 0 FOLLOWER]: Becoming Follower/Learner. State: Replica: bfd35973d1484cd397fc2bf47b499cb3, State: Initialized, Role: FOLLOWER
