I20260709 12:57:32.240303  1697 leader_election.cc:304] T bd0f7d24732d43edadb86860ef2e980a P 1d6a8f0d95ec497dad04051bc81edb69 [CANDIDATE]: Term 1 pre-election: Election decided. Result: candidate won. Election summary: received 3 responses out of 3 voters: 2 yes votes; 1 no votes. yes voters: 1d6a8f0d95ec497dad04051bc81edb69, a58eaa081a994fe2b3fadd18e22f8c35; no voters: 8c83310dde7640e295de1cd5030cfab6
I20260709 12:57:32.212787  1585 raft_consensus.cc:2468] T b8149568fcd64470bb9e8df1f55ed509 P 8c83310dde7640e295de1cd5030cfab6 [term 1 FOLLOWER]: Leader election vote request: Granting yes vote for candidate 1d6a8f0d95ec497dad04051bc81edb69 in term 1.
I20260709 12:57:32.255614  1799 raft_consensus.cc:2804] T bd0f7d24732d43edadb86860ef2e980a P 1d6a8f0d95ec497dad04051bc81edb69 [term 0 FOLLOWER]: Leader pre-election won for term 1
I20260709 12:57:32.256026  1799 raft_consensus.cc:493] T bd0f7d24732d43edadb86860ef2e980a P 1d6a8f0d95ec497dad04051bc81edb69 [term 0 FOLLOWER]: Starting leader election (no leader contacted us within the election timeout)
I20260709 12:57:32.256376  1799 raft_consensus.cc:3060] T bd0f7d24732d43edadb86860ef2e980a P 1d6a8f0d95ec497dad04051bc81edb69 [term 0 FOLLOWER]: Advancing to term 1
I20260709 12:57:32.257762  1715 tablet_service.cc:1511] Processing CreateTablet for tablet 8bcb7f4a4eb84681a32d9d8cfe2d90d6 (DEFAULT_TABLE table=test-workload [id=7e268a322575436894b40d8b282d0451]), partition=RANGE (key) PARTITION 1892697404 <= VALUES < 1929095431
I20260709 12:57:32.260870  1723 tablet_service.cc:1511] Processing CreateTablet for tablet ac3363e5fe6043d5863985c49592ce36 (DEFAULT_TABLE table=test-workload [id=7e268a322575436894b40d8b282d0451]), partition=RANGE (key) PARTITION 1856299377 <= VALUES < 1892697404
I20260709 12:57:32.264917  1792 raft_consensus.cc:515] T 66bef27365c64b4fb29f6b60cc06902f P a58eaa081a994fe2b3fadd18e22f8c35 [term 1 FOLLOWER]: Starting leader election with config: opid_index: -1 OBSOLETE_local: false peers { permanent_uuid: "8c83310dde7640e295de1cd5030cfab6" member_type: VOTER last_known_addr { host: "127.0.107.193" port: 45741 } } peers { permanent_uuid: "a58eaa081a994fe2b3fadd18e22f8c35" member_type: VOTER last_known_addr { host: "127.0.107.194" port: 35407 } } peers { permanent_uuid: "1d6a8f0d95ec497dad04051bc81edb69" member_type: VOTER last_known_addr { host: "127.0.107.195" port: 38913 } }
I20260709 12:57:32.266763  1658 raft_consensus.cc:2393] T 66bef27365c64b4fb29f6b60cc06902f P a58eaa081a994fe2b3fadd18e22f8c35 [term 1 FOLLOWER]: Leader pre-election vote request: Denying vote to candidate 8c83310dde7640e295de1cd5030cfab6 in current term 1: Already voted for candidate a58eaa081a994fe2b3fadd18e22f8c35 in this term.
I20260709 12:57:32.270088  1584 raft_consensus.cc:2468] T a13e94f6520a41e4a7ad2649b5907256 P 8c83310dde7640e295de1cd5030cfab6 [term 1 FOLLOWER]: Leader election vote request: Granting yes vote for candidate a58eaa081a994fe2b3fadd18e22f8c35 in term 1.
I20260709 12:57:32.272761  1647 tablet_service.cc:1511] Processing CreateTablet for tablet 429953226c9f457093196407f6081c3c (DEFAULT_TABLE table=test-workload [id=7e268a322575436894b40d8b282d0451]), partition=RANGE (key) PARTITION 1929095431 <= VALUES < 1965493458
I20260709 12:57:32.274694  1647 data_dirs.cc:400] Could only allocate 1 dirs of requested 3 for tablet 429953226c9f457093196407f6081c3c. 1 dirs total, 0 dirs full, 0 dirs failed
I20260709 12:57:32.228513  1780 raft_consensus.cc:697] T 66bef27365c64b4fb29f6b60cc06902f P 8c83310dde7640e295de1cd5030cfab6 [term 1 LEADER]: Becoming Leader. State: Replica: 8c83310dde7640e295de1cd5030cfab6, State: Running, Role: LEADER
I20260709 12:57:32.271232  1583 tablet_service.cc:1917] Received RequestConsensusVote() RPC: tablet_id: "66bef27365c64b4fb29f6b60cc06902f" candidate_uuid: "a58eaa081a994fe2b3fadd18e22f8c35" candidate_term: 1 candidate_status { last_received { term: 0 index: 0 } } ignore_live_leader: false dest_uuid: "8c83310dde7640e295de1cd5030cfab6"
I20260709 12:57:32.288409  1571 tablet_service.cc:1511] Processing CreateTablet for tablet 04efd60cf4ff4ffc85673457ad8eda31 (DEFAULT_TABLE table=test-workload [id=7e268a322575436894b40d8b282d0451]), partition=RANGE (key) PARTITION 1965493458 <= VALUES < 2001891485
I20260709 12:57:32.289067  1700 leader_election.cc:304] T b8149568fcd64470bb9e8df1f55ed509 P 1d6a8f0d95ec497dad04051bc81edb69 [CANDIDATE]: Term 1 election: Election decided. Result: candidate won. Election summary: received 3 responses out of 3 voters: 2 yes votes; 1 no votes. yes voters: 1d6a8f0d95ec497dad04051bc81edb69, 8c83310dde7640e295de1cd5030cfab6; no voters: a58eaa081a994fe2b3fadd18e22f8c35
I20260709 12:57:32.289702  1571 data_dirs.cc:400] Could only allocate 1 dirs of requested 3 for tablet 04efd60cf4ff4ffc85673457ad8eda31. 1 dirs total, 0 dirs full, 0 dirs failed
I20260709 12:57:32.290380  1782 raft_consensus.cc:2804] T b8149568fcd64470bb9e8df1f55ed509 P 1d6a8f0d95ec497dad04051bc81edb69 [term 1 FOLLOWER]: Leader election won for term 1
I20260709 12:57:32.283279  1626 leader_election.cc:304] T a13e94f6520a41e4a7ad2649b5907256 P a58eaa081a994fe2b3fadd18e22f8c35 [CANDIDATE]: Term 1 election: Election decided. Result: candidate won. Election summary: received 3 responses out of 3 voters: 2 yes votes; 1 no votes. yes voters: 8c83310dde7640e295de1cd5030cfab6, a58eaa081a994fe2b3fadd18e22f8c35; no voters: 1d6a8f0d95ec497dad04051bc81edb69
I20260709 12:57:32.292778  1806 raft_consensus.cc:2804] T a13e94f6520a41e4a7ad2649b5907256 P a58eaa081a994fe2b3fadd18e22f8c35 [term 1 FOLLOWER]: Leader election won for term 1
I20260709 12:57:32.293356  1806 raft_consensus.cc:697] T a13e94f6520a41e4a7ad2649b5907256 P a58eaa081a994fe2b3fadd18e22f8c35 [term 1 LEADER]: Becoming Leader. State: Replica: a58eaa081a994fe2b3fadd18e22f8c35, State: Running, Role: LEADER
I20260709 12:57:32.294356  1806 consensus_queue.cc:237] T a13e94f6520a41e4a7ad2649b5907256 P a58eaa081a994fe2b3fadd18e22f8c35 [LEADER]: Queue going to LEADER mode. State: All replicated index: 0, Majority replicated index: 0, Committed index: 0, Last appended: 0.0, Last appended by leader: 0, Current term: 1, Majority size: 2, State: 0, Mode: LEADER, active raft config: opid_index: -1 OBSOLETE_local: false peers { permanent_uuid: "8c83310dde7640e295de1cd5030cfab6" member_type: VOTER last_known_addr { host: "127.0.107.193" port: 45741 } } peers { permanent_uuid: "a58eaa081a994fe2b3fadd18e22f8c35" member_type: VOTER last_known_addr { host: "127.0.107.194" port: 35407 } } peers { permanent_uuid: "1d6a8f0d95ec497dad04051bc81edb69" member_type: VOTER last_known_addr { host: "127.0.107.195" port: 38913 } }
I20260709 12:57:32.294548  1780 consensus_queue.cc:237] T 66bef27365c64b4fb29f6b60cc06902f P 8c83310dde7640e295de1cd5030cfab6 [LEADER]: Queue going to LEADER mode. State: All replicated index: 0, Majority replicated index: 0, Committed index: 0, Last appended: 0.0, Last appended by leader: 0, Current term: 1, Majority size: 2, State: 0, Mode: LEADER, active raft config: opid_index: -1 OBSOLETE_local: false peers { permanent_uuid: "8c83310dde7640e295de1cd5030cfab6" member_type: VOTER last_known_addr { host: "127.0.107.193" port: 45741 } } peers { permanent_uuid: "a58eaa081a994fe2b3fadd18e22f8c35" member_type: VOTER last_known_addr { host: "127.0.107.194" port: 35407 } } peers { permanent_uuid: "1d6a8f0d95ec497dad04051bc81edb69" member_type: VOTER last_known_addr { host: "127.0.107.195" port: 38913 } }
I20260709 12:57:32.309523  1721 tablet_service.cc:1511] Processing CreateTablet for tablet 429953226c9f457093196407f6081c3c (DEFAULT_TABLE table=test-workload [id=7e268a322575436894b40d8b282d0451]), partition=RANGE (key) PARTITION 1929095431 <= VALUES < 1965493458
I20260709 12:57:32.310611  1715 data_dirs.cc:400] Could only allocate 1 dirs of requested 3 for tablet 8bcb7f4a4eb84681a32d9d8cfe2d90d6. 1 dirs total, 0 dirs full, 0 dirs failed
I20260709 12:57:32.315389  1574 tablet_service.cc:1511] Processing CreateTablet for tablet 8bcb7f4a4eb84681a32d9d8cfe2d90d6 (DEFAULT_TABLE table=test-workload [id=7e268a322575436894b40d8b282d0451]), partition=RANGE (key) PARTITION 1892697404 <= VALUES < 1929095431
I20260709 12:57:32.317286  1574 data_dirs.cc:400] Could only allocate 1 dirs of requested 3 for tablet 8bcb7f4a4eb84681a32d9d8cfe2d90d6. 1 dirs total, 0 dirs full, 0 dirs failed
I20260709 12:57:32.322810  1777 tablet_bootstrap.cc:492] T 7cc5d84cebee4baaa952720a7958fcbe P 1d6a8f0d95ec497dad04051bc81edb69: Bootstrap starting.
W20260709 12:57:32.282361  1548 outbound_call.cc:321] RPC callback for RPC call kudu.consensus.ConsensusService.RequestConsensusVote -> {remote=127.0.107.194:35407, user_credentials={real_user=slave}} blocked reactor thread for 52429.2us
I20260709 12:57:32.337047  1723 data_dirs.cc:400] Could only allocate 1 dirs of requested 3 for tablet ac3363e5fe6043d5863985c49592ce36. 1 dirs total, 0 dirs full, 0 dirs failed
I20260709 12:57:32.324910  1799 raft_consensus.cc:515] T bd0f7d24732d43edadb86860ef2e980a P 1d6a8f0d95ec497dad04051bc81edb69 [term 1 FOLLOWER]: Starting leader election with config: opid_index: -1 OBSOLETE_local: false peers { permanent_uuid: "8c83310dde7640e295de1cd5030cfab6" member_type: VOTER last_known_addr { host: "127.0.107.193" port: 45741 } } peers { permanent_uuid: "a58eaa081a994fe2b3fadd18e22f8c35" member_type: VOTER last_known_addr { host: "127.0.107.194" port: 35407 } } peers { permanent_uuid: "1d6a8f0d95ec497dad04051bc81edb69" member_type: VOTER last_known_addr { host: "127.0.107.195" port: 38913 } }
I20260709 12:57:32.340948  1811 raft_consensus.cc:2749] T a13e94f6520a41e4a7ad2649b5907256 P 8c83310dde7640e295de1cd5030cfab6 [term 1 FOLLOWER]: Leader pre-election lost for term 1. Reason: could not achieve majority
I20260709 12:57:32.336895  1792 leader_election.cc:290] T 66bef27365c64b4fb29f6b60cc06902f P a58eaa081a994fe2b3fadd18e22f8c35 [CANDIDATE]: Term 1 election: Requested vote from peers 8c83310dde7640e295de1cd5030cfab6 (127.0.107.193:45741), 1d6a8f0d95ec497dad04051bc81edb69 (127.0.107.195:38913)
I20260709 12:57:32.343262  1782 raft_consensus.cc:697] T b8149568fcd64470bb9e8df1f55ed509 P 1d6a8f0d95ec497dad04051bc81edb69 [term 1 LEADER]: Becoming Leader. State: Replica: 1d6a8f0d95ec497dad04051bc81edb69, State: Running, Role: LEADER
I20260709 12:57:32.354957  1809 raft_consensus.cc:493] T 842303e9d9fb470fa73077c71c04ee7a P 8c83310dde7640e295de1cd5030cfab6 [term 0 FOLLOWER]: Starting pre-election (no leader contacted us within the election timeout)
I20260709 12:57:32.355407  1774 tablet_bootstrap.cc:492] T bd0f7d24732d43edadb86860ef2e980a P 8c83310dde7640e295de1cd5030cfab6: No bootstrap required, opened a new log
I20260709 12:57:32.355947  1774 ts_tablet_manager.cc:1403] T bd0f7d24732d43edadb86860ef2e980a P 8c83310dde7640e295de1cd5030cfab6: Time spent bootstrapping tablet: real 0.433s	user 0.022s	sys 0.038s
I20260709 12:57:32.355818  1734 tablet_service.cc:1917] Received RequestConsensusVote() RPC: tablet_id: "66bef27365c64b4fb29f6b60cc06902f" candidate_uuid: "a58eaa081a994fe2b3fadd18e22f8c35" candidate_term: 1 candidate_status { last_received { term: 0 index: 0 } } ignore_live_leader: false dest_uuid: "1d6a8f0d95ec497dad04051bc81edb69"
I20260709 12:57:32.356604  1734 raft_consensus.cc:2393] T 66bef27365c64b4fb29f6b60cc06902f P 1d6a8f0d95ec497dad04051bc81edb69 [term 1 FOLLOWER]: Leader election vote request: Denying vote to candidate a58eaa081a994fe2b3fadd18e22f8c35 in current term 1: Already voted for candidate 8c83310dde7640e295de1cd5030cfab6 in this term.
I20260709 12:57:32.357960  1649 tablet_service.cc:1511] Processing CreateTablet for tablet 04efd60cf4ff4ffc85673457ad8eda31 (DEFAULT_TABLE table=test-workload [id=7e268a322575436894b40d8b282d0451]), partition=RANGE (key) PARTITION 1965493458 <= VALUES < 2001891485
I20260709 12:57:32.359261  1649 data_dirs.cc:400] Could only allocate 1 dirs of requested 3 for tablet 04efd60cf4ff4ffc85673457ad8eda31. 1 dirs total, 0 dirs full, 0 dirs failed
I20260709 12:57:32.358815  1774 raft_consensus.cc:359] T bd0f7d24732d43edadb86860ef2e980a P 8c83310dde7640e295de1cd5030cfab6 [term 0 FOLLOWER]: Replica starting. Triggering 0 pending ops. Active config: opid_index: -1 OBSOLETE_local: false peers { permanent_uuid: "8c83310dde7640e295de1cd5030cfab6" member_type: VOTER last_known_addr { host: "127.0.107.193" port: 45741 } } peers { permanent_uuid: "a58eaa081a994fe2b3fadd18e22f8c35" member_type: VOTER last_known_addr { host: "127.0.107.194" port: 35407 } } peers { permanent_uuid: "1d6a8f0d95ec497dad04051bc81edb69" member_type: VOTER last_known_addr { host: "127.0.107.195" port: 38913 } }
I20260709 12:57:32.360762  1774 raft_consensus.cc:385] T bd0f7d24732d43edadb86860ef2e980a P 8c83310dde7640e295de1cd5030cfab6 [term 0 FOLLOWER]: Consensus starting up: Expiring failure detector timer to make a prompt election more likely
I20260709 12:57:32.361850  1774 raft_consensus.cc:740] T bd0f7d24732d43edadb86860ef2e980a P 8c83310dde7640e295de1cd5030cfab6 [term 0 FOLLOWER]: Becoming Follower/Learner. State: Replica: 8c83310dde7640e295de1cd5030cfab6, State: Initialized, Role: FOLLOWER
W20260709 12:57:32.349380  1548 leader_election.cc:343] T ae5c248caa0d4ff7b30827e193057693 P 8c83310dde7640e295de1cd5030cfab6 [CANDIDATE]: Term 1 pre-election: Tablet error from VoteRequest() call to peer a58eaa081a994fe2b3fadd18e22f8c35 (127.0.107.194:35407): Illegal state: must be running to vote when last-logged opid is not known
I20260709 12:57:32.364183  1548 leader_election.cc:304] T ae5c248caa0d4ff7b30827e193057693 P 8c83310dde7640e295de1cd5030cfab6 [CANDIDATE]: Term 1 pre-election: Election decided. Result: candidate lost. Election summary: received 3 responses out of 3 voters: 1 yes votes; 2 no votes. yes voters: 8c83310dde7640e295de1cd5030cfab6; no voters: 1d6a8f0d95ec497dad04051bc81edb69, a58eaa081a994fe2b3fadd18e22f8c35
I20260709 12:57:32.364269  1571 tablet_service.cc:1511] Processing CreateTablet for tablet 5310bc691a614633ae93f1b47937fac8 (DEFAULT_TABLE table=test-workload [id=7e268a322575436894b40d8b282d0451]), partition=RANGE (key) PARTITION 2001891485 <= VALUES < 2038289512
W20260709 12:57:32.365386  1548 leader_election.cc:343] T b8149568fcd64470bb9e8df1f55ed509 P 8c83310dde7640e295de1cd5030cfab6 [CANDIDATE]: Term 1 pre-election: Tablet error from VoteRequest() call to peer a58eaa081a994fe2b3fadd18e22f8c35 (127.0.107.194:35407): Illegal state: must be running to vote when last-logged opid is not known
I20260709 12:57:32.365803  1548 leader_election.cc:304] T b8149568fcd64470bb9e8df1f55ed509 P 8c83310dde7640e295de1cd5030cfab6 [CANDIDATE]: Term 1 pre-election: Election decided. Result: candidate lost. Election summary: received 3 responses out of 3 voters: 1 yes votes; 2 no votes. yes voters: 8c83310dde7640e295de1cd5030cfab6; no voters: 1d6a8f0d95ec497dad04051bc81edb69, a58eaa081a994fe2b3fadd18e22f8c35
I20260709 12:57:32.367376  1811 raft_consensus.cc:2749] T ae5c248caa0d4ff7b30827e193057693 P 8c83310dde7640e295de1cd5030cfab6 [term 0 FOLLOWER]: Leader pre-election lost for term 1. Reason: could not achieve majority
I20260709 12:57:32.368027  1811 raft_consensus.cc:2749] T b8149568fcd64470bb9e8df1f55ed509 P 8c83310dde7640e295de1cd5030cfab6 [term 1 FOLLOWER]: Leader pre-election lost for term 1. Reason: could not achieve majority
I20260709 12:57:32.366289  1724 tablet_service.cc:1511] Processing CreateTablet for tablet 04efd60cf4ff4ffc85673457ad8eda31 (DEFAULT_TABLE table=test-workload [id=7e268a322575436894b40d8b282d0451]), partition=RANGE (key) PARTITION 1965493458 <= VALUES < 2001891485
I20260709 12:57:32.368899  1648 tablet_service.cc:1511] Processing CreateTablet for tablet 5310bc691a614633ae93f1b47937fac8 (DEFAULT_TABLE table=test-workload [id=7e268a322575436894b40d8b282d0451]), partition=RANGE (key) PARTITION 2001891485 <= VALUES < 2038289512
I20260709 12:57:32.370087  1571 data_dirs.cc:400] Could only allocate 1 dirs of requested 3 for tablet 5310bc691a614633ae93f1b47937fac8. 1 dirs total, 0 dirs full, 0 dirs failed
I20260709 12:57:32.370168  1648 data_dirs.cc:400] Could only allocate 1 dirs of requested 3 for tablet 5310bc691a614633ae93f1b47937fac8. 1 dirs total, 0 dirs full, 0 dirs failed
I20260709 12:57:32.366106  1774 consensus_queue.cc:260] T bd0f7d24732d43edadb86860ef2e980a P 8c83310dde7640e295de1cd5030cfab6 [NON_LEADER]: Queue going to NON_LEADER mode. State: All replicated index: 0, Majority replicated index: 0, Committed index: 0, Last appended: 0.0, Last appended by leader: 0, Current term: 0, Majority size: -1, State: 0, Mode: NON_LEADER, active raft config: opid_index: -1 OBSOLETE_local: false peers { permanent_uuid: "8c83310dde7640e295de1cd5030cfab6" member_type: VOTER last_known_addr { host: "127.0.107.193" port: 45741 } } peers { permanent_uuid: "a58eaa081a994fe2b3fadd18e22f8c35" member_type: VOTER last_known_addr { host: "127.0.107.194" port: 35407 } } peers { permanent_uuid: "1d6a8f0d95ec497dad04051bc81edb69" member_type: VOTER last_known_addr { host: "127.0.107.195" port: 38913 } }
I20260709 12:57:32.372361  1623 leader_election.cc:304] T 66bef27365c64b4fb29f6b60cc06902f P a58eaa081a994fe2b3fadd18e22f8c35 [CANDIDATE]: Term 1 election: Election decided. Result: candidate lost. Election summary: received 3 responses out of 3 voters: 1 yes votes; 2 no votes. yes voters: a58eaa081a994fe2b3fadd18e22f8c35; no voters: 1d6a8f0d95ec497dad04051bc81edb69, 8c83310dde7640e295de1cd5030cfab6
I20260709 12:57:32.375483  1569 tablet_service.cc:1511] Processing CreateTablet for tablet f5b487bc6baa4171b5c7fe3f8b9b36ce (DEFAULT_TABLE table=test-workload [id=7e268a322575436894b40d8b282d0451]), partition=RANGE (key) PARTITION 2038289512 <= VALUES < 2074687539
I20260709 12:57:32.376626  1569 data_dirs.cc:400] Could only allocate 1 dirs of requested 3 for tablet f5b487bc6baa4171b5c7fe3f8b9b36ce. 1 dirs total, 0 dirs full, 0 dirs failed
I20260709 12:57:32.381230  1780 raft_consensus.cc:493] T bd0f7d24732d43edadb86860ef2e980a P 8c83310dde7640e295de1cd5030cfab6 [term 0 FOLLOWER]: Starting pre-election (no leader contacted us within the election timeout)
I20260709 12:57:32.381978  1780 raft_consensus.cc:515] T bd0f7d24732d43edadb86860ef2e980a P 8c83310dde7640e295de1cd5030cfab6 [term 0 FOLLOWER]: Starting pre-election with config: opid_index: -1 OBSOLETE_local: false peers { permanent_uuid: "8c83310dde7640e295de1cd5030cfab6" member_type: VOTER last_known_addr { host: "127.0.107.193" port: 45741 } } peers { permanent_uuid: "a58eaa081a994fe2b3fadd18e22f8c35" member_type: VOTER last_known_addr { host: "127.0.107.194" port: 35407 } } peers { permanent_uuid: "1d6a8f0d95ec497dad04051bc81edb69" member_type: VOTER last_known_addr { host: "127.0.107.195" port: 38913 } }
I20260709 12:57:32.384001  1775 tablet_bootstrap.cc:492] T 4058a252c633468bbd0ab1aaeca23af1 P a58eaa081a994fe2b3fadd18e22f8c35: No bootstrap required, opened a new log
I20260709 12:57:32.385141  1775 ts_tablet_manager.cc:1403] T 4058a252c633468bbd0ab1aaeca23af1 P a58eaa081a994fe2b3fadd18e22f8c35: Time spent bootstrapping tablet: real 0.227s	user 0.035s	sys 0.052s
I20260709 12:57:32.355508  1809 raft_consensus.cc:515] T 842303e9d9fb470fa73077c71c04ee7a P 8c83310dde7640e295de1cd5030cfab6 [term 0 FOLLOWER]: Starting pre-election with config: opid_index: -1 OBSOLETE_local: false peers { permanent_uuid: "8c83310dde7640e295de1cd5030cfab6" member_type: VOTER last_known_addr { host: "127.0.107.193" port: 45741 } } peers { permanent_uuid: "a58eaa081a994fe2b3fadd18e22f8c35" member_type: VOTER last_known_addr { host: "127.0.107.194" port: 35407 } } peers { permanent_uuid: "1d6a8f0d95ec497dad04051bc81edb69" member_type: VOTER last_known_addr { host: "127.0.107.195" port: 38913 } }
I20260709 12:57:32.392588  1806 raft_consensus.cc:2749] T 66bef27365c64b4fb29f6b60cc06902f P a58eaa081a994fe2b3fadd18e22f8c35 [term 1 FOLLOWER]: Leader election lost for term 1. Reason: could not achieve majority
I20260709 12:57:32.400187  1647 tablet_service.cc:1511] Processing CreateTablet for tablet f5b487bc6baa4171b5c7fe3f8b9b36ce (DEFAULT_TABLE table=test-workload [id=7e268a322575436894b40d8b282d0451]), partition=RANGE (key) PARTITION 2038289512 <= VALUES < 2074687539
I20260709 12:57:32.399868  1483 catalog_manager.cc:5697] T a13e94f6520a41e4a7ad2649b5907256 P a58eaa081a994fe2b3fadd18e22f8c35 reported cstate change: term changed from 0 to 1, leader changed from <none> to a58eaa081a994fe2b3fadd18e22f8c35 (127.0.107.194). New cstate: current_term: 1 leader_uuid: "a58eaa081a994fe2b3fadd18e22f8c35" committed_config { opid_index: -1 OBSOLETE_local: false peers { permanent_uuid: "8c83310dde7640e295de1cd5030cfab6" member_type: VOTER last_known_addr { host: "127.0.107.193" port: 45741 } health_report { overall_health: UNKNOWN } } peers { permanent_uuid: "a58eaa081a994fe2b3fadd18e22f8c35" member_type: VOTER last_known_addr { host: "127.0.107.194" port: 35407 } health_report { overall_health: HEALTHY } } peers { permanent_uuid: "1d6a8f0d95ec497dad04051bc81edb69" member_type: VOTER last_known_addr { host: "127.0.107.195" port: 38913 } health_report { overall_health: UNKNOWN } } }
I20260709 12:57:32.401358  1647 data_dirs.cc:400] Could only allocate 1 dirs of requested 3 for tablet f5b487bc6baa4171b5c7fe3f8b9b36ce. 1 dirs total, 0 dirs full, 0 dirs failed
I20260709 12:57:32.402055  1799 leader_election.cc:290] T bd0f7d24732d43edadb86860ef2e980a P 1d6a8f0d95ec497dad04051bc81edb69 [CANDIDATE]: Term 1 election: Requested vote from peers 8c83310dde7640e295de1cd5030cfab6 (127.0.107.193:45741), a58eaa081a994fe2b3fadd18e22f8c35 (127.0.107.194:35407)
I20260709 12:57:32.403399  1658 tablet_service.cc:1917] Received RequestConsensusVote() RPC: tablet_id: "bd0f7d24732d43edadb86860ef2e980a" candidate_uuid: "1d6a8f0d95ec497dad04051bc81edb69" candidate_term: 1 candidate_status { last_received { term: 0 index: 0 } } ignore_live_leader: false dest_uuid: "a58eaa081a994fe2b3fadd18e22f8c35"
I20260709 12:57:32.404027  1658 raft_consensus.cc:3060] T bd0f7d24732d43edadb86860ef2e980a P a58eaa081a994fe2b3fadd18e22f8c35 [term 0 FOLLOWER]: Advancing to term 1
I20260709 12:57:32.401713  1780 leader_election.cc:290] T bd0f7d24732d43edadb86860ef2e980a P 8c83310dde7640e295de1cd5030cfab6 [CANDIDATE]: Term 1 pre-election: Requested pre-vote from peers a58eaa081a994fe2b3fadd18e22f8c35 (127.0.107.194:35407), 1d6a8f0d95ec497dad04051bc81edb69 (127.0.107.195:38913)
I20260709 12:57:32.400290  1716 tablet_service.cc:1511] Processing CreateTablet for tablet 5310bc691a614633ae93f1b47937fac8 (DEFAULT_TABLE table=test-workload [id=7e268a322575436894b40d8b282d0451]), partition=RANGE (key) PARTITION 2001891485 <= VALUES < 2038289512
I20260709 12:57:32.408507  1583 tablet_service.cc:1917] Received RequestConsensusVote() RPC: tablet_id: "bd0f7d24732d43edadb86860ef2e980a" candidate_uuid: "1d6a8f0d95ec497dad04051bc81edb69" candidate_term: 1 candidate_status { last_received { term: 0 index: 0 } } ignore_live_leader: false dest_uuid: "8c83310dde7640e295de1cd5030cfab6"
I20260709 12:57:32.412967  1583 raft_consensus.cc:3060] T bd0f7d24732d43edadb86860ef2e980a P 8c83310dde7640e295de1cd5030cfab6 [term 0 FOLLOWER]: Advancing to term 1
I20260709 12:57:32.413993  1809 leader_election.cc:290] T 842303e9d9fb470fa73077c71c04ee7a P 8c83310dde7640e295de1cd5030cfab6 [CANDIDATE]: Term 1 pre-election: Requested pre-vote from peers a58eaa081a994fe2b3fadd18e22f8c35 (127.0.107.194:35407), 1d6a8f0d95ec497dad04051bc81edb69 (127.0.107.195:38913)
I20260709 12:57:32.409060  1721 data_dirs.cc:400] Could only allocate 1 dirs of requested 3 for tablet 429953226c9f457093196407f6081c3c. 1 dirs total, 0 dirs full, 0 dirs failed
I20260709 12:57:32.417840  1566 tablet_service.cc:1511] Processing CreateTablet for tablet 4ce755fb2871400993b68b3acee4c8cd (DEFAULT_TABLE table=test-workload [id=7e268a322575436894b40d8b282d0451]), partition=RANGE (key) PARTITION 2074687539 <= VALUES < 2111085566
I20260709 12:57:32.419131  1566 data_dirs.cc:400] Could only allocate 1 dirs of requested 3 for tablet 4ce755fb2871400993b68b3acee4c8cd. 1 dirs total, 0 dirs full, 0 dirs failed
I20260709 12:57:32.419288  1722 tablet_service.cc:1511] Processing CreateTablet for tablet 4ce755fb2871400993b68b3acee4c8cd (DEFAULT_TABLE table=test-workload [id=7e268a322575436894b40d8b282d0451]), partition=RANGE (key) PARTITION 2074687539 <= VALUES < 2111085566
I20260709 12:57:32.419552  1720 tablet_service.cc:1511] Processing CreateTablet for tablet f5b487bc6baa4171b5c7fe3f8b9b36ce (DEFAULT_TABLE table=test-workload [id=7e268a322575436894b40d8b282d0451]), partition=RANGE (key) PARTITION 2038289512 <= VALUES < 2074687539
I20260709 12:57:32.423650  1782 consensus_queue.cc:237] T b8149568fcd64470bb9e8df1f55ed509 P 1d6a8f0d95ec497dad04051bc81edb69 [LEADER]: Queue going to LEADER mode. State: All replicated index: 0, Majority replicated index: 0, Committed index: 0, Last appended: 0.0, Last appended by leader: 0, Current term: 1, Majority size: 2, State: 0, Mode: LEADER, active raft config: opid_index: -1 OBSOLETE_local: false peers { permanent_uuid: "8c83310dde7640e295de1cd5030cfab6" member_type: VOTER last_known_addr { host: "127.0.107.193" port: 45741 } } peers { permanent_uuid: "a58eaa081a994fe2b3fadd18e22f8c35" member_type: VOTER last_known_addr { host: "127.0.107.194" port: 35407 } } peers { permanent_uuid: "1d6a8f0d95ec497dad04051bc81edb69" member_type: VOTER last_known_addr { host: "127.0.107.195" port: 38913 } }
I20260709 12:57:32.425674  1642 tablet_service.cc:1511] Processing CreateTablet for tablet 4ce755fb2871400993b68b3acee4c8cd (DEFAULT_TABLE table=test-workload [id=7e268a322575436894b40d8b282d0451]), partition=RANGE (key) PARTITION 2074687539 <= VALUES < 2111085566
I20260709 12:57:32.429273  1774 ts_tablet_manager.cc:1434] T bd0f7d24732d43edadb86860ef2e980a P 8c83310dde7640e295de1cd5030cfab6: Time spent starting tablet: real 0.073s	user 0.003s	sys 0.006s
I20260709 12:57:32.430418  1774 tablet_bootstrap.cc:492] T 4058a252c633468bbd0ab1aaeca23af1 P 8c83310dde7640e295de1cd5030cfab6: Bootstrap starting.
I20260709 12:57:32.436779  1646 tablet_service.cc:1511] Processing CreateTablet for tablet 04858967112648fe81fa60678545464b (DEFAULT_TABLE table=test-workload [id=7e268a322575436894b40d8b282d0451]), partition=RANGE (key) PARTITION 2111085566 <= VALUES
I20260709 12:57:32.439392  1658 raft_consensus.cc:2468] T bd0f7d24732d43edadb86860ef2e980a P a58eaa081a994fe2b3fadd18e22f8c35 [term 1 FOLLOWER]: Leader election vote request: Granting yes vote for candidate 1d6a8f0d95ec497dad04051bc81edb69 in term 1.
I20260709 12:57:32.428977  1567 tablet_service.cc:1511] Processing CreateTablet for tablet 04858967112648fe81fa60678545464b (DEFAULT_TABLE table=test-workload [id=7e268a322575436894b40d8b282d0451]), partition=RANGE (key) PARTITION 2111085566 <= VALUES
I20260709 12:57:32.440722  1697 leader_election.cc:304] T bd0f7d24732d43edadb86860ef2e980a P 1d6a8f0d95ec497dad04051bc81edb69 [CANDIDATE]: Term 1 election: Election decided. Result: candidate won. Election summary: received 2 responses out of 3 voters: 2 yes votes; 0 no votes. yes voters: 1d6a8f0d95ec497dad04051bc81edb69, a58eaa081a994fe2b3fadd18e22f8c35; no voters: 
I20260709 12:57:32.443106  1812 raft_consensus.cc:493] T ae5c248caa0d4ff7b30827e193057693 P 1d6a8f0d95ec497dad04051bc81edb69 [term 0 FOLLOWER]: Starting pre-election (no leader contacted us within the election timeout)
I20260709 12:57:32.443594  1812 raft_consensus.cc:515] T ae5c248caa0d4ff7b30827e193057693 P 1d6a8f0d95ec497dad04051bc81edb69 [term 0 FOLLOWER]: Starting pre-election with config: opid_index: -1 OBSOLETE_local: false peers { permanent_uuid: "8c83310dde7640e295de1cd5030cfab6" member_type: VOTER last_known_addr { host: "127.0.107.193" port: 45741 } } peers { permanent_uuid: "a58eaa081a994fe2b3fadd18e22f8c35" member_type: VOTER last_known_addr { host: "127.0.107.194" port: 35407 } } peers { permanent_uuid: "1d6a8f0d95ec497dad04051bc81edb69" member_type: VOTER last_known_addr { host: "127.0.107.195" port: 38913 } }
I20260709 12:57:32.427065  1642 data_dirs.cc:400] Could only allocate 1 dirs of requested 3 for tablet 4ce755fb2871400993b68b3acee4c8cd. 1 dirs total, 0 dirs full, 0 dirs failed
I20260709 12:57:32.447934  1585 tablet_service.cc:1917] Received RequestConsensusVote() RPC: tablet_id: "ae5c248caa0d4ff7b30827e193057693" candidate_uuid: "1d6a8f0d95ec497dad04051bc81edb69" candidate_term: 1 candidate_status { last_received { term: 0 index: 0 } } ignore_live_leader: false dest_uuid: "8c83310dde7640e295de1cd5030cfab6" is_pre_election: true
I20260709 12:57:32.448534  1585 raft_consensus.cc:2468] T ae5c248caa0d4ff7b30827e193057693 P 8c83310dde7640e295de1cd5030cfab6 [term 0 FOLLOWER]: Leader pre-election vote request: Granting yes vote for candidate 1d6a8f0d95ec497dad04051bc81edb69 in term 0.
I20260709 12:57:32.448452  1718 tablet_service.cc:1511] Processing CreateTablet for tablet 04858967112648fe81fa60678545464b (DEFAULT_TABLE table=test-workload [id=7e268a322575436894b40d8b282d0451]), partition=RANGE (key) PARTITION 2111085566 <= VALUES
I20260709 12:57:32.450136  1567 data_dirs.cc:400] Could only allocate 1 dirs of requested 3 for tablet 04858967112648fe81fa60678545464b. 1 dirs total, 0 dirs full, 0 dirs failed
I20260709 12:57:32.454795  1583 raft_consensus.cc:2468] T bd0f7d24732d43edadb86860ef2e980a P 8c83310dde7640e295de1cd5030cfab6 [term 1 FOLLOWER]: Leader election vote request: Granting yes vote for candidate 1d6a8f0d95ec497dad04051bc81edb69 in term 1.
I20260709 12:57:32.455360  1700 leader_election.cc:304] T ae5c248caa0d4ff7b30827e193057693 P 1d6a8f0d95ec497dad04051bc81edb69 [CANDIDATE]: Term 1 pre-election: Election decided. Result: candidate won. Election summary: received 2 responses out of 3 voters: 2 yes votes; 0 no votes. yes voters: 1d6a8f0d95ec497dad04051bc81edb69, 8c83310dde7640e295de1cd5030cfab6; no voters: 
I20260709 12:57:32.461467  1646 data_dirs.cc:400] Could only allocate 1 dirs of requested 3 for tablet 04858967112648fe81fa60678545464b. 1 dirs total, 0 dirs full, 0 dirs failed
I20260709 12:57:32.455559  1716 data_dirs.cc:400] Could only allocate 1 dirs of requested 3 for tablet 5310bc691a614633ae93f1b47937fac8. 1 dirs total, 0 dirs full, 0 dirs failed
I20260709 12:57:32.457345  1775 raft_consensus.cc:359] T 4058a252c633468bbd0ab1aaeca23af1 P a58eaa081a994fe2b3fadd18e22f8c35 [term 0 FOLLOWER]: Replica starting. Triggering 0 pending ops. Active config: opid_index: -1 OBSOLETE_local: false peers { permanent_uuid: "8c83310dde7640e295de1cd5030cfab6" member_type: VOTER last_known_addr { host: "127.0.107.193" port: 45741 } } peers { permanent_uuid: "a58eaa081a994fe2b3fadd18e22f8c35" member_type: VOTER last_known_addr { host: "127.0.107.194" port: 35407 } } peers { permanent_uuid: "1d6a8f0d95ec497dad04051bc81edb69" member_type: VOTER last_known_addr { host: "127.0.107.195" port: 38913 } }
I20260709 12:57:32.465303  1775 raft_consensus.cc:385] T 4058a252c633468bbd0ab1aaeca23af1 P a58eaa081a994fe2b3fadd18e22f8c35 [term 0 FOLLOWER]: Consensus starting up: Expiring failure detector timer to make a prompt election more likely
I20260709 12:57:32.465610  1775 raft_consensus.cc:740] T 4058a252c633468bbd0ab1aaeca23af1 P a58eaa081a994fe2b3fadd18e22f8c35 [term 0 FOLLOWER]: Becoming Follower/Learner. State: Replica: a58eaa081a994fe2b3fadd18e22f8c35, State: Initialized, Role: FOLLOWER
I20260709 12:57:32.466312  1775 consensus_queue.cc:260] T 4058a252c633468bbd0ab1aaeca23af1 P a58eaa081a994fe2b3fadd18e22f8c35 [NON_LEADER]: Queue going to NON_LEADER mode. State: All replicated index: 0, Majority replicated index: 0, Committed index: 0, Last appended: 0.0, Last appended by leader: 0, Current term: 0, Majority size: -1, State: 0, Mode: NON_LEADER, active raft config: opid_index: -1 OBSOLETE_local: false peers { permanent_uuid: "8c83310dde7640e295de1cd5030cfab6" member_type: VOTER last_known_addr { host: "127.0.107.193" port: 45741 } } peers { permanent_uuid: "a58eaa081a994fe2b3fadd18e22f8c35" member_type: VOTER last_known_addr { host: "127.0.107.194" port: 35407 } } peers { permanent_uuid: "1d6a8f0d95ec497dad04051bc81edb69" member_type: VOTER last_known_addr { host: "127.0.107.195" port: 38913 } }
I20260709 12:57:32.468526  1775 ts_tablet_manager.cc:1434] T 4058a252c633468bbd0ab1aaeca23af1 P a58eaa081a994fe2b3fadd18e22f8c35: Time spent starting tablet: real 0.083s	user 0.006s	sys 0.000s
I20260709 12:57:32.469810  1775 tablet_bootstrap.cc:492] T 882ffbfb740a4d5ba0626ab7c6d87108 P a58eaa081a994fe2b3fadd18e22f8c35: Bootstrap starting.
W20260709 12:57:32.440100  1548 outbound_call.cc:321] RPC callback for RPC call kudu.consensus.ConsensusService.RequestConsensusVote -> {remote=127.0.107.194:35407, user_credentials={real_user=slave}} blocked reactor thread for 74752.6us
I20260709 12:57:32.472194  1799 raft_consensus.cc:2804] T ae5c248caa0d4ff7b30827e193057693 P 1d6a8f0d95ec497dad04051bc81edb69 [term 0 FOLLOWER]: Leader pre-election won for term 1
I20260709 12:57:32.472575  1799 raft_consensus.cc:493] T ae5c248caa0d4ff7b30827e193057693 P 1d6a8f0d95ec497dad04051bc81edb69 [term 0 FOLLOWER]: Starting leader election (no leader contacted us within the election timeout)
I20260709 12:57:32.472908  1799 raft_consensus.cc:3060] T ae5c248caa0d4ff7b30827e193057693 P 1d6a8f0d95ec497dad04051bc81edb69 [term 0 FOLLOWER]: Advancing to term 1
I20260709 12:57:32.475478  1732 tablet_service.cc:1917] Received RequestConsensusVote() RPC: tablet_id: "842303e9d9fb470fa73077c71c04ee7a" candidate_uuid: "8c83310dde7640e295de1cd5030cfab6" candidate_term: 1 candidate_status { last_received { term: 0 index: 0 } } ignore_live_leader: false dest_uuid: "1d6a8f0d95ec497dad04051bc81edb69" is_pre_election: true
I20260709 12:57:32.475050  1734 tablet_service.cc:1917] Received RequestConsensusVote() RPC: tablet_id: "bd0f7d24732d43edadb86860ef2e980a" candidate_uuid: "8c83310dde7640e295de1cd5030cfab6" candidate_term: 1 candidate_status { last_received { term: 0 index: 0 } } ignore_live_leader: false dest_uuid: "1d6a8f0d95ec497dad04051bc81edb69" is_pre_election: true
I20260709 12:57:32.477028  1722 data_dirs.cc:400] Could only allocate 1 dirs of requested 3 for tablet 4ce755fb2871400993b68b3acee4c8cd. 1 dirs total, 0 dirs full, 0 dirs failed
I20260709 12:57:32.478210  1659 tablet_service.cc:1917] Received RequestConsensusVote() RPC: tablet_id: "842303e9d9fb470fa73077c71c04ee7a" candidate_uuid: "8c83310dde7640e295de1cd5030cfab6" candidate_term: 1 candidate_status { last_received { term: 0 index: 0 } } ignore_live_leader: false dest_uuid: "a58eaa081a994fe2b3fadd18e22f8c35" is_pre_election: true
I20260709 12:57:32.478777  1659 raft_consensus.cc:2468] T 842303e9d9fb470fa73077c71c04ee7a P a58eaa081a994fe2b3fadd18e22f8c35 [term 0 FOLLOWER]: Leader pre-election vote request: Granting yes vote for candidate 8c83310dde7640e295de1cd5030cfab6 in term 0.
I20260709 12:57:32.479789  1481 catalog_manager.cc:5697] T 66bef27365c64b4fb29f6b60cc06902f P 8c83310dde7640e295de1cd5030cfab6 reported cstate change: term changed from 0 to 1, leader changed from <none> to 8c83310dde7640e295de1cd5030cfab6 (127.0.107.193). New cstate: current_term: 1 leader_uuid: "8c83310dde7640e295de1cd5030cfab6" committed_config { opid_index: -1 OBSOLETE_local: false peers { permanent_uuid: "8c83310dde7640e295de1cd5030cfab6" member_type: VOTER last_known_addr { host: "127.0.107.193" port: 45741 } health_report { overall_health: HEALTHY } } peers { permanent_uuid: "a58eaa081a994fe2b3fadd18e22f8c35" member_type: VOTER last_known_addr { host: "127.0.107.194" port: 35407 } health_report { overall_health: UNKNOWN } } peers { permanent_uuid: "1d6a8f0d95ec497dad04051bc81edb69" member_type: VOTER last_known_addr { host: "127.0.107.195" port: 38913 } health_report { overall_health: UNKNOWN } } }
I20260709 12:57:32.483510  1658 tablet_service.cc:1917] Received RequestConsensusVote() RPC: tablet_id: "bd0f7d24732d43edadb86860ef2e980a" candidate_uuid: "8c83310dde7640e295de1cd5030cfab6" candidate_term: 1 candidate_status { last_received { term: 0 index: 0 } } ignore_live_leader: false dest_uuid: "a58eaa081a994fe2b3fadd18e22f8c35" is_pre_election: true
I20260709 12:57:32.483773  1718 data_dirs.cc:400] Could only allocate 1 dirs of requested 3 for tablet 04858967112648fe81fa60678545464b. 1 dirs total, 0 dirs full, 0 dirs failed
I20260709 12:57:32.484256  1658 raft_consensus.cc:2393] T bd0f7d24732d43edadb86860ef2e980a P a58eaa081a994fe2b3fadd18e22f8c35 [term 1 FOLLOWER]: Leader pre-election vote request: Denying vote to candidate 8c83310dde7640e295de1cd5030cfab6 in current term 1: Already voted for candidate 1d6a8f0d95ec497dad04051bc81edb69 in this term.
I20260709 12:57:32.486680  1774 tablet_bootstrap.cc:654] T 4058a252c633468bbd0ab1aaeca23af1 P 8c83310dde7640e295de1cd5030cfab6: Neither blocks nor log segments found. Creating new log.
I20260709 12:57:32.487329  1815 raft_consensus.cc:2804] T bd0f7d24732d43edadb86860ef2e980a P 1d6a8f0d95ec497dad04051bc81edb69 [term 1 FOLLOWER]: Leader election won for term 1
I20260709 12:57:32.502652  1548 leader_election.cc:304] T 842303e9d9fb470fa73077c71c04ee7a P 8c83310dde7640e295de1cd5030cfab6 [CANDIDATE]: Term 1 pre-election: Election decided. Result: candidate won. Election summary: received 2 responses out of 3 voters: 2 yes votes; 0 no votes. yes voters: 8c83310dde7640e295de1cd5030cfab6, a58eaa081a994fe2b3fadd18e22f8c35; no voters: 
I20260709 12:57:32.491583  1720 data_dirs.cc:400] Could only allocate 1 dirs of requested 3 for tablet f5b487bc6baa4171b5c7fe3f8b9b36ce. 1 dirs total, 0 dirs full, 0 dirs failed
W20260709 12:57:32.503842  1548 leader_election.cc:343] T 842303e9d9fb470fa73077c71c04ee7a P 8c83310dde7640e295de1cd5030cfab6 [CANDIDATE]: Term 1 pre-election: Tablet error from VoteRequest() call to peer 1d6a8f0d95ec497dad04051bc81edb69 (127.0.107.195:38913): Illegal state: must be running to vote when last-logged opid is not known
I20260709 12:57:32.505735  1816 raft_consensus.cc:2804] T 842303e9d9fb470fa73077c71c04ee7a P 8c83310dde7640e295de1cd5030cfab6 [term 0 FOLLOWER]: Leader pre-election won for term 1
I20260709 12:57:32.506367  1816 raft_consensus.cc:493] T 842303e9d9fb470fa73077c71c04ee7a P 8c83310dde7640e295de1cd5030cfab6 [term 0 FOLLOWER]: Starting leader election (no leader contacted us within the election timeout)
I20260709 12:57:32.506799  1816 raft_consensus.cc:3060] T 842303e9d9fb470fa73077c71c04ee7a P 8c83310dde7640e295de1cd5030cfab6 [term 0 FOLLOWER]: Advancing to term 1
I20260709 12:57:32.507874  1724 data_dirs.cc:400] Could only allocate 1 dirs of requested 3 for tablet 04efd60cf4ff4ffc85673457ad8eda31. 1 dirs total, 0 dirs full, 0 dirs failed
I20260709 12:57:32.496277  1792 raft_consensus.cc:493] T 4058a252c633468bbd0ab1aaeca23af1 P a58eaa081a994fe2b3fadd18e22f8c35 [term 0 FOLLOWER]: Starting pre-election (no leader contacted us within the election timeout)
I20260709 12:57:32.510181  1792 raft_consensus.cc:515] T 4058a252c633468bbd0ab1aaeca23af1 P a58eaa081a994fe2b3fadd18e22f8c35 [term 0 FOLLOWER]: Starting pre-election with config: opid_index: -1 OBSOLETE_local: false peers { permanent_uuid: "8c83310dde7640e295de1cd5030cfab6" member_type: VOTER last_known_addr { host: "127.0.107.193" port: 45741 } } peers { permanent_uuid: "a58eaa081a994fe2b3fadd18e22f8c35" member_type: VOTER last_known_addr { host: "127.0.107.194" port: 35407 } } peers { permanent_uuid: "1d6a8f0d95ec497dad04051bc81edb69" member_type: VOTER last_known_addr { host: "127.0.107.195" port: 38913 } }
I20260709 12:57:32.507696  1815 raft_consensus.cc:697] T bd0f7d24732d43edadb86860ef2e980a P 1d6a8f0d95ec497dad04051bc81edb69 [term 1 LEADER]: Becoming Leader. State: Replica: 1d6a8f0d95ec497dad04051bc81edb69, State: Running, Role: LEADER
I20260709 12:57:32.516582  1792 leader_election.cc:290] T 4058a252c633468bbd0ab1aaeca23af1 P a58eaa081a994fe2b3fadd18e22f8c35 [CANDIDATE]: Term 1 pre-election: Requested pre-vote from peers 8c83310dde7640e295de1cd5030cfab6 (127.0.107.193:45741), 1d6a8f0d95ec497dad04051bc81edb69 (127.0.107.195:38913)
I20260709 12:57:32.517881  1732 tablet_service.cc:1917] Received RequestConsensusVote() RPC: tablet_id: "4058a252c633468bbd0ab1aaeca23af1" candidate_uuid: "a58eaa081a994fe2b3fadd18e22f8c35" candidate_term: 1 candidate_status { last_received { term: 0 index: 0 } } ignore_live_leader: false dest_uuid: "1d6a8f0d95ec497dad04051bc81edb69" is_pre_election: true
W20260709 12:57:32.519430  1623 leader_election.cc:343] T 4058a252c633468bbd0ab1aaeca23af1 P a58eaa081a994fe2b3fadd18e22f8c35 [CANDIDATE]: Term 1 pre-election: Tablet error from VoteRequest() call to peer 1d6a8f0d95ec497dad04051bc81edb69 (127.0.107.195:38913): Illegal state: must be running to vote when last-logged opid is not known
I20260709 12:57:32.520203  1482 catalog_manager.cc:5697] T b8149568fcd64470bb9e8df1f55ed509 P 1d6a8f0d95ec497dad04051bc81edb69 reported cstate change: term changed from 0 to 1, leader changed from <none> to 1d6a8f0d95ec497dad04051bc81edb69 (127.0.107.195). New cstate: current_term: 1 leader_uuid: "1d6a8f0d95ec497dad04051bc81edb69" committed_config { opid_index: -1 OBSOLETE_local: false peers { permanent_uuid: "8c83310dde7640e295de1cd5030cfab6" member_type: VOTER last_known_addr { host: "127.0.107.193" port: 45741 } health_report { overall_health: UNKNOWN } } peers { permanent_uuid: "a58eaa081a994fe2b3fadd18e22f8c35" member_type: VOTER last_known_addr { host: "127.0.107.194" port: 35407 } health_report { overall_health: UNKNOWN } } peers { permanent_uuid: "1d6a8f0d95ec497dad04051bc81edb69" member_type: VOTER last_known_addr { host: "127.0.107.195" port: 38913 } health_report { overall_health: HEALTHY } } }
I20260709 12:57:32.524230  1812 leader_election.cc:290] T ae5c248caa0d4ff7b30827e193057693 P 1d6a8f0d95ec497dad04051bc81edb69 [CANDIDATE]: Term 1 pre-election: Requested pre-vote from peers 8c83310dde7640e295de1cd5030cfab6 (127.0.107.193:45741), a58eaa081a994fe2b3fadd18e22f8c35 (127.0.107.194:35407)
I20260709 12:57:32.524410  1658 tablet_service.cc:1917] Received RequestConsensusVote() RPC: tablet_id: "ae5c248caa0d4ff7b30827e193057693" candidate_uuid: "1d6a8f0d95ec497dad04051bc81edb69" candidate_term: 1 candidate_status { last_received { term: 0 index: 0 } } ignore_live_leader: false dest_uuid: "a58eaa081a994fe2b3fadd18e22f8c35" is_pre_election: true
W20260709 12:57:32.525609  1697 leader_election.cc:343] T ae5c248caa0d4ff7b30827e193057693 P 1d6a8f0d95ec497dad04051bc81edb69 [CANDIDATE]: Term 1 pre-election: Tablet error from VoteRequest() call to peer a58eaa081a994fe2b3fadd18e22f8c35 (127.0.107.194:35407): Illegal state: must be running to vote when last-logged opid is not known
I20260709 12:57:32.529974  1777 tablet_bootstrap.cc:654] T 7cc5d84cebee4baaa952720a7958fcbe P 1d6a8f0d95ec497dad04051bc81edb69: Neither blocks nor log segments found. Creating new log.
I20260709 12:57:32.515394  1815 consensus_queue.cc:237] T bd0f7d24732d43edadb86860ef2e980a P 1d6a8f0d95ec497dad04051bc81edb69 [LEADER]: Queue going to LEADER mode. State: All replicated index: 0, Majority replicated index: 0, Committed index: 0, Last appended: 0.0, Last appended by leader: 0, Current term: 1, Majority size: 2, State: 0, Mode: LEADER, active raft config: opid_index: -1 OBSOLETE_local: false peers { permanent_uuid: "8c83310dde7640e295de1cd5030cfab6" member_type: VOTER last_known_addr { host: "127.0.107.193" port: 45741 } } peers { permanent_uuid: "a58eaa081a994fe2b3fadd18e22f8c35" member_type: VOTER last_known_addr { host: "127.0.107.194" port: 35407 } } peers { permanent_uuid: "1d6a8f0d95ec497dad04051bc81edb69" member_type: VOTER last_known_addr { host: "127.0.107.195" port: 38913 } }
I20260709 12:57:32.536931  1774 tablet_bootstrap.cc:492] T 4058a252c633468bbd0ab1aaeca23af1 P 8c83310dde7640e295de1cd5030cfab6: No bootstrap required, opened a new log
I20260709 12:57:32.537436  1774 ts_tablet_manager.cc:1403] T 4058a252c633468bbd0ab1aaeca23af1 P 8c83310dde7640e295de1cd5030cfab6: Time spent bootstrapping tablet: real 0.107s	user 0.028s	sys 0.003s
I20260709 12:57:32.540279  1774 raft_consensus.cc:359] T 4058a252c633468bbd0ab1aaeca23af1 P 8c83310dde7640e295de1cd5030cfab6 [term 0 FOLLOWER]: Replica starting. Triggering 0 pending ops. Active config: opid_index: -1 OBSOLETE_local: false peers { permanent_uuid: "8c83310dde7640e295de1cd5030cfab6" member_type: VOTER last_known_addr { host: "127.0.107.193" port: 45741 } } peers { permanent_uuid: "a58eaa081a994fe2b3fadd18e22f8c35" member_type: VOTER last_known_addr { host: "127.0.107.194" port: 35407 } } peers { permanent_uuid: "1d6a8f0d95ec497dad04051bc81edb69" member_type: VOTER last_known_addr { host: "127.0.107.195" port: 38913 } }
I20260709 12:57:32.541383  1774 raft_consensus.cc:385] T 4058a252c633468bbd0ab1aaeca23af1 P 8c83310dde7640e295de1cd5030cfab6 [term 0 FOLLOWER]: Consensus starting up: Expiring failure detector timer to make a prompt election more likely
I20260709 12:57:32.541659  1774 raft_consensus.cc:740] T 4058a252c633468bbd0ab1aaeca23af1 P 8c83310dde7640e295de1cd5030cfab6 [term 0 FOLLOWER]: Becoming Follower/Learner. State: Replica: 8c83310dde7640e295de1cd5030cfab6, State: Initialized, Role: FOLLOWER
I20260709 12:57:32.542387  1774 consensus_queue.cc:260] T 4058a252c633468bbd0ab1aaeca23af1 P 8c83310dde7640e295de1cd5030cfab6 [NON_LEADER]: Queue going to NON_LEADER mode. State: All replicated index: 0, Majority replicated index: 0, Committed index: 0, Last appended: 0.0, Last appended by leader: 0, Current term: 0, Majority size: -1, State: 0, Mode: NON_LEADER, active raft config: opid_index: -1 OBSOLETE_local: false peers { permanent_uuid: "8c83310dde7640e295de1cd5030cfab6" member_type: VOTER last_known_addr { host: "127.0.107.193" port: 45741 } } peers { permanent_uuid: "a58eaa081a994fe2b3fadd18e22f8c35" member_type: VOTER last_known_addr { host: "127.0.107.194" port: 35407 } } peers { permanent_uuid: "1d6a8f0d95ec497dad04051bc81edb69" member_type: VOTER last_known_addr { host: "127.0.107.195" port: 38913 } }
I20260709 12:57:32.560626  1774 ts_tablet_manager.cc:1434] T 4058a252c633468bbd0ab1aaeca23af1 P 8c83310dde7640e295de1cd5030cfab6: Time spent starting tablet: real 0.023s	user 0.008s	sys 0.000s
I20260709 12:57:32.560689  1583 tablet_service.cc:1917] Received RequestConsensusVote() RPC: tablet_id: "4058a252c633468bbd0ab1aaeca23af1" candidate_uuid: "a58eaa081a994fe2b3fadd18e22f8c35" candidate_term: 1 candidate_status { last_received { term: 0 index: 0 } } ignore_live_leader: false dest_uuid: "8c83310dde7640e295de1cd5030cfab6" is_pre_election: true
I20260709 12:57:32.561532  1583 raft_consensus.cc:2468] T 4058a252c633468bbd0ab1aaeca23af1 P 8c83310dde7640e295de1cd5030cfab6 [term 0 FOLLOWER]: Leader pre-election vote request: Granting yes vote for candidate a58eaa081a994fe2b3fadd18e22f8c35 in term 0.
I20260709 12:57:32.561815  1774 tablet_bootstrap.cc:492] T f837a5f3c23544f3b5fa7d3e2b44eb16 P 8c83310dde7640e295de1cd5030cfab6: Bootstrap starting.
I20260709 12:57:32.562846  1626 leader_election.cc:304] T 4058a252c633468bbd0ab1aaeca23af1 P a58eaa081a994fe2b3fadd18e22f8c35 [CANDIDATE]: Term 1 pre-election: Election decided. Result: candidate won. Election summary: received 3 responses out of 3 voters: 2 yes votes; 1 no votes. yes voters: 8c83310dde7640e295de1cd5030cfab6, a58eaa081a994fe2b3fadd18e22f8c35; no voters: 1d6a8f0d95ec497dad04051bc81edb69
I20260709 12:57:32.568029  1816 raft_consensus.cc:515] T 842303e9d9fb470fa73077c71c04ee7a P 8c83310dde7640e295de1cd5030cfab6 [term 1 FOLLOWER]: Starting leader election with config: opid_index: -1 OBSOLETE_local: false peers { permanent_uuid: "8c83310dde7640e295de1cd5030cfab6" member_type: VOTER last_known_addr { host: "127.0.107.193" port: 45741 } } peers { permanent_uuid: "a58eaa081a994fe2b3fadd18e22f8c35" member_type: VOTER last_known_addr { host: "127.0.107.194" port: 35407 } } peers { permanent_uuid: "1d6a8f0d95ec497dad04051bc81edb69" member_type: VOTER last_known_addr { host: "127.0.107.195" port: 38913 } }
I20260709 12:57:32.570109  1816 leader_election.cc:290] T 842303e9d9fb470fa73077c71c04ee7a P 8c83310dde7640e295de1cd5030cfab6 [CANDIDATE]: Term 1 election: Requested vote from peers a58eaa081a994fe2b3fadd18e22f8c35 (127.0.107.194:35407), 1d6a8f0d95ec497dad04051bc81edb69 (127.0.107.195:38913)
I20260709 12:57:32.565801  1792 raft_consensus.cc:2804] T 4058a252c633468bbd0ab1aaeca23af1 P a58eaa081a994fe2b3fadd18e22f8c35 [term 0 FOLLOWER]: Leader pre-election won for term 1
I20260709 12:57:32.571851  1658 tablet_service.cc:1917] Received RequestConsensusVote() RPC: tablet_id: "842303e9d9fb470fa73077c71c04ee7a" candidate_uuid: "8c83310dde7640e295de1cd5030cfab6" candidate_term: 1 candidate_status { last_received { term: 0 index: 0 } } ignore_live_leader: false dest_uuid: "a58eaa081a994fe2b3fadd18e22f8c35"
I20260709 12:57:32.574587  1792 raft_consensus.cc:493] T 4058a252c633468bbd0ab1aaeca23af1 P a58eaa081a994fe2b3fadd18e22f8c35 [term 0 FOLLOWER]: Starting leader election (no leader contacted us within the election timeout)
I20260709 12:57:32.574982  1792 raft_consensus.cc:3060] T 4058a252c633468bbd0ab1aaeca23af1 P a58eaa081a994fe2b3fadd18e22f8c35 [term 0 FOLLOWER]: Advancing to term 1
I20260709 12:57:32.574829  1658 raft_consensus.cc:3060] T 842303e9d9fb470fa73077c71c04ee7a P a58eaa081a994fe2b3fadd18e22f8c35 [term 0 FOLLOWER]: Advancing to term 1
I20260709 12:57:32.571688  1799 raft_consensus.cc:515] T ae5c248caa0d4ff7b30827e193057693 P 1d6a8f0d95ec497dad04051bc81edb69 [term 1 FOLLOWER]: Starting leader election with config: opid_index: -1 OBSOLETE_local: false peers { permanent_uuid: "8c83310dde7640e295de1cd5030cfab6" member_type: VOTER last_known_addr { host: "127.0.107.193" port: 45741 } } peers { permanent_uuid: "a58eaa081a994fe2b3fadd18e22f8c35" member_type: VOTER last_known_addr { host: "127.0.107.194" port: 35407 } } peers { permanent_uuid: "1d6a8f0d95ec497dad04051bc81edb69" member_type: VOTER last_known_addr { host: "127.0.107.195" port: 38913 } }
