I20260709 13:04:48.170369 17517 raft_consensus.cc:3060] T b6c61dd972264b25be34cd22fbc2f53d P acfd1cfc7e244ab5b2a0394bad08f34a [term 0 FOLLOWER]: Advancing to term 1
I20260709 13:04:48.174578 17517 raft_consensus.cc:2468] T b6c61dd972264b25be34cd22fbc2f53d P acfd1cfc7e244ab5b2a0394bad08f34a [term 1 FOLLOWER]: Leader election vote request: Granting yes vote for candidate ca12407c63d24c20a58cb9539d21bd8a in term 1.
I20260709 13:04:48.174573 17444 raft_consensus.cc:2468] T b6c61dd972264b25be34cd22fbc2f53d P 6242f2f0c92b4ec9ba657c805f89d9de [term 1 FOLLOWER]: Leader election vote request: Granting yes vote for candidate ca12407c63d24c20a58cb9539d21bd8a in term 1.
I20260709 13:04:48.175629 17561 leader_election.cc:304] T b6c61dd972264b25be34cd22fbc2f53d P ca12407c63d24c20a58cb9539d21bd8a [CANDIDATE]: Term 1 election: Election decided. Result: candidate won. Election summary: received 2 responses out of 3 voters: 2 yes votes; 0 no votes. yes voters: acfd1cfc7e244ab5b2a0394bad08f34a, ca12407c63d24c20a58cb9539d21bd8a; no voters: 
I20260709 13:04:48.176291 17643 raft_consensus.cc:2804] T b6c61dd972264b25be34cd22fbc2f53d P ca12407c63d24c20a58cb9539d21bd8a [term 1 FOLLOWER]: Leader election won for term 1
I20260709 13:04:48.176795 17643 raft_consensus.cc:697] T b6c61dd972264b25be34cd22fbc2f53d P ca12407c63d24c20a58cb9539d21bd8a [term 1 LEADER]: Becoming Leader. State: Replica: ca12407c63d24c20a58cb9539d21bd8a, State: Running, Role: LEADER
I20260709 13:04:48.177575 17643 consensus_queue.cc:237] T b6c61dd972264b25be34cd22fbc2f53d P ca12407c63d24c20a58cb9539d21bd8a [LEADER]: Queue going to LEADER mode. State: All replicated index: 0, Majority replicated index: 0, Committed index: 0, Last appended: 0.0, Last appended by leader: 0, Current term: 1, Majority size: 2, State: 0, Mode: LEADER, active raft config: opid_index: -1 OBSOLETE_local: false peers { permanent_uuid: "6242f2f0c92b4ec9ba657c805f89d9de" member_type: VOTER last_known_addr { host: "127.16.107.65" port: 35859 } } peers { permanent_uuid: "acfd1cfc7e244ab5b2a0394bad08f34a" member_type: VOTER last_known_addr { host: "127.16.107.66" port: 41131 } } peers { permanent_uuid: "ca12407c63d24c20a58cb9539d21bd8a" member_type: VOTER last_known_addr { host: "127.16.107.67" port: 34047 } }
I20260709 13:04:48.184630 17342 catalog_manager.cc:5697] T b6c61dd972264b25be34cd22fbc2f53d P ca12407c63d24c20a58cb9539d21bd8a reported cstate change: term changed from 0 to 1, leader changed from <none> to ca12407c63d24c20a58cb9539d21bd8a (127.16.107.67). New cstate: current_term: 1 leader_uuid: "ca12407c63d24c20a58cb9539d21bd8a" committed_config { opid_index: -1 OBSOLETE_local: false peers { permanent_uuid: "6242f2f0c92b4ec9ba657c805f89d9de" member_type: VOTER last_known_addr { host: "127.16.107.65" port: 35859 } health_report { overall_health: UNKNOWN } } peers { permanent_uuid: "acfd1cfc7e244ab5b2a0394bad08f34a" member_type: VOTER last_known_addr { host: "127.16.107.66" port: 41131 } health_report { overall_health: UNKNOWN } } peers { permanent_uuid: "ca12407c63d24c20a58cb9539d21bd8a" member_type: VOTER last_known_addr { host: "127.16.107.67" port: 34047 } health_report { overall_health: HEALTHY } } }
I20260709 13:04:48.223692 17644 raft_consensus.cc:493] T ad0b3dbf0769417eac8a79406da9d98d P 6242f2f0c92b4ec9ba657c805f89d9de [term 0 FOLLOWER]: Starting pre-election (no leader contacted us within the election timeout)
I20260709 13:04:48.224133 17644 raft_consensus.cc:515] T ad0b3dbf0769417eac8a79406da9d98d P 6242f2f0c92b4ec9ba657c805f89d9de [term 0 FOLLOWER]: Starting pre-election with config: opid_index: -1 OBSOLETE_local: false peers { permanent_uuid: "6242f2f0c92b4ec9ba657c805f89d9de" member_type: VOTER last_known_addr { host: "127.16.107.65" port: 35859 } } peers { permanent_uuid: "acfd1cfc7e244ab5b2a0394bad08f34a" member_type: VOTER last_known_addr { host: "127.16.107.66" port: 41131 } } peers { permanent_uuid: "ca12407c63d24c20a58cb9539d21bd8a" member_type: VOTER last_known_addr { host: "127.16.107.67" port: 34047 } }
I20260709 13:04:48.226012 17644 leader_election.cc:290] T ad0b3dbf0769417eac8a79406da9d98d P 6242f2f0c92b4ec9ba657c805f89d9de [CANDIDATE]: Term 1 pre-election: Requested pre-vote from peers acfd1cfc7e244ab5b2a0394bad08f34a (127.16.107.66:41131), ca12407c63d24c20a58cb9539d21bd8a (127.16.107.67:34047)
I20260709 13:04:48.226631 17517 tablet_service.cc:1917] Received RequestConsensusVote() RPC: tablet_id: "ad0b3dbf0769417eac8a79406da9d98d" candidate_uuid: "6242f2f0c92b4ec9ba657c805f89d9de" candidate_term: 1 candidate_status { last_received { term: 0 index: 0 } } ignore_live_leader: false dest_uuid: "acfd1cfc7e244ab5b2a0394bad08f34a" is_pre_election: true
I20260709 13:04:48.227064 17592 tablet_service.cc:1917] Received RequestConsensusVote() RPC: tablet_id: "ad0b3dbf0769417eac8a79406da9d98d" candidate_uuid: "6242f2f0c92b4ec9ba657c805f89d9de" candidate_term: 1 candidate_status { last_received { term: 0 index: 0 } } ignore_live_leader: false dest_uuid: "ca12407c63d24c20a58cb9539d21bd8a" is_pre_election: true
I20260709 13:04:48.227221 17517 raft_consensus.cc:2468] T ad0b3dbf0769417eac8a79406da9d98d P acfd1cfc7e244ab5b2a0394bad08f34a [term 0 FOLLOWER]: Leader pre-election vote request: Granting yes vote for candidate 6242f2f0c92b4ec9ba657c805f89d9de in term 0.
I20260709 13:04:48.227649 17592 raft_consensus.cc:2468] T ad0b3dbf0769417eac8a79406da9d98d P ca12407c63d24c20a58cb9539d21bd8a [term 0 FOLLOWER]: Leader pre-election vote request: Granting yes vote for candidate 6242f2f0c92b4ec9ba657c805f89d9de in term 0.
I20260709 13:04:48.228230 17412 leader_election.cc:304] T ad0b3dbf0769417eac8a79406da9d98d P 6242f2f0c92b4ec9ba657c805f89d9de [CANDIDATE]: Term 1 pre-election: Election decided. Result: candidate won. Election summary: received 2 responses out of 3 voters: 2 yes votes; 0 no votes. yes voters: 6242f2f0c92b4ec9ba657c805f89d9de, acfd1cfc7e244ab5b2a0394bad08f34a; no voters: 
I20260709 13:04:48.229005 17644 raft_consensus.cc:2804] T ad0b3dbf0769417eac8a79406da9d98d P 6242f2f0c92b4ec9ba657c805f89d9de [term 0 FOLLOWER]: Leader pre-election won for term 1
I20260709 13:04:48.229293 17644 raft_consensus.cc:493] T ad0b3dbf0769417eac8a79406da9d98d P 6242f2f0c92b4ec9ba657c805f89d9de [term 0 FOLLOWER]: Starting leader election (no leader contacted us within the election timeout)
I20260709 13:04:48.229640 17644 raft_consensus.cc:3060] T ad0b3dbf0769417eac8a79406da9d98d P 6242f2f0c92b4ec9ba657c805f89d9de [term 0 FOLLOWER]: Advancing to term 1
I20260709 13:04:48.234050 17644 raft_consensus.cc:515] T ad0b3dbf0769417eac8a79406da9d98d P 6242f2f0c92b4ec9ba657c805f89d9de [term 1 FOLLOWER]: Starting leader election with config: opid_index: -1 OBSOLETE_local: false peers { permanent_uuid: "6242f2f0c92b4ec9ba657c805f89d9de" member_type: VOTER last_known_addr { host: "127.16.107.65" port: 35859 } } peers { permanent_uuid: "acfd1cfc7e244ab5b2a0394bad08f34a" member_type: VOTER last_known_addr { host: "127.16.107.66" port: 41131 } } peers { permanent_uuid: "ca12407c63d24c20a58cb9539d21bd8a" member_type: VOTER last_known_addr { host: "127.16.107.67" port: 34047 } }
I20260709 13:04:48.235702 17644 leader_election.cc:290] T ad0b3dbf0769417eac8a79406da9d98d P 6242f2f0c92b4ec9ba657c805f89d9de [CANDIDATE]: Term 1 election: Requested vote from peers acfd1cfc7e244ab5b2a0394bad08f34a (127.16.107.66:41131), ca12407c63d24c20a58cb9539d21bd8a (127.16.107.67:34047)
I20260709 13:04:48.236619 17592 tablet_service.cc:1917] Received RequestConsensusVote() RPC: tablet_id: "ad0b3dbf0769417eac8a79406da9d98d" candidate_uuid: "6242f2f0c92b4ec9ba657c805f89d9de" candidate_term: 1 candidate_status { last_received { term: 0 index: 0 } } ignore_live_leader: false dest_uuid: "ca12407c63d24c20a58cb9539d21bd8a"
I20260709 13:04:48.236585 17517 tablet_service.cc:1917] Received RequestConsensusVote() RPC: tablet_id: "ad0b3dbf0769417eac8a79406da9d98d" candidate_uuid: "6242f2f0c92b4ec9ba657c805f89d9de" candidate_term: 1 candidate_status { last_received { term: 0 index: 0 } } ignore_live_leader: false dest_uuid: "acfd1cfc7e244ab5b2a0394bad08f34a"
I20260709 13:04:48.237257 17592 raft_consensus.cc:3060] T ad0b3dbf0769417eac8a79406da9d98d P ca12407c63d24c20a58cb9539d21bd8a [term 0 FOLLOWER]: Advancing to term 1
I20260709 13:04:48.237272 17517 raft_consensus.cc:3060] T ad0b3dbf0769417eac8a79406da9d98d P acfd1cfc7e244ab5b2a0394bad08f34a [term 0 FOLLOWER]: Advancing to term 1
I20260709 13:04:48.243748 17517 raft_consensus.cc:2468] T ad0b3dbf0769417eac8a79406da9d98d P acfd1cfc7e244ab5b2a0394bad08f34a [term 1 FOLLOWER]: Leader election vote request: Granting yes vote for candidate 6242f2f0c92b4ec9ba657c805f89d9de in term 1.
I20260709 13:04:48.243748 17592 raft_consensus.cc:2468] T ad0b3dbf0769417eac8a79406da9d98d P ca12407c63d24c20a58cb9539d21bd8a [term 1 FOLLOWER]: Leader election vote request: Granting yes vote for candidate 6242f2f0c92b4ec9ba657c805f89d9de in term 1.
I20260709 13:04:48.244957 17412 leader_election.cc:304] T ad0b3dbf0769417eac8a79406da9d98d P 6242f2f0c92b4ec9ba657c805f89d9de [CANDIDATE]: Term 1 election: Election decided. Result: candidate won. Election summary: received 2 responses out of 3 voters: 2 yes votes; 0 no votes. yes voters: 6242f2f0c92b4ec9ba657c805f89d9de, acfd1cfc7e244ab5b2a0394bad08f34a; no voters: 
I20260709 13:04:48.245697 17644 raft_consensus.cc:2804] T ad0b3dbf0769417eac8a79406da9d98d P 6242f2f0c92b4ec9ba657c805f89d9de [term 1 FOLLOWER]: Leader election won for term 1
I20260709 13:04:48.246031 17644 raft_consensus.cc:697] T ad0b3dbf0769417eac8a79406da9d98d P 6242f2f0c92b4ec9ba657c805f89d9de [term 1 LEADER]: Becoming Leader. State: Replica: 6242f2f0c92b4ec9ba657c805f89d9de, State: Running, Role: LEADER
I20260709 13:04:48.246592 17644 consensus_queue.cc:237] T ad0b3dbf0769417eac8a79406da9d98d P 6242f2f0c92b4ec9ba657c805f89d9de [LEADER]: Queue going to LEADER mode. State: All replicated index: 0, Majority replicated index: 0, Committed index: 0, Last appended: 0.0, Last appended by leader: 0, Current term: 1, Majority size: 2, State: 0, Mode: LEADER, active raft config: opid_index: -1 OBSOLETE_local: false peers { permanent_uuid: "6242f2f0c92b4ec9ba657c805f89d9de" member_type: VOTER last_known_addr { host: "127.16.107.65" port: 35859 } } peers { permanent_uuid: "acfd1cfc7e244ab5b2a0394bad08f34a" member_type: VOTER last_known_addr { host: "127.16.107.66" port: 41131 } } peers { permanent_uuid: "ca12407c63d24c20a58cb9539d21bd8a" member_type: VOTER last_known_addr { host: "127.16.107.67" port: 34047 } }
I20260709 13:04:48.254122 17342 catalog_manager.cc:5697] T ad0b3dbf0769417eac8a79406da9d98d P 6242f2f0c92b4ec9ba657c805f89d9de reported cstate change: term changed from 0 to 1, leader changed from <none> to 6242f2f0c92b4ec9ba657c805f89d9de (127.16.107.65). New cstate: current_term: 1 leader_uuid: "6242f2f0c92b4ec9ba657c805f89d9de" committed_config { opid_index: -1 OBSOLETE_local: false peers { permanent_uuid: "6242f2f0c92b4ec9ba657c805f89d9de" member_type: VOTER last_known_addr { host: "127.16.107.65" port: 35859 } health_report { overall_health: HEALTHY } } peers { permanent_uuid: "acfd1cfc7e244ab5b2a0394bad08f34a" member_type: VOTER last_known_addr { host: "127.16.107.66" port: 41131 } health_report { overall_health: UNKNOWN } } peers { permanent_uuid: "ca12407c63d24c20a58cb9539d21bd8a" member_type: VOTER last_known_addr { host: "127.16.107.67" port: 34047 } health_report { overall_health: UNKNOWN } } }
I20260709 13:04:48.350790 17644 consensus_queue.cc:1048] T 9e11a224cfbf4f76974224f5fa629bdb P 6242f2f0c92b4ec9ba657c805f89d9de [LEADER]: Connected to new peer: Peer: permanent_uuid: "ca12407c63d24c20a58cb9539d21bd8a" member_type: VOTER last_known_addr { host: "127.16.107.67" port: 34047 }, Status: LMP_MISMATCH, Last received: 0.0, Next index: 1, Last known committed idx: 0, Time since last communication: 0.000s
I20260709 13:04:48.361346 17644 consensus_queue.cc:1048] T 9e11a224cfbf4f76974224f5fa629bdb P 6242f2f0c92b4ec9ba657c805f89d9de [LEADER]: Connected to new peer: Peer: permanent_uuid: "acfd1cfc7e244ab5b2a0394bad08f34a" member_type: VOTER last_known_addr { host: "127.16.107.66" port: 41131 }, Status: LMP_MISMATCH, Last received: 0.0, Next index: 1, Last known committed idx: 0, Time since last communication: 0.000s
I20260709 13:04:48.367298 17644 consensus_queue.cc:1048] T 33456d22e52b4cd89b8986f5e1a30d8c P 6242f2f0c92b4ec9ba657c805f89d9de [LEADER]: Connected to new peer: Peer: permanent_uuid: "acfd1cfc7e244ab5b2a0394bad08f34a" member_type: VOTER last_known_addr { host: "127.16.107.66" port: 41131 }, Status: LMP_MISMATCH, Last received: 0.0, Next index: 1, Last known committed idx: 0, Time since last communication: 0.001s
I20260709 13:04:48.380206 17674 consensus_queue.cc:1048] T 33456d22e52b4cd89b8986f5e1a30d8c P 6242f2f0c92b4ec9ba657c805f89d9de [LEADER]: Connected to new peer: Peer: permanent_uuid: "ca12407c63d24c20a58cb9539d21bd8a" member_type: VOTER last_known_addr { host: "127.16.107.67" port: 34047 }, Status: LMP_MISMATCH, Last received: 0.0, Next index: 1, Last known committed idx: 0, Time since last communication: 0.000s
I20260709 13:04:48.415589 17675 consensus_queue.cc:1048] T 9c39ca59401e41389d6f214cdcc115b8 P acfd1cfc7e244ab5b2a0394bad08f34a [LEADER]: Connected to new peer: Peer: permanent_uuid: "6242f2f0c92b4ec9ba657c805f89d9de" member_type: VOTER last_known_addr { host: "127.16.107.65" port: 35859 }, Status: LMP_MISMATCH, Last received: 0.0, Next index: 1, Last known committed idx: 0, Time since last communication: 0.000s
I20260709 13:04:48.427626 17641 consensus_queue.cc:1048] T 9c39ca59401e41389d6f214cdcc115b8 P acfd1cfc7e244ab5b2a0394bad08f34a [LEADER]: Connected to new peer: Peer: permanent_uuid: "ca12407c63d24c20a58cb9539d21bd8a" member_type: VOTER last_known_addr { host: "127.16.107.67" port: 34047 }, Status: LMP_MISMATCH, Last received: 0.0, Next index: 1, Last known committed idx: 0, Time since last communication: 0.000s
I20260709 13:04:48.430734 17643 raft_consensus.cc:493] T 10bfb6d8df8b4ac5a32dd2d49bf9f964 P ca12407c63d24c20a58cb9539d21bd8a [term 0 FOLLOWER]: Starting pre-election (no leader contacted us within the election timeout)
I20260709 13:04:48.431314 17643 raft_consensus.cc:515] T 10bfb6d8df8b4ac5a32dd2d49bf9f964 P ca12407c63d24c20a58cb9539d21bd8a [term 0 FOLLOWER]: Starting pre-election with config: opid_index: -1 OBSOLETE_local: false peers { permanent_uuid: "6242f2f0c92b4ec9ba657c805f89d9de" member_type: VOTER last_known_addr { host: "127.16.107.65" port: 35859 } } peers { permanent_uuid: "acfd1cfc7e244ab5b2a0394bad08f34a" member_type: VOTER last_known_addr { host: "127.16.107.66" port: 41131 } } peers { permanent_uuid: "ca12407c63d24c20a58cb9539d21bd8a" member_type: VOTER last_known_addr { host: "127.16.107.67" port: 34047 } }
I20260709 13:04:48.433483 17643 leader_election.cc:290] T 10bfb6d8df8b4ac5a32dd2d49bf9f964 P ca12407c63d24c20a58cb9539d21bd8a [CANDIDATE]: Term 1 pre-election: Requested pre-vote from peers 6242f2f0c92b4ec9ba657c805f89d9de (127.16.107.65:35859), acfd1cfc7e244ab5b2a0394bad08f34a (127.16.107.66:41131)
I20260709 13:04:48.434573 17444 tablet_service.cc:1917] Received RequestConsensusVote() RPC: tablet_id: "10bfb6d8df8b4ac5a32dd2d49bf9f964" candidate_uuid: "ca12407c63d24c20a58cb9539d21bd8a" candidate_term: 1 candidate_status { last_received { term: 0 index: 0 } } ignore_live_leader: false dest_uuid: "6242f2f0c92b4ec9ba657c805f89d9de" is_pre_election: true
I20260709 13:04:48.434842 17517 tablet_service.cc:1917] Received RequestConsensusVote() RPC: tablet_id: "10bfb6d8df8b4ac5a32dd2d49bf9f964" candidate_uuid: "ca12407c63d24c20a58cb9539d21bd8a" candidate_term: 1 candidate_status { last_received { term: 0 index: 0 } } ignore_live_leader: false dest_uuid: "acfd1cfc7e244ab5b2a0394bad08f34a" is_pre_election: true
I20260709 13:04:48.435858 17517 raft_consensus.cc:2393] T 10bfb6d8df8b4ac5a32dd2d49bf9f964 P acfd1cfc7e244ab5b2a0394bad08f34a [term 1 FOLLOWER]: Leader pre-election vote request: Denying vote to candidate ca12407c63d24c20a58cb9539d21bd8a in current term 1: Already voted for candidate 6242f2f0c92b4ec9ba657c805f89d9de in this term.
I20260709 13:04:48.437127 17561 leader_election.cc:304] T 10bfb6d8df8b4ac5a32dd2d49bf9f964 P ca12407c63d24c20a58cb9539d21bd8a [CANDIDATE]: Term 1 pre-election: Election decided. Result: candidate lost. Election summary: received 3 responses out of 3 voters: 1 yes votes; 2 no votes. yes voters: ca12407c63d24c20a58cb9539d21bd8a; no voters: 6242f2f0c92b4ec9ba657c805f89d9de, acfd1cfc7e244ab5b2a0394bad08f34a
I20260709 13:04:48.438695 17641 raft_consensus.cc:493] T 3d66bbf68df34e77ba6ec7f38c8f7e7c P acfd1cfc7e244ab5b2a0394bad08f34a [term 0 FOLLOWER]: Starting pre-election (no leader contacted us within the election timeout)
I20260709 13:04:48.439127 17641 raft_consensus.cc:515] T 3d66bbf68df34e77ba6ec7f38c8f7e7c P acfd1cfc7e244ab5b2a0394bad08f34a [term 0 FOLLOWER]: Starting pre-election with config: opid_index: -1 OBSOLETE_local: false peers { permanent_uuid: "6242f2f0c92b4ec9ba657c805f89d9de" member_type: VOTER last_known_addr { host: "127.16.107.65" port: 35859 } } peers { permanent_uuid: "acfd1cfc7e244ab5b2a0394bad08f34a" member_type: VOTER last_known_addr { host: "127.16.107.66" port: 41131 } } peers { permanent_uuid: "ca12407c63d24c20a58cb9539d21bd8a" member_type: VOTER last_known_addr { host: "127.16.107.67" port: 34047 } }
I20260709 13:04:48.440243 17643 raft_consensus.cc:3060] T 10bfb6d8df8b4ac5a32dd2d49bf9f964 P ca12407c63d24c20a58cb9539d21bd8a [term 0 FOLLOWER]: Advancing to term 1
I20260709 13:04:48.440806 17641 leader_election.cc:290] T 3d66bbf68df34e77ba6ec7f38c8f7e7c P acfd1cfc7e244ab5b2a0394bad08f34a [CANDIDATE]: Term 1 pre-election: Requested pre-vote from peers 6242f2f0c92b4ec9ba657c805f89d9de (127.16.107.65:35859), ca12407c63d24c20a58cb9539d21bd8a (127.16.107.67:34047)
I20260709 13:04:48.441566 17444 tablet_service.cc:1917] Received RequestConsensusVote() RPC: tablet_id: "3d66bbf68df34e77ba6ec7f38c8f7e7c" candidate_uuid: "acfd1cfc7e244ab5b2a0394bad08f34a" candidate_term: 1 candidate_status { last_received { term: 0 index: 0 } } ignore_live_leader: false dest_uuid: "6242f2f0c92b4ec9ba657c805f89d9de" is_pre_election: true
I20260709 13:04:48.441973 17674 consensus_queue.cc:1048] T 6b76038f121c474cad08a1086e42bbfa P 6242f2f0c92b4ec9ba657c805f89d9de [LEADER]: Connected to new peer: Peer: permanent_uuid: "ca12407c63d24c20a58cb9539d21bd8a" member_type: VOTER last_known_addr { host: "127.16.107.67" port: 34047 }, Status: LMP_MISMATCH, Last received: 0.0, Next index: 1, Last known committed idx: 0, Time since last communication: 0.000s
I20260709 13:04:48.442190 17444 raft_consensus.cc:2468] T 3d66bbf68df34e77ba6ec7f38c8f7e7c P 6242f2f0c92b4ec9ba657c805f89d9de [term 0 FOLLOWER]: Leader pre-election vote request: Granting yes vote for candidate acfd1cfc7e244ab5b2a0394bad08f34a in term 0.
I20260709 13:04:48.443549 17484 leader_election.cc:304] T 3d66bbf68df34e77ba6ec7f38c8f7e7c P acfd1cfc7e244ab5b2a0394bad08f34a [CANDIDATE]: Term 1 pre-election: Election decided. Result: candidate won. Election summary: received 2 responses out of 3 voters: 2 yes votes; 0 no votes. yes voters: 6242f2f0c92b4ec9ba657c805f89d9de, acfd1cfc7e244ab5b2a0394bad08f34a; no voters: 
I20260709 13:04:48.444419 17641 raft_consensus.cc:2804] T 3d66bbf68df34e77ba6ec7f38c8f7e7c P acfd1cfc7e244ab5b2a0394bad08f34a [term 0 FOLLOWER]: Leader pre-election won for term 1
I20260709 13:04:48.444826 17641 raft_consensus.cc:493] T 3d66bbf68df34e77ba6ec7f38c8f7e7c P acfd1cfc7e244ab5b2a0394bad08f34a [term 0 FOLLOWER]: Starting leader election (no leader contacted us within the election timeout)
I20260709 13:04:48.445197 17641 raft_consensus.cc:3060] T 3d66bbf68df34e77ba6ec7f38c8f7e7c P acfd1cfc7e244ab5b2a0394bad08f34a [term 0 FOLLOWER]: Advancing to term 1
I20260709 13:04:48.446719 17592 tablet_service.cc:1917] Received RequestConsensusVote() RPC: tablet_id: "3d66bbf68df34e77ba6ec7f38c8f7e7c" candidate_uuid: "acfd1cfc7e244ab5b2a0394bad08f34a" candidate_term: 1 candidate_status { last_received { term: 0 index: 0 } } ignore_live_leader: false dest_uuid: "ca12407c63d24c20a58cb9539d21bd8a" is_pre_election: true
I20260709 13:04:48.447338 17592 raft_consensus.cc:2468] T 3d66bbf68df34e77ba6ec7f38c8f7e7c P ca12407c63d24c20a58cb9539d21bd8a [term 0 FOLLOWER]: Leader pre-election vote request: Granting yes vote for candidate acfd1cfc7e244ab5b2a0394bad08f34a in term 0.
I20260709 13:04:48.450513 17643 raft_consensus.cc:2749] T 10bfb6d8df8b4ac5a32dd2d49bf9f964 P ca12407c63d24c20a58cb9539d21bd8a [term 1 FOLLOWER]: Leader pre-election lost for term 1. Reason: could not achieve majority
I20260709 13:04:48.451608 17641 raft_consensus.cc:515] T 3d66bbf68df34e77ba6ec7f38c8f7e7c P acfd1cfc7e244ab5b2a0394bad08f34a [term 1 FOLLOWER]: Starting leader election with config: opid_index: -1 OBSOLETE_local: false peers { permanent_uuid: "6242f2f0c92b4ec9ba657c805f89d9de" member_type: VOTER last_known_addr { host: "127.16.107.65" port: 35859 } } peers { permanent_uuid: "acfd1cfc7e244ab5b2a0394bad08f34a" member_type: VOTER last_known_addr { host: "127.16.107.66" port: 41131 } } peers { permanent_uuid: "ca12407c63d24c20a58cb9539d21bd8a" member_type: VOTER last_known_addr { host: "127.16.107.67" port: 34047 } }
I20260709 13:04:48.454289 17444 tablet_service.cc:1917] Received RequestConsensusVote() RPC: tablet_id: "3d66bbf68df34e77ba6ec7f38c8f7e7c" candidate_uuid: "acfd1cfc7e244ab5b2a0394bad08f34a" candidate_term: 1 candidate_status { last_received { term: 0 index: 0 } } ignore_live_leader: false dest_uuid: "6242f2f0c92b4ec9ba657c805f89d9de"
I20260709 13:04:48.454473 17641 leader_election.cc:290] T 3d66bbf68df34e77ba6ec7f38c8f7e7c P acfd1cfc7e244ab5b2a0394bad08f34a [CANDIDATE]: Term 1 election: Requested vote from peers 6242f2f0c92b4ec9ba657c805f89d9de (127.16.107.65:35859), ca12407c63d24c20a58cb9539d21bd8a (127.16.107.67:34047)
I20260709 13:04:48.454847 17444 raft_consensus.cc:3060] T 3d66bbf68df34e77ba6ec7f38c8f7e7c P 6242f2f0c92b4ec9ba657c805f89d9de [term 0 FOLLOWER]: Advancing to term 1
I20260709 13:04:48.456095 17592 tablet_service.cc:1917] Received RequestConsensusVote() RPC: tablet_id: "3d66bbf68df34e77ba6ec7f38c8f7e7c" candidate_uuid: "acfd1cfc7e244ab5b2a0394bad08f34a" candidate_term: 1 candidate_status { last_received { term: 0 index: 0 } } ignore_live_leader: false dest_uuid: "ca12407c63d24c20a58cb9539d21bd8a"
I20260709 13:04:48.456678 17592 raft_consensus.cc:3060] T 3d66bbf68df34e77ba6ec7f38c8f7e7c P ca12407c63d24c20a58cb9539d21bd8a [term 0 FOLLOWER]: Advancing to term 1
I20260709 13:04:48.461638 17444 raft_consensus.cc:2468] T 3d66bbf68df34e77ba6ec7f38c8f7e7c P 6242f2f0c92b4ec9ba657c805f89d9de [term 1 FOLLOWER]: Leader election vote request: Granting yes vote for candidate acfd1cfc7e244ab5b2a0394bad08f34a in term 1.
I20260709 13:04:48.463224 17592 raft_consensus.cc:2468] T 3d66bbf68df34e77ba6ec7f38c8f7e7c P ca12407c63d24c20a58cb9539d21bd8a [term 1 FOLLOWER]: Leader election vote request: Granting yes vote for candidate acfd1cfc7e244ab5b2a0394bad08f34a in term 1.
I20260709 13:04:48.463850 17484 leader_election.cc:304] T 3d66bbf68df34e77ba6ec7f38c8f7e7c P acfd1cfc7e244ab5b2a0394bad08f34a [CANDIDATE]: Term 1 election: Election decided. Result: candidate won. Election summary: received 2 responses out of 3 voters: 2 yes votes; 0 no votes. yes voters: 6242f2f0c92b4ec9ba657c805f89d9de, acfd1cfc7e244ab5b2a0394bad08f34a; no voters: 
I20260709 13:04:48.464212 17674 consensus_queue.cc:1048] T 6b76038f121c474cad08a1086e42bbfa P 6242f2f0c92b4ec9ba657c805f89d9de [LEADER]: Connected to new peer: Peer: permanent_uuid: "acfd1cfc7e244ab5b2a0394bad08f34a" member_type: VOTER last_known_addr { host: "127.16.107.66" port: 41131 }, Status: LMP_MISMATCH, Last received: 0.0, Next index: 1, Last known committed idx: 0, Time since last communication: 0.000s
I20260709 13:04:48.464654 17641 raft_consensus.cc:2804] T 3d66bbf68df34e77ba6ec7f38c8f7e7c P acfd1cfc7e244ab5b2a0394bad08f34a [term 1 FOLLOWER]: Leader election won for term 1
I20260709 13:04:48.465798 17641 raft_consensus.cc:697] T 3d66bbf68df34e77ba6ec7f38c8f7e7c P acfd1cfc7e244ab5b2a0394bad08f34a [term 1 LEADER]: Becoming Leader. State: Replica: acfd1cfc7e244ab5b2a0394bad08f34a, State: Running, Role: LEADER
I20260709 13:04:48.466606 17641 consensus_queue.cc:237] T 3d66bbf68df34e77ba6ec7f38c8f7e7c P acfd1cfc7e244ab5b2a0394bad08f34a [LEADER]: Queue going to LEADER mode. State: All replicated index: 0, Majority replicated index: 0, Committed index: 0, Last appended: 0.0, Last appended by leader: 0, Current term: 1, Majority size: 2, State: 0, Mode: LEADER, active raft config: opid_index: -1 OBSOLETE_local: false peers { permanent_uuid: "6242f2f0c92b4ec9ba657c805f89d9de" member_type: VOTER last_known_addr { host: "127.16.107.65" port: 35859 } } peers { permanent_uuid: "acfd1cfc7e244ab5b2a0394bad08f34a" member_type: VOTER last_known_addr { host: "127.16.107.66" port: 41131 } } peers { permanent_uuid: "ca12407c63d24c20a58cb9539d21bd8a" member_type: VOTER last_known_addr { host: "127.16.107.67" port: 34047 } }
I20260709 13:04:48.476789 17344 catalog_manager.cc:5697] T 3d66bbf68df34e77ba6ec7f38c8f7e7c P acfd1cfc7e244ab5b2a0394bad08f34a reported cstate change: term changed from 0 to 1, leader changed from <none> to acfd1cfc7e244ab5b2a0394bad08f34a (127.16.107.66). New cstate: current_term: 1 leader_uuid: "acfd1cfc7e244ab5b2a0394bad08f34a" committed_config { opid_index: -1 OBSOLETE_local: false peers { permanent_uuid: "6242f2f0c92b4ec9ba657c805f89d9de" member_type: VOTER last_known_addr { host: "127.16.107.65" port: 35859 } health_report { overall_health: UNKNOWN } } peers { permanent_uuid: "acfd1cfc7e244ab5b2a0394bad08f34a" member_type: VOTER last_known_addr { host: "127.16.107.66" port: 41131 } health_report { overall_health: HEALTHY } } peers { permanent_uuid: "ca12407c63d24c20a58cb9539d21bd8a" member_type: VOTER last_known_addr { host: "127.16.107.67" port: 34047 } health_report { overall_health: UNKNOWN } } }
I20260709 13:04:48.509472 17674 consensus_queue.cc:1048] T 10bfb6d8df8b4ac5a32dd2d49bf9f964 P 6242f2f0c92b4ec9ba657c805f89d9de [LEADER]: Connected to new peer: Peer: permanent_uuid: "ca12407c63d24c20a58cb9539d21bd8a" member_type: VOTER last_known_addr { host: "127.16.107.67" port: 34047 }, Status: LMP_MISMATCH, Last received: 0.0, Next index: 1, Last known committed idx: 0, Time since last communication: 0.000s
I20260709 13:04:48.510332 17678 consensus_queue.cc:1048] T 631519f435374bfe8ae8fe23b62cc813 P 6242f2f0c92b4ec9ba657c805f89d9de [LEADER]: Connected to new peer: Peer: permanent_uuid: "ca12407c63d24c20a58cb9539d21bd8a" member_type: VOTER last_known_addr { host: "127.16.107.67" port: 34047 }, Status: LMP_MISMATCH, Last received: 0.0, Next index: 1, Last known committed idx: 0, Time since last communication: 0.000s
I20260709 13:04:48.520938 17678 consensus_queue.cc:1048] T 10bfb6d8df8b4ac5a32dd2d49bf9f964 P 6242f2f0c92b4ec9ba657c805f89d9de [LEADER]: Connected to new peer: Peer: permanent_uuid: "acfd1cfc7e244ab5b2a0394bad08f34a" member_type: VOTER last_known_addr { host: "127.16.107.66" port: 41131 }, Status: LMP_MISMATCH, Last received: 0.0, Next index: 1, Last known committed idx: 0, Time since last communication: 0.000s
I20260709 13:04:48.527282 17674 consensus_queue.cc:1048] T 631519f435374bfe8ae8fe23b62cc813 P 6242f2f0c92b4ec9ba657c805f89d9de [LEADER]: Connected to new peer: Peer: permanent_uuid: "acfd1cfc7e244ab5b2a0394bad08f34a" member_type: VOTER last_known_addr { host: "127.16.107.66" port: 41131 }, Status: LMP_MISMATCH, Last received: 0.0, Next index: 1, Last known committed idx: 0, Time since last communication: 0.000s
I20260709 13:04:48.540566 17687 consensus_queue.cc:1048] T 16fdca76ef3e4a36bf0d6adb0b3ba9fc P ca12407c63d24c20a58cb9539d21bd8a [LEADER]: Connected to new peer: Peer: permanent_uuid: "acfd1cfc7e244ab5b2a0394bad08f34a" member_type: VOTER last_known_addr { host: "127.16.107.66" port: 41131 }, Status: LMP_MISMATCH, Last received: 0.0, Next index: 1, Last known committed idx: 0, Time since last communication: 0.000s
I20260709 13:04:48.551395 17643 consensus_queue.cc:1048] T 16fdca76ef3e4a36bf0d6adb0b3ba9fc P ca12407c63d24c20a58cb9539d21bd8a [LEADER]: Connected to new peer: Peer: permanent_uuid: "6242f2f0c92b4ec9ba657c805f89d9de" member_type: VOTER last_known_addr { host: "127.16.107.65" port: 35859 }, Status: LMP_MISMATCH, Last received: 0.0, Next index: 1, Last known committed idx: 0, Time since last communication: 0.000s
I20260709 13:04:48.641670 17643 consensus_queue.cc:1048] T b6c61dd972264b25be34cd22fbc2f53d P ca12407c63d24c20a58cb9539d21bd8a [LEADER]: Connected to new peer: Peer: permanent_uuid: "acfd1cfc7e244ab5b2a0394bad08f34a" member_type: VOTER last_known_addr { host: "127.16.107.66" port: 41131 }, Status: LMP_MISMATCH, Last received: 0.0, Next index: 1, Last known committed idx: 0, Time since last communication: 0.001s
I20260709 13:04:48.655896 17520 tablet_service.cc:2072] Received LeaderStepDown RPC: tablet_id: "9c39ca59401e41389d6f214cdcc115b8"
dest_uuid: "acfd1cfc7e244ab5b2a0394bad08f34a"
mode: GRACEFUL
new_leader_uuid: "6242f2f0c92b4ec9ba657c805f89d9de"
 from {username='slave'} at 127.0.0.1:48742
I20260709 13:04:48.656502 17520 raft_consensus.cc:606] T 9c39ca59401e41389d6f214cdcc115b8 P acfd1cfc7e244ab5b2a0394bad08f34a [term 1 LEADER]: Received request to transfer leadership to TS 6242f2f0c92b4ec9ba657c805f89d9de
I20260709 13:04:48.656490 17643 consensus_queue.cc:1048] T b6c61dd972264b25be34cd22fbc2f53d P ca12407c63d24c20a58cb9539d21bd8a [LEADER]: Connected to new peer: Peer: permanent_uuid: "6242f2f0c92b4ec9ba657c805f89d9de" member_type: VOTER last_known_addr { host: "127.16.107.65" port: 35859 }, Status: LMP_MISMATCH, Last received: 0.0, Next index: 1, Last known committed idx: 0, Time since last communication: 0.001s
I20260709 13:04:48.679443 17593 tablet_service.cc:2072] Received LeaderStepDown RPC: tablet_id: "16fdca76ef3e4a36bf0d6adb0b3ba9fc"
dest_uuid: "ca12407c63d24c20a58cb9539d21bd8a"
mode: GRACEFUL
new_leader_uuid: "6242f2f0c92b4ec9ba657c805f89d9de"
 from {username='slave'} at 127.0.0.1:50188
I20260709 13:04:48.679972 17593 raft_consensus.cc:606] T 16fdca76ef3e4a36bf0d6adb0b3ba9fc P ca12407c63d24c20a58cb9539d21bd8a [term 1 LEADER]: Received request to transfer leadership to TS 6242f2f0c92b4ec9ba657c805f89d9de
I20260709 13:04:48.692737 17444 tablet_service.cc:2072] Received LeaderStepDown RPC: tablet_id: "33456d22e52b4cd89b8986f5e1a30d8c"
dest_uuid: "6242f2f0c92b4ec9ba657c805f89d9de"
mode: GRACEFUL
new_leader_uuid: "acfd1cfc7e244ab5b2a0394bad08f34a"
 from {username='slave'} at 127.0.0.1:57288
I20260709 13:04:48.693252 17444 raft_consensus.cc:606] T 33456d22e52b4cd89b8986f5e1a30d8c P 6242f2f0c92b4ec9ba657c805f89d9de [term 1 LEADER]: Received request to transfer leadership to TS acfd1cfc7e244ab5b2a0394bad08f34a
I20260709 13:04:48.698006 17444 tablet_service.cc:2072] Received LeaderStepDown RPC: tablet_id: "10bfb6d8df8b4ac5a32dd2d49bf9f964"
dest_uuid: "6242f2f0c92b4ec9ba657c805f89d9de"
mode: GRACEFUL
new_leader_uuid: "acfd1cfc7e244ab5b2a0394bad08f34a"
 from {username='slave'} at 127.0.0.1:57288
I20260709 13:04:48.698480 17444 raft_consensus.cc:606] T 10bfb6d8df8b4ac5a32dd2d49bf9f964 P 6242f2f0c92b4ec9ba657c805f89d9de [term 1 LEADER]: Received request to transfer leadership to TS acfd1cfc7e244ab5b2a0394bad08f34a
I20260709 13:04:48.705623 17444 tablet_service.cc:2072] Received LeaderStepDown RPC: tablet_id: "ad0b3dbf0769417eac8a79406da9d98d"
dest_uuid: "6242f2f0c92b4ec9ba657c805f89d9de"
mode: GRACEFUL
new_leader_uuid: "acfd1cfc7e244ab5b2a0394bad08f34a"
 from {username='slave'} at 127.0.0.1:57288
I20260709 13:04:48.706135 17444 raft_consensus.cc:606] T ad0b3dbf0769417eac8a79406da9d98d P 6242f2f0c92b4ec9ba657c805f89d9de [term 1 LEADER]: Received request to transfer leadership to TS acfd1cfc7e244ab5b2a0394bad08f34a
I20260709 13:04:48.706976 17674 consensus_queue.cc:1048] T ad0b3dbf0769417eac8a79406da9d98d P 6242f2f0c92b4ec9ba657c805f89d9de [LEADER]: Connected to new peer: Peer: permanent_uuid: "acfd1cfc7e244ab5b2a0394bad08f34a" member_type: VOTER last_known_addr { host: "127.16.107.66" port: 41131 }, Status: LMP_MISMATCH, Last received: 0.0, Next index: 1, Last known committed idx: 0, Time since last communication: 0.000s
I20260709 13:04:48.713436 17644 raft_consensus.cc:993] T ad0b3dbf0769417eac8a79406da9d98d P 6242f2f0c92b4ec9ba657c805f89d9de: : Instructing follower acfd1cfc7e244ab5b2a0394bad08f34a to start an election
I20260709 13:04:48.713881 17666 raft_consensus.cc:1081] T ad0b3dbf0769417eac8a79406da9d98d P 6242f2f0c92b4ec9ba657c805f89d9de [term 1 LEADER]: Signalling peer acfd1cfc7e244ab5b2a0394bad08f34a to start an election
I20260709 13:04:48.715466 17517 tablet_service.cc:2044] Received Run Leader Election RPC: tablet_id: "ad0b3dbf0769417eac8a79406da9d98d"
dest_uuid: "acfd1cfc7e244ab5b2a0394bad08f34a"
 from {username='slave'} at 127.0.0.1:48720
I20260709 13:04:48.716161 17517 raft_consensus.cc:493] T ad0b3dbf0769417eac8a79406da9d98d P acfd1cfc7e244ab5b2a0394bad08f34a [term 1 FOLLOWER]: Starting forced leader election (received explicit request)
I20260709 13:04:48.716500 17517 raft_consensus.cc:3060] T ad0b3dbf0769417eac8a79406da9d98d P acfd1cfc7e244ab5b2a0394bad08f34a [term 1 FOLLOWER]: Advancing to term 2
I20260709 13:04:48.723384 17517 raft_consensus.cc:515] T ad0b3dbf0769417eac8a79406da9d98d P acfd1cfc7e244ab5b2a0394bad08f34a [term 2 FOLLOWER]: Starting forced leader election with config: opid_index: -1 OBSOLETE_local: false peers { permanent_uuid: "6242f2f0c92b4ec9ba657c805f89d9de" member_type: VOTER last_known_addr { host: "127.16.107.65" port: 35859 } } peers { permanent_uuid: "acfd1cfc7e244ab5b2a0394bad08f34a" member_type: VOTER last_known_addr { host: "127.16.107.66" port: 41131 } } peers { permanent_uuid: "ca12407c63d24c20a58cb9539d21bd8a" member_type: VOTER last_known_addr { host: "127.16.107.67" port: 34047 } }
I20260709 13:04:48.725613 17674 consensus_queue.cc:1048] T ad0b3dbf0769417eac8a79406da9d98d P 6242f2f0c92b4ec9ba657c805f89d9de [LEADER]: Connected to new peer: Peer: permanent_uuid: "ca12407c63d24c20a58cb9539d21bd8a" member_type: VOTER last_known_addr { host: "127.16.107.67" port: 34047 }, Status: LMP_MISMATCH, Last received: 0.0, Next index: 1, Last known committed idx: 0, Time since last communication: 0.000s
I20260709 13:04:48.725817 17444 tablet_service.cc:1917] Received RequestConsensusVote() RPC: tablet_id: "ad0b3dbf0769417eac8a79406da9d98d" candidate_uuid: "acfd1cfc7e244ab5b2a0394bad08f34a" candidate_term: 2 candidate_status { last_received { term: 1 index: 1 } } ignore_live_leader: true dest_uuid: "6242f2f0c92b4ec9ba657c805f89d9de"
I20260709 13:04:48.726065 17593 tablet_service.cc:1917] Received RequestConsensusVote() RPC: tablet_id: "ad0b3dbf0769417eac8a79406da9d98d" candidate_uuid: "acfd1cfc7e244ab5b2a0394bad08f34a" candidate_term: 2 candidate_status { last_received { term: 1 index: 1 } } ignore_live_leader: true dest_uuid: "ca12407c63d24c20a58cb9539d21bd8a"
I20260709 13:04:48.726431 17444 raft_consensus.cc:3055] T ad0b3dbf0769417eac8a79406da9d98d P 6242f2f0c92b4ec9ba657c805f89d9de [term 1 LEADER]: Stepping down as leader of term 1
I20260709 13:04:48.726642 17593 raft_consensus.cc:3060] T ad0b3dbf0769417eac8a79406da9d98d P ca12407c63d24c20a58cb9539d21bd8a [term 1 FOLLOWER]: Advancing to term 2
I20260709 13:04:48.726675 17444 raft_consensus.cc:740] T ad0b3dbf0769417eac8a79406da9d98d P 6242f2f0c92b4ec9ba657c805f89d9de [term 1 LEADER]: Becoming Follower/Learner. State: Replica: 6242f2f0c92b4ec9ba657c805f89d9de, State: Running, Role: LEADER
I20260709 13:04:48.727056 17517 leader_election.cc:290] T ad0b3dbf0769417eac8a79406da9d98d P acfd1cfc7e244ab5b2a0394bad08f34a [CANDIDATE]: Term 2 election: Requested vote from peers 6242f2f0c92b4ec9ba657c805f89d9de (127.16.107.65:35859), ca12407c63d24c20a58cb9539d21bd8a (127.16.107.67:34047)
I20260709 13:04:48.727669 17444 consensus_queue.cc:260] T ad0b3dbf0769417eac8a79406da9d98d P 6242f2f0c92b4ec9ba657c805f89d9de [NON_LEADER]: Queue going to NON_LEADER mode. State: All replicated index: 0, Majority replicated index: 1, Committed index: 1, Last appended: 1.1, Last appended by leader: 1, Current term: 1, Majority size: -1, State: 0, Mode: NON_LEADER, active raft config: opid_index: -1 OBSOLETE_local: false peers { permanent_uuid: "6242f2f0c92b4ec9ba657c805f89d9de" member_type: VOTER last_known_addr { host: "127.16.107.65" port: 35859 } } peers { permanent_uuid: "acfd1cfc7e244ab5b2a0394bad08f34a" member_type: VOTER last_known_addr { host: "127.16.107.66" port: 41131 } } peers { permanent_uuid: "ca12407c63d24c20a58cb9539d21bd8a" member_type: VOTER last_known_addr { host: "127.16.107.67" port: 34047 } }
I20260709 13:04:48.728979 17444 raft_consensus.cc:3060] T ad0b3dbf0769417eac8a79406da9d98d P 6242f2f0c92b4ec9ba657c805f89d9de [term 1 FOLLOWER]: Advancing to term 2
I20260709 13:04:48.732301 17593 raft_consensus.cc:2468] T ad0b3dbf0769417eac8a79406da9d98d P ca12407c63d24c20a58cb9539d21bd8a [term 2 FOLLOWER]: Leader election vote request: Granting yes vote for candidate acfd1cfc7e244ab5b2a0394bad08f34a in term 2.
I20260709 13:04:48.733073 17592 raft_consensus.cc:1240] T ad0b3dbf0769417eac8a79406da9d98d P ca12407c63d24c20a58cb9539d21bd8a [term 2 FOLLOWER]: Rejecting Update request from peer 6242f2f0c92b4ec9ba657c805f89d9de for earlier term 1. Current term is 2. Ops: [1.1-1.1]
I20260709 13:04:48.736398 17486 leader_election.cc:304] T ad0b3dbf0769417eac8a79406da9d98d P acfd1cfc7e244ab5b2a0394bad08f34a [CANDIDATE]: Term 2 election: Election decided. Result: candidate won. Election summary: received 2 responses out of 3 voters: 2 yes votes; 0 no votes. yes voters: acfd1cfc7e244ab5b2a0394bad08f34a, ca12407c63d24c20a58cb9539d21bd8a; no voters: 
I20260709 13:04:48.737226 17641 raft_consensus.cc:2804] T ad0b3dbf0769417eac8a79406da9d98d P acfd1cfc7e244ab5b2a0394bad08f34a [term 2 FOLLOWER]: Leader election won for term 2
I20260709 13:04:48.737742 17641 raft_consensus.cc:697] T ad0b3dbf0769417eac8a79406da9d98d P acfd1cfc7e244ab5b2a0394bad08f34a [term 2 LEADER]: Becoming Leader. State: Replica: acfd1cfc7e244ab5b2a0394bad08f34a, State: Running, Role: LEADER
I20260709 13:04:48.738504 17444 raft_consensus.cc:2468] T ad0b3dbf0769417eac8a79406da9d98d P 6242f2f0c92b4ec9ba657c805f89d9de [term 2 FOLLOWER]: Leader election vote request: Granting yes vote for candidate acfd1cfc7e244ab5b2a0394bad08f34a in term 2.
I20260709 13:04:48.738546 17641 consensus_queue.cc:237] T ad0b3dbf0769417eac8a79406da9d98d P acfd1cfc7e244ab5b2a0394bad08f34a [LEADER]: Queue going to LEADER mode. State: All replicated index: 0, Majority replicated index: 1, Committed index: 1, Last appended: 1.1, Last appended by leader: 1, Current term: 2, Majority size: 2, State: 0, Mode: LEADER, active raft config: opid_index: -1 OBSOLETE_local: false peers { permanent_uuid: "6242f2f0c92b4ec9ba657c805f89d9de" member_type: VOTER last_known_addr { host: "127.16.107.65" port: 35859 } } peers { permanent_uuid: "acfd1cfc7e244ab5b2a0394bad08f34a" member_type: VOTER last_known_addr { host: "127.16.107.66" port: 41131 } } peers { permanent_uuid: "ca12407c63d24c20a58cb9539d21bd8a" member_type: VOTER last_known_addr { host: "127.16.107.67" port: 34047 } }
I20260709 13:04:48.746088 17342 catalog_manager.cc:5697] T ad0b3dbf0769417eac8a79406da9d98d P acfd1cfc7e244ab5b2a0394bad08f34a reported cstate change: term changed from 1 to 2, leader changed from 6242f2f0c92b4ec9ba657c805f89d9de (127.16.107.65) to acfd1cfc7e244ab5b2a0394bad08f34a (127.16.107.66). New cstate: current_term: 2 leader_uuid: "acfd1cfc7e244ab5b2a0394bad08f34a" committed_config { opid_index: -1 OBSOLETE_local: false peers { permanent_uuid: "6242f2f0c92b4ec9ba657c805f89d9de" member_type: VOTER last_known_addr { host: "127.16.107.65" port: 35859 } health_report { overall_health: UNKNOWN } } peers { permanent_uuid: "acfd1cfc7e244ab5b2a0394bad08f34a" member_type: VOTER last_known_addr { host: "127.16.107.66" port: 41131 } health_report { overall_health: HEALTHY } } peers { permanent_uuid: "ca12407c63d24c20a58cb9539d21bd8a" member_type: VOTER last_known_addr { host: "127.16.107.67" port: 34047 } health_report { overall_health: UNKNOWN } } }
I20260709 13:04:48.911815 17679 raft_consensus.cc:993] T 9c39ca59401e41389d6f214cdcc115b8 P acfd1cfc7e244ab5b2a0394bad08f34a: : Instructing follower 6242f2f0c92b4ec9ba657c805f89d9de to start an election
I20260709 13:04:48.912284 17641 raft_consensus.cc:1081] T 9c39ca59401e41389d6f214cdcc115b8 P acfd1cfc7e244ab5b2a0394bad08f34a [term 1 LEADER]: Signalling peer 6242f2f0c92b4ec9ba657c805f89d9de to start an election
I20260709 13:04:48.913897 17444 tablet_service.cc:2044] Received Run Leader Election RPC: tablet_id: "9c39ca59401e41389d6f214cdcc115b8"
dest_uuid: "6242f2f0c92b4ec9ba657c805f89d9de"
 from {username='slave'} at 127.0.0.1:57262
I20260709 13:04:48.914474 17444 raft_consensus.cc:493] T 9c39ca59401e41389d6f214cdcc115b8 P 6242f2f0c92b4ec9ba657c805f89d9de [term 1 FOLLOWER]: Starting forced leader election (received explicit request)
I20260709 13:04:48.914763 17444 raft_consensus.cc:3060] T 9c39ca59401e41389d6f214cdcc115b8 P 6242f2f0c92b4ec9ba657c805f89d9de [term 1 FOLLOWER]: Advancing to term 2
I20260709 13:04:48.919261 17444 raft_consensus.cc:515] T 9c39ca59401e41389d6f214cdcc115b8 P 6242f2f0c92b4ec9ba657c805f89d9de [term 2 FOLLOWER]: Starting forced leader election with config: opid_index: -1 OBSOLETE_local: false peers { permanent_uuid: "6242f2f0c92b4ec9ba657c805f89d9de" member_type: VOTER last_known_addr { host: "127.16.107.65" port: 35859 } } peers { permanent_uuid: "acfd1cfc7e244ab5b2a0394bad08f34a" member_type: VOTER last_known_addr { host: "127.16.107.66" port: 41131 } } peers { permanent_uuid: "ca12407c63d24c20a58cb9539d21bd8a" member_type: VOTER last_known_addr { host: "127.16.107.67" port: 34047 } }
I20260709 13:04:48.921123 17444 leader_election.cc:290] T 9c39ca59401e41389d6f214cdcc115b8 P 6242f2f0c92b4ec9ba657c805f89d9de [CANDIDATE]: Term 2 election: Requested vote from peers acfd1cfc7e244ab5b2a0394bad08f34a (127.16.107.66:41131), ca12407c63d24c20a58cb9539d21bd8a (127.16.107.67:34047)
I20260709 13:04:48.921849 17517 tablet_service.cc:1917] Received RequestConsensusVote() RPC: tablet_id: "9c39ca59401e41389d6f214cdcc115b8" candidate_uuid: "6242f2f0c92b4ec9ba657c805f89d9de" candidate_term: 2 candidate_status { last_received { term: 1 index: 1 } } ignore_live_leader: true dest_uuid: "acfd1cfc7e244ab5b2a0394bad08f34a"
I20260709 13:04:48.922171 17593 tablet_service.cc:1917] Received RequestConsensusVote() RPC: tablet_id: "9c39ca59401e41389d6f214cdcc115b8" candidate_uuid: "6242f2f0c92b4ec9ba657c805f89d9de" candidate_term: 2 candidate_status { last_received { term: 1 index: 1 } } ignore_live_leader: true dest_uuid: "ca12407c63d24c20a58cb9539d21bd8a"
I20260709 13:04:48.922394 17517 raft_consensus.cc:3055] T 9c39ca59401e41389d6f214cdcc115b8 P acfd1cfc7e244ab5b2a0394bad08f34a [term 1 LEADER]: Stepping down as leader of term 1
I20260709 13:04:48.922688 17593 raft_consensus.cc:3060] T 9c39ca59401e41389d6f214cdcc115b8 P ca12407c63d24c20a58cb9539d21bd8a [term 1 FOLLOWER]: Advancing to term 2
I20260709 13:04:48.922720 17517 raft_consensus.cc:740] T 9c39ca59401e41389d6f214cdcc115b8 P acfd1cfc7e244ab5b2a0394bad08f34a [term 1 LEADER]: Becoming Follower/Learner. State: Replica: acfd1cfc7e244ab5b2a0394bad08f34a, State: Running, Role: LEADER
I20260709 13:04:48.923686 17517 consensus_queue.cc:260] T 9c39ca59401e41389d6f214cdcc115b8 P acfd1cfc7e244ab5b2a0394bad08f34a [NON_LEADER]: Queue going to NON_LEADER mode. State: All replicated index: 0, Majority replicated index: 1, Committed index: 1, Last appended: 1.1, Last appended by leader: 1, Current term: 1, Majority size: -1, State: 0, Mode: NON_LEADER, active raft config: opid_index: -1 OBSOLETE_local: false peers { permanent_uuid: "6242f2f0c92b4ec9ba657c805f89d9de" member_type: VOTER last_known_addr { host: "127.16.107.65" port: 35859 } } peers { permanent_uuid: "acfd1cfc7e244ab5b2a0394bad08f34a" member_type: VOTER last_known_addr { host: "127.16.107.66" port: 41131 } } peers { permanent_uuid: "ca12407c63d24c20a58cb9539d21bd8a" member_type: VOTER last_known_addr { host: "127.16.107.67" port: 34047 } }
I20260709 13:04:48.924597 17517 raft_consensus.cc:3060] T 9c39ca59401e41389d6f214cdcc115b8 P acfd1cfc7e244ab5b2a0394bad08f34a [term 1 FOLLOWER]: Advancing to term 2
I20260709 13:04:48.927779 17593 raft_consensus.cc:2468] T 9c39ca59401e41389d6f214cdcc115b8 P ca12407c63d24c20a58cb9539d21bd8a [term 2 FOLLOWER]: Leader election vote request: Granting yes vote for candidate 6242f2f0c92b4ec9ba657c805f89d9de in term 2.
I20260709 13:04:48.928870 17411 leader_election.cc:304] T 9c39ca59401e41389d6f214cdcc115b8 P 6242f2f0c92b4ec9ba657c805f89d9de [CANDIDATE]: Term 2 election: Election decided. Result: candidate won. Election summary: received 2 responses out of 3 voters: 2 yes votes; 0 no votes. yes voters: 6242f2f0c92b4ec9ba657c805f89d9de, ca12407c63d24c20a58cb9539d21bd8a; no voters: 
I20260709 13:04:48.929560 17674 raft_consensus.cc:2804] T 9c39ca59401e41389d6f214cdcc115b8 P 6242f2f0c92b4ec9ba657c805f89d9de [term 2 FOLLOWER]: Leader election won for term 2
I20260709 13:04:48.930020 17674 raft_consensus.cc:697] T 9c39ca59401e41389d6f214cdcc115b8 P 6242f2f0c92b4ec9ba657c805f89d9de [term 2 LEADER]: Becoming Leader. State: Replica: 6242f2f0c92b4ec9ba657c805f89d9de, State: Running, Role: LEADER
I20260709 13:04:48.930473 17517 raft_consensus.cc:2468] T 9c39ca59401e41389d6f214cdcc115b8 P acfd1cfc7e244ab5b2a0394bad08f34a [term 2 FOLLOWER]: Leader election vote request: Granting yes vote for candidate 6242f2f0c92b4ec9ba657c805f89d9de in term 2.
I20260709 13:04:48.930863 17674 consensus_queue.cc:237] T 9c39ca59401e41389d6f214cdcc115b8 P 6242f2f0c92b4ec9ba657c805f89d9de [LEADER]: Queue going to LEADER mode. State: All replicated index: 0, Majority replicated index: 1, Committed index: 1, Last appended: 1.1, Last appended by leader: 1, Current term: 2, Majority size: 2, State: 0, Mode: LEADER, active raft config: opid_index: -1 OBSOLETE_local: false peers { permanent_uuid: "6242f2f0c92b4ec9ba657c805f89d9de" member_type: VOTER last_known_addr { host: "127.16.107.65" port: 35859 } } peers { permanent_uuid: "acfd1cfc7e244ab5b2a0394bad08f34a" member_type: VOTER last_known_addr { host: "127.16.107.66" port: 41131 } } peers { permanent_uuid: "ca12407c63d24c20a58cb9539d21bd8a" member_type: VOTER last_known_addr { host: "127.16.107.67" port: 34047 } }
I20260709 13:04:48.937151 17342 catalog_manager.cc:5697] T 9c39ca59401e41389d6f214cdcc115b8 P 6242f2f0c92b4ec9ba657c805f89d9de reported cstate change: term changed from 1 to 2, leader changed from acfd1cfc7e244ab5b2a0394bad08f34a (127.16.107.66) to 6242f2f0c92b4ec9ba657c805f89d9de (127.16.107.65). New cstate: current_term: 2 leader_uuid: "6242f2f0c92b4ec9ba657c805f89d9de" committed_config { opid_index: -1 OBSOLETE_local: false peers { permanent_uuid: "6242f2f0c92b4ec9ba657c805f89d9de" member_type: VOTER last_known_addr { host: "127.16.107.65" port: 35859 } health_report { overall_health: HEALTHY } } peers { permanent_uuid: "acfd1cfc7e244ab5b2a0394bad08f34a" member_type: VOTER last_known_addr { host: "127.16.107.66" port: 41131 } health_report { overall_health: UNKNOWN } } peers { permanent_uuid: "ca12407c63d24c20a58cb9539d21bd8a" member_type: VOTER last_known_addr { host: "127.16.107.67" port: 34047 } health_report { overall_health: UNKNOWN } } }
I20260709 13:04:48.959496 17678 raft_consensus.cc:993] T 10bfb6d8df8b4ac5a32dd2d49bf9f964 P 6242f2f0c92b4ec9ba657c805f89d9de: : Instructing follower acfd1cfc7e244ab5b2a0394bad08f34a to start an election
I20260709 13:04:48.959955 17678 raft_consensus.cc:1081] T 10bfb6d8df8b4ac5a32dd2d49bf9f964 P 6242f2f0c92b4ec9ba657c805f89d9de [term 1 LEADER]: Signalling peer acfd1cfc7e244ab5b2a0394bad08f34a to start an election
I20260709 13:04:48.960873 17643 raft_consensus.cc:993] T 16fdca76ef3e4a36bf0d6adb0b3ba9fc P ca12407c63d24c20a58cb9539d21bd8a: : Instructing follower 6242f2f0c92b4ec9ba657c805f89d9de to start an election
I20260709 13:04:48.961289 17643 raft_consensus.cc:1081] T 16fdca76ef3e4a36bf0d6adb0b3ba9fc P ca12407c63d24c20a58cb9539d21bd8a [term 1 LEADER]: Signalling peer 6242f2f0c92b4ec9ba657c805f89d9de to start an election
I20260709 13:04:48.961557 17517 tablet_service.cc:2044] Received Run Leader Election RPC: tablet_id: "10bfb6d8df8b4ac5a32dd2d49bf9f964"
dest_uuid: "acfd1cfc7e244ab5b2a0394bad08f34a"
 from {username='slave'} at 127.0.0.1:48720
I20260709 13:04:48.962105 17517 raft_consensus.cc:493] T 10bfb6d8df8b4ac5a32dd2d49bf9f964 P acfd1cfc7e244ab5b2a0394bad08f34a [term 1 FOLLOWER]: Starting forced leader election (received explicit request)
I20260709 13:04:48.962491 17517 raft_consensus.cc:3060] T 10bfb6d8df8b4ac5a32dd2d49bf9f964 P acfd1cfc7e244ab5b2a0394bad08f34a [term 1 FOLLOWER]: Advancing to term 2
I20260709 13:04:48.962870 17444 tablet_service.cc:2044] Received Run Leader Election RPC: tablet_id: "16fdca76ef3e4a36bf0d6adb0b3ba9fc"
dest_uuid: "6242f2f0c92b4ec9ba657c805f89d9de"
 from {username='slave'} at 127.0.0.1:57276
I20260709 13:04:48.963421 17444 raft_consensus.cc:493] T 16fdca76ef3e4a36bf0d6adb0b3ba9fc P 6242f2f0c92b4ec9ba657c805f89d9de [term 1 FOLLOWER]: Starting forced leader election (received explicit request)
I20260709 13:04:48.963778 17444 raft_consensus.cc:3060] T 16fdca76ef3e4a36bf0d6adb0b3ba9fc P 6242f2f0c92b4ec9ba657c805f89d9de [term 1 FOLLOWER]: Advancing to term 2
