I20260709 13:05:09.382992 14532 tablet_bootstrap.cc:492] T 33c3db481c614263b2075fd90fa57e16 P 95f8137827224f1e947f07481d225e35: Bootstrap starting.
I20260709 13:05:09.383705 14538 raft_consensus.cc:359] T 83f969d9690148ed9db445409bf0cb4e P 9bf8ffc05a0b4d5b92958d1052964f6b [term 0 FOLLOWER]: Replica starting. Triggering 0 pending ops. Active config: opid_index: -1 OBSOLETE_local: false peers { permanent_uuid: "39dbff00cabe4346a402bdb8a7ec65f0" member_type: VOTER last_known_addr { host: "127.12.235.129" port: 39697 } } peers { permanent_uuid: "9bf8ffc05a0b4d5b92958d1052964f6b" member_type: VOTER last_known_addr { host: "127.12.235.130" port: 35013 } } peers { permanent_uuid: "95f8137827224f1e947f07481d225e35" member_type: VOTER last_known_addr { host: "127.12.235.131" port: 44159 } }
I20260709 13:05:09.384363 14538 raft_consensus.cc:385] T 83f969d9690148ed9db445409bf0cb4e P 9bf8ffc05a0b4d5b92958d1052964f6b [term 0 FOLLOWER]: Consensus starting up: Expiring failure detector timer to make a prompt election more likely
I20260709 13:05:09.389385 14488 tablet_service.cc:1917] Received RequestConsensusVote() RPC: tablet_id: "fd6e5506bc784f9198fad765d90c1616" candidate_uuid: "39dbff00cabe4346a402bdb8a7ec65f0" candidate_term: 1 candidate_status { last_received { term: 0 index: 0 } } ignore_live_leader: false dest_uuid: "95f8137827224f1e947f07481d225e35" is_pre_election: true
I20260709 13:05:09.390254 14532 tablet_bootstrap.cc:654] T 33c3db481c614263b2075fd90fa57e16 P 95f8137827224f1e947f07481d225e35: Neither blocks nor log segments found. Creating new log.
I20260709 13:05:09.390338 14488 raft_consensus.cc:2468] T fd6e5506bc784f9198fad765d90c1616 P 95f8137827224f1e947f07481d225e35 [term 0 FOLLOWER]: Leader pre-election vote request: Granting yes vote for candidate 39dbff00cabe4346a402bdb8a7ec65f0 in term 0.
I20260709 13:05:09.380072 14531 tablet_bootstrap.cc:492] T 757007ce2c42472d94afc92ac49ffb1c P 39dbff00cabe4346a402bdb8a7ec65f0: No bootstrap required, opened a new log
I20260709 13:05:09.395567 14308 leader_election.cc:304] T fd6e5506bc784f9198fad765d90c1616 P 39dbff00cabe4346a402bdb8a7ec65f0 [CANDIDATE]: Term 1 pre-election: Election decided. Result: candidate won. Election summary: received 3 responses out of 3 voters: 2 yes votes; 1 no votes. yes voters: 39dbff00cabe4346a402bdb8a7ec65f0, 95f8137827224f1e947f07481d225e35; no voters: 9bf8ffc05a0b4d5b92958d1052964f6b
I20260709 13:05:09.396746 14673 raft_consensus.cc:2804] T fd6e5506bc784f9198fad765d90c1616 P 39dbff00cabe4346a402bdb8a7ec65f0 [term 0 FOLLOWER]: Leader pre-election won for term 1
I20260709 13:05:09.397141 14673 raft_consensus.cc:493] T fd6e5506bc784f9198fad765d90c1616 P 39dbff00cabe4346a402bdb8a7ec65f0 [term 0 FOLLOWER]: Starting leader election (no leader contacted us within the election timeout)
I20260709 13:05:09.397505 14673 raft_consensus.cc:3060] T fd6e5506bc784f9198fad765d90c1616 P 39dbff00cabe4346a402bdb8a7ec65f0 [term 0 FOLLOWER]: Advancing to term 1
I20260709 13:05:09.401244 14764 raft_consensus.cc:493] T 472c76fe776f43988148df6872eb01d2 P 95f8137827224f1e947f07481d225e35 [term 0 FOLLOWER]: Starting pre-election (no leader contacted us within the election timeout)
I20260709 13:05:09.401906 14764 raft_consensus.cc:515] T 472c76fe776f43988148df6872eb01d2 P 95f8137827224f1e947f07481d225e35 [term 0 FOLLOWER]: Starting pre-election with config: opid_index: -1 OBSOLETE_local: false peers { permanent_uuid: "39dbff00cabe4346a402bdb8a7ec65f0" member_type: VOTER last_known_addr { host: "127.12.235.129" port: 39697 } } peers { permanent_uuid: "9bf8ffc05a0b4d5b92958d1052964f6b" member_type: VOTER last_known_addr { host: "127.12.235.130" port: 35013 } } peers { permanent_uuid: "95f8137827224f1e947f07481d225e35" member_type: VOTER last_known_addr { host: "127.12.235.131" port: 44159 } }
I20260709 13:05:09.403713 14532 tablet_bootstrap.cc:492] T 33c3db481c614263b2075fd90fa57e16 P 95f8137827224f1e947f07481d225e35: No bootstrap required, opened a new log
I20260709 13:05:09.404207 14532 ts_tablet_manager.cc:1403] T 33c3db481c614263b2075fd90fa57e16 P 95f8137827224f1e947f07481d225e35: Time spent bootstrapping tablet: real 0.021s	user 0.005s	sys 0.012s
I20260709 13:05:09.404808 14764 leader_election.cc:290] T 472c76fe776f43988148df6872eb01d2 P 95f8137827224f1e947f07481d225e35 [CANDIDATE]: Term 1 pre-election: Requested pre-vote from peers 39dbff00cabe4346a402bdb8a7ec65f0 (127.12.235.129:39697), 9bf8ffc05a0b4d5b92958d1052964f6b (127.12.235.130:35013)
I20260709 13:05:09.394522 14531 ts_tablet_manager.cc:1403] T 757007ce2c42472d94afc92ac49ffb1c P 39dbff00cabe4346a402bdb8a7ec65f0: Time spent bootstrapping tablet: real 0.056s	user 0.008s	sys 0.005s
I20260709 13:05:09.409091 14532 raft_consensus.cc:359] T 33c3db481c614263b2075fd90fa57e16 P 95f8137827224f1e947f07481d225e35 [term 0 FOLLOWER]: Replica starting. Triggering 0 pending ops. Active config: opid_index: -1 OBSOLETE_local: false peers { permanent_uuid: "39dbff00cabe4346a402bdb8a7ec65f0" member_type: VOTER last_known_addr { host: "127.12.235.129" port: 39697 } } peers { permanent_uuid: "9bf8ffc05a0b4d5b92958d1052964f6b" member_type: VOTER last_known_addr { host: "127.12.235.130" port: 35013 } } peers { permanent_uuid: "95f8137827224f1e947f07481d225e35" member_type: VOTER last_known_addr { host: "127.12.235.131" port: 44159 } }
I20260709 13:05:09.409825 14532 raft_consensus.cc:385] T 33c3db481c614263b2075fd90fa57e16 P 95f8137827224f1e947f07481d225e35 [term 0 FOLLOWER]: Consensus starting up: Expiring failure detector timer to make a prompt election more likely
I20260709 13:05:09.410107 14532 raft_consensus.cc:740] T 33c3db481c614263b2075fd90fa57e16 P 95f8137827224f1e947f07481d225e35 [term 0 FOLLOWER]: Becoming Follower/Learner. State: Replica: 95f8137827224f1e947f07481d225e35, State: Initialized, Role: FOLLOWER
I20260709 13:05:09.414894 14532 consensus_queue.cc:260] T 33c3db481c614263b2075fd90fa57e16 P 95f8137827224f1e947f07481d225e35 [NON_LEADER]: Queue going to NON_LEADER mode. State: All replicated index: 0, Majority replicated index: 0, Committed index: 0, Last appended: 0.0, Last appended by leader: 0, Current term: 0, Majority size: -1, State: 0, Mode: NON_LEADER, active raft config: opid_index: -1 OBSOLETE_local: false peers { permanent_uuid: "39dbff00cabe4346a402bdb8a7ec65f0" member_type: VOTER last_known_addr { host: "127.12.235.129" port: 39697 } } peers { permanent_uuid: "9bf8ffc05a0b4d5b92958d1052964f6b" member_type: VOTER last_known_addr { host: "127.12.235.130" port: 35013 } } peers { permanent_uuid: "95f8137827224f1e947f07481d225e35" member_type: VOTER last_known_addr { host: "127.12.235.131" port: 44159 } }
I20260709 13:05:09.416930 14532 ts_tablet_manager.cc:1434] T 33c3db481c614263b2075fd90fa57e16 P 95f8137827224f1e947f07481d225e35: Time spent starting tablet: real 0.012s	user 0.008s	sys 0.000s
I20260709 13:05:09.417966 14532 tablet_bootstrap.cc:492] T 315f3e2e7f614394ab8205b1703824df P 95f8137827224f1e947f07481d225e35: Bootstrap starting.
I20260709 13:05:09.418547 14339 tablet_service.cc:1917] Received RequestConsensusVote() RPC: tablet_id: "472c76fe776f43988148df6872eb01d2" candidate_uuid: "95f8137827224f1e947f07481d225e35" candidate_term: 1 candidate_status { last_received { term: 0 index: 0 } } ignore_live_leader: false dest_uuid: "39dbff00cabe4346a402bdb8a7ec65f0" is_pre_election: true
I20260709 13:05:09.419485 14339 raft_consensus.cc:2468] T 472c76fe776f43988148df6872eb01d2 P 39dbff00cabe4346a402bdb8a7ec65f0 [term 0 FOLLOWER]: Leader pre-election vote request: Granting yes vote for candidate 95f8137827224f1e947f07481d225e35 in term 0.
I20260709 13:05:09.422216 14412 tablet_service.cc:1917] Received RequestConsensusVote() RPC: tablet_id: "472c76fe776f43988148df6872eb01d2" candidate_uuid: "95f8137827224f1e947f07481d225e35" candidate_term: 1 candidate_status { last_received { term: 0 index: 0 } } ignore_live_leader: false dest_uuid: "9bf8ffc05a0b4d5b92958d1052964f6b" is_pre_election: true
I20260709 13:05:09.424356 14531 raft_consensus.cc:359] T 757007ce2c42472d94afc92ac49ffb1c P 39dbff00cabe4346a402bdb8a7ec65f0 [term 0 FOLLOWER]: Replica starting. Triggering 0 pending ops. Active config: opid_index: -1 OBSOLETE_local: false peers { permanent_uuid: "39dbff00cabe4346a402bdb8a7ec65f0" member_type: VOTER last_known_addr { host: "127.12.235.129" port: 39697 } } peers { permanent_uuid: "9bf8ffc05a0b4d5b92958d1052964f6b" member_type: VOTER last_known_addr { host: "127.12.235.130" port: 35013 } } peers { permanent_uuid: "95f8137827224f1e947f07481d225e35" member_type: VOTER last_known_addr { host: "127.12.235.131" port: 44159 } }
I20260709 13:05:09.425124 14532 tablet_bootstrap.cc:654] T 315f3e2e7f614394ab8205b1703824df P 95f8137827224f1e947f07481d225e35: Neither blocks nor log segments found. Creating new log.
I20260709 13:05:09.384614 14538 raft_consensus.cc:740] T 83f969d9690148ed9db445409bf0cb4e P 9bf8ffc05a0b4d5b92958d1052964f6b [term 0 FOLLOWER]: Becoming Follower/Learner. State: Replica: 9bf8ffc05a0b4d5b92958d1052964f6b, State: Initialized, Role: FOLLOWER
I20260709 13:05:09.425125 14531 raft_consensus.cc:385] T 757007ce2c42472d94afc92ac49ffb1c P 39dbff00cabe4346a402bdb8a7ec65f0 [term 0 FOLLOWER]: Consensus starting up: Expiring failure detector timer to make a prompt election more likely
I20260709 13:05:09.428450 14531 raft_consensus.cc:740] T 757007ce2c42472d94afc92ac49ffb1c P 39dbff00cabe4346a402bdb8a7ec65f0 [term 0 FOLLOWER]: Becoming Follower/Learner. State: Replica: 39dbff00cabe4346a402bdb8a7ec65f0, State: Initialized, Role: FOLLOWER
I20260709 13:05:09.428665 14538 consensus_queue.cc:260] T 83f969d9690148ed9db445409bf0cb4e P 9bf8ffc05a0b4d5b92958d1052964f6b [NON_LEADER]: Queue going to NON_LEADER mode. State: All replicated index: 0, Majority replicated index: 0, Committed index: 0, Last appended: 0.0, Last appended by leader: 0, Current term: 0, Majority size: -1, State: 0, Mode: NON_LEADER, active raft config: opid_index: -1 OBSOLETE_local: false peers { permanent_uuid: "39dbff00cabe4346a402bdb8a7ec65f0" member_type: VOTER last_known_addr { host: "127.12.235.129" port: 39697 } } peers { permanent_uuid: "9bf8ffc05a0b4d5b92958d1052964f6b" member_type: VOTER last_known_addr { host: "127.12.235.130" port: 35013 } } peers { permanent_uuid: "95f8137827224f1e947f07481d225e35" member_type: VOTER last_known_addr { host: "127.12.235.131" port: 44159 } }
I20260709 13:05:09.429270 14531 consensus_queue.cc:260] T 757007ce2c42472d94afc92ac49ffb1c P 39dbff00cabe4346a402bdb8a7ec65f0 [NON_LEADER]: Queue going to NON_LEADER mode. State: All replicated index: 0, Majority replicated index: 0, Committed index: 0, Last appended: 0.0, Last appended by leader: 0, Current term: 0, Majority size: -1, State: 0, Mode: NON_LEADER, active raft config: opid_index: -1 OBSOLETE_local: false peers { permanent_uuid: "39dbff00cabe4346a402bdb8a7ec65f0" member_type: VOTER last_known_addr { host: "127.12.235.129" port: 39697 } } peers { permanent_uuid: "9bf8ffc05a0b4d5b92958d1052964f6b" member_type: VOTER last_known_addr { host: "127.12.235.130" port: 35013 } } peers { permanent_uuid: "95f8137827224f1e947f07481d225e35" member_type: VOTER last_known_addr { host: "127.12.235.131" port: 44159 } }
W20260709 13:05:09.431905 14457 leader_election.cc:343] T 472c76fe776f43988148df6872eb01d2 P 95f8137827224f1e947f07481d225e35 [CANDIDATE]: Term 1 pre-election: Tablet error from VoteRequest() call to peer 9bf8ffc05a0b4d5b92958d1052964f6b (127.12.235.130:35013): Illegal state: must be running to vote when last-logged opid is not known
I20260709 13:05:09.436385 14538 ts_tablet_manager.cc:1434] T 83f969d9690148ed9db445409bf0cb4e P 9bf8ffc05a0b4d5b92958d1052964f6b: Time spent starting tablet: real 0.055s	user 0.004s	sys 0.002s
I20260709 13:05:09.437438 14538 tablet_bootstrap.cc:492] T 472c76fe776f43988148df6872eb01d2 P 9bf8ffc05a0b4d5b92958d1052964f6b: Bootstrap starting.
I20260709 13:05:09.437719 14532 tablet_bootstrap.cc:492] T 315f3e2e7f614394ab8205b1703824df P 95f8137827224f1e947f07481d225e35: No bootstrap required, opened a new log
I20260709 13:05:09.438275 14532 ts_tablet_manager.cc:1403] T 315f3e2e7f614394ab8205b1703824df P 95f8137827224f1e947f07481d225e35: Time spent bootstrapping tablet: real 0.021s	user 0.012s	sys 0.000s
I20260709 13:05:09.440938 14531 ts_tablet_manager.cc:1434] T 757007ce2c42472d94afc92ac49ffb1c P 39dbff00cabe4346a402bdb8a7ec65f0: Time spent starting tablet: real 0.036s	user 0.007s	sys 0.003s
I20260709 13:05:09.428439 14673 raft_consensus.cc:515] T fd6e5506bc784f9198fad765d90c1616 P 39dbff00cabe4346a402bdb8a7ec65f0 [term 1 FOLLOWER]: Starting leader election with config: opid_index: -1 OBSOLETE_local: false peers { permanent_uuid: "39dbff00cabe4346a402bdb8a7ec65f0" member_type: VOTER last_known_addr { host: "127.12.235.129" port: 39697 } } peers { permanent_uuid: "9bf8ffc05a0b4d5b92958d1052964f6b" member_type: VOTER last_known_addr { host: "127.12.235.130" port: 35013 } } peers { permanent_uuid: "95f8137827224f1e947f07481d225e35" member_type: VOTER last_known_addr { host: "127.12.235.131" port: 44159 } }
I20260709 13:05:09.455282 14538 tablet_bootstrap.cc:654] T 472c76fe776f43988148df6872eb01d2 P 9bf8ffc05a0b4d5b92958d1052964f6b: Neither blocks nor log segments found. Creating new log.
I20260709 13:05:09.456306 14457 leader_election.cc:304] T 472c76fe776f43988148df6872eb01d2 P 95f8137827224f1e947f07481d225e35 [CANDIDATE]: Term 1 pre-election: Election decided. Result: candidate won. Election summary: received 3 responses out of 3 voters: 2 yes votes; 1 no votes. yes voters: 39dbff00cabe4346a402bdb8a7ec65f0, 95f8137827224f1e947f07481d225e35; no voters: 9bf8ffc05a0b4d5b92958d1052964f6b
I20260709 13:05:09.442278 14531 tablet_bootstrap.cc:492] T 315f3e2e7f614394ab8205b1703824df P 39dbff00cabe4346a402bdb8a7ec65f0: Bootstrap starting.
I20260709 13:05:09.450891 14532 raft_consensus.cc:359] T 315f3e2e7f614394ab8205b1703824df P 95f8137827224f1e947f07481d225e35 [term 0 FOLLOWER]: Replica starting. Triggering 0 pending ops. Active config: opid_index: -1 OBSOLETE_local: false peers { permanent_uuid: "39dbff00cabe4346a402bdb8a7ec65f0" member_type: VOTER last_known_addr { host: "127.12.235.129" port: 39697 } } peers { permanent_uuid: "9bf8ffc05a0b4d5b92958d1052964f6b" member_type: VOTER last_known_addr { host: "127.12.235.130" port: 35013 } } peers { permanent_uuid: "95f8137827224f1e947f07481d225e35" member_type: VOTER last_known_addr { host: "127.12.235.131" port: 44159 } }
I20260709 13:05:09.457929 14532 raft_consensus.cc:385] T 315f3e2e7f614394ab8205b1703824df P 95f8137827224f1e947f07481d225e35 [term 0 FOLLOWER]: Consensus starting up: Expiring failure detector timer to make a prompt election more likely
I20260709 13:05:09.458317 14532 raft_consensus.cc:740] T 315f3e2e7f614394ab8205b1703824df P 95f8137827224f1e947f07481d225e35 [term 0 FOLLOWER]: Becoming Follower/Learner. State: Replica: 95f8137827224f1e947f07481d225e35, State: Initialized, Role: FOLLOWER
I20260709 13:05:09.459646 14532 consensus_queue.cc:260] T 315f3e2e7f614394ab8205b1703824df P 95f8137827224f1e947f07481d225e35 [NON_LEADER]: Queue going to NON_LEADER mode. State: All replicated index: 0, Majority replicated index: 0, Committed index: 0, Last appended: 0.0, Last appended by leader: 0, Current term: 0, Majority size: -1, State: 0, Mode: NON_LEADER, active raft config: opid_index: -1 OBSOLETE_local: false peers { permanent_uuid: "39dbff00cabe4346a402bdb8a7ec65f0" member_type: VOTER last_known_addr { host: "127.12.235.129" port: 39697 } } peers { permanent_uuid: "9bf8ffc05a0b4d5b92958d1052964f6b" member_type: VOTER last_known_addr { host: "127.12.235.130" port: 35013 } } peers { permanent_uuid: "95f8137827224f1e947f07481d225e35" member_type: VOTER last_known_addr { host: "127.12.235.131" port: 44159 } }
I20260709 13:05:09.464610 14572 raft_consensus.cc:2804] T 472c76fe776f43988148df6872eb01d2 P 95f8137827224f1e947f07481d225e35 [term 0 FOLLOWER]: Leader pre-election won for term 1
I20260709 13:05:09.465068 14673 leader_election.cc:290] T fd6e5506bc784f9198fad765d90c1616 P 39dbff00cabe4346a402bdb8a7ec65f0 [CANDIDATE]: Term 1 election: Requested vote from peers 9bf8ffc05a0b4d5b92958d1052964f6b (127.12.235.130:35013), 95f8137827224f1e947f07481d225e35 (127.12.235.131:44159)
I20260709 13:05:09.465168 14572 raft_consensus.cc:493] T 472c76fe776f43988148df6872eb01d2 P 95f8137827224f1e947f07481d225e35 [term 0 FOLLOWER]: Starting leader election (no leader contacted us within the election timeout)
I20260709 13:05:09.465425 14764 raft_consensus.cc:493] T 33c3db481c614263b2075fd90fa57e16 P 95f8137827224f1e947f07481d225e35 [term 0 FOLLOWER]: Starting pre-election (no leader contacted us within the election timeout)
I20260709 13:05:09.465711 14572 raft_consensus.cc:3060] T 472c76fe776f43988148df6872eb01d2 P 95f8137827224f1e947f07481d225e35 [term 0 FOLLOWER]: Advancing to term 1
I20260709 13:05:09.465939 14764 raft_consensus.cc:515] T 33c3db481c614263b2075fd90fa57e16 P 95f8137827224f1e947f07481d225e35 [term 0 FOLLOWER]: Starting pre-election with config: opid_index: -1 OBSOLETE_local: false peers { permanent_uuid: "39dbff00cabe4346a402bdb8a7ec65f0" member_type: VOTER last_known_addr { host: "127.12.235.129" port: 39697 } } peers { permanent_uuid: "9bf8ffc05a0b4d5b92958d1052964f6b" member_type: VOTER last_known_addr { host: "127.12.235.130" port: 35013 } } peers { permanent_uuid: "95f8137827224f1e947f07481d225e35" member_type: VOTER last_known_addr { host: "127.12.235.131" port: 44159 } }
I20260709 13:05:09.468946 14764 leader_election.cc:290] T 33c3db481c614263b2075fd90fa57e16 P 95f8137827224f1e947f07481d225e35 [CANDIDATE]: Term 1 pre-election: Requested pre-vote from peers 39dbff00cabe4346a402bdb8a7ec65f0 (127.12.235.129:39697), 9bf8ffc05a0b4d5b92958d1052964f6b (127.12.235.130:35013)
I20260709 13:05:09.470749 14412 raft_consensus.cc:1275] T 913547e11a02404b95c95b46a3974063 P 9bf8ffc05a0b4d5b92958d1052964f6b [term 2 FOLLOWER]: Refusing update from remote peer 39dbff00cabe4346a402bdb8a7ec65f0: Log matching property violated. Preceding OpId in replica: term: 0 index: 0. Preceding OpId from leader: term: 2 index: 1. (index mismatch)
I20260709 13:05:09.471624 14415 tablet_service.cc:1917] Received RequestConsensusVote() RPC: tablet_id: "fd6e5506bc784f9198fad765d90c1616" candidate_uuid: "39dbff00cabe4346a402bdb8a7ec65f0" candidate_term: 1 candidate_status { last_received { term: 0 index: 0 } } ignore_live_leader: false dest_uuid: "9bf8ffc05a0b4d5b92958d1052964f6b"
I20260709 13:05:09.476469 14715 consensus_queue.cc:1048] T 913547e11a02404b95c95b46a3974063 P 39dbff00cabe4346a402bdb8a7ec65f0 [LEADER]: Connected to new peer: Peer: permanent_uuid: "9bf8ffc05a0b4d5b92958d1052964f6b" member_type: VOTER last_known_addr { host: "127.12.235.130" port: 35013 }, Status: LMP_MISMATCH, Last received: 0.0, Next index: 1, Last known committed idx: 0, Time since last communication: 0.000s
I20260709 13:05:09.476612 14415 tablet_service.cc:1917] Received RequestConsensusVote() RPC: tablet_id: "33c3db481c614263b2075fd90fa57e16" candidate_uuid: "95f8137827224f1e947f07481d225e35" candidate_term: 1 candidate_status { last_received { term: 0 index: 0 } } ignore_live_leader: false dest_uuid: "9bf8ffc05a0b4d5b92958d1052964f6b" is_pre_election: true
I20260709 13:05:09.476991 14339 tablet_service.cc:1917] Received RequestConsensusVote() RPC: tablet_id: "33c3db481c614263b2075fd90fa57e16" candidate_uuid: "95f8137827224f1e947f07481d225e35" candidate_term: 1 candidate_status { last_received { term: 0 index: 0 } } ignore_live_leader: false dest_uuid: "39dbff00cabe4346a402bdb8a7ec65f0" is_pre_election: true
I20260709 13:05:09.478597 14486 tablet_service.cc:1917] Received RequestConsensusVote() RPC: tablet_id: "fd6e5506bc784f9198fad765d90c1616" candidate_uuid: "39dbff00cabe4346a402bdb8a7ec65f0" candidate_term: 1 candidate_status { last_received { term: 0 index: 0 } } ignore_live_leader: false dest_uuid: "95f8137827224f1e947f07481d225e35"
W20260709 13:05:09.479072 14308 leader_election.cc:343] T fd6e5506bc784f9198fad765d90c1616 P 39dbff00cabe4346a402bdb8a7ec65f0 [CANDIDATE]: Term 1 election: Tablet error from VoteRequest() call to peer 9bf8ffc05a0b4d5b92958d1052964f6b (127.12.235.130:35013): Illegal state: must be running to vote when last-logged opid is not known
I20260709 13:05:09.479185 14486 raft_consensus.cc:3060] T fd6e5506bc784f9198fad765d90c1616 P 95f8137827224f1e947f07481d225e35 [term 0 FOLLOWER]: Advancing to term 1
I20260709 13:05:09.486145 14572 raft_consensus.cc:515] T 472c76fe776f43988148df6872eb01d2 P 95f8137827224f1e947f07481d225e35 [term 1 FOLLOWER]: Starting leader election with config: opid_index: -1 OBSOLETE_local: false peers { permanent_uuid: "39dbff00cabe4346a402bdb8a7ec65f0" member_type: VOTER last_known_addr { host: "127.12.235.129" port: 39697 } } peers { permanent_uuid: "9bf8ffc05a0b4d5b92958d1052964f6b" member_type: VOTER last_known_addr { host: "127.12.235.130" port: 35013 } } peers { permanent_uuid: "95f8137827224f1e947f07481d225e35" member_type: VOTER last_known_addr { host: "127.12.235.131" port: 44159 } }
I20260709 13:05:09.488409 14572 leader_election.cc:290] T 472c76fe776f43988148df6872eb01d2 P 95f8137827224f1e947f07481d225e35 [CANDIDATE]: Term 1 election: Requested vote from peers 39dbff00cabe4346a402bdb8a7ec65f0 (127.12.235.129:39697), 9bf8ffc05a0b4d5b92958d1052964f6b (127.12.235.130:35013)
I20260709 13:05:09.489526 14796 raft_consensus.cc:493] T 7115bafee71a4757946bfa9cfc8bf2c4 P 9bf8ffc05a0b4d5b92958d1052964f6b [term 0 FOLLOWER]: Starting pre-election (no leader contacted us within the election timeout)
I20260709 13:05:09.490233 14339 tablet_service.cc:1917] Received RequestConsensusVote() RPC: tablet_id: "472c76fe776f43988148df6872eb01d2" candidate_uuid: "95f8137827224f1e947f07481d225e35" candidate_term: 1 candidate_status { last_received { term: 0 index: 0 } } ignore_live_leader: false dest_uuid: "39dbff00cabe4346a402bdb8a7ec65f0"
I20260709 13:05:09.490056 14796 raft_consensus.cc:515] T 7115bafee71a4757946bfa9cfc8bf2c4 P 9bf8ffc05a0b4d5b92958d1052964f6b [term 0 FOLLOWER]: Starting pre-election with config: opid_index: -1 OBSOLETE_local: false peers { permanent_uuid: "39dbff00cabe4346a402bdb8a7ec65f0" member_type: VOTER last_known_addr { host: "127.12.235.129" port: 39697 } } peers { permanent_uuid: "9bf8ffc05a0b4d5b92958d1052964f6b" member_type: VOTER last_known_addr { host: "127.12.235.130" port: 35013 } } peers { permanent_uuid: "95f8137827224f1e947f07481d225e35" member_type: VOTER last_known_addr { host: "127.12.235.131" port: 44159 } }
I20260709 13:05:09.490904 14339 raft_consensus.cc:3060] T 472c76fe776f43988148df6872eb01d2 P 39dbff00cabe4346a402bdb8a7ec65f0 [term 0 FOLLOWER]: Advancing to term 1
I20260709 13:05:09.493707 14338 tablet_service.cc:1917] Received RequestConsensusVote() RPC: tablet_id: "7115bafee71a4757946bfa9cfc8bf2c4" candidate_uuid: "9bf8ffc05a0b4d5b92958d1052964f6b" candidate_term: 1 candidate_status { last_received { term: 0 index: 0 } } ignore_live_leader: false dest_uuid: "39dbff00cabe4346a402bdb8a7ec65f0" is_pre_election: true
I20260709 13:05:09.493510 14532 ts_tablet_manager.cc:1434] T 315f3e2e7f614394ab8205b1703824df P 95f8137827224f1e947f07481d225e35: Time spent starting tablet: real 0.055s	user 0.024s	sys 0.010s
I20260709 13:05:09.495441 14532 tablet_bootstrap.cc:492] T 8d978eb00379422da03ebde72c5be205 P 95f8137827224f1e947f07481d225e35: Bootstrap starting.
I20260709 13:05:09.497447 14488 tablet_service.cc:1917] Received RequestConsensusVote() RPC: tablet_id: "7115bafee71a4757946bfa9cfc8bf2c4" candidate_uuid: "9bf8ffc05a0b4d5b92958d1052964f6b" candidate_term: 1 candidate_status { last_received { term: 0 index: 0 } } ignore_live_leader: false dest_uuid: "95f8137827224f1e947f07481d225e35" is_pre_election: true
I20260709 13:05:09.499470 14415 tablet_service.cc:1917] Received RequestConsensusVote() RPC: tablet_id: "472c76fe776f43988148df6872eb01d2" candidate_uuid: "95f8137827224f1e947f07481d225e35" candidate_term: 1 candidate_status { last_received { term: 0 index: 0 } } ignore_live_leader: false dest_uuid: "9bf8ffc05a0b4d5b92958d1052964f6b"
I20260709 13:05:09.500057 14486 raft_consensus.cc:2468] T fd6e5506bc784f9198fad765d90c1616 P 95f8137827224f1e947f07481d225e35 [term 1 FOLLOWER]: Leader election vote request: Granting yes vote for candidate 39dbff00cabe4346a402bdb8a7ec65f0 in term 1.
I20260709 13:05:09.500876 14383 leader_election.cc:304] T 7115bafee71a4757946bfa9cfc8bf2c4 P 9bf8ffc05a0b4d5b92958d1052964f6b [CANDIDATE]: Term 1 pre-election: Election decided. Result: candidate lost. Election summary: received 3 responses out of 3 voters: 1 yes votes; 2 no votes. yes voters: 9bf8ffc05a0b4d5b92958d1052964f6b; no voters: 39dbff00cabe4346a402bdb8a7ec65f0, 95f8137827224f1e947f07481d225e35
I20260709 13:05:09.502008 14673 raft_consensus.cc:493] T 757007ce2c42472d94afc92ac49ffb1c P 39dbff00cabe4346a402bdb8a7ec65f0 [term 0 FOLLOWER]: Starting pre-election (no leader contacted us within the election timeout)
W20260709 13:05:09.504180 14457 leader_election.cc:343] T 33c3db481c614263b2075fd90fa57e16 P 95f8137827224f1e947f07481d225e35 [CANDIDATE]: Term 1 pre-election: Tablet error from VoteRequest() call to peer 39dbff00cabe4346a402bdb8a7ec65f0 (127.12.235.129:39697): Illegal state: must be running to vote when last-logged opid is not known
I20260709 13:05:09.503882 14825 raft_consensus.cc:2749] T 7115bafee71a4757946bfa9cfc8bf2c4 P 9bf8ffc05a0b4d5b92958d1052964f6b [term 0 FOLLOWER]: Leader pre-election lost for term 1. Reason: could not achieve majority
W20260709 13:05:09.505167 14457 leader_election.cc:343] T 33c3db481c614263b2075fd90fa57e16 P 95f8137827224f1e947f07481d225e35 [CANDIDATE]: Term 1 pre-election: Tablet error from VoteRequest() call to peer 9bf8ffc05a0b4d5b92958d1052964f6b (127.12.235.130:35013): Illegal state: must be running to vote when last-logged opid is not known
I20260709 13:05:09.505553 14457 leader_election.cc:304] T 33c3db481c614263b2075fd90fa57e16 P 95f8137827224f1e947f07481d225e35 [CANDIDATE]: Term 1 pre-election: Election decided. Result: candidate lost. Election summary: received 3 responses out of 3 voters: 1 yes votes; 2 no votes. yes voters: 95f8137827224f1e947f07481d225e35; no voters: 39dbff00cabe4346a402bdb8a7ec65f0, 9bf8ffc05a0b4d5b92958d1052964f6b
W20260709 13:05:09.506729 14457 leader_election.cc:343] T 472c76fe776f43988148df6872eb01d2 P 95f8137827224f1e947f07481d225e35 [CANDIDATE]: Term 1 election: Tablet error from VoteRequest() call to peer 9bf8ffc05a0b4d5b92958d1052964f6b (127.12.235.130:35013): Illegal state: must be running to vote when last-logged opid is not known
I20260709 13:05:09.508127 14308 leader_election.cc:304] T fd6e5506bc784f9198fad765d90c1616 P 39dbff00cabe4346a402bdb8a7ec65f0 [CANDIDATE]: Term 1 election: Election decided. Result: candidate won. Election summary: received 3 responses out of 3 voters: 2 yes votes; 1 no votes. yes voters: 39dbff00cabe4346a402bdb8a7ec65f0, 95f8137827224f1e947f07481d225e35; no voters: 9bf8ffc05a0b4d5b92958d1052964f6b
I20260709 13:05:09.501785 14796 leader_election.cc:290] T 7115bafee71a4757946bfa9cfc8bf2c4 P 9bf8ffc05a0b4d5b92958d1052964f6b [CANDIDATE]: Term 1 pre-election: Requested pre-vote from peers 39dbff00cabe4346a402bdb8a7ec65f0 (127.12.235.129:39697), 95f8137827224f1e947f07481d225e35 (127.12.235.131:44159)
I20260709 13:05:09.509197 14715 raft_consensus.cc:2804] T fd6e5506bc784f9198fad765d90c1616 P 39dbff00cabe4346a402bdb8a7ec65f0 [term 1 FOLLOWER]: Leader election won for term 1
I20260709 13:05:09.514966 14715 raft_consensus.cc:697] T fd6e5506bc784f9198fad765d90c1616 P 39dbff00cabe4346a402bdb8a7ec65f0 [term 1 LEADER]: Becoming Leader. State: Replica: 39dbff00cabe4346a402bdb8a7ec65f0, State: Running, Role: LEADER
I20260709 13:05:09.515897 14715 consensus_queue.cc:237] T fd6e5506bc784f9198fad765d90c1616 P 39dbff00cabe4346a402bdb8a7ec65f0 [LEADER]: Queue going to LEADER mode. State: All replicated index: 0, Majority replicated index: 0, Committed index: 0, Last appended: 0.0, Last appended by leader: 0, Current term: 1, Majority size: 2, State: 0, Mode: LEADER, active raft config: opid_index: -1 OBSOLETE_local: false peers { permanent_uuid: "39dbff00cabe4346a402bdb8a7ec65f0" member_type: VOTER last_known_addr { host: "127.12.235.129" port: 39697 } } peers { permanent_uuid: "9bf8ffc05a0b4d5b92958d1052964f6b" member_type: VOTER last_known_addr { host: "127.12.235.130" port: 35013 } } peers { permanent_uuid: "95f8137827224f1e947f07481d225e35" member_type: VOTER last_known_addr { host: "127.12.235.131" port: 44159 } }
I20260709 13:05:09.518309 14538 tablet_bootstrap.cc:492] T 472c76fe776f43988148df6872eb01d2 P 9bf8ffc05a0b4d5b92958d1052964f6b: No bootstrap required, opened a new log
I20260709 13:05:09.514223 14238 catalog_manager.cc:5697] T 044a786f48864d4f88f6f307dc81c052 P 9bf8ffc05a0b4d5b92958d1052964f6b reported cstate change: term changed from 0 to 1, leader changed from <none> to 9bf8ffc05a0b4d5b92958d1052964f6b (127.12.235.130). New cstate: current_term: 1 leader_uuid: "9bf8ffc05a0b4d5b92958d1052964f6b" committed_config { opid_index: -1 OBSOLETE_local: false peers { permanent_uuid: "39dbff00cabe4346a402bdb8a7ec65f0" member_type: VOTER last_known_addr { host: "127.12.235.129" port: 39697 } health_report { overall_health: UNKNOWN } } peers { permanent_uuid: "9bf8ffc05a0b4d5b92958d1052964f6b" member_type: VOTER last_known_addr { host: "127.12.235.130" port: 35013 } health_report { overall_health: HEALTHY } } peers { permanent_uuid: "95f8137827224f1e947f07481d225e35" member_type: VOTER last_known_addr { host: "127.12.235.131" port: 44159 } health_report { overall_health: UNKNOWN } } }
I20260709 13:05:09.519423 14531 tablet_bootstrap.cc:654] T 315f3e2e7f614394ab8205b1703824df P 39dbff00cabe4346a402bdb8a7ec65f0: Neither blocks nor log segments found. Creating new log.
I20260709 13:05:09.519743 14538 ts_tablet_manager.cc:1403] T 472c76fe776f43988148df6872eb01d2 P 9bf8ffc05a0b4d5b92958d1052964f6b: Time spent bootstrapping tablet: real 0.083s	user 0.010s	sys 0.005s
I20260709 13:05:09.512367 14339 raft_consensus.cc:2468] T 472c76fe776f43988148df6872eb01d2 P 39dbff00cabe4346a402bdb8a7ec65f0 [term 1 FOLLOWER]: Leader election vote request: Granting yes vote for candidate 95f8137827224f1e947f07481d225e35 in term 1.
I20260709 13:05:09.512920 14486 raft_consensus.cc:1275] T 913547e11a02404b95c95b46a3974063 P 95f8137827224f1e947f07481d225e35 [term 2 FOLLOWER]: Refusing update from remote peer 39dbff00cabe4346a402bdb8a7ec65f0: Log matching property violated. Preceding OpId in replica: term: 0 index: 0. Preceding OpId from leader: term: 2 index: 1. (index mismatch)
I20260709 13:05:09.510083 14841 raft_consensus.cc:2749] T 33c3db481c614263b2075fd90fa57e16 P 95f8137827224f1e947f07481d225e35 [term 0 FOLLOWER]: Leader pre-election lost for term 1. Reason: could not achieve majority
I20260709 13:05:09.502830 14673 raft_consensus.cc:515] T 757007ce2c42472d94afc92ac49ffb1c P 39dbff00cabe4346a402bdb8a7ec65f0 [term 0 FOLLOWER]: Starting pre-election with config: opid_index: -1 OBSOLETE_local: false peers { permanent_uuid: "39dbff00cabe4346a402bdb8a7ec65f0" member_type: VOTER last_known_addr { host: "127.12.235.129" port: 39697 } } peers { permanent_uuid: "9bf8ffc05a0b4d5b92958d1052964f6b" member_type: VOTER last_known_addr { host: "127.12.235.130" port: 35013 } } peers { permanent_uuid: "95f8137827224f1e947f07481d225e35" member_type: VOTER last_known_addr { host: "127.12.235.131" port: 44159 } }
I20260709 13:05:09.528337 14457 leader_election.cc:304] T 472c76fe776f43988148df6872eb01d2 P 95f8137827224f1e947f07481d225e35 [CANDIDATE]: Term 1 election: Election decided. Result: candidate won. Election summary: received 3 responses out of 3 voters: 2 yes votes; 1 no votes. yes voters: 39dbff00cabe4346a402bdb8a7ec65f0, 95f8137827224f1e947f07481d225e35; no voters: 9bf8ffc05a0b4d5b92958d1052964f6b
I20260709 13:05:09.529507 14841 raft_consensus.cc:2804] T 472c76fe776f43988148df6872eb01d2 P 95f8137827224f1e947f07481d225e35 [term 1 FOLLOWER]: Leader election won for term 1
I20260709 13:05:09.530078 14841 raft_consensus.cc:697] T 472c76fe776f43988148df6872eb01d2 P 95f8137827224f1e947f07481d225e35 [term 1 LEADER]: Becoming Leader. State: Replica: 95f8137827224f1e947f07481d225e35, State: Running, Role: LEADER
I20260709 13:05:09.532691 14841 consensus_queue.cc:237] T 472c76fe776f43988148df6872eb01d2 P 95f8137827224f1e947f07481d225e35 [LEADER]: Queue going to LEADER mode. State: All replicated index: 0, Majority replicated index: 0, Committed index: 0, Last appended: 0.0, Last appended by leader: 0, Current term: 1, Majority size: 2, State: 0, Mode: LEADER, active raft config: opid_index: -1 OBSOLETE_local: false peers { permanent_uuid: "39dbff00cabe4346a402bdb8a7ec65f0" member_type: VOTER last_known_addr { host: "127.12.235.129" port: 39697 } } peers { permanent_uuid: "9bf8ffc05a0b4d5b92958d1052964f6b" member_type: VOTER last_known_addr { host: "127.12.235.130" port: 35013 } } peers { permanent_uuid: "95f8137827224f1e947f07481d225e35" member_type: VOTER last_known_addr { host: "127.12.235.131" port: 44159 } }
I20260709 13:05:09.537503 14538 raft_consensus.cc:359] T 472c76fe776f43988148df6872eb01d2 P 9bf8ffc05a0b4d5b92958d1052964f6b [term 0 FOLLOWER]: Replica starting. Triggering 0 pending ops. Active config: opid_index: -1 OBSOLETE_local: false peers { permanent_uuid: "39dbff00cabe4346a402bdb8a7ec65f0" member_type: VOTER last_known_addr { host: "127.12.235.129" port: 39697 } } peers { permanent_uuid: "9bf8ffc05a0b4d5b92958d1052964f6b" member_type: VOTER last_known_addr { host: "127.12.235.130" port: 35013 } } peers { permanent_uuid: "95f8137827224f1e947f07481d225e35" member_type: VOTER last_known_addr { host: "127.12.235.131" port: 44159 } }
I20260709 13:05:09.538710 14773 consensus_queue.cc:1048] T 913547e11a02404b95c95b46a3974063 P 39dbff00cabe4346a402bdb8a7ec65f0 [LEADER]: Connected to new peer: Peer: permanent_uuid: "95f8137827224f1e947f07481d225e35" member_type: VOTER last_known_addr { host: "127.12.235.131" port: 44159 }, Status: LMP_MISMATCH, Last received: 0.0, Next index: 1, Last known committed idx: 0, Time since last communication: 0.000s
I20260709 13:05:09.540290 14538 raft_consensus.cc:385] T 472c76fe776f43988148df6872eb01d2 P 9bf8ffc05a0b4d5b92958d1052964f6b [term 0 FOLLOWER]: Consensus starting up: Expiring failure detector timer to make a prompt election more likely
I20260709 13:05:09.540926 14538 raft_consensus.cc:740] T 472c76fe776f43988148df6872eb01d2 P 9bf8ffc05a0b4d5b92958d1052964f6b [term 0 FOLLOWER]: Becoming Follower/Learner. State: Replica: 9bf8ffc05a0b4d5b92958d1052964f6b, State: Initialized, Role: FOLLOWER
I20260709 13:05:09.541627 14538 consensus_queue.cc:260] T 472c76fe776f43988148df6872eb01d2 P 9bf8ffc05a0b4d5b92958d1052964f6b [NON_LEADER]: Queue going to NON_LEADER mode. State: All replicated index: 0, Majority replicated index: 0, Committed index: 0, Last appended: 0.0, Last appended by leader: 0, Current term: 0, Majority size: -1, State: 0, Mode: NON_LEADER, active raft config: opid_index: -1 OBSOLETE_local: false peers { permanent_uuid: "39dbff00cabe4346a402bdb8a7ec65f0" member_type: VOTER last_known_addr { host: "127.12.235.129" port: 39697 } } peers { permanent_uuid: "9bf8ffc05a0b4d5b92958d1052964f6b" member_type: VOTER last_known_addr { host: "127.12.235.130" port: 35013 } } peers { permanent_uuid: "95f8137827224f1e947f07481d225e35" member_type: VOTER last_known_addr { host: "127.12.235.131" port: 44159 } }
I20260709 13:05:09.544430 14538 ts_tablet_manager.cc:1434] T 472c76fe776f43988148df6872eb01d2 P 9bf8ffc05a0b4d5b92958d1052964f6b: Time spent starting tablet: real 0.024s	user 0.006s	sys 0.000s
I20260709 13:05:09.545456 14538 tablet_bootstrap.cc:492] T 2455f0cd763b4d288ea19f4af3eabc39 P 9bf8ffc05a0b4d5b92958d1052964f6b: Bootstrap starting.
I20260709 13:05:09.559419 14532 tablet_bootstrap.cc:654] T 8d978eb00379422da03ebde72c5be205 P 95f8137827224f1e947f07481d225e35: Neither blocks nor log segments found. Creating new log.
I20260709 13:05:09.577555 14415 raft_consensus.cc:3060] T fbd406a8e4fd4b059ba4addaeb156986 P 9bf8ffc05a0b4d5b92958d1052964f6b [term 0 FOLLOWER]: Advancing to term 1
I20260709 13:05:09.579054 14238 catalog_manager.cc:5697] T fd6e5506bc784f9198fad765d90c1616 P 39dbff00cabe4346a402bdb8a7ec65f0 reported cstate change: term changed from 0 to 1, leader changed from <none> to 39dbff00cabe4346a402bdb8a7ec65f0 (127.12.235.129). New cstate: current_term: 1 leader_uuid: "39dbff00cabe4346a402bdb8a7ec65f0" committed_config { opid_index: -1 OBSOLETE_local: false peers { permanent_uuid: "39dbff00cabe4346a402bdb8a7ec65f0" member_type: VOTER last_known_addr { host: "127.12.235.129" port: 39697 } health_report { overall_health: HEALTHY } } peers { permanent_uuid: "9bf8ffc05a0b4d5b92958d1052964f6b" member_type: VOTER last_known_addr { host: "127.12.235.130" port: 35013 } health_report { overall_health: UNKNOWN } } peers { permanent_uuid: "95f8137827224f1e947f07481d225e35" member_type: VOTER last_known_addr { host: "127.12.235.131" port: 44159 } health_report { overall_health: UNKNOWN } } }
I20260709 13:05:09.589143 14412 tablet_service.cc:1917] Received RequestConsensusVote() RPC: tablet_id: "757007ce2c42472d94afc92ac49ffb1c" candidate_uuid: "39dbff00cabe4346a402bdb8a7ec65f0" candidate_term: 1 candidate_status { last_received { term: 0 index: 0 } } ignore_live_leader: false dest_uuid: "9bf8ffc05a0b4d5b92958d1052964f6b" is_pre_election: true
W20260709 13:05:09.597664 14308 leader_election.cc:343] T 757007ce2c42472d94afc92ac49ffb1c P 39dbff00cabe4346a402bdb8a7ec65f0 [CANDIDATE]: Term 1 pre-election: Tablet error from VoteRequest() call to peer 9bf8ffc05a0b4d5b92958d1052964f6b (127.12.235.130:35013): Illegal state: must be running to vote when last-logged opid is not known
I20260709 13:05:09.603953 14673 leader_election.cc:290] T 757007ce2c42472d94afc92ac49ffb1c P 39dbff00cabe4346a402bdb8a7ec65f0 [CANDIDATE]: Term 1 pre-election: Requested pre-vote from peers 9bf8ffc05a0b4d5b92958d1052964f6b (127.12.235.130:35013), 95f8137827224f1e947f07481d225e35 (127.12.235.131:44159)
I20260709 13:05:09.605343 14488 tablet_service.cc:1917] Received RequestConsensusVote() RPC: tablet_id: "757007ce2c42472d94afc92ac49ffb1c" candidate_uuid: "39dbff00cabe4346a402bdb8a7ec65f0" candidate_term: 1 candidate_status { last_received { term: 0 index: 0 } } ignore_live_leader: false dest_uuid: "95f8137827224f1e947f07481d225e35" is_pre_election: true
I20260709 13:05:09.606107 14488 raft_consensus.cc:2468] T 757007ce2c42472d94afc92ac49ffb1c P 95f8137827224f1e947f07481d225e35 [term 0 FOLLOWER]: Leader pre-election vote request: Granting yes vote for candidate 39dbff00cabe4346a402bdb8a7ec65f0 in term 0.
I20260709 13:05:09.611816 14308 leader_election.cc:304] T 757007ce2c42472d94afc92ac49ffb1c P 39dbff00cabe4346a402bdb8a7ec65f0 [CANDIDATE]: Term 1 pre-election: Election decided. Result: candidate won. Election summary: received 3 responses out of 3 voters: 2 yes votes; 1 no votes. yes voters: 39dbff00cabe4346a402bdb8a7ec65f0, 95f8137827224f1e947f07481d225e35; no voters: 9bf8ffc05a0b4d5b92958d1052964f6b
I20260709 13:05:09.611508 14240 catalog_manager.cc:5697] T 472c76fe776f43988148df6872eb01d2 P 95f8137827224f1e947f07481d225e35 reported cstate change: term changed from 0 to 1, leader changed from <none> to 95f8137827224f1e947f07481d225e35 (127.12.235.131). New cstate: current_term: 1 leader_uuid: "95f8137827224f1e947f07481d225e35" committed_config { opid_index: -1 OBSOLETE_local: false peers { permanent_uuid: "39dbff00cabe4346a402bdb8a7ec65f0" member_type: VOTER last_known_addr { host: "127.12.235.129" port: 39697 } health_report { overall_health: UNKNOWN } } peers { permanent_uuid: "9bf8ffc05a0b4d5b92958d1052964f6b" member_type: VOTER last_known_addr { host: "127.12.235.130" port: 35013 } health_report { overall_health: UNKNOWN } } peers { permanent_uuid: "95f8137827224f1e947f07481d225e35" member_type: VOTER last_known_addr { host: "127.12.235.131" port: 44159 } health_report { overall_health: HEALTHY } } }
I20260709 13:05:09.613909 14673 raft_consensus.cc:2804] T 757007ce2c42472d94afc92ac49ffb1c P 39dbff00cabe4346a402bdb8a7ec65f0 [term 0 FOLLOWER]: Leader pre-election won for term 1
I20260709 13:05:09.615677 14673 raft_consensus.cc:493] T 757007ce2c42472d94afc92ac49ffb1c P 39dbff00cabe4346a402bdb8a7ec65f0 [term 0 FOLLOWER]: Starting leader election (no leader contacted us within the election timeout)
I20260709 13:05:09.619226 14531 tablet_bootstrap.cc:492] T 315f3e2e7f614394ab8205b1703824df P 39dbff00cabe4346a402bdb8a7ec65f0: No bootstrap required, opened a new log
I20260709 13:05:09.619916 14531 ts_tablet_manager.cc:1403] T 315f3e2e7f614394ab8205b1703824df P 39dbff00cabe4346a402bdb8a7ec65f0: Time spent bootstrapping tablet: real 0.178s	user 0.006s	sys 0.009s
I20260709 13:05:09.619189 14673 raft_consensus.cc:3060] T 757007ce2c42472d94afc92ac49ffb1c P 39dbff00cabe4346a402bdb8a7ec65f0 [term 0 FOLLOWER]: Advancing to term 1
I20260709 13:05:09.623274 14773 consensus_queue.cc:1048] T fbd406a8e4fd4b059ba4addaeb156986 P 39dbff00cabe4346a402bdb8a7ec65f0 [LEADER]: Connected to new peer: Peer: permanent_uuid: "9bf8ffc05a0b4d5b92958d1052964f6b" member_type: VOTER last_known_addr { host: "127.12.235.130" port: 35013 }, Status: LMP_MISMATCH, Last received: 0.0, Next index: 1, Last known committed idx: 0, Time since last communication: 0.000s
I20260709 13:05:09.626503 14841 raft_consensus.cc:493] T 47a6f9198baa4de7a77a1fac245dc1d9 P 95f8137827224f1e947f07481d225e35 [term 0 FOLLOWER]: Starting pre-election (no leader contacted us within the election timeout)
I20260709 13:05:09.627050 14841 raft_consensus.cc:515] T 47a6f9198baa4de7a77a1fac245dc1d9 P 95f8137827224f1e947f07481d225e35 [term 0 FOLLOWER]: Starting pre-election with config: opid_index: -1 OBSOLETE_local: false peers { permanent_uuid: "39dbff00cabe4346a402bdb8a7ec65f0" member_type: VOTER last_known_addr { host: "127.12.235.129" port: 39697 } } peers { permanent_uuid: "9bf8ffc05a0b4d5b92958d1052964f6b" member_type: VOTER last_known_addr { host: "127.12.235.130" port: 35013 } } peers { permanent_uuid: "95f8137827224f1e947f07481d225e35" member_type: VOTER last_known_addr { host: "127.12.235.131" port: 44159 } }
I20260709 13:05:09.629302 14531 raft_consensus.cc:359] T 315f3e2e7f614394ab8205b1703824df P 39dbff00cabe4346a402bdb8a7ec65f0 [term 0 FOLLOWER]: Replica starting. Triggering 0 pending ops. Active config: opid_index: -1 OBSOLETE_local: false peers { permanent_uuid: "39dbff00cabe4346a402bdb8a7ec65f0" member_type: VOTER last_known_addr { host: "127.12.235.129" port: 39697 } } peers { permanent_uuid: "9bf8ffc05a0b4d5b92958d1052964f6b" member_type: VOTER last_known_addr { host: "127.12.235.130" port: 35013 } } peers { permanent_uuid: "95f8137827224f1e947f07481d225e35" member_type: VOTER last_known_addr { host: "127.12.235.131" port: 44159 } }
I20260709 13:05:09.630148 14531 raft_consensus.cc:385] T 315f3e2e7f614394ab8205b1703824df P 39dbff00cabe4346a402bdb8a7ec65f0 [term 0 FOLLOWER]: Consensus starting up: Expiring failure detector timer to make a prompt election more likely
I20260709 13:05:09.630596 14841 leader_election.cc:290] T 47a6f9198baa4de7a77a1fac245dc1d9 P 95f8137827224f1e947f07481d225e35 [CANDIDATE]: Term 1 pre-election: Requested pre-vote from peers 39dbff00cabe4346a402bdb8a7ec65f0 (127.12.235.129:39697), 9bf8ffc05a0b4d5b92958d1052964f6b (127.12.235.130:35013)
I20260709 13:05:09.631011 14339 tablet_service.cc:1917] Received RequestConsensusVote() RPC: tablet_id: "47a6f9198baa4de7a77a1fac245dc1d9" candidate_uuid: "95f8137827224f1e947f07481d225e35" candidate_term: 1 candidate_status { last_received { term: 0 index: 0 } } ignore_live_leader: false dest_uuid: "39dbff00cabe4346a402bdb8a7ec65f0" is_pre_election: true
I20260709 13:05:09.631675 14339 raft_consensus.cc:2468] T 47a6f9198baa4de7a77a1fac245dc1d9 P 39dbff00cabe4346a402bdb8a7ec65f0 [term 0 FOLLOWER]: Leader pre-election vote request: Granting yes vote for candidate 95f8137827224f1e947f07481d225e35 in term 0.
I20260709 13:05:09.631736 14412 tablet_service.cc:1917] Received RequestConsensusVote() RPC: tablet_id: "47a6f9198baa4de7a77a1fac245dc1d9" candidate_uuid: "95f8137827224f1e947f07481d225e35" candidate_term: 1 candidate_status { last_received { term: 0 index: 0 } } ignore_live_leader: false dest_uuid: "9bf8ffc05a0b4d5b92958d1052964f6b" is_pre_election: true
I20260709 13:05:09.630522 14531 raft_consensus.cc:740] T 315f3e2e7f614394ab8205b1703824df P 39dbff00cabe4346a402bdb8a7ec65f0 [term 0 FOLLOWER]: Becoming Follower/Learner. State: Replica: 39dbff00cabe4346a402bdb8a7ec65f0, State: Initialized, Role: FOLLOWER
W20260709 13:05:09.633244 14457 leader_election.cc:343] T 47a6f9198baa4de7a77a1fac245dc1d9 P 95f8137827224f1e947f07481d225e35 [CANDIDATE]: Term 1 pre-election: Tablet error from VoteRequest() call to peer 9bf8ffc05a0b4d5b92958d1052964f6b (127.12.235.130:35013): Illegal state: must be running to vote when last-logged opid is not known
I20260709 13:05:09.634423 14457 leader_election.cc:304] T 47a6f9198baa4de7a77a1fac245dc1d9 P 95f8137827224f1e947f07481d225e35 [CANDIDATE]: Term 1 pre-election: Election decided. Result: candidate won. Election summary: received 3 responses out of 3 voters: 2 yes votes; 1 no votes. yes voters: 39dbff00cabe4346a402bdb8a7ec65f0, 95f8137827224f1e947f07481d225e35; no voters: 9bf8ffc05a0b4d5b92958d1052964f6b
I20260709 13:05:09.636965 14532 tablet_bootstrap.cc:492] T 8d978eb00379422da03ebde72c5be205 P 95f8137827224f1e947f07481d225e35: No bootstrap required, opened a new log
I20260709 13:05:09.637462 14532 ts_tablet_manager.cc:1403] T 8d978eb00379422da03ebde72c5be205 P 95f8137827224f1e947f07481d225e35: Time spent bootstrapping tablet: real 0.142s	user 0.019s	sys 0.000s
I20260709 13:05:09.635242 14841 raft_consensus.cc:2804] T 47a6f9198baa4de7a77a1fac245dc1d9 P 95f8137827224f1e947f07481d225e35 [term 0 FOLLOWER]: Leader pre-election won for term 1
I20260709 13:05:09.638200 14841 raft_consensus.cc:493] T 47a6f9198baa4de7a77a1fac245dc1d9 P 95f8137827224f1e947f07481d225e35 [term 0 FOLLOWER]: Starting leader election (no leader contacted us within the election timeout)
I20260709 13:05:09.638690 14841 raft_consensus.cc:3060] T 47a6f9198baa4de7a77a1fac245dc1d9 P 95f8137827224f1e947f07481d225e35 [term 0 FOLLOWER]: Advancing to term 1
I20260709 13:05:09.633420 14531 consensus_queue.cc:260] T 315f3e2e7f614394ab8205b1703824df P 39dbff00cabe4346a402bdb8a7ec65f0 [NON_LEADER]: Queue going to NON_LEADER mode. State: All replicated index: 0, Majority replicated index: 0, Committed index: 0, Last appended: 0.0, Last appended by leader: 0, Current term: 0, Majority size: -1, State: 0, Mode: NON_LEADER, active raft config: opid_index: -1 OBSOLETE_local: false peers { permanent_uuid: "39dbff00cabe4346a402bdb8a7ec65f0" member_type: VOTER last_known_addr { host: "127.12.235.129" port: 39697 } } peers { permanent_uuid: "9bf8ffc05a0b4d5b92958d1052964f6b" member_type: VOTER last_known_addr { host: "127.12.235.130" port: 35013 } } peers { permanent_uuid: "95f8137827224f1e947f07481d225e35" member_type: VOTER last_known_addr { host: "127.12.235.131" port: 44159 } }
I20260709 13:05:09.647313 14538 tablet_bootstrap.cc:654] T 2455f0cd763b4d288ea19f4af3eabc39 P 9bf8ffc05a0b4d5b92958d1052964f6b: Neither blocks nor log segments found. Creating new log.
I20260709 13:05:09.640403 14532 raft_consensus.cc:359] T 8d978eb00379422da03ebde72c5be205 P 95f8137827224f1e947f07481d225e35 [term 0 FOLLOWER]: Replica starting. Triggering 0 pending ops. Active config: opid_index: -1 OBSOLETE_local: false peers { permanent_uuid: "39dbff00cabe4346a402bdb8a7ec65f0" member_type: VOTER last_known_addr { host: "127.12.235.129" port: 39697 } } peers { permanent_uuid: "9bf8ffc05a0b4d5b92958d1052964f6b" member_type: VOTER last_known_addr { host: "127.12.235.130" port: 35013 } } peers { permanent_uuid: "95f8137827224f1e947f07481d225e35" member_type: VOTER last_known_addr { host: "127.12.235.131" port: 44159 } }
I20260709 13:05:09.653003 14532 raft_consensus.cc:385] T 8d978eb00379422da03ebde72c5be205 P 95f8137827224f1e947f07481d225e35 [term 0 FOLLOWER]: Consensus starting up: Expiring failure detector timer to make a prompt election more likely
I20260709 13:05:09.656039 14841 raft_consensus.cc:515] T 47a6f9198baa4de7a77a1fac245dc1d9 P 95f8137827224f1e947f07481d225e35 [term 1 FOLLOWER]: Starting leader election with config: opid_index: -1 OBSOLETE_local: false peers { permanent_uuid: "39dbff00cabe4346a402bdb8a7ec65f0" member_type: VOTER last_known_addr { host: "127.12.235.129" port: 39697 } } peers { permanent_uuid: "9bf8ffc05a0b4d5b92958d1052964f6b" member_type: VOTER last_known_addr { host: "127.12.235.130" port: 35013 } } peers { permanent_uuid: "95f8137827224f1e947f07481d225e35" member_type: VOTER last_known_addr { host: "127.12.235.131" port: 44159 } }
I20260709 13:05:09.657280 14531 ts_tablet_manager.cc:1434] T 315f3e2e7f614394ab8205b1703824df P 39dbff00cabe4346a402bdb8a7ec65f0: Time spent starting tablet: real 0.037s	user 0.005s	sys 0.001s
I20260709 13:05:09.657907 14532 raft_consensus.cc:740] T 8d978eb00379422da03ebde72c5be205 P 95f8137827224f1e947f07481d225e35 [term 0 FOLLOWER]: Becoming Follower/Learner. State: Replica: 95f8137827224f1e947f07481d225e35, State: Initialized, Role: FOLLOWER
I20260709 13:05:09.658988 14841 leader_election.cc:290] T 47a6f9198baa4de7a77a1fac245dc1d9 P 95f8137827224f1e947f07481d225e35 [CANDIDATE]: Term 1 election: Requested vote from peers 39dbff00cabe4346a402bdb8a7ec65f0 (127.12.235.129:39697), 9bf8ffc05a0b4d5b92958d1052964f6b (127.12.235.130:35013)
