I20260709 13:04:59.584371 14825 tablet_service.cc:1917] Received RequestConsensusVote() RPC: tablet_id: "8239008c009c4006b29383f9dfc7f1f5" candidate_uuid: "64e956d641b64dcb8c1a60e59c54c610" candidate_term: 1 candidate_status { last_received { term: 0 index: 0 } } ignore_live_leader: false dest_uuid: "b1b9ee51762142888f6f71a79fd170d1" is_pre_election: true
I20260709 13:04:59.585012 14746 tablet_service.cc:1917] Received RequestConsensusVote() RPC: tablet_id: "8239008c009c4006b29383f9dfc7f1f5" candidate_uuid: "64e956d641b64dcb8c1a60e59c54c610" candidate_term: 1 candidate_status { last_received { term: 0 index: 0 } } ignore_live_leader: false dest_uuid: "b1ef258acca44171a504fd0d46b54480" is_pre_election: true
W20260709 13:04:59.588740 14643 leader_election.cc:343] T 8239008c009c4006b29383f9dfc7f1f5 P 64e956d641b64dcb8c1a60e59c54c610 [CANDIDATE]: Term 1 pre-election: Tablet error from VoteRequest() call to peer b1ef258acca44171a504fd0d46b54480 (127.13.60.194:38327): Illegal state: must be running to vote when last-logged opid is not known
W20260709 13:04:59.590943 14642 leader_election.cc:343] T 8239008c009c4006b29383f9dfc7f1f5 P 64e956d641b64dcb8c1a60e59c54c610 [CANDIDATE]: Term 1 pre-election: Tablet error from VoteRequest() call to peer b1b9ee51762142888f6f71a79fd170d1 (127.13.60.195:35087): Illegal state: must be running to vote when last-logged opid is not known
I20260709 13:04:59.571746 15141 leader_election.cc:290] T 8239008c009c4006b29383f9dfc7f1f5 P 64e956d641b64dcb8c1a60e59c54c610 [CANDIDATE]: Term 1 pre-election: Requested pre-vote from peers b1ef258acca44171a504fd0d46b54480 (127.13.60.194:38327), b1b9ee51762142888f6f71a79fd170d1 (127.13.60.195:35087)
I20260709 13:04:59.621150 14869 tablet_bootstrap.cc:654] T 97f6cd29e27d4424a7ebb3e20abdd8f8 P 64e956d641b64dcb8c1a60e59c54c610: Neither blocks nor log segments found. Creating new log.
I20260709 13:04:59.633752 14871 tablet_bootstrap.cc:654] T 1601d904eac34e63aa4e0dda230ffcc4 P b1ef258acca44171a504fd0d46b54480: Neither blocks nor log segments found. Creating new log.
I20260709 13:04:59.637115 14642 leader_election.cc:304] T 8239008c009c4006b29383f9dfc7f1f5 P 64e956d641b64dcb8c1a60e59c54c610 [CANDIDATE]: Term 1 pre-election: Election decided. Result: candidate lost. Election summary: received 3 responses out of 3 voters: 1 yes votes; 2 no votes. yes voters: 64e956d641b64dcb8c1a60e59c54c610; no voters: b1b9ee51762142888f6f71a79fd170d1, b1ef258acca44171a504fd0d46b54480
W20260709 13:04:59.641919 14642 outbound_call.cc:321] RPC callback for RPC call kudu.consensus.ConsensusService.RequestConsensusVote -> {remote=127.13.60.195:35087, user_credentials={real_user=slave}} blocked reactor thread for 52959.4us
I20260709 13:04:59.643460 15132 raft_consensus.cc:2749] T 8239008c009c4006b29383f9dfc7f1f5 P 64e956d641b64dcb8c1a60e59c54c610 [term 0 FOLLOWER]: Leader pre-election lost for term 1. Reason: could not achieve majority
I20260709 13:04:59.645458 14870 raft_consensus.cc:359] T 97f6cd29e27d4424a7ebb3e20abdd8f8 P b1b9ee51762142888f6f71a79fd170d1 [term 0 FOLLOWER]: Replica starting. Triggering 0 pending ops. Active config: opid_index: -1 OBSOLETE_local: false peers { permanent_uuid: "64e956d641b64dcb8c1a60e59c54c610" member_type: VOTER last_known_addr { host: "127.13.60.193" port: 46087 } } peers { permanent_uuid: "b1ef258acca44171a504fd0d46b54480" member_type: VOTER last_known_addr { host: "127.13.60.194" port: 38327 } } peers { permanent_uuid: "b1b9ee51762142888f6f71a79fd170d1" member_type: VOTER last_known_addr { host: "127.13.60.195" port: 35087 } }
I20260709 13:04:59.646613 14870 raft_consensus.cc:385] T 97f6cd29e27d4424a7ebb3e20abdd8f8 P b1b9ee51762142888f6f71a79fd170d1 [term 0 FOLLOWER]: Consensus starting up: Expiring failure detector timer to make a prompt election more likely
I20260709 13:04:59.646883 14870 raft_consensus.cc:740] T 97f6cd29e27d4424a7ebb3e20abdd8f8 P b1b9ee51762142888f6f71a79fd170d1 [term 0 FOLLOWER]: Becoming Follower/Learner. State: Replica: b1b9ee51762142888f6f71a79fd170d1, State: Initialized, Role: FOLLOWER
I20260709 13:04:59.656096 14869 tablet_bootstrap.cc:492] T 97f6cd29e27d4424a7ebb3e20abdd8f8 P 64e956d641b64dcb8c1a60e59c54c610: No bootstrap required, opened a new log
I20260709 13:04:59.656754 14869 ts_tablet_manager.cc:1403] T 97f6cd29e27d4424a7ebb3e20abdd8f8 P 64e956d641b64dcb8c1a60e59c54c610: Time spent bootstrapping tablet: real 0.138s	user 0.024s	sys 0.031s
I20260709 13:04:59.659549 14869 raft_consensus.cc:359] T 97f6cd29e27d4424a7ebb3e20abdd8f8 P 64e956d641b64dcb8c1a60e59c54c610 [term 0 FOLLOWER]: Replica starting. Triggering 0 pending ops. Active config: opid_index: -1 OBSOLETE_local: false peers { permanent_uuid: "64e956d641b64dcb8c1a60e59c54c610" member_type: VOTER last_known_addr { host: "127.13.60.193" port: 46087 } } peers { permanent_uuid: "b1ef258acca44171a504fd0d46b54480" member_type: VOTER last_known_addr { host: "127.13.60.194" port: 38327 } } peers { permanent_uuid: "b1b9ee51762142888f6f71a79fd170d1" member_type: VOTER last_known_addr { host: "127.13.60.195" port: 35087 } }
I20260709 13:04:59.660286 14869 raft_consensus.cc:385] T 97f6cd29e27d4424a7ebb3e20abdd8f8 P 64e956d641b64dcb8c1a60e59c54c610 [term 0 FOLLOWER]: Consensus starting up: Expiring failure detector timer to make a prompt election more likely
I20260709 13:04:59.660213 14971 raft_consensus.cc:515] T 925a20020a324111a1091bcf0c08c7d0 P b1b9ee51762142888f6f71a79fd170d1 [term 1 FOLLOWER]: Starting leader election with config: opid_index: -1 OBSOLETE_local: false peers { permanent_uuid: "64e956d641b64dcb8c1a60e59c54c610" member_type: VOTER last_known_addr { host: "127.13.60.193" port: 46087 } } peers { permanent_uuid: "b1ef258acca44171a504fd0d46b54480" member_type: VOTER last_known_addr { host: "127.13.60.194" port: 38327 } } peers { permanent_uuid: "b1b9ee51762142888f6f71a79fd170d1" member_type: VOTER last_known_addr { host: "127.13.60.195" port: 35087 } }
I20260709 13:04:59.660778 14869 raft_consensus.cc:740] T 97f6cd29e27d4424a7ebb3e20abdd8f8 P 64e956d641b64dcb8c1a60e59c54c610 [term 0 FOLLOWER]: Becoming Follower/Learner. State: Replica: 64e956d641b64dcb8c1a60e59c54c610, State: Initialized, Role: FOLLOWER
I20260709 13:04:59.661782 14869 consensus_queue.cc:260] T 97f6cd29e27d4424a7ebb3e20abdd8f8 P 64e956d641b64dcb8c1a60e59c54c610 [NON_LEADER]: Queue going to NON_LEADER mode. State: All replicated index: 0, Majority replicated index: 0, Committed index: 0, Last appended: 0.0, Last appended by leader: 0, Current term: 0, Majority size: -1, State: 0, Mode: NON_LEADER, active raft config: opid_index: -1 OBSOLETE_local: false peers { permanent_uuid: "64e956d641b64dcb8c1a60e59c54c610" member_type: VOTER last_known_addr { host: "127.13.60.193" port: 46087 } } peers { permanent_uuid: "b1ef258acca44171a504fd0d46b54480" member_type: VOTER last_known_addr { host: "127.13.60.194" port: 38327 } } peers { permanent_uuid: "b1b9ee51762142888f6f71a79fd170d1" member_type: VOTER last_known_addr { host: "127.13.60.195" port: 35087 } }
I20260709 13:04:59.664038 14869 ts_tablet_manager.cc:1434] T 97f6cd29e27d4424a7ebb3e20abdd8f8 P 64e956d641b64dcb8c1a60e59c54c610: Time spent starting tablet: real 0.007s	user 0.005s	sys 0.000s
I20260709 13:04:59.665038 14869 tablet_bootstrap.cc:492] T 13d54314d20a4e3a951ea5f038d0ad7c P 64e956d641b64dcb8c1a60e59c54c610: Bootstrap starting.
I20260709 13:04:59.665225 14746 tablet_service.cc:1917] Received RequestConsensusVote() RPC: tablet_id: "925a20020a324111a1091bcf0c08c7d0" candidate_uuid: "b1b9ee51762142888f6f71a79fd170d1" candidate_term: 1 candidate_status { last_received { term: 0 index: 0 } } ignore_live_leader: false dest_uuid: "b1ef258acca44171a504fd0d46b54480"
I20260709 13:04:59.665340 14971 leader_election.cc:290] T 925a20020a324111a1091bcf0c08c7d0 P b1b9ee51762142888f6f71a79fd170d1 [CANDIDATE]: Term 1 election: Requested vote from peers 64e956d641b64dcb8c1a60e59c54c610 (127.13.60.193:46087), b1ef258acca44171a504fd0d46b54480 (127.13.60.194:38327)
I20260709 13:04:59.665823 14746 raft_consensus.cc:3060] T 925a20020a324111a1091bcf0c08c7d0 P b1ef258acca44171a504fd0d46b54480 [term 0 FOLLOWER]: Advancing to term 1
I20260709 13:04:59.672964 14675 tablet_service.cc:1917] Received RequestConsensusVote() RPC: tablet_id: "925a20020a324111a1091bcf0c08c7d0" candidate_uuid: "b1b9ee51762142888f6f71a79fd170d1" candidate_term: 1 candidate_status { last_received { term: 0 index: 0 } } ignore_live_leader: false dest_uuid: "64e956d641b64dcb8c1a60e59c54c610"
I20260709 13:04:59.667660 14870 consensus_queue.cc:260] T 97f6cd29e27d4424a7ebb3e20abdd8f8 P b1b9ee51762142888f6f71a79fd170d1 [NON_LEADER]: Queue going to NON_LEADER mode. State: All replicated index: 0, Majority replicated index: 0, Committed index: 0, Last appended: 0.0, Last appended by leader: 0, Current term: 0, Majority size: -1, State: 0, Mode: NON_LEADER, active raft config: opid_index: -1 OBSOLETE_local: false peers { permanent_uuid: "64e956d641b64dcb8c1a60e59c54c610" member_type: VOTER last_known_addr { host: "127.13.60.193" port: 46087 } } peers { permanent_uuid: "b1ef258acca44171a504fd0d46b54480" member_type: VOTER last_known_addr { host: "127.13.60.194" port: 38327 } } peers { permanent_uuid: "b1b9ee51762142888f6f71a79fd170d1" member_type: VOTER last_known_addr { host: "127.13.60.195" port: 35087 } }
I20260709 13:04:59.673296 15141 consensus_queue.cc:1048] T 5f4c8e2e372b4b9d89d6d0b73cee8efd P 64e956d641b64dcb8c1a60e59c54c610 [LEADER]: Connected to new peer: Peer: permanent_uuid: "b1ef258acca44171a504fd0d46b54480" member_type: VOTER last_known_addr { host: "127.13.60.194" port: 38327 }, Status: LMP_MISMATCH, Last received: 0.0, Next index: 1, Last known committed idx: 0, Time since last communication: 0.003s
I20260709 13:04:59.675876 14675 raft_consensus.cc:3060] T 925a20020a324111a1091bcf0c08c7d0 P 64e956d641b64dcb8c1a60e59c54c610 [term 0 FOLLOWER]: Advancing to term 1
I20260709 13:04:59.676314 14870 ts_tablet_manager.cc:1434] T 97f6cd29e27d4424a7ebb3e20abdd8f8 P b1b9ee51762142888f6f71a79fd170d1: Time spent starting tablet: real 0.101s	user 0.010s	sys 0.013s
I20260709 13:04:59.687316 15141 raft_consensus.cc:493] T 97f6cd29e27d4424a7ebb3e20abdd8f8 P 64e956d641b64dcb8c1a60e59c54c610 [term 0 FOLLOWER]: Starting pre-election (no leader contacted us within the election timeout)
I20260709 13:04:59.687858 15141 raft_consensus.cc:515] T 97f6cd29e27d4424a7ebb3e20abdd8f8 P 64e956d641b64dcb8c1a60e59c54c610 [term 0 FOLLOWER]: Starting pre-election with config: opid_index: -1 OBSOLETE_local: false peers { permanent_uuid: "64e956d641b64dcb8c1a60e59c54c610" member_type: VOTER last_known_addr { host: "127.13.60.193" port: 46087 } } peers { permanent_uuid: "b1ef258acca44171a504fd0d46b54480" member_type: VOTER last_known_addr { host: "127.13.60.194" port: 38327 } } peers { permanent_uuid: "b1b9ee51762142888f6f71a79fd170d1" member_type: VOTER last_known_addr { host: "127.13.60.195" port: 35087 } }
I20260709 13:04:59.689934 15141 leader_election.cc:290] T 97f6cd29e27d4424a7ebb3e20abdd8f8 P 64e956d641b64dcb8c1a60e59c54c610 [CANDIDATE]: Term 1 pre-election: Requested pre-vote from peers b1ef258acca44171a504fd0d46b54480 (127.13.60.194:38327), b1b9ee51762142888f6f71a79fd170d1 (127.13.60.195:35087)
I20260709 13:04:59.691267 14823 tablet_service.cc:1917] Received RequestConsensusVote() RPC: tablet_id: "97f6cd29e27d4424a7ebb3e20abdd8f8" candidate_uuid: "64e956d641b64dcb8c1a60e59c54c610" candidate_term: 1 candidate_status { last_received { term: 0 index: 0 } } ignore_live_leader: false dest_uuid: "b1b9ee51762142888f6f71a79fd170d1" is_pre_election: true
I20260709 13:04:59.691877 14823 raft_consensus.cc:2468] T 97f6cd29e27d4424a7ebb3e20abdd8f8 P b1b9ee51762142888f6f71a79fd170d1 [term 0 FOLLOWER]: Leader pre-election vote request: Granting yes vote for candidate 64e956d641b64dcb8c1a60e59c54c610 in term 0.
I20260709 13:04:59.693030 14675 raft_consensus.cc:2468] T 925a20020a324111a1091bcf0c08c7d0 P 64e956d641b64dcb8c1a60e59c54c610 [term 1 FOLLOWER]: Leader election vote request: Granting yes vote for candidate b1b9ee51762142888f6f71a79fd170d1 in term 1.
I20260709 13:04:59.694133 14642 leader_election.cc:304] T 97f6cd29e27d4424a7ebb3e20abdd8f8 P 64e956d641b64dcb8c1a60e59c54c610 [CANDIDATE]: Term 1 pre-election: Election decided. Result: candidate won. Election summary: received 2 responses out of 3 voters: 2 yes votes; 0 no votes. yes voters: 64e956d641b64dcb8c1a60e59c54c610, b1b9ee51762142888f6f71a79fd170d1; no voters: 
I20260709 13:04:59.695457 14870 tablet_bootstrap.cc:492] T 8239008c009c4006b29383f9dfc7f1f5 P b1b9ee51762142888f6f71a79fd170d1: Bootstrap starting.
I20260709 13:04:59.696399 14790 leader_election.cc:304] T 925a20020a324111a1091bcf0c08c7d0 P b1b9ee51762142888f6f71a79fd170d1 [CANDIDATE]: Term 1 election: Election decided. Result: candidate won. Election summary: received 2 responses out of 3 voters: 2 yes votes; 0 no votes. yes voters: 64e956d641b64dcb8c1a60e59c54c610, b1b9ee51762142888f6f71a79fd170d1; no voters: 
I20260709 13:04:59.697197 14971 raft_consensus.cc:2804] T 925a20020a324111a1091bcf0c08c7d0 P b1b9ee51762142888f6f71a79fd170d1 [term 1 FOLLOWER]: Leader election won for term 1
I20260709 13:04:59.697674 14971 raft_consensus.cc:697] T 925a20020a324111a1091bcf0c08c7d0 P b1b9ee51762142888f6f71a79fd170d1 [term 1 LEADER]: Becoming Leader. State: Replica: b1b9ee51762142888f6f71a79fd170d1, State: Running, Role: LEADER
I20260709 13:04:59.698462 14971 consensus_queue.cc:237] T 925a20020a324111a1091bcf0c08c7d0 P b1b9ee51762142888f6f71a79fd170d1 [LEADER]: Queue going to LEADER mode. State: All replicated index: 0, Majority replicated index: 0, Committed index: 0, Last appended: 0.0, Last appended by leader: 0, Current term: 1, Majority size: 2, State: 0, Mode: LEADER, active raft config: opid_index: -1 OBSOLETE_local: false peers { permanent_uuid: "64e956d641b64dcb8c1a60e59c54c610" member_type: VOTER last_known_addr { host: "127.13.60.193" port: 46087 } } peers { permanent_uuid: "b1ef258acca44171a504fd0d46b54480" member_type: VOTER last_known_addr { host: "127.13.60.194" port: 38327 } } peers { permanent_uuid: "b1b9ee51762142888f6f71a79fd170d1" member_type: VOTER last_known_addr { host: "127.13.60.195" port: 35087 } }
I20260709 13:04:59.699455 14746 raft_consensus.cc:2468] T 925a20020a324111a1091bcf0c08c7d0 P b1ef258acca44171a504fd0d46b54480 [term 1 FOLLOWER]: Leader election vote request: Granting yes vote for candidate b1b9ee51762142888f6f71a79fd170d1 in term 1.
I20260709 13:04:59.696331 15141 raft_consensus.cc:2804] T 97f6cd29e27d4424a7ebb3e20abdd8f8 P 64e956d641b64dcb8c1a60e59c54c610 [term 0 FOLLOWER]: Leader pre-election won for term 1
I20260709 13:04:59.706704 14871 tablet_bootstrap.cc:492] T 1601d904eac34e63aa4e0dda230ffcc4 P b1ef258acca44171a504fd0d46b54480: No bootstrap required, opened a new log
I20260709 13:04:59.707276 14871 ts_tablet_manager.cc:1403] T 1601d904eac34e63aa4e0dda230ffcc4 P b1ef258acca44171a504fd0d46b54480: Time spent bootstrapping tablet: real 0.175s	user 0.036s	sys 0.016s
I20260709 13:04:59.704517 15001 raft_consensus.cc:493] T d4b0c482dc65417a83d8b060ac6a5fdc P 64e956d641b64dcb8c1a60e59c54c610 [term 0 FOLLOWER]: Starting pre-election (no leader contacted us within the election timeout)
I20260709 13:04:59.708904 14748 tablet_service.cc:1917] Received RequestConsensusVote() RPC: tablet_id: "97f6cd29e27d4424a7ebb3e20abdd8f8" candidate_uuid: "64e956d641b64dcb8c1a60e59c54c610" candidate_term: 1 candidate_status { last_received { term: 0 index: 0 } } ignore_live_leader: false dest_uuid: "b1ef258acca44171a504fd0d46b54480" is_pre_election: true
I20260709 13:04:59.709084 15001 raft_consensus.cc:515] T d4b0c482dc65417a83d8b060ac6a5fdc P 64e956d641b64dcb8c1a60e59c54c610 [term 0 FOLLOWER]: Starting pre-election with config: opid_index: -1 OBSOLETE_local: false peers { permanent_uuid: "64e956d641b64dcb8c1a60e59c54c610" member_type: VOTER last_known_addr { host: "127.13.60.193" port: 46087 } } peers { permanent_uuid: "b1ef258acca44171a504fd0d46b54480" member_type: VOTER last_known_addr { host: "127.13.60.194" port: 38327 } } peers { permanent_uuid: "b1b9ee51762142888f6f71a79fd170d1" member_type: VOTER last_known_addr { host: "127.13.60.195" port: 35087 } }
I20260709 13:04:59.701532 15141 raft_consensus.cc:493] T 97f6cd29e27d4424a7ebb3e20abdd8f8 P 64e956d641b64dcb8c1a60e59c54c610 [term 0 FOLLOWER]: Starting leader election (no leader contacted us within the election timeout)
I20260709 13:04:59.711427 15141 raft_consensus.cc:3060] T 97f6cd29e27d4424a7ebb3e20abdd8f8 P 64e956d641b64dcb8c1a60e59c54c610 [term 0 FOLLOWER]: Advancing to term 1
W20260709 13:04:59.711818 14643 leader_election.cc:343] T 97f6cd29e27d4424a7ebb3e20abdd8f8 P 64e956d641b64dcb8c1a60e59c54c610 [CANDIDATE]: Term 1 pre-election: Tablet error from VoteRequest() call to peer b1ef258acca44171a504fd0d46b54480 (127.13.60.194:38327): Illegal state: must be running to vote when last-logged opid is not known
I20260709 13:04:59.712116 15146 consensus_queue.cc:1048] T 5f4c8e2e372b4b9d89d6d0b73cee8efd P 64e956d641b64dcb8c1a60e59c54c610 [LEADER]: Connected to new peer: Peer: permanent_uuid: "b1b9ee51762142888f6f71a79fd170d1" member_type: VOTER last_known_addr { host: "127.13.60.195" port: 35087 }, Status: LMP_MISMATCH, Last received: 0.0, Next index: 1, Last known committed idx: 0, Time since last communication: 0.002s
I20260709 13:04:59.715011 15001 leader_election.cc:290] T d4b0c482dc65417a83d8b060ac6a5fdc P 64e956d641b64dcb8c1a60e59c54c610 [CANDIDATE]: Term 1 pre-election: Requested pre-vote from peers b1ef258acca44171a504fd0d46b54480 (127.13.60.194:38327), b1b9ee51762142888f6f71a79fd170d1 (127.13.60.195:35087)
I20260709 13:04:59.715484 14746 tablet_service.cc:1917] Received RequestConsensusVote() RPC: tablet_id: "d4b0c482dc65417a83d8b060ac6a5fdc" candidate_uuid: "64e956d641b64dcb8c1a60e59c54c610" candidate_term: 1 candidate_status { last_received { term: 0 index: 0 } } ignore_live_leader: false dest_uuid: "b1ef258acca44171a504fd0d46b54480" is_pre_election: true
W20260709 13:04:59.716988 14643 leader_election.cc:343] T d4b0c482dc65417a83d8b060ac6a5fdc P 64e956d641b64dcb8c1a60e59c54c610 [CANDIDATE]: Term 1 pre-election: Tablet error from VoteRequest() call to peer b1ef258acca44171a504fd0d46b54480 (127.13.60.194:38327): Illegal state: must be running to vote when last-logged opid is not known
I20260709 13:04:59.717705 14871 raft_consensus.cc:359] T 1601d904eac34e63aa4e0dda230ffcc4 P b1ef258acca44171a504fd0d46b54480 [term 0 FOLLOWER]: Replica starting. Triggering 0 pending ops. Active config: opid_index: -1 OBSOLETE_local: false peers { permanent_uuid: "64e956d641b64dcb8c1a60e59c54c610" member_type: VOTER last_known_addr { host: "127.13.60.193" port: 46087 } } peers { permanent_uuid: "b1ef258acca44171a504fd0d46b54480" member_type: VOTER last_known_addr { host: "127.13.60.194" port: 38327 } } peers { permanent_uuid: "b1b9ee51762142888f6f71a79fd170d1" member_type: VOTER last_known_addr { host: "127.13.60.195" port: 35087 } }
I20260709 13:04:59.720885 14871 raft_consensus.cc:385] T 1601d904eac34e63aa4e0dda230ffcc4 P b1ef258acca44171a504fd0d46b54480 [term 0 FOLLOWER]: Consensus starting up: Expiring failure detector timer to make a prompt election more likely
I20260709 13:04:59.721298 14871 raft_consensus.cc:740] T 1601d904eac34e63aa4e0dda230ffcc4 P b1ef258acca44171a504fd0d46b54480 [term 0 FOLLOWER]: Becoming Follower/Learner. State: Replica: b1ef258acca44171a504fd0d46b54480, State: Initialized, Role: FOLLOWER
I20260709 13:04:59.721521 14869 tablet_bootstrap.cc:654] T 13d54314d20a4e3a951ea5f038d0ad7c P 64e956d641b64dcb8c1a60e59c54c610: Neither blocks nor log segments found. Creating new log.
I20260709 13:04:59.720367 14823 tablet_service.cc:1917] Received RequestConsensusVote() RPC: tablet_id: "d4b0c482dc65417a83d8b060ac6a5fdc" candidate_uuid: "64e956d641b64dcb8c1a60e59c54c610" candidate_term: 1 candidate_status { last_received { term: 0 index: 0 } } ignore_live_leader: false dest_uuid: "b1b9ee51762142888f6f71a79fd170d1" is_pre_election: true
I20260709 13:04:59.722219 14871 consensus_queue.cc:260] T 1601d904eac34e63aa4e0dda230ffcc4 P b1ef258acca44171a504fd0d46b54480 [NON_LEADER]: Queue going to NON_LEADER mode. State: All replicated index: 0, Majority replicated index: 0, Committed index: 0, Last appended: 0.0, Last appended by leader: 0, Current term: 0, Majority size: -1, State: 0, Mode: NON_LEADER, active raft config: opid_index: -1 OBSOLETE_local: false peers { permanent_uuid: "64e956d641b64dcb8c1a60e59c54c610" member_type: VOTER last_known_addr { host: "127.13.60.193" port: 46087 } } peers { permanent_uuid: "b1ef258acca44171a504fd0d46b54480" member_type: VOTER last_known_addr { host: "127.13.60.194" port: 38327 } } peers { permanent_uuid: "b1b9ee51762142888f6f71a79fd170d1" member_type: VOTER last_known_addr { host: "127.13.60.195" port: 35087 } }
W20260709 13:04:59.727321 14642 leader_election.cc:343] T d4b0c482dc65417a83d8b060ac6a5fdc P 64e956d641b64dcb8c1a60e59c54c610 [CANDIDATE]: Term 1 pre-election: Tablet error from VoteRequest() call to peer b1b9ee51762142888f6f71a79fd170d1 (127.13.60.195:35087): Illegal state: must be running to vote when last-logged opid is not known
I20260709 13:04:59.727941 14642 leader_election.cc:304] T d4b0c482dc65417a83d8b060ac6a5fdc P 64e956d641b64dcb8c1a60e59c54c610 [CANDIDATE]: Term 1 pre-election: Election decided. Result: candidate lost. Election summary: received 3 responses out of 3 voters: 1 yes votes; 2 no votes. yes voters: 64e956d641b64dcb8c1a60e59c54c610; no voters: b1b9ee51762142888f6f71a79fd170d1, b1ef258acca44171a504fd0d46b54480
I20260709 13:04:59.729607 15146 raft_consensus.cc:2749] T d4b0c482dc65417a83d8b060ac6a5fdc P 64e956d641b64dcb8c1a60e59c54c610 [term 0 FOLLOWER]: Leader pre-election lost for term 1. Reason: could not achieve majority
I20260709 13:04:59.771299 14871 ts_tablet_manager.cc:1434] T 1601d904eac34e63aa4e0dda230ffcc4 P b1ef258acca44171a504fd0d46b54480: Time spent starting tablet: real 0.064s	user 0.007s	sys 0.001s
I20260709 13:04:59.768711 15123 raft_consensus.cc:493] T 1601d904eac34e63aa4e0dda230ffcc4 P b1ef258acca44171a504fd0d46b54480 [term 0 FOLLOWER]: Starting pre-election (no leader contacted us within the election timeout)
I20260709 13:04:59.782855 14871 tablet_bootstrap.cc:492] T d4b0c482dc65417a83d8b060ac6a5fdc P b1ef258acca44171a504fd0d46b54480: Bootstrap starting.
I20260709 13:04:59.797042 14574 catalog_manager.cc:5697] T 925a20020a324111a1091bcf0c08c7d0 P b1b9ee51762142888f6f71a79fd170d1 reported cstate change: term changed from 0 to 1, leader changed from <none> to b1b9ee51762142888f6f71a79fd170d1 (127.13.60.195). New cstate: current_term: 1 leader_uuid: "b1b9ee51762142888f6f71a79fd170d1" committed_config { opid_index: -1 OBSOLETE_local: false peers { permanent_uuid: "64e956d641b64dcb8c1a60e59c54c610" member_type: VOTER last_known_addr { host: "127.13.60.193" port: 46087 } health_report { overall_health: UNKNOWN } } peers { permanent_uuid: "b1ef258acca44171a504fd0d46b54480" member_type: VOTER last_known_addr { host: "127.13.60.194" port: 38327 } health_report { overall_health: UNKNOWN } } peers { permanent_uuid: "b1b9ee51762142888f6f71a79fd170d1" member_type: VOTER last_known_addr { host: "127.13.60.195" port: 35087 } health_report { overall_health: HEALTHY } } }
I20260709 13:04:59.802693 14870 tablet_bootstrap.cc:654] T 8239008c009c4006b29383f9dfc7f1f5 P b1b9ee51762142888f6f71a79fd170d1: Neither blocks nor log segments found. Creating new log.
I20260709 13:04:59.804023 15137 consensus_queue.cc:1048] T cd88e2ea92314ff6831c9a1c275f0b08 P b1b9ee51762142888f6f71a79fd170d1 [LEADER]: Connected to new peer: Peer: permanent_uuid: "64e956d641b64dcb8c1a60e59c54c610" member_type: VOTER last_known_addr { host: "127.13.60.193" port: 46087 }, Status: LMP_MISMATCH, Last received: 0.0, Next index: 1, Last known committed idx: 0, Time since last communication: 0.002s
W20260709 13:04:59.811470 14792 consensus_peers.cc:597] T cd88e2ea92314ff6831c9a1c275f0b08 P b1b9ee51762142888f6f71a79fd170d1 -> Peer b1ef258acca44171a504fd0d46b54480 (127.13.60.194:38327): Couldn't send request to peer b1ef258acca44171a504fd0d46b54480. Error code: TABLET_NOT_RUNNING (12). Status: Illegal state: Tablet not RUNNING: INITIALIZED. This is attempt 1: this message will repeat every 5th retry.
I20260709 13:04:59.783390 15123 raft_consensus.cc:515] T 1601d904eac34e63aa4e0dda230ffcc4 P b1ef258acca44171a504fd0d46b54480 [term 0 FOLLOWER]: Starting pre-election with config: opid_index: -1 OBSOLETE_local: false peers { permanent_uuid: "64e956d641b64dcb8c1a60e59c54c610" member_type: VOTER last_known_addr { host: "127.13.60.193" port: 46087 } } peers { permanent_uuid: "b1ef258acca44171a504fd0d46b54480" member_type: VOTER last_known_addr { host: "127.13.60.194" port: 38327 } } peers { permanent_uuid: "b1b9ee51762142888f6f71a79fd170d1" member_type: VOTER last_known_addr { host: "127.13.60.195" port: 35087 } }
I20260709 13:04:59.804534 15143 raft_consensus.cc:493] T d58907efe6de41378a2c69e8fa4e67a2 P b1ef258acca44171a504fd0d46b54480 [term 0 FOLLOWER]: Starting pre-election (no leader contacted us within the election timeout)
I20260709 13:04:59.814597 15141 raft_consensus.cc:515] T 97f6cd29e27d4424a7ebb3e20abdd8f8 P 64e956d641b64dcb8c1a60e59c54c610 [term 1 FOLLOWER]: Starting leader election with config: opid_index: -1 OBSOLETE_local: false peers { permanent_uuid: "64e956d641b64dcb8c1a60e59c54c610" member_type: VOTER last_known_addr { host: "127.13.60.193" port: 46087 } } peers { permanent_uuid: "b1ef258acca44171a504fd0d46b54480" member_type: VOTER last_known_addr { host: "127.13.60.194" port: 38327 } } peers { permanent_uuid: "b1b9ee51762142888f6f71a79fd170d1" member_type: VOTER last_known_addr { host: "127.13.60.195" port: 35087 } }
I20260709 13:04:59.834432 15141 leader_election.cc:290] T 97f6cd29e27d4424a7ebb3e20abdd8f8 P 64e956d641b64dcb8c1a60e59c54c610 [CANDIDATE]: Term 1 election: Requested vote from peers b1ef258acca44171a504fd0d46b54480 (127.13.60.194:38327), b1b9ee51762142888f6f71a79fd170d1 (127.13.60.195:35087)
I20260709 13:04:59.845053 14746 tablet_service.cc:1917] Received RequestConsensusVote() RPC: tablet_id: "97f6cd29e27d4424a7ebb3e20abdd8f8" candidate_uuid: "64e956d641b64dcb8c1a60e59c54c610" candidate_term: 1 candidate_status { last_received { term: 0 index: 0 } } ignore_live_leader: false dest_uuid: "b1ef258acca44171a504fd0d46b54480"
I20260709 13:04:59.827369 15132 raft_consensus.cc:493] T 405f154b14534d438d3befa0150d18e7 P 64e956d641b64dcb8c1a60e59c54c610 [term 0 FOLLOWER]: Starting pre-election (no leader contacted us within the election timeout)
I20260709 13:04:59.847807 15132 raft_consensus.cc:515] T 405f154b14534d438d3befa0150d18e7 P 64e956d641b64dcb8c1a60e59c54c610 [term 0 FOLLOWER]: Starting pre-election with config: opid_index: -1 OBSOLETE_local: false peers { permanent_uuid: "64e956d641b64dcb8c1a60e59c54c610" member_type: VOTER last_known_addr { host: "127.13.60.193" port: 46087 } } peers { permanent_uuid: "b1ef258acca44171a504fd0d46b54480" member_type: VOTER last_known_addr { host: "127.13.60.194" port: 38327 } } peers { permanent_uuid: "b1b9ee51762142888f6f71a79fd170d1" member_type: VOTER last_known_addr { host: "127.13.60.195" port: 35087 } }
I20260709 13:04:59.850713 15132 leader_election.cc:290] T 405f154b14534d438d3befa0150d18e7 P 64e956d641b64dcb8c1a60e59c54c610 [CANDIDATE]: Term 1 pre-election: Requested pre-vote from peers b1ef258acca44171a504fd0d46b54480 (127.13.60.194:38327), b1b9ee51762142888f6f71a79fd170d1 (127.13.60.195:35087)
W20260709 13:04:59.854691 14643 leader_election.cc:343] T 97f6cd29e27d4424a7ebb3e20abdd8f8 P 64e956d641b64dcb8c1a60e59c54c610 [CANDIDATE]: Term 1 election: Tablet error from VoteRequest() call to peer b1ef258acca44171a504fd0d46b54480 (127.13.60.194:38327): Illegal state: must be running to vote when last-logged opid is not known
I20260709 13:04:59.857007 14826 tablet_service.cc:1917] Received RequestConsensusVote() RPC: tablet_id: "405f154b14534d438d3befa0150d18e7" candidate_uuid: "64e956d641b64dcb8c1a60e59c54c610" candidate_term: 1 candidate_status { last_received { term: 0 index: 0 } } ignore_live_leader: false dest_uuid: "b1b9ee51762142888f6f71a79fd170d1" is_pre_election: true
W20260709 13:04:59.874615 14642 leader_election.cc:343] T 405f154b14534d438d3befa0150d18e7 P 64e956d641b64dcb8c1a60e59c54c610 [CANDIDATE]: Term 1 pre-election: Tablet error from VoteRequest() call to peer b1b9ee51762142888f6f71a79fd170d1 (127.13.60.195:35087): Illegal state: must be running to vote when last-logged opid is not known
I20260709 13:04:59.860206 14745 tablet_service.cc:1917] Received RequestConsensusVote() RPC: tablet_id: "405f154b14534d438d3befa0150d18e7" candidate_uuid: "64e956d641b64dcb8c1a60e59c54c610" candidate_term: 1 candidate_status { last_received { term: 0 index: 0 } } ignore_live_leader: false dest_uuid: "b1ef258acca44171a504fd0d46b54480" is_pre_election: true
I20260709 13:04:59.860275 14822 tablet_service.cc:1917] Received RequestConsensusVote() RPC: tablet_id: "97f6cd29e27d4424a7ebb3e20abdd8f8" candidate_uuid: "64e956d641b64dcb8c1a60e59c54c610" candidate_term: 1 candidate_status { last_received { term: 0 index: 0 } } ignore_live_leader: false dest_uuid: "b1b9ee51762142888f6f71a79fd170d1"
I20260709 13:04:59.831472 15143 raft_consensus.cc:515] T d58907efe6de41378a2c69e8fa4e67a2 P b1ef258acca44171a504fd0d46b54480 [term 0 FOLLOWER]: Starting pre-election with config: opid_index: -1 OBSOLETE_local: false peers { permanent_uuid: "64e956d641b64dcb8c1a60e59c54c610" member_type: VOTER last_known_addr { host: "127.13.60.193" port: 46087 } } peers { permanent_uuid: "b1ef258acca44171a504fd0d46b54480" member_type: VOTER last_known_addr { host: "127.13.60.194" port: 38327 } } peers { permanent_uuid: "b1b9ee51762142888f6f71a79fd170d1" member_type: VOTER last_known_addr { host: "127.13.60.195" port: 35087 } }
I20260709 13:04:59.894574 15123 leader_election.cc:290] T 1601d904eac34e63aa4e0dda230ffcc4 P b1ef258acca44171a504fd0d46b54480 [CANDIDATE]: Term 1 pre-election: Requested pre-vote from peers 64e956d641b64dcb8c1a60e59c54c610 (127.13.60.193:46087), b1b9ee51762142888f6f71a79fd170d1 (127.13.60.195:35087)
I20260709 13:04:59.902958 14675 tablet_service.cc:1917] Received RequestConsensusVote() RPC: tablet_id: "1601d904eac34e63aa4e0dda230ffcc4" candidate_uuid: "b1ef258acca44171a504fd0d46b54480" candidate_term: 1 candidate_status { last_received { term: 0 index: 0 } } ignore_live_leader: false dest_uuid: "64e956d641b64dcb8c1a60e59c54c610" is_pre_election: true
W20260709 13:04:59.911393 14643 leader_election.cc:343] T 405f154b14534d438d3befa0150d18e7 P 64e956d641b64dcb8c1a60e59c54c610 [CANDIDATE]: Term 1 pre-election: Tablet error from VoteRequest() call to peer b1ef258acca44171a504fd0d46b54480 (127.13.60.194:38327): Illegal state: must be running to vote when last-logged opid is not known
I20260709 13:04:59.892115 14822 raft_consensus.cc:3060] T 97f6cd29e27d4424a7ebb3e20abdd8f8 P b1b9ee51762142888f6f71a79fd170d1 [term 0 FOLLOWER]: Advancing to term 1
I20260709 13:04:59.913834 14643 leader_election.cc:304] T 405f154b14534d438d3befa0150d18e7 P 64e956d641b64dcb8c1a60e59c54c610 [CANDIDATE]: Term 1 pre-election: Election decided. Result: candidate lost. Election summary: received 3 responses out of 3 voters: 1 yes votes; 2 no votes. yes voters: 64e956d641b64dcb8c1a60e59c54c610; no voters: b1b9ee51762142888f6f71a79fd170d1, b1ef258acca44171a504fd0d46b54480
I20260709 13:04:59.923815 15132 raft_consensus.cc:2749] T 405f154b14534d438d3befa0150d18e7 P 64e956d641b64dcb8c1a60e59c54c610 [term 0 FOLLOWER]: Leader pre-election lost for term 1. Reason: could not achieve majority
I20260709 13:04:59.916152 14675 raft_consensus.cc:2468] T 1601d904eac34e63aa4e0dda230ffcc4 P 64e956d641b64dcb8c1a60e59c54c610 [term 0 FOLLOWER]: Leader pre-election vote request: Granting yes vote for candidate b1ef258acca44171a504fd0d46b54480 in term 0.
I20260709 13:04:59.933099 14716 leader_election.cc:304] T 1601d904eac34e63aa4e0dda230ffcc4 P b1ef258acca44171a504fd0d46b54480 [CANDIDATE]: Term 1 pre-election: Election decided. Result: candidate won. Election summary: received 2 responses out of 3 voters: 2 yes votes; 0 no votes. yes voters: 64e956d641b64dcb8c1a60e59c54c610, b1ef258acca44171a504fd0d46b54480; no voters: 
I20260709 13:04:59.921594 15174 raft_consensus.cc:493] T 1601d904eac34e63aa4e0dda230ffcc4 P b1b9ee51762142888f6f71a79fd170d1 [term 0 FOLLOWER]: Starting pre-election (no leader contacted us within the election timeout)
I20260709 13:04:59.943863 14869 tablet_bootstrap.cc:492] T 13d54314d20a4e3a951ea5f038d0ad7c P 64e956d641b64dcb8c1a60e59c54c610: No bootstrap required, opened a new log
I20260709 13:04:59.944554 14869 ts_tablet_manager.cc:1403] T 13d54314d20a4e3a951ea5f038d0ad7c P 64e956d641b64dcb8c1a60e59c54c610: Time spent bootstrapping tablet: real 0.280s	user 0.010s	sys 0.030s
I20260709 13:04:59.936095 15123 raft_consensus.cc:2804] T 1601d904eac34e63aa4e0dda230ffcc4 P b1ef258acca44171a504fd0d46b54480 [term 0 FOLLOWER]: Leader pre-election won for term 1
I20260709 13:04:59.945501 15174 raft_consensus.cc:515] T 1601d904eac34e63aa4e0dda230ffcc4 P b1b9ee51762142888f6f71a79fd170d1 [term 0 FOLLOWER]: Starting pre-election with config: opid_index: -1 OBSOLETE_local: false peers { permanent_uuid: "64e956d641b64dcb8c1a60e59c54c610" member_type: VOTER last_known_addr { host: "127.13.60.193" port: 46087 } } peers { permanent_uuid: "b1ef258acca44171a504fd0d46b54480" member_type: VOTER last_known_addr { host: "127.13.60.194" port: 38327 } } peers { permanent_uuid: "b1b9ee51762142888f6f71a79fd170d1" member_type: VOTER last_known_addr { host: "127.13.60.195" port: 35087 } }
I20260709 13:04:59.949018 15123 raft_consensus.cc:493] T 1601d904eac34e63aa4e0dda230ffcc4 P b1ef258acca44171a504fd0d46b54480 [term 0 FOLLOWER]: Starting leader election (no leader contacted us within the election timeout)
I20260709 13:04:59.952057 15123 raft_consensus.cc:3060] T 1601d904eac34e63aa4e0dda230ffcc4 P b1ef258acca44171a504fd0d46b54480 [term 0 FOLLOWER]: Advancing to term 1
I20260709 13:04:59.953326 15174 leader_election.cc:290] T 1601d904eac34e63aa4e0dda230ffcc4 P b1b9ee51762142888f6f71a79fd170d1 [CANDIDATE]: Term 1 pre-election: Requested pre-vote from peers 64e956d641b64dcb8c1a60e59c54c610 (127.13.60.193:46087), b1ef258acca44171a504fd0d46b54480 (127.13.60.194:38327)
I20260709 13:04:59.958541 15143 leader_election.cc:290] T d58907efe6de41378a2c69e8fa4e67a2 P b1ef258acca44171a504fd0d46b54480 [CANDIDATE]: Term 1 pre-election: Requested pre-vote from peers 64e956d641b64dcb8c1a60e59c54c610 (127.13.60.193:46087), b1b9ee51762142888f6f71a79fd170d1 (127.13.60.195:35087)
I20260709 13:04:59.959156 14672 tablet_service.cc:1917] Received RequestConsensusVote() RPC: tablet_id: "1601d904eac34e63aa4e0dda230ffcc4" candidate_uuid: "b1b9ee51762142888f6f71a79fd170d1" candidate_term: 1 candidate_status { last_received { term: 0 index: 0 } } ignore_live_leader: false dest_uuid: "64e956d641b64dcb8c1a60e59c54c610" is_pre_election: true
I20260709 13:04:59.959957 14672 raft_consensus.cc:2468] T 1601d904eac34e63aa4e0dda230ffcc4 P 64e956d641b64dcb8c1a60e59c54c610 [term 0 FOLLOWER]: Leader pre-election vote request: Granting yes vote for candidate b1b9ee51762142888f6f71a79fd170d1 in term 0.
I20260709 13:04:59.962632 14870 tablet_bootstrap.cc:492] T 8239008c009c4006b29383f9dfc7f1f5 P b1b9ee51762142888f6f71a79fd170d1: No bootstrap required, opened a new log
I20260709 13:04:59.963503 14870 ts_tablet_manager.cc:1403] T 8239008c009c4006b29383f9dfc7f1f5 P b1b9ee51762142888f6f71a79fd170d1: Time spent bootstrapping tablet: real 0.268s	user 0.015s	sys 0.030s
I20260709 13:04:59.966511 14674 tablet_service.cc:1917] Received RequestConsensusVote() RPC: tablet_id: "d58907efe6de41378a2c69e8fa4e67a2" candidate_uuid: "b1ef258acca44171a504fd0d46b54480" candidate_term: 1 candidate_status { last_received { term: 0 index: 0 } } ignore_live_leader: false dest_uuid: "64e956d641b64dcb8c1a60e59c54c610" is_pre_election: true
I20260709 13:04:59.967885 14674 raft_consensus.cc:2393] T d58907efe6de41378a2c69e8fa4e67a2 P 64e956d641b64dcb8c1a60e59c54c610 [term 1 FOLLOWER]: Leader pre-election vote request: Denying vote to candidate b1ef258acca44171a504fd0d46b54480 in current term 1: Already voted for candidate 64e956d641b64dcb8c1a60e59c54c610 in this term.
I20260709 13:04:59.971417 14790 leader_election.cc:304] T 1601d904eac34e63aa4e0dda230ffcc4 P b1b9ee51762142888f6f71a79fd170d1 [CANDIDATE]: Term 1 pre-election: Election decided. Result: candidate won. Election summary: received 2 responses out of 3 voters: 2 yes votes; 0 no votes. yes voters: 64e956d641b64dcb8c1a60e59c54c610, b1b9ee51762142888f6f71a79fd170d1; no voters: 
I20260709 13:04:59.972330 14971 raft_consensus.cc:2804] T 1601d904eac34e63aa4e0dda230ffcc4 P b1b9ee51762142888f6f71a79fd170d1 [term 0 FOLLOWER]: Leader pre-election won for term 1
I20260709 13:04:59.972714 14971 raft_consensus.cc:493] T 1601d904eac34e63aa4e0dda230ffcc4 P b1b9ee51762142888f6f71a79fd170d1 [term 0 FOLLOWER]: Starting leader election (no leader contacted us within the election timeout)
I20260709 13:04:59.973028 14971 raft_consensus.cc:3060] T 1601d904eac34e63aa4e0dda230ffcc4 P b1b9ee51762142888f6f71a79fd170d1 [term 0 FOLLOWER]: Advancing to term 1
I20260709 13:04:59.983915 14871 tablet_bootstrap.cc:654] T d4b0c482dc65417a83d8b060ac6a5fdc P b1ef258acca44171a504fd0d46b54480: Neither blocks nor log segments found. Creating new log.
I20260709 13:04:59.979665 14971 raft_consensus.cc:515] T 1601d904eac34e63aa4e0dda230ffcc4 P b1b9ee51762142888f6f71a79fd170d1 [term 1 FOLLOWER]: Starting leader election with config: opid_index: -1 OBSOLETE_local: false peers { permanent_uuid: "64e956d641b64dcb8c1a60e59c54c610" member_type: VOTER last_known_addr { host: "127.13.60.193" port: 46087 } } peers { permanent_uuid: "b1ef258acca44171a504fd0d46b54480" member_type: VOTER last_known_addr { host: "127.13.60.194" port: 38327 } } peers { permanent_uuid: "b1b9ee51762142888f6f71a79fd170d1" member_type: VOTER last_known_addr { host: "127.13.60.195" port: 35087 } }
I20260709 13:04:59.989923 14869 raft_consensus.cc:359] T 13d54314d20a4e3a951ea5f038d0ad7c P 64e956d641b64dcb8c1a60e59c54c610 [term 0 FOLLOWER]: Replica starting. Triggering 0 pending ops. Active config: opid_index: -1 OBSOLETE_local: false peers { permanent_uuid: "64e956d641b64dcb8c1a60e59c54c610" member_type: VOTER last_known_addr { host: "127.13.60.193" port: 46087 } } peers { permanent_uuid: "b1ef258acca44171a504fd0d46b54480" member_type: VOTER last_known_addr { host: "127.13.60.194" port: 38327 } } peers { permanent_uuid: "b1b9ee51762142888f6f71a79fd170d1" member_type: VOTER last_known_addr { host: "127.13.60.195" port: 35087 } }
I20260709 13:04:59.990880 14869 raft_consensus.cc:385] T 13d54314d20a4e3a951ea5f038d0ad7c P 64e956d641b64dcb8c1a60e59c54c610 [term 0 FOLLOWER]: Consensus starting up: Expiring failure detector timer to make a prompt election more likely
I20260709 13:04:59.991163 14869 raft_consensus.cc:740] T 13d54314d20a4e3a951ea5f038d0ad7c P 64e956d641b64dcb8c1a60e59c54c610 [term 0 FOLLOWER]: Becoming Follower/Learner. State: Replica: 64e956d641b64dcb8c1a60e59c54c610, State: Initialized, Role: FOLLOWER
I20260709 13:04:59.992121 14869 consensus_queue.cc:260] T 13d54314d20a4e3a951ea5f038d0ad7c P 64e956d641b64dcb8c1a60e59c54c610 [NON_LEADER]: Queue going to NON_LEADER mode. State: All replicated index: 0, Majority replicated index: 0, Committed index: 0, Last appended: 0.0, Last appended by leader: 0, Current term: 0, Majority size: -1, State: 0, Mode: NON_LEADER, active raft config: opid_index: -1 OBSOLETE_local: false peers { permanent_uuid: "64e956d641b64dcb8c1a60e59c54c610" member_type: VOTER last_known_addr { host: "127.13.60.193" port: 46087 } } peers { permanent_uuid: "b1ef258acca44171a504fd0d46b54480" member_type: VOTER last_known_addr { host: "127.13.60.194" port: 38327 } } peers { permanent_uuid: "b1b9ee51762142888f6f71a79fd170d1" member_type: VOTER last_known_addr { host: "127.13.60.195" port: 35087 } }
I20260709 13:04:59.993968 14971 leader_election.cc:290] T 1601d904eac34e63aa4e0dda230ffcc4 P b1b9ee51762142888f6f71a79fd170d1 [CANDIDATE]: Term 1 election: Requested vote from peers 64e956d641b64dcb8c1a60e59c54c610 (127.13.60.193:46087), b1ef258acca44171a504fd0d46b54480 (127.13.60.194:38327)
I20260709 13:04:59.995031 14746 tablet_service.cc:1917] Received RequestConsensusVote() RPC: tablet_id: "1601d904eac34e63aa4e0dda230ffcc4" candidate_uuid: "b1b9ee51762142888f6f71a79fd170d1" candidate_term: 1 candidate_status { last_received { term: 0 index: 0 } } ignore_live_leader: false dest_uuid: "b1ef258acca44171a504fd0d46b54480" is_pre_election: true
I20260709 13:05:00.003818 14822 raft_consensus.cc:2468] T 97f6cd29e27d4424a7ebb3e20abdd8f8 P b1b9ee51762142888f6f71a79fd170d1 [term 1 FOLLOWER]: Leader election vote request: Granting yes vote for candidate 64e956d641b64dcb8c1a60e59c54c610 in term 1.
I20260709 13:05:00.005122 14869 ts_tablet_manager.cc:1434] T 13d54314d20a4e3a951ea5f038d0ad7c P 64e956d641b64dcb8c1a60e59c54c610: Time spent starting tablet: real 0.060s	user 0.002s	sys 0.005s
I20260709 13:05:00.007732 14869 tablet_bootstrap.cc:492] T 15180c1cc96c4e5e8cf3df389474e998 P 64e956d641b64dcb8c1a60e59c54c610: Bootstrap starting.
I20260709 13:05:00.015363 14677 tablet_service.cc:1917] Received RequestConsensusVote() RPC: tablet_id: "1601d904eac34e63aa4e0dda230ffcc4" candidate_uuid: "b1b9ee51762142888f6f71a79fd170d1" candidate_term: 1 candidate_status { last_received { term: 0 index: 0 } } ignore_live_leader: false dest_uuid: "64e956d641b64dcb8c1a60e59c54c610"
I20260709 13:05:00.015951 14677 raft_consensus.cc:3060] T 1601d904eac34e63aa4e0dda230ffcc4 P 64e956d641b64dcb8c1a60e59c54c610 [term 0 FOLLOWER]: Advancing to term 1
I20260709 13:05:00.027313 14870 raft_consensus.cc:359] T 8239008c009c4006b29383f9dfc7f1f5 P b1b9ee51762142888f6f71a79fd170d1 [term 0 FOLLOWER]: Replica starting. Triggering 0 pending ops. Active config: opid_index: -1 OBSOLETE_local: false peers { permanent_uuid: "64e956d641b64dcb8c1a60e59c54c610" member_type: VOTER last_known_addr { host: "127.13.60.193" port: 46087 } } peers { permanent_uuid: "b1ef258acca44171a504fd0d46b54480" member_type: VOTER last_known_addr { host: "127.13.60.194" port: 38327 } } peers { permanent_uuid: "b1b9ee51762142888f6f71a79fd170d1" member_type: VOTER last_known_addr { host: "127.13.60.195" port: 35087 } }
I20260709 13:05:00.030285 14823 tablet_service.cc:1917] Received RequestConsensusVote() RPC: tablet_id: "1601d904eac34e63aa4e0dda230ffcc4" candidate_uuid: "b1ef258acca44171a504fd0d46b54480" candidate_term: 1 candidate_status { last_received { term: 0 index: 0 } } ignore_live_leader: false dest_uuid: "b1b9ee51762142888f6f71a79fd170d1" is_pre_election: true
I20260709 13:05:00.031102 14823 raft_consensus.cc:2393] T 1601d904eac34e63aa4e0dda230ffcc4 P b1b9ee51762142888f6f71a79fd170d1 [term 1 FOLLOWER]: Leader pre-election vote request: Denying vote to candidate b1ef258acca44171a504fd0d46b54480 in current term 1: Already voted for candidate b1b9ee51762142888f6f71a79fd170d1 in this term.
I20260709 13:05:00.028035 14870 raft_consensus.cc:385] T 8239008c009c4006b29383f9dfc7f1f5 P b1b9ee51762142888f6f71a79fd170d1 [term 0 FOLLOWER]: Consensus starting up: Expiring failure detector timer to make a prompt election more likely
I20260709 13:05:00.031354 14822 tablet_service.cc:1917] Received RequestConsensusVote() RPC: tablet_id: "d58907efe6de41378a2c69e8fa4e67a2" candidate_uuid: "b1ef258acca44171a504fd0d46b54480" candidate_term: 1 candidate_status { last_received { term: 0 index: 0 } } ignore_live_leader: false dest_uuid: "b1b9ee51762142888f6f71a79fd170d1" is_pre_election: true
I20260709 13:05:00.031790 14870 raft_consensus.cc:740] T 8239008c009c4006b29383f9dfc7f1f5 P b1b9ee51762142888f6f71a79fd170d1 [term 0 FOLLOWER]: Becoming Follower/Learner. State: Replica: b1b9ee51762142888f6f71a79fd170d1, State: Initialized, Role: FOLLOWER
I20260709 13:05:00.032163 14822 raft_consensus.cc:2393] T d58907efe6de41378a2c69e8fa4e67a2 P b1b9ee51762142888f6f71a79fd170d1 [term 1 FOLLOWER]: Leader pre-election vote request: Denying vote to candidate b1ef258acca44171a504fd0d46b54480 in current term 1: Already voted for candidate b1b9ee51762142888f6f71a79fd170d1 in this term.
I20260709 13:05:00.037408 14752 tablet_service.cc:1917] Received RequestConsensusVote() RPC: tablet_id: "1601d904eac34e63aa4e0dda230ffcc4" candidate_uuid: "b1b9ee51762142888f6f71a79fd170d1" candidate_term: 1 candidate_status { last_received { term: 0 index: 0 } } ignore_live_leader: false dest_uuid: "b1ef258acca44171a504fd0d46b54480"
I20260709 13:05:00.045006 14717 leader_election.cc:304] T d58907efe6de41378a2c69e8fa4e67a2 P b1ef258acca44171a504fd0d46b54480 [CANDIDATE]: Term 1 pre-election: Election decided. Result: candidate lost. Election summary: received 3 responses out of 3 voters: 1 yes votes; 2 no votes. yes voters: b1ef258acca44171a504fd0d46b54480; no voters: 64e956d641b64dcb8c1a60e59c54c610, b1b9ee51762142888f6f71a79fd170d1
I20260709 13:05:00.045859 15175 raft_consensus.cc:3060] T d58907efe6de41378a2c69e8fa4e67a2 P b1ef258acca44171a504fd0d46b54480 [term 0 FOLLOWER]: Advancing to term 1
I20260709 13:05:00.046283 14869 tablet_bootstrap.cc:654] T 15180c1cc96c4e5e8cf3df389474e998 P 64e956d641b64dcb8c1a60e59c54c610: Neither blocks nor log segments found. Creating new log.
I20260709 13:05:00.047479 14870 consensus_queue.cc:260] T 8239008c009c4006b29383f9dfc7f1f5 P b1b9ee51762142888f6f71a79fd170d1 [NON_LEADER]: Queue going to NON_LEADER mode. State: All replicated index: 0, Majority replicated index: 0, Committed index: 0, Last appended: 0.0, Last appended by leader: 0, Current term: 0, Majority size: -1, State: 0, Mode: NON_LEADER, active raft config: opid_index: -1 OBSOLETE_local: false peers { permanent_uuid: "64e956d641b64dcb8c1a60e59c54c610" member_type: VOTER last_known_addr { host: "127.13.60.193" port: 46087 } } peers { permanent_uuid: "b1ef258acca44171a504fd0d46b54480" member_type: VOTER last_known_addr { host: "127.13.60.194" port: 38327 } } peers { permanent_uuid: "b1b9ee51762142888f6f71a79fd170d1" member_type: VOTER last_known_addr { host: "127.13.60.195" port: 35087 } }
I20260709 13:05:00.052054 14870 ts_tablet_manager.cc:1434] T 8239008c009c4006b29383f9dfc7f1f5 P b1b9ee51762142888f6f71a79fd170d1: Time spent starting tablet: real 0.088s	user 0.006s	sys 0.002s
I20260709 13:05:00.053118 14870 tablet_bootstrap.cc:492] T d4b0c482dc65417a83d8b060ac6a5fdc P b1b9ee51762142888f6f71a79fd170d1: Bootstrap starting.
I20260709 13:05:00.055928 15175 raft_consensus.cc:2749] T d58907efe6de41378a2c69e8fa4e67a2 P b1ef258acca44171a504fd0d46b54480 [term 1 FOLLOWER]: Leader pre-election lost for term 1. Reason: could not achieve majority
I20260709 13:05:00.070327 14677 raft_consensus.cc:2468] T 1601d904eac34e63aa4e0dda230ffcc4 P 64e956d641b64dcb8c1a60e59c54c610 [term 1 FOLLOWER]: Leader election vote request: Granting yes vote for candidate b1b9ee51762142888f6f71a79fd170d1 in term 1.
I20260709 13:05:00.016330 15123 raft_consensus.cc:515] T 1601d904eac34e63aa4e0dda230ffcc4 P b1ef258acca44171a504fd0d46b54480 [term 1 FOLLOWER]: Starting leader election with config: opid_index: -1 OBSOLETE_local: false peers { permanent_uuid: "64e956d641b64dcb8c1a60e59c54c610" member_type: VOTER last_known_addr { host: "127.13.60.193" port: 46087 } } peers { permanent_uuid: "b1ef258acca44171a504fd0d46b54480" member_type: VOTER last_known_addr { host: "127.13.60.194" port: 38327 } } peers { permanent_uuid: "b1b9ee51762142888f6f71a79fd170d1" member_type: VOTER last_known_addr { host: "127.13.60.195" port: 35087 } }
I20260709 13:05:00.073580 15146 raft_consensus.cc:493] T 13d54314d20a4e3a951ea5f038d0ad7c P 64e956d641b64dcb8c1a60e59c54c610 [term 0 FOLLOWER]: Starting pre-election (no leader contacted us within the election timeout)
I20260709 13:05:00.073949 14871 tablet_bootstrap.cc:492] T d4b0c482dc65417a83d8b060ac6a5fdc P b1ef258acca44171a504fd0d46b54480: No bootstrap required, opened a new log
I20260709 13:05:00.074426 14871 ts_tablet_manager.cc:1403] T d4b0c482dc65417a83d8b060ac6a5fdc P b1ef258acca44171a504fd0d46b54480: Time spent bootstrapping tablet: real 0.292s	user 0.031s	sys 0.023s
I20260709 13:05:00.074116 15146 raft_consensus.cc:515] T 13d54314d20a4e3a951ea5f038d0ad7c P 64e956d641b64dcb8c1a60e59c54c610 [term 0 FOLLOWER]: Starting pre-election with config: opid_index: -1 OBSOLETE_local: false peers { permanent_uuid: "64e956d641b64dcb8c1a60e59c54c610" member_type: VOTER last_known_addr { host: "127.13.60.193" port: 46087 } } peers { permanent_uuid: "b1ef258acca44171a504fd0d46b54480" member_type: VOTER last_known_addr { host: "127.13.60.194" port: 38327 } } peers { permanent_uuid: "b1b9ee51762142888f6f71a79fd170d1" member_type: VOTER last_known_addr { host: "127.13.60.195" port: 35087 } }
I20260709 13:05:00.068048 14642 leader_election.cc:304] T 97f6cd29e27d4424a7ebb3e20abdd8f8 P 64e956d641b64dcb8c1a60e59c54c610 [CANDIDATE]: Term 1 election: Election decided. Result: candidate won. Election summary: received 3 responses out of 3 voters: 2 yes votes; 1 no votes. yes voters: 64e956d641b64dcb8c1a60e59c54c610, b1b9ee51762142888f6f71a79fd170d1; no voters: b1ef258acca44171a504fd0d46b54480
I20260709 13:05:00.077476 14790 leader_election.cc:304] T 1601d904eac34e63aa4e0dda230ffcc4 P b1b9ee51762142888f6f71a79fd170d1 [CANDIDATE]: Term 1 election: Election decided. Result: candidate won. Election summary: received 3 responses out of 3 voters: 2 yes votes; 1 no votes. yes voters: 64e956d641b64dcb8c1a60e59c54c610, b1b9ee51762142888f6f71a79fd170d1; no voters: b1ef258acca44171a504fd0d46b54480
I20260709 13:05:00.078523 14971 raft_consensus.cc:2804] T 1601d904eac34e63aa4e0dda230ffcc4 P b1b9ee51762142888f6f71a79fd170d1 [term 1 FOLLOWER]: Leader election won for term 1
