I20260709 13:04:49.449951 19097 catalog_manager.cc:5697] T 56d011e12e7a4ed08e6c02b9b3b564ed P 1023d9a7a41c44cc8d358fc9a18b41fc reported cstate change: term changed from 0 to 1, leader changed from <none> to 1023d9a7a41c44cc8d358fc9a18b41fc (127.17.170.131). New cstate: current_term: 1 leader_uuid: "1023d9a7a41c44cc8d358fc9a18b41fc" committed_config { opid_index: -1 OBSOLETE_local: false peers { permanent_uuid: "1b3d9db7caab4a3e9b1875888db68f4f" member_type: VOTER last_known_addr { host: "127.17.170.129" port: 34281 } health_report { overall_health: UNKNOWN } } peers { permanent_uuid: "728b24428ad34ee2b8e7847b45ca3e20" member_type: VOTER last_known_addr { host: "127.17.170.130" port: 34327 } health_report { overall_health: UNKNOWN } } peers { permanent_uuid: "1023d9a7a41c44cc8d358fc9a18b41fc" member_type: VOTER last_known_addr { host: "127.17.170.131" port: 42787 } health_report { overall_health: HEALTHY } } }
I20260709 13:04:49.456648 19391 tablet_bootstrap.cc:492] T 0ab9a981e68c41d9945091b3ca131d04 P 1023d9a7a41c44cc8d358fc9a18b41fc: No bootstrap required, opened a new log
I20260709 13:04:49.456199 19097 catalog_manager.cc:5697] T 70665b1dc105445d8036b145d7d8a471 P 1023d9a7a41c44cc8d358fc9a18b41fc reported cstate change: term changed from 0 to 1, leader changed from <none> to 1023d9a7a41c44cc8d358fc9a18b41fc (127.17.170.131). New cstate: current_term: 1 leader_uuid: "1023d9a7a41c44cc8d358fc9a18b41fc" committed_config { opid_index: -1 OBSOLETE_local: false peers { permanent_uuid: "1b3d9db7caab4a3e9b1875888db68f4f" member_type: VOTER last_known_addr { host: "127.17.170.129" port: 34281 } health_report { overall_health: UNKNOWN } } peers { permanent_uuid: "728b24428ad34ee2b8e7847b45ca3e20" member_type: VOTER last_known_addr { host: "127.17.170.130" port: 34327 } health_report { overall_health: UNKNOWN } } peers { permanent_uuid: "1023d9a7a41c44cc8d358fc9a18b41fc" member_type: VOTER last_known_addr { host: "127.17.170.131" port: 42787 } health_report { overall_health: HEALTHY } } }
I20260709 13:04:49.457145 19391 ts_tablet_manager.cc:1403] T 0ab9a981e68c41d9945091b3ca131d04 P 1023d9a7a41c44cc8d358fc9a18b41fc: Time spent bootstrapping tablet: real 0.165s	user 0.014s	sys 0.019s
I20260709 13:04:49.453197 19347 raft_consensus.cc:2468] T 30e0464fa09f4533b479a9cbc42934cd P 1023d9a7a41c44cc8d358fc9a18b41fc [term 1 FOLLOWER]: Leader election vote request: Granting yes vote for candidate 1b3d9db7caab4a3e9b1875888db68f4f in term 1.
I20260709 13:04:49.457428 19348 raft_consensus.cc:2468] T 78664b8b82de44dbb4647a5e23cf7646 P 1023d9a7a41c44cc8d358fc9a18b41fc [term 1 FOLLOWER]: Leader election vote request: Granting yes vote for candidate 728b24428ad34ee2b8e7847b45ca3e20 in term 1.
I20260709 13:04:49.458873 19389 raft_consensus.cc:359] T e45c444801694cfaa9e28ccbfdf46e5e P 1b3d9db7caab4a3e9b1875888db68f4f [term 0 FOLLOWER]: Replica starting. Triggering 0 pending ops. Active config: opid_index: -1 OBSOLETE_local: false peers { permanent_uuid: "1b3d9db7caab4a3e9b1875888db68f4f" member_type: VOTER last_known_addr { host: "127.17.170.129" port: 34281 } } peers { permanent_uuid: "728b24428ad34ee2b8e7847b45ca3e20" member_type: VOTER last_known_addr { host: "127.17.170.130" port: 34327 } } peers { permanent_uuid: "1023d9a7a41c44cc8d358fc9a18b41fc" member_type: VOTER last_known_addr { host: "127.17.170.131" port: 42787 } }
I20260709 13:04:49.460969 19389 raft_consensus.cc:385] T e45c444801694cfaa9e28ccbfdf46e5e P 1b3d9db7caab4a3e9b1875888db68f4f [term 0 FOLLOWER]: Consensus starting up: Expiring failure detector timer to make a prompt election more likely
I20260709 13:04:49.461365 19389 raft_consensus.cc:740] T e45c444801694cfaa9e28ccbfdf46e5e P 1b3d9db7caab4a3e9b1875888db68f4f [term 0 FOLLOWER]: Becoming Follower/Learner. State: Replica: 1b3d9db7caab4a3e9b1875888db68f4f, State: Initialized, Role: FOLLOWER
I20260709 13:04:49.433547 19483 raft_consensus.cc:2749] T 6fe16a62bee6499380267b90c9060493 P 1b3d9db7caab4a3e9b1875888db68f4f [term 1 FOLLOWER]: Leader pre-election lost for term 1. Reason: could not achieve majority
I20260709 13:04:49.465394 19389 consensus_queue.cc:260] T e45c444801694cfaa9e28ccbfdf46e5e P 1b3d9db7caab4a3e9b1875888db68f4f [NON_LEADER]: Queue going to NON_LEADER mode. State: All replicated index: 0, Majority replicated index: 0, Committed index: 0, Last appended: 0.0, Last appended by leader: 0, Current term: 0, Majority size: -1, State: 0, Mode: NON_LEADER, active raft config: opid_index: -1 OBSOLETE_local: false peers { permanent_uuid: "1b3d9db7caab4a3e9b1875888db68f4f" member_type: VOTER last_known_addr { host: "127.17.170.129" port: 34281 } } peers { permanent_uuid: "728b24428ad34ee2b8e7847b45ca3e20" member_type: VOTER last_known_addr { host: "127.17.170.130" port: 34327 } } peers { permanent_uuid: "1023d9a7a41c44cc8d358fc9a18b41fc" member_type: VOTER last_known_addr { host: "127.17.170.131" port: 42787 } }
I20260709 13:04:49.427764 19165 leader_election.cc:304] T 2ca986c4cc9749f0813a676e05bbc4ed P 1b3d9db7caab4a3e9b1875888db68f4f [CANDIDATE]: Term 1 pre-election: Election decided. Result: candidate lost. Election summary: received 3 responses out of 3 voters: 1 yes votes; 2 no votes. yes voters: 1b3d9db7caab4a3e9b1875888db68f4f; no voters: 1023d9a7a41c44cc8d358fc9a18b41fc, 728b24428ad34ee2b8e7847b45ca3e20
W20260709 13:04:49.475147 19165 outbound_call.cc:321] RPC callback for RPC call kudu.consensus.ConsensusService.RequestConsensusVote -> {remote=127.17.170.131:42787, user_credentials={real_user=slave}} blocked reactor thread for 51399.5us
I20260709 13:04:49.479068 19275 tablet_service.cc:1917] Received RequestConsensusVote() RPC: tablet_id: "8677725a21414bea9e2b5ed0a880771b" candidate_uuid: "1b3d9db7caab4a3e9b1875888db68f4f" candidate_term: 1 candidate_status { last_received { term: 0 index: 0 } } ignore_live_leader: false dest_uuid: "728b24428ad34ee2b8e7847b45ca3e20" is_pre_election: true
I20260709 13:04:49.479987 19275 raft_consensus.cc:2468] T 8677725a21414bea9e2b5ed0a880771b P 728b24428ad34ee2b8e7847b45ca3e20 [term 0 FOLLOWER]: Leader pre-election vote request: Granting yes vote for candidate 1b3d9db7caab4a3e9b1875888db68f4f in term 0.
I20260709 13:04:49.482024 19273 raft_consensus.cc:2468] T 30e0464fa09f4533b479a9cbc42934cd P 728b24428ad34ee2b8e7847b45ca3e20 [term 1 FOLLOWER]: Leader election vote request: Granting yes vote for candidate 1b3d9db7caab4a3e9b1875888db68f4f in term 1.
I20260709 13:04:49.484686 19418 raft_consensus.cc:2749] T 2ca986c4cc9749f0813a676e05bbc4ed P 1b3d9db7caab4a3e9b1875888db68f4f [term 1 FOLLOWER]: Leader pre-election lost for term 1. Reason: could not achieve majority
I20260709 13:04:49.457671 19395 raft_consensus.cc:515] T 8d5d113afaac4a209eced6f244f86a52 P 728b24428ad34ee2b8e7847b45ca3e20 [term 1 FOLLOWER]: Starting leader election with config: opid_index: -1 OBSOLETE_local: false peers { permanent_uuid: "1b3d9db7caab4a3e9b1875888db68f4f" member_type: VOTER last_known_addr { host: "127.17.170.129" port: 34281 } } peers { permanent_uuid: "728b24428ad34ee2b8e7847b45ca3e20" member_type: VOTER last_known_addr { host: "127.17.170.130" port: 34327 } } peers { permanent_uuid: "1023d9a7a41c44cc8d358fc9a18b41fc" member_type: VOTER last_known_addr { host: "127.17.170.131" port: 42787 } }
I20260709 13:04:49.488235 19395 leader_election.cc:290] T 8d5d113afaac4a209eced6f244f86a52 P 728b24428ad34ee2b8e7847b45ca3e20 [CANDIDATE]: Term 1 election: Requested vote from peers 1b3d9db7caab4a3e9b1875888db68f4f (127.17.170.129:34281), 1023d9a7a41c44cc8d358fc9a18b41fc (127.17.170.131:42787)
I20260709 13:04:49.496742 19391 raft_consensus.cc:359] T 0ab9a981e68c41d9945091b3ca131d04 P 1023d9a7a41c44cc8d358fc9a18b41fc [term 0 FOLLOWER]: Replica starting. Triggering 0 pending ops. Active config: opid_index: -1 OBSOLETE_local: false peers { permanent_uuid: "1b3d9db7caab4a3e9b1875888db68f4f" member_type: VOTER last_known_addr { host: "127.17.170.129" port: 34281 } } peers { permanent_uuid: "1023d9a7a41c44cc8d358fc9a18b41fc" member_type: VOTER last_known_addr { host: "127.17.170.131" port: 42787 } } peers { permanent_uuid: "728b24428ad34ee2b8e7847b45ca3e20" member_type: VOTER last_known_addr { host: "127.17.170.130" port: 34327 } }
I20260709 13:04:49.497732 19391 raft_consensus.cc:385] T 0ab9a981e68c41d9945091b3ca131d04 P 1023d9a7a41c44cc8d358fc9a18b41fc [term 0 FOLLOWER]: Consensus starting up: Expiring failure detector timer to make a prompt election more likely
I20260709 13:04:49.498086 19391 raft_consensus.cc:740] T 0ab9a981e68c41d9945091b3ca131d04 P 1023d9a7a41c44cc8d358fc9a18b41fc [term 0 FOLLOWER]: Becoming Follower/Learner. State: Replica: 1023d9a7a41c44cc8d358fc9a18b41fc, State: Initialized, Role: FOLLOWER
I20260709 13:04:49.515645 19391 consensus_queue.cc:260] T 0ab9a981e68c41d9945091b3ca131d04 P 1023d9a7a41c44cc8d358fc9a18b41fc [NON_LEADER]: Queue going to NON_LEADER mode. State: All replicated index: 0, Majority replicated index: 0, Committed index: 0, Last appended: 0.0, Last appended by leader: 0, Current term: 0, Majority size: -1, State: 0, Mode: NON_LEADER, active raft config: opid_index: -1 OBSOLETE_local: false peers { permanent_uuid: "1b3d9db7caab4a3e9b1875888db68f4f" member_type: VOTER last_known_addr { host: "127.17.170.129" port: 34281 } } peers { permanent_uuid: "1023d9a7a41c44cc8d358fc9a18b41fc" member_type: VOTER last_known_addr { host: "127.17.170.131" port: 42787 } } peers { permanent_uuid: "728b24428ad34ee2b8e7847b45ca3e20" member_type: VOTER last_known_addr { host: "127.17.170.130" port: 34327 } }
I20260709 13:04:49.556934 19275 tablet_service.cc:1917] Received RequestConsensusVote() RPC: tablet_id: "78664b8b82de44dbb4647a5e23cf7646" candidate_uuid: "1b3d9db7caab4a3e9b1875888db68f4f" candidate_term: 1 candidate_status { last_received { term: 0 index: 0 } } ignore_live_leader: false dest_uuid: "728b24428ad34ee2b8e7847b45ca3e20"
I20260709 13:04:49.557852 19275 raft_consensus.cc:2393] T 78664b8b82de44dbb4647a5e23cf7646 P 728b24428ad34ee2b8e7847b45ca3e20 [term 1 FOLLOWER]: Leader election vote request: Denying vote to candidate 1b3d9db7caab4a3e9b1875888db68f4f in current term 1: Already voted for candidate 728b24428ad34ee2b8e7847b45ca3e20 in this term.
W20260709 13:04:49.558182 19165 outbound_call.cc:321] RPC callback for RPC call kudu.consensus.ConsensusService.RequestConsensusVote -> {remote=127.17.170.131:42787, user_credentials={real_user=slave}} blocked reactor thread for 82085.8us
W20260709 13:04:49.559348 19165 leader_election.cc:343] T 8677725a21414bea9e2b5ed0a880771b P 1b3d9db7caab4a3e9b1875888db68f4f [CANDIDATE]: Term 1 pre-election: Tablet error from VoteRequest() call to peer 1023d9a7a41c44cc8d358fc9a18b41fc (127.17.170.131:42787): Illegal state: must be running to vote when last-logged opid is not known
I20260709 13:04:49.559728 19389 ts_tablet_manager.cc:1434] T e45c444801694cfaa9e28ccbfdf46e5e P 1b3d9db7caab4a3e9b1875888db68f4f: Time spent starting tablet: real 0.108s	user 0.007s	sys 0.000s
I20260709 13:04:49.557392 19391 ts_tablet_manager.cc:1434] T 0ab9a981e68c41d9945091b3ca131d04 P 1023d9a7a41c44cc8d358fc9a18b41fc: Time spent starting tablet: real 0.100s	user 0.005s	sys 0.005s
I20260709 13:04:49.560205 19483 consensus_queue.cc:1048] T 98e1aaa5ae4347a7a46176dab2ee3a17 P 1b3d9db7caab4a3e9b1875888db68f4f [LEADER]: Connected to new peer: Peer: permanent_uuid: "1023d9a7a41c44cc8d358fc9a18b41fc" member_type: VOTER last_known_addr { host: "127.17.170.131" port: 42787 }, Status: LMP_MISMATCH, Last received: 0.0, Next index: 1, Last known committed idx: 0, Time since last communication: 0.000s
I20260709 13:04:49.560810 19389 tablet_bootstrap.cc:492] T fbdbf55bf0a9407da1d9700cfe957e1b P 1b3d9db7caab4a3e9b1875888db68f4f: Bootstrap starting.
I20260709 13:04:49.560869 19391 tablet_bootstrap.cc:492] T a526f11bd1984eb0baa2754809b09f43 P 1023d9a7a41c44cc8d358fc9a18b41fc: Bootstrap starting.
I20260709 13:04:49.563517 19194 tablet_service.cc:1917] Received RequestConsensusVote() RPC: tablet_id: "8d5d113afaac4a209eced6f244f86a52" candidate_uuid: "728b24428ad34ee2b8e7847b45ca3e20" candidate_term: 1 candidate_status { last_received { term: 0 index: 0 } } ignore_live_leader: false dest_uuid: "1b3d9db7caab4a3e9b1875888db68f4f"
I20260709 13:04:49.564014 19390 tablet_bootstrap.cc:492] T a69305591ff14521aa30d7025915d9e9 P 728b24428ad34ee2b8e7847b45ca3e20: No bootstrap required, opened a new log
I20260709 13:04:49.564188 19194 raft_consensus.cc:3060] T 8d5d113afaac4a209eced6f244f86a52 P 1b3d9db7caab4a3e9b1875888db68f4f [term 0 FOLLOWER]: Advancing to term 1
I20260709 13:04:49.564474 19390 ts_tablet_manager.cc:1403] T a69305591ff14521aa30d7025915d9e9 P 728b24428ad34ee2b8e7847b45ca3e20: Time spent bootstrapping tablet: real 0.390s	user 0.024s	sys 0.075s
I20260709 13:04:49.567155 19389 tablet_bootstrap.cc:654] T fbdbf55bf0a9407da1d9700cfe957e1b P 1b3d9db7caab4a3e9b1875888db68f4f: Neither blocks nor log segments found. Creating new log.
I20260709 13:04:49.568176 19390 raft_consensus.cc:359] T a69305591ff14521aa30d7025915d9e9 P 728b24428ad34ee2b8e7847b45ca3e20 [term 0 FOLLOWER]: Replica starting. Triggering 0 pending ops. Active config: opid_index: -1 OBSOLETE_local: false peers { permanent_uuid: "1b3d9db7caab4a3e9b1875888db68f4f" member_type: VOTER last_known_addr { host: "127.17.170.129" port: 34281 } } peers { permanent_uuid: "728b24428ad34ee2b8e7847b45ca3e20" member_type: VOTER last_known_addr { host: "127.17.170.130" port: 34327 } } peers { permanent_uuid: "1023d9a7a41c44cc8d358fc9a18b41fc" member_type: VOTER last_known_addr { host: "127.17.170.131" port: 42787 } }
I20260709 13:04:49.568905 19390 raft_consensus.cc:385] T a69305591ff14521aa30d7025915d9e9 P 728b24428ad34ee2b8e7847b45ca3e20 [term 0 FOLLOWER]: Consensus starting up: Expiring failure detector timer to make a prompt election more likely
I20260709 13:04:49.569208 19390 raft_consensus.cc:740] T a69305591ff14521aa30d7025915d9e9 P 728b24428ad34ee2b8e7847b45ca3e20 [term 0 FOLLOWER]: Becoming Follower/Learner. State: Replica: 728b24428ad34ee2b8e7847b45ca3e20, State: Initialized, Role: FOLLOWER
I20260709 13:04:49.569857 19390 consensus_queue.cc:260] T a69305591ff14521aa30d7025915d9e9 P 728b24428ad34ee2b8e7847b45ca3e20 [NON_LEADER]: Queue going to NON_LEADER mode. State: All replicated index: 0, Majority replicated index: 0, Committed index: 0, Last appended: 0.0, Last appended by leader: 0, Current term: 0, Majority size: -1, State: 0, Mode: NON_LEADER, active raft config: opid_index: -1 OBSOLETE_local: false peers { permanent_uuid: "1b3d9db7caab4a3e9b1875888db68f4f" member_type: VOTER last_known_addr { host: "127.17.170.129" port: 34281 } } peers { permanent_uuid: "728b24428ad34ee2b8e7847b45ca3e20" member_type: VOTER last_known_addr { host: "127.17.170.130" port: 34327 } } peers { permanent_uuid: "1023d9a7a41c44cc8d358fc9a18b41fc" member_type: VOTER last_known_addr { host: "127.17.170.131" port: 42787 } }
I20260709 13:04:49.571833 19390 ts_tablet_manager.cc:1434] T a69305591ff14521aa30d7025915d9e9 P 728b24428ad34ee2b8e7847b45ca3e20: Time spent starting tablet: real 0.007s	user 0.006s	sys 0.000s
I20260709 13:04:49.572860 19390 tablet_bootstrap.cc:492] T a526f11bd1984eb0baa2754809b09f43 P 728b24428ad34ee2b8e7847b45ca3e20: Bootstrap starting.
I20260709 13:04:49.561728 19348 tablet_service.cc:1917] Received RequestConsensusVote() RPC: tablet_id: "8d5d113afaac4a209eced6f244f86a52" candidate_uuid: "728b24428ad34ee2b8e7847b45ca3e20" candidate_term: 1 candidate_status { last_received { term: 0 index: 0 } } ignore_live_leader: false dest_uuid: "1023d9a7a41c44cc8d358fc9a18b41fc" is_pre_election: true
I20260709 13:04:49.574630 19389 tablet_bootstrap.cc:492] T fbdbf55bf0a9407da1d9700cfe957e1b P 1b3d9db7caab4a3e9b1875888db68f4f: No bootstrap required, opened a new log
I20260709 13:04:49.561977 19165 leader_election.cc:304] T 30e0464fa09f4533b479a9cbc42934cd P 1b3d9db7caab4a3e9b1875888db68f4f [CANDIDATE]: Term 1 election: Election decided. Result: candidate won. Election summary: received 2 responses out of 3 voters: 2 yes votes; 0 no votes. yes voters: 1023d9a7a41c44cc8d358fc9a18b41fc, 1b3d9db7caab4a3e9b1875888db68f4f; no voters: 
I20260709 13:04:49.575212 19389 ts_tablet_manager.cc:1403] T fbdbf55bf0a9407da1d9700cfe957e1b P 1b3d9db7caab4a3e9b1875888db68f4f: Time spent bootstrapping tablet: real 0.015s	user 0.011s	sys 0.000s
I20260709 13:04:49.578271 19389 raft_consensus.cc:359] T fbdbf55bf0a9407da1d9700cfe957e1b P 1b3d9db7caab4a3e9b1875888db68f4f [term 0 FOLLOWER]: Replica starting. Triggering 0 pending ops. Active config: opid_index: -1 OBSOLETE_local: false peers { permanent_uuid: "1b3d9db7caab4a3e9b1875888db68f4f" member_type: VOTER last_known_addr { host: "127.17.170.129" port: 34281 } } peers { permanent_uuid: "728b24428ad34ee2b8e7847b45ca3e20" member_type: VOTER last_known_addr { host: "127.17.170.130" port: 34327 } } peers { permanent_uuid: "1023d9a7a41c44cc8d358fc9a18b41fc" member_type: VOTER last_known_addr { host: "127.17.170.131" port: 42787 } }
I20260709 13:04:49.578972 19389 raft_consensus.cc:385] T fbdbf55bf0a9407da1d9700cfe957e1b P 1b3d9db7caab4a3e9b1875888db68f4f [term 0 FOLLOWER]: Consensus starting up: Expiring failure detector timer to make a prompt election more likely
I20260709 13:04:49.579243 19389 raft_consensus.cc:740] T fbdbf55bf0a9407da1d9700cfe957e1b P 1b3d9db7caab4a3e9b1875888db68f4f [term 0 FOLLOWER]: Becoming Follower/Learner. State: Replica: 1b3d9db7caab4a3e9b1875888db68f4f, State: Initialized, Role: FOLLOWER
I20260709 13:04:49.579686 19390 tablet_bootstrap.cc:654] T a526f11bd1984eb0baa2754809b09f43 P 728b24428ad34ee2b8e7847b45ca3e20: Neither blocks nor log segments found. Creating new log.
I20260709 13:04:49.579969 19389 consensus_queue.cc:260] T fbdbf55bf0a9407da1d9700cfe957e1b P 1b3d9db7caab4a3e9b1875888db68f4f [NON_LEADER]: Queue going to NON_LEADER mode. State: All replicated index: 0, Majority replicated index: 0, Committed index: 0, Last appended: 0.0, Last appended by leader: 0, Current term: 0, Majority size: -1, State: 0, Mode: NON_LEADER, active raft config: opid_index: -1 OBSOLETE_local: false peers { permanent_uuid: "1b3d9db7caab4a3e9b1875888db68f4f" member_type: VOTER last_known_addr { host: "127.17.170.129" port: 34281 } } peers { permanent_uuid: "728b24428ad34ee2b8e7847b45ca3e20" member_type: VOTER last_known_addr { host: "127.17.170.130" port: 34327 } } peers { permanent_uuid: "1023d9a7a41c44cc8d358fc9a18b41fc" member_type: VOTER last_known_addr { host: "127.17.170.131" port: 42787 } }
I20260709 13:04:49.581902 19348 tablet_service.cc:1917] Received RequestConsensusVote() RPC: tablet_id: "8d5d113afaac4a209eced6f244f86a52" candidate_uuid: "728b24428ad34ee2b8e7847b45ca3e20" candidate_term: 1 candidate_status { last_received { term: 0 index: 0 } } ignore_live_leader: false dest_uuid: "1023d9a7a41c44cc8d358fc9a18b41fc"
I20260709 13:04:49.582551 19163 leader_election.cc:304] T 8677725a21414bea9e2b5ed0a880771b P 1b3d9db7caab4a3e9b1875888db68f4f [CANDIDATE]: Term 1 pre-election: Election decided. Result: candidate won. Election summary: received 3 responses out of 3 voters: 2 yes votes; 1 no votes. yes voters: 1b3d9db7caab4a3e9b1875888db68f4f, 728b24428ad34ee2b8e7847b45ca3e20; no voters: 1023d9a7a41c44cc8d358fc9a18b41fc
I20260709 13:04:49.583627 19389 ts_tablet_manager.cc:1434] T fbdbf55bf0a9407da1d9700cfe957e1b P 1b3d9db7caab4a3e9b1875888db68f4f: Time spent starting tablet: real 0.008s	user 0.007s	sys 0.000s
I20260709 13:04:49.584180 19481 raft_consensus.cc:2804] T 8677725a21414bea9e2b5ed0a880771b P 1b3d9db7caab4a3e9b1875888db68f4f [term 0 FOLLOWER]: Leader pre-election won for term 1
I20260709 13:04:49.584510 19481 raft_consensus.cc:493] T 8677725a21414bea9e2b5ed0a880771b P 1b3d9db7caab4a3e9b1875888db68f4f [term 0 FOLLOWER]: Starting leader election (no leader contacted us within the election timeout)
I20260709 13:04:49.584812 19481 raft_consensus.cc:3060] T 8677725a21414bea9e2b5ed0a880771b P 1b3d9db7caab4a3e9b1875888db68f4f [term 0 FOLLOWER]: Advancing to term 1
I20260709 13:04:49.585122 19389 tablet_bootstrap.cc:492] T 42b3c447c558432a9885366a01c61318 P 1b3d9db7caab4a3e9b1875888db68f4f: Bootstrap starting.
I20260709 13:04:49.587152 19483 raft_consensus.cc:2804] T 30e0464fa09f4533b479a9cbc42934cd P 1b3d9db7caab4a3e9b1875888db68f4f [term 1 FOLLOWER]: Leader election won for term 1
I20260709 13:04:49.587867 19483 raft_consensus.cc:697] T 30e0464fa09f4533b479a9cbc42934cd P 1b3d9db7caab4a3e9b1875888db68f4f [term 1 LEADER]: Becoming Leader. State: Replica: 1b3d9db7caab4a3e9b1875888db68f4f, State: Running, Role: LEADER
I20260709 13:04:49.588745 19483 consensus_queue.cc:237] T 30e0464fa09f4533b479a9cbc42934cd P 1b3d9db7caab4a3e9b1875888db68f4f [LEADER]: Queue going to LEADER mode. State: All replicated index: 0, Majority replicated index: 0, Committed index: 0, Last appended: 0.0, Last appended by leader: 0, Current term: 1, Majority size: 2, State: 0, Mode: LEADER, active raft config: opid_index: -1 OBSOLETE_local: false peers { permanent_uuid: "1b3d9db7caab4a3e9b1875888db68f4f" member_type: VOTER last_known_addr { host: "127.17.170.129" port: 34281 } } peers { permanent_uuid: "728b24428ad34ee2b8e7847b45ca3e20" member_type: VOTER last_known_addr { host: "127.17.170.130" port: 34327 } } peers { permanent_uuid: "1023d9a7a41c44cc8d358fc9a18b41fc" member_type: VOTER last_known_addr { host: "127.17.170.131" port: 42787 } }
I20260709 13:04:49.593950 19418 consensus_queue.cc:1048] T 79dbe6cd5a134da888f267e3b680e07a P 1b3d9db7caab4a3e9b1875888db68f4f [LEADER]: Connected to new peer: Peer: permanent_uuid: "1023d9a7a41c44cc8d358fc9a18b41fc" member_type: VOTER last_known_addr { host: "127.17.170.131" port: 42787 }, Status: LMP_MISMATCH, Last received: 0.0, Next index: 1, Last known committed idx: 0, Time since last communication: 0.000s
I20260709 13:04:49.599496 19389 tablet_bootstrap.cc:654] T 42b3c447c558432a9885366a01c61318 P 1b3d9db7caab4a3e9b1875888db68f4f: Neither blocks nor log segments found. Creating new log.
I20260709 13:04:49.606741 19390 tablet_bootstrap.cc:492] T a526f11bd1984eb0baa2754809b09f43 P 728b24428ad34ee2b8e7847b45ca3e20: No bootstrap required, opened a new log
I20260709 13:04:49.599639 19481 raft_consensus.cc:515] T 8677725a21414bea9e2b5ed0a880771b P 1b3d9db7caab4a3e9b1875888db68f4f [term 1 FOLLOWER]: Starting leader election with config: opid_index: -1 OBSOLETE_local: false peers { permanent_uuid: "1b3d9db7caab4a3e9b1875888db68f4f" member_type: VOTER last_known_addr { host: "127.17.170.129" port: 34281 } } peers { permanent_uuid: "728b24428ad34ee2b8e7847b45ca3e20" member_type: VOTER last_known_addr { host: "127.17.170.130" port: 34327 } } peers { permanent_uuid: "1023d9a7a41c44cc8d358fc9a18b41fc" member_type: VOTER last_known_addr { host: "127.17.170.131" port: 42787 } }
I20260709 13:04:49.601902 19391 tablet_bootstrap.cc:654] T a526f11bd1984eb0baa2754809b09f43 P 1023d9a7a41c44cc8d358fc9a18b41fc: Neither blocks nor log segments found. Creating new log.
I20260709 13:04:49.608716 19481 leader_election.cc:290] T 8677725a21414bea9e2b5ed0a880771b P 1b3d9db7caab4a3e9b1875888db68f4f [CANDIDATE]: Term 1 election: Requested vote from peers 728b24428ad34ee2b8e7847b45ca3e20 (127.17.170.130:34327), 1023d9a7a41c44cc8d358fc9a18b41fc (127.17.170.131:42787)
I20260709 13:04:49.609925 19346 tablet_service.cc:1917] Received RequestConsensusVote() RPC: tablet_id: "8677725a21414bea9e2b5ed0a880771b" candidate_uuid: "1b3d9db7caab4a3e9b1875888db68f4f" candidate_term: 1 candidate_status { last_received { term: 0 index: 0 } } ignore_live_leader: false dest_uuid: "1023d9a7a41c44cc8d358fc9a18b41fc"
W20260709 13:04:49.613035 19165 leader_election.cc:343] T 8677725a21414bea9e2b5ed0a880771b P 1b3d9db7caab4a3e9b1875888db68f4f [CANDIDATE]: Term 1 election: Tablet error from VoteRequest() call to peer 1023d9a7a41c44cc8d358fc9a18b41fc (127.17.170.131:42787): Illegal state: must be running to vote when last-logged opid is not known
I20260709 13:04:49.608577 19390 ts_tablet_manager.cc:1403] T a526f11bd1984eb0baa2754809b09f43 P 728b24428ad34ee2b8e7847b45ca3e20: Time spent bootstrapping tablet: real 0.036s	user 0.014s	sys 0.000s
I20260709 13:04:49.613639 19163 leader_election.cc:304] T 78664b8b82de44dbb4647a5e23cf7646 P 1b3d9db7caab4a3e9b1875888db68f4f [CANDIDATE]: Term 1 election: Election decided. Result: candidate lost. Election summary: received 3 responses out of 3 voters: 1 yes votes; 2 no votes. yes voters: 1b3d9db7caab4a3e9b1875888db68f4f; no voters: 1023d9a7a41c44cc8d358fc9a18b41fc, 728b24428ad34ee2b8e7847b45ca3e20
I20260709 13:04:49.614050 19418 consensus_queue.cc:1048] T 98e1aaa5ae4347a7a46176dab2ee3a17 P 1b3d9db7caab4a3e9b1875888db68f4f [LEADER]: Connected to new peer: Peer: permanent_uuid: "728b24428ad34ee2b8e7847b45ca3e20" member_type: VOTER last_known_addr { host: "127.17.170.130" port: 34327 }, Status: LMP_MISMATCH, Last received: 0.0, Next index: 1, Last known committed idx: 0, Time since last communication: 0.000s
I20260709 13:04:49.615419 19418 raft_consensus.cc:2749] T 78664b8b82de44dbb4647a5e23cf7646 P 1b3d9db7caab4a3e9b1875888db68f4f [term 1 FOLLOWER]: Leader election lost for term 1. Reason: could not achieve majority
I20260709 13:04:49.617075 19390 raft_consensus.cc:359] T a526f11bd1984eb0baa2754809b09f43 P 728b24428ad34ee2b8e7847b45ca3e20 [term 0 FOLLOWER]: Replica starting. Triggering 0 pending ops. Active config: opid_index: -1 OBSOLETE_local: false peers { permanent_uuid: "1b3d9db7caab4a3e9b1875888db68f4f" member_type: VOTER last_known_addr { host: "127.17.170.129" port: 34281 } } peers { permanent_uuid: "728b24428ad34ee2b8e7847b45ca3e20" member_type: VOTER last_known_addr { host: "127.17.170.130" port: 34327 } } peers { permanent_uuid: "1023d9a7a41c44cc8d358fc9a18b41fc" member_type: VOTER last_known_addr { host: "127.17.170.131" port: 42787 } }
I20260709 13:04:49.617955 19390 raft_consensus.cc:385] T a526f11bd1984eb0baa2754809b09f43 P 728b24428ad34ee2b8e7847b45ca3e20 [term 0 FOLLOWER]: Consensus starting up: Expiring failure detector timer to make a prompt election more likely
I20260709 13:04:49.618270 19390 raft_consensus.cc:740] T a526f11bd1984eb0baa2754809b09f43 P 728b24428ad34ee2b8e7847b45ca3e20 [term 0 FOLLOWER]: Becoming Follower/Learner. State: Replica: 728b24428ad34ee2b8e7847b45ca3e20, State: Initialized, Role: FOLLOWER
W20260709 13:04:49.581431 19240 leader_election.cc:343] T fbdbf55bf0a9407da1d9700cfe957e1b P 728b24428ad34ee2b8e7847b45ca3e20 [CANDIDATE]: Term 1 pre-election: Tablet error from VoteRequest() call to peer 1023d9a7a41c44cc8d358fc9a18b41fc (127.17.170.131:42787): Illegal state: must be running to vote when last-logged opid is not known
I20260709 13:04:49.621719 19240 leader_election.cc:304] T fbdbf55bf0a9407da1d9700cfe957e1b P 728b24428ad34ee2b8e7847b45ca3e20 [CANDIDATE]: Term 1 pre-election: Election decided. Result: candidate lost. Election summary: received 3 responses out of 3 voters: 1 yes votes; 2 no votes. yes voters: 728b24428ad34ee2b8e7847b45ca3e20; no voters: 1023d9a7a41c44cc8d358fc9a18b41fc, 1b3d9db7caab4a3e9b1875888db68f4f
I20260709 13:04:49.622594 19395 raft_consensus.cc:2749] T fbdbf55bf0a9407da1d9700cfe957e1b P 728b24428ad34ee2b8e7847b45ca3e20 [term 0 FOLLOWER]: Leader pre-election lost for term 1. Reason: could not achieve majority
I20260709 13:04:49.621783 19390 consensus_queue.cc:260] T a526f11bd1984eb0baa2754809b09f43 P 728b24428ad34ee2b8e7847b45ca3e20 [NON_LEADER]: Queue going to NON_LEADER mode. State: All replicated index: 0, Majority replicated index: 0, Committed index: 0, Last appended: 0.0, Last appended by leader: 0, Current term: 0, Majority size: -1, State: 0, Mode: NON_LEADER, active raft config: opid_index: -1 OBSOLETE_local: false peers { permanent_uuid: "1b3d9db7caab4a3e9b1875888db68f4f" member_type: VOTER last_known_addr { host: "127.17.170.129" port: 34281 } } peers { permanent_uuid: "728b24428ad34ee2b8e7847b45ca3e20" member_type: VOTER last_known_addr { host: "127.17.170.130" port: 34327 } } peers { permanent_uuid: "1023d9a7a41c44cc8d358fc9a18b41fc" member_type: VOTER last_known_addr { host: "127.17.170.131" port: 42787 } }
I20260709 13:04:49.624318 19240 leader_election.cc:304] T 78664b8b82de44dbb4647a5e23cf7646 P 728b24428ad34ee2b8e7847b45ca3e20 [CANDIDATE]: Term 1 election: Election decided. Result: candidate won. Election summary: received 3 responses out of 3 voters: 2 yes votes; 1 no votes. yes voters: 1023d9a7a41c44cc8d358fc9a18b41fc, 728b24428ad34ee2b8e7847b45ca3e20; no voters: 1b3d9db7caab4a3e9b1875888db68f4f
I20260709 13:04:49.626123 19390 ts_tablet_manager.cc:1434] T a526f11bd1984eb0baa2754809b09f43 P 728b24428ad34ee2b8e7847b45ca3e20: Time spent starting tablet: real 0.012s	user 0.006s	sys 0.000s
I20260709 13:04:49.630463 19194 raft_consensus.cc:2468] T 8d5d113afaac4a209eced6f244f86a52 P 1b3d9db7caab4a3e9b1875888db68f4f [term 1 FOLLOWER]: Leader election vote request: Granting yes vote for candidate 728b24428ad34ee2b8e7847b45ca3e20 in term 1.
I20260709 13:04:49.631492 19391 tablet_bootstrap.cc:492] T a526f11bd1984eb0baa2754809b09f43 P 1023d9a7a41c44cc8d358fc9a18b41fc: No bootstrap required, opened a new log
I20260709 13:04:49.631934 19391 ts_tablet_manager.cc:1403] T a526f11bd1984eb0baa2754809b09f43 P 1023d9a7a41c44cc8d358fc9a18b41fc: Time spent bootstrapping tablet: real 0.071s	user 0.008s	sys 0.005s
I20260709 13:04:49.630110 19390 tablet_bootstrap.cc:492] T 1c2506ceb31d4014a37d393f650a320d P 728b24428ad34ee2b8e7847b45ca3e20: Bootstrap starting.
I20260709 13:04:49.634289 19395 raft_consensus.cc:2804] T 78664b8b82de44dbb4647a5e23cf7646 P 728b24428ad34ee2b8e7847b45ca3e20 [term 1 FOLLOWER]: Leader election won for term 1
I20260709 13:04:49.634859 19395 raft_consensus.cc:697] T 78664b8b82de44dbb4647a5e23cf7646 P 728b24428ad34ee2b8e7847b45ca3e20 [term 1 LEADER]: Becoming Leader. State: Replica: 728b24428ad34ee2b8e7847b45ca3e20, State: Running, Role: LEADER
I20260709 13:04:49.635076 19391 raft_consensus.cc:359] T a526f11bd1984eb0baa2754809b09f43 P 1023d9a7a41c44cc8d358fc9a18b41fc [term 0 FOLLOWER]: Replica starting. Triggering 0 pending ops. Active config: opid_index: -1 OBSOLETE_local: false peers { permanent_uuid: "1b3d9db7caab4a3e9b1875888db68f4f" member_type: VOTER last_known_addr { host: "127.17.170.129" port: 34281 } } peers { permanent_uuid: "728b24428ad34ee2b8e7847b45ca3e20" member_type: VOTER last_known_addr { host: "127.17.170.130" port: 34327 } } peers { permanent_uuid: "1023d9a7a41c44cc8d358fc9a18b41fc" member_type: VOTER last_known_addr { host: "127.17.170.131" port: 42787 } }
I20260709 13:04:49.635962 19391 raft_consensus.cc:385] T a526f11bd1984eb0baa2754809b09f43 P 1023d9a7a41c44cc8d358fc9a18b41fc [term 0 FOLLOWER]: Consensus starting up: Expiring failure detector timer to make a prompt election more likely
I20260709 13:04:49.636233 19391 raft_consensus.cc:740] T a526f11bd1984eb0baa2754809b09f43 P 1023d9a7a41c44cc8d358fc9a18b41fc [term 0 FOLLOWER]: Becoming Follower/Learner. State: Replica: 1023d9a7a41c44cc8d358fc9a18b41fc, State: Initialized, Role: FOLLOWER
I20260709 13:04:49.635692 19395 consensus_queue.cc:237] T 78664b8b82de44dbb4647a5e23cf7646 P 728b24428ad34ee2b8e7847b45ca3e20 [LEADER]: Queue going to LEADER mode. State: All replicated index: 0, Majority replicated index: 0, Committed index: 0, Last appended: 0.0, Last appended by leader: 0, Current term: 1, Majority size: 2, State: 0, Mode: LEADER, active raft config: opid_index: -1 OBSOLETE_local: false peers { permanent_uuid: "1b3d9db7caab4a3e9b1875888db68f4f" member_type: VOTER last_known_addr { host: "127.17.170.129" port: 34281 } } peers { permanent_uuid: "728b24428ad34ee2b8e7847b45ca3e20" member_type: VOTER last_known_addr { host: "127.17.170.130" port: 34327 } } peers { permanent_uuid: "1023d9a7a41c44cc8d358fc9a18b41fc" member_type: VOTER last_known_addr { host: "127.17.170.131" port: 42787 } }
I20260709 13:04:49.637022 19391 consensus_queue.cc:260] T a526f11bd1984eb0baa2754809b09f43 P 1023d9a7a41c44cc8d358fc9a18b41fc [NON_LEADER]: Queue going to NON_LEADER mode. State: All replicated index: 0, Majority replicated index: 0, Committed index: 0, Last appended: 0.0, Last appended by leader: 0, Current term: 0, Majority size: -1, State: 0, Mode: NON_LEADER, active raft config: opid_index: -1 OBSOLETE_local: false peers { permanent_uuid: "1b3d9db7caab4a3e9b1875888db68f4f" member_type: VOTER last_known_addr { host: "127.17.170.129" port: 34281 } } peers { permanent_uuid: "728b24428ad34ee2b8e7847b45ca3e20" member_type: VOTER last_known_addr { host: "127.17.170.130" port: 34327 } } peers { permanent_uuid: "1023d9a7a41c44cc8d358fc9a18b41fc" member_type: VOTER last_known_addr { host: "127.17.170.131" port: 42787 } }
I20260709 13:04:49.640614 19391 ts_tablet_manager.cc:1434] T a526f11bd1984eb0baa2754809b09f43 P 1023d9a7a41c44cc8d358fc9a18b41fc: Time spent starting tablet: real 0.008s	user 0.006s	sys 0.002s
I20260709 13:04:49.641379 19239 leader_election.cc:304] T 8d5d113afaac4a209eced6f244f86a52 P 728b24428ad34ee2b8e7847b45ca3e20 [CANDIDATE]: Term 1 election: Election decided. Result: candidate won. Election summary: received 2 responses out of 3 voters: 2 yes votes; 0 no votes. yes voters: 1b3d9db7caab4a3e9b1875888db68f4f, 728b24428ad34ee2b8e7847b45ca3e20; no voters: 
I20260709 13:04:49.642825 19391 tablet_bootstrap.cc:492] T 8d5d113afaac4a209eced6f244f86a52 P 1023d9a7a41c44cc8d358fc9a18b41fc: Bootstrap starting.
I20260709 13:04:49.643924 19489 raft_consensus.cc:2804] T 8d5d113afaac4a209eced6f244f86a52 P 728b24428ad34ee2b8e7847b45ca3e20 [term 1 FOLLOWER]: Leader election won for term 1
I20260709 13:04:49.644451 19489 raft_consensus.cc:697] T 8d5d113afaac4a209eced6f244f86a52 P 728b24428ad34ee2b8e7847b45ca3e20 [term 1 LEADER]: Becoming Leader. State: Replica: 728b24428ad34ee2b8e7847b45ca3e20, State: Running, Role: LEADER
I20260709 13:04:49.645300 19489 consensus_queue.cc:237] T 8d5d113afaac4a209eced6f244f86a52 P 728b24428ad34ee2b8e7847b45ca3e20 [LEADER]: Queue going to LEADER mode. State: All replicated index: 0, Majority replicated index: 0, Committed index: 0, Last appended: 0.0, Last appended by leader: 0, Current term: 1, Majority size: 2, State: 0, Mode: LEADER, active raft config: opid_index: -1 OBSOLETE_local: false peers { permanent_uuid: "1b3d9db7caab4a3e9b1875888db68f4f" member_type: VOTER last_known_addr { host: "127.17.170.129" port: 34281 } } peers { permanent_uuid: "728b24428ad34ee2b8e7847b45ca3e20" member_type: VOTER last_known_addr { host: "127.17.170.130" port: 34327 } } peers { permanent_uuid: "1023d9a7a41c44cc8d358fc9a18b41fc" member_type: VOTER last_known_addr { host: "127.17.170.131" port: 42787 } }
W20260709 13:04:49.650219 19240 leader_election.cc:343] T 8d5d113afaac4a209eced6f244f86a52 P 728b24428ad34ee2b8e7847b45ca3e20 [CANDIDATE]: Term 1 pre-election: Tablet error from VoteRequest() call to peer 1023d9a7a41c44cc8d358fc9a18b41fc (127.17.170.131:42787): Illegal state: must be running to vote when last-logged opid is not known
I20260709 13:04:49.652383 19390 tablet_bootstrap.cc:654] T 1c2506ceb31d4014a37d393f650a320d P 728b24428ad34ee2b8e7847b45ca3e20: Neither blocks nor log segments found. Creating new log.
I20260709 13:04:49.652227 19484 consensus_queue.cc:1048] T 2ca986c4cc9749f0813a676e05bbc4ed P 728b24428ad34ee2b8e7847b45ca3e20 [LEADER]: Connected to new peer: Peer: permanent_uuid: "1023d9a7a41c44cc8d358fc9a18b41fc" member_type: VOTER last_known_addr { host: "127.17.170.131" port: 42787 }, Status: LMP_MISMATCH, Last received: 0.0, Next index: 1, Last known committed idx: 0, Time since last communication: 0.001s
W20260709 13:04:49.654821 19240 leader_election.cc:343] T 8d5d113afaac4a209eced6f244f86a52 P 728b24428ad34ee2b8e7847b45ca3e20 [CANDIDATE]: Term 1 election: Tablet error from VoteRequest() call to peer 1023d9a7a41c44cc8d358fc9a18b41fc (127.17.170.131:42787): Illegal state: must be running to vote when last-logged opid is not known
I20260709 13:04:49.672892 19097 catalog_manager.cc:5697] T aa5a2df82d88423c90b5928d4a84354e P 1023d9a7a41c44cc8d358fc9a18b41fc reported cstate change: term changed from 0 to 1, leader changed from <none> to 1023d9a7a41c44cc8d358fc9a18b41fc (127.17.170.131). New cstate: current_term: 1 leader_uuid: "1023d9a7a41c44cc8d358fc9a18b41fc" committed_config { opid_index: -1 OBSOLETE_local: false peers { permanent_uuid: "1b3d9db7caab4a3e9b1875888db68f4f" member_type: VOTER last_known_addr { host: "127.17.170.129" port: 34281 } health_report { overall_health: UNKNOWN } } peers { permanent_uuid: "728b24428ad34ee2b8e7847b45ca3e20" member_type: VOTER last_known_addr { host: "127.17.170.130" port: 34327 } health_report { overall_health: UNKNOWN } } peers { permanent_uuid: "1023d9a7a41c44cc8d358fc9a18b41fc" member_type: VOTER last_known_addr { host: "127.17.170.131" port: 42787 } health_report { overall_health: HEALTHY } } }
I20260709 13:04:49.684731 19401 raft_consensus.cc:493] T 0ab9a981e68c41d9945091b3ca131d04 P 1023d9a7a41c44cc8d358fc9a18b41fc [term 0 FOLLOWER]: Starting pre-election (no leader contacted us within the election timeout)
I20260709 13:04:49.685470 19273 tablet_service.cc:1917] Received RequestConsensusVote() RPC: tablet_id: "8677725a21414bea9e2b5ed0a880771b" candidate_uuid: "1b3d9db7caab4a3e9b1875888db68f4f" candidate_term: 1 candidate_status { last_received { term: 0 index: 0 } } ignore_live_leader: false dest_uuid: "728b24428ad34ee2b8e7847b45ca3e20"
I20260709 13:04:49.685423 19401 raft_consensus.cc:515] T 0ab9a981e68c41d9945091b3ca131d04 P 1023d9a7a41c44cc8d358fc9a18b41fc [term 0 FOLLOWER]: Starting pre-election with config: opid_index: -1 OBSOLETE_local: false peers { permanent_uuid: "1b3d9db7caab4a3e9b1875888db68f4f" member_type: VOTER last_known_addr { host: "127.17.170.129" port: 34281 } } peers { permanent_uuid: "1023d9a7a41c44cc8d358fc9a18b41fc" member_type: VOTER last_known_addr { host: "127.17.170.131" port: 42787 } } peers { permanent_uuid: "728b24428ad34ee2b8e7847b45ca3e20" member_type: VOTER last_known_addr { host: "127.17.170.130" port: 34327 } }
I20260709 13:04:49.686259 19273 raft_consensus.cc:3060] T 8677725a21414bea9e2b5ed0a880771b P 728b24428ad34ee2b8e7847b45ca3e20 [term 0 FOLLOWER]: Advancing to term 1
I20260709 13:04:49.674960 19418 consensus_queue.cc:1048] T 79dbe6cd5a134da888f267e3b680e07a P 1b3d9db7caab4a3e9b1875888db68f4f [LEADER]: Connected to new peer: Peer: permanent_uuid: "728b24428ad34ee2b8e7847b45ca3e20" member_type: VOTER last_known_addr { host: "127.17.170.130" port: 34327 }, Status: LMP_MISMATCH, Last received: 0.0, Next index: 1, Last known committed idx: 0, Time since last communication: 0.017s
I20260709 13:04:49.693517 19483 raft_consensus.cc:493] T fbdbf55bf0a9407da1d9700cfe957e1b P 1b3d9db7caab4a3e9b1875888db68f4f [term 0 FOLLOWER]: Starting pre-election (no leader contacted us within the election timeout)
I20260709 13:04:49.694037 19483 raft_consensus.cc:515] T fbdbf55bf0a9407da1d9700cfe957e1b P 1b3d9db7caab4a3e9b1875888db68f4f [term 0 FOLLOWER]: Starting pre-election with config: opid_index: -1 OBSOLETE_local: false peers { permanent_uuid: "1b3d9db7caab4a3e9b1875888db68f4f" member_type: VOTER last_known_addr { host: "127.17.170.129" port: 34281 } } peers { permanent_uuid: "728b24428ad34ee2b8e7847b45ca3e20" member_type: VOTER last_known_addr { host: "127.17.170.130" port: 34327 } } peers { permanent_uuid: "1023d9a7a41c44cc8d358fc9a18b41fc" member_type: VOTER last_known_addr { host: "127.17.170.131" port: 42787 } }
I20260709 13:04:49.702787 19483 leader_election.cc:290] T fbdbf55bf0a9407da1d9700cfe957e1b P 1b3d9db7caab4a3e9b1875888db68f4f [CANDIDATE]: Term 1 pre-election: Requested pre-vote from peers 728b24428ad34ee2b8e7847b45ca3e20 (127.17.170.130:34327), 1023d9a7a41c44cc8d358fc9a18b41fc (127.17.170.131:42787)
I20260709 13:04:49.702862 19270 tablet_service.cc:1917] Received RequestConsensusVote() RPC: tablet_id: "0ab9a981e68c41d9945091b3ca131d04" candidate_uuid: "1023d9a7a41c44cc8d358fc9a18b41fc" candidate_term: 1 candidate_status { last_received { term: 0 index: 0 } } ignore_live_leader: false dest_uuid: "728b24428ad34ee2b8e7847b45ca3e20" is_pre_election: true
I20260709 13:04:49.699994 19401 leader_election.cc:290] T 0ab9a981e68c41d9945091b3ca131d04 P 1023d9a7a41c44cc8d358fc9a18b41fc [CANDIDATE]: Term 1 pre-election: Requested pre-vote from peers 1b3d9db7caab4a3e9b1875888db68f4f (127.17.170.129:34281), 728b24428ad34ee2b8e7847b45ca3e20 (127.17.170.130:34327)
I20260709 13:04:49.714188 19347 tablet_service.cc:1917] Received RequestConsensusVote() RPC: tablet_id: "fbdbf55bf0a9407da1d9700cfe957e1b" candidate_uuid: "1b3d9db7caab4a3e9b1875888db68f4f" candidate_term: 1 candidate_status { last_received { term: 0 index: 0 } } ignore_live_leader: false dest_uuid: "1023d9a7a41c44cc8d358fc9a18b41fc" is_pre_election: true
I20260709 13:04:49.714325 19194 tablet_service.cc:1917] Received RequestConsensusVote() RPC: tablet_id: "0ab9a981e68c41d9945091b3ca131d04" candidate_uuid: "1023d9a7a41c44cc8d358fc9a18b41fc" candidate_term: 1 candidate_status { last_received { term: 0 index: 0 } } ignore_live_leader: false dest_uuid: "1b3d9db7caab4a3e9b1875888db68f4f" is_pre_election: true
I20260709 13:04:49.715059 19348 raft_consensus.cc:3060] T 0ab9a981e68c41d9945091b3ca131d04 P 1023d9a7a41c44cc8d358fc9a18b41fc [term 0 FOLLOWER]: Advancing to term 1
I20260709 13:04:49.725016 19391 tablet_bootstrap.cc:654] T 8d5d113afaac4a209eced6f244f86a52 P 1023d9a7a41c44cc8d358fc9a18b41fc: Neither blocks nor log segments found. Creating new log.
I20260709 13:04:49.715091 19272 tablet_service.cc:1917] Received RequestConsensusVote() RPC: tablet_id: "fbdbf55bf0a9407da1d9700cfe957e1b" candidate_uuid: "1b3d9db7caab4a3e9b1875888db68f4f" candidate_term: 1 candidate_status { last_received { term: 0 index: 0 } } ignore_live_leader: false dest_uuid: "728b24428ad34ee2b8e7847b45ca3e20" is_pre_election: true
I20260709 13:04:49.727053 19272 raft_consensus.cc:2468] T fbdbf55bf0a9407da1d9700cfe957e1b P 728b24428ad34ee2b8e7847b45ca3e20 [term 0 FOLLOWER]: Leader pre-election vote request: Granting yes vote for candidate 1b3d9db7caab4a3e9b1875888db68f4f in term 0.
W20260709 13:04:49.728157 19165 leader_election.cc:343] T fbdbf55bf0a9407da1d9700cfe957e1b P 1b3d9db7caab4a3e9b1875888db68f4f [CANDIDATE]: Term 1 pre-election: Tablet error from VoteRequest() call to peer 1023d9a7a41c44cc8d358fc9a18b41fc (127.17.170.131:42787): Illegal state: must be running to vote when last-logged opid is not known
I20260709 13:04:49.731215 19163 leader_election.cc:304] T fbdbf55bf0a9407da1d9700cfe957e1b P 1b3d9db7caab4a3e9b1875888db68f4f [CANDIDATE]: Term 1 pre-election: Election decided. Result: candidate won. Election summary: received 3 responses out of 3 voters: 2 yes votes; 1 no votes. yes voters: 1b3d9db7caab4a3e9b1875888db68f4f, 728b24428ad34ee2b8e7847b45ca3e20; no voters: 1023d9a7a41c44cc8d358fc9a18b41fc
I20260709 13:04:49.732481 19483 raft_consensus.cc:2804] T fbdbf55bf0a9407da1d9700cfe957e1b P 1b3d9db7caab4a3e9b1875888db68f4f [term 0 FOLLOWER]: Leader pre-election won for term 1
I20260709 13:04:49.732880 19483 raft_consensus.cc:493] T fbdbf55bf0a9407da1d9700cfe957e1b P 1b3d9db7caab4a3e9b1875888db68f4f [term 0 FOLLOWER]: Starting leader election (no leader contacted us within the election timeout)
I20260709 13:04:49.733243 19483 raft_consensus.cc:3060] T fbdbf55bf0a9407da1d9700cfe957e1b P 1b3d9db7caab4a3e9b1875888db68f4f [term 0 FOLLOWER]: Advancing to term 1
I20260709 13:04:49.738826 19313 leader_election.cc:304] T 0ab9a981e68c41d9945091b3ca131d04 P 1023d9a7a41c44cc8d358fc9a18b41fc [CANDIDATE]: Term 1 pre-election: Election decided. Result: candidate lost. Election summary: received 3 responses out of 3 voters: 1 yes votes; 2 no votes. yes voters: 1023d9a7a41c44cc8d358fc9a18b41fc; no voters: 1b3d9db7caab4a3e9b1875888db68f4f, 728b24428ad34ee2b8e7847b45ca3e20
I20260709 13:04:49.737119 19096 catalog_manager.cc:5697] T 30e0464fa09f4533b479a9cbc42934cd P 1b3d9db7caab4a3e9b1875888db68f4f reported cstate change: term changed from 0 to 1, leader changed from <none> to 1b3d9db7caab4a3e9b1875888db68f4f (127.17.170.129). New cstate: current_term: 1 leader_uuid: "1b3d9db7caab4a3e9b1875888db68f4f" committed_config { opid_index: -1 OBSOLETE_local: false peers { permanent_uuid: "1b3d9db7caab4a3e9b1875888db68f4f" member_type: VOTER last_known_addr { host: "127.17.170.129" port: 34281 } health_report { overall_health: HEALTHY } } peers { permanent_uuid: "728b24428ad34ee2b8e7847b45ca3e20" member_type: VOTER last_known_addr { host: "127.17.170.130" port: 34327 } health_report { overall_health: UNKNOWN } } peers { permanent_uuid: "1023d9a7a41c44cc8d358fc9a18b41fc" member_type: VOTER last_known_addr { host: "127.17.170.131" port: 42787 } health_report { overall_health: UNKNOWN } } }
I20260709 13:04:49.729635 19273 raft_consensus.cc:2468] T 8677725a21414bea9e2b5ed0a880771b P 728b24428ad34ee2b8e7847b45ca3e20 [term 1 FOLLOWER]: Leader election vote request: Granting yes vote for candidate 1b3d9db7caab4a3e9b1875888db68f4f in term 1.
I20260709 13:04:49.744730 19163 leader_election.cc:304] T 8677725a21414bea9e2b5ed0a880771b P 1b3d9db7caab4a3e9b1875888db68f4f [CANDIDATE]: Term 1 election: Election decided. Result: candidate won. Election summary: received 3 responses out of 3 voters: 2 yes votes; 1 no votes. yes voters: 1b3d9db7caab4a3e9b1875888db68f4f, 728b24428ad34ee2b8e7847b45ca3e20; no voters: 1023d9a7a41c44cc8d358fc9a18b41fc
I20260709 13:04:49.746272 19481 raft_consensus.cc:2804] T 8677725a21414bea9e2b5ed0a880771b P 1b3d9db7caab4a3e9b1875888db68f4f [term 1 FOLLOWER]: Leader election won for term 1
I20260709 13:04:49.746941 19481 raft_consensus.cc:697] T 8677725a21414bea9e2b5ed0a880771b P 1b3d9db7caab4a3e9b1875888db68f4f [term 1 LEADER]: Becoming Leader. State: Replica: 1b3d9db7caab4a3e9b1875888db68f4f, State: Running, Role: LEADER
I20260709 13:04:49.750159 19389 tablet_bootstrap.cc:492] T 42b3c447c558432a9885366a01c61318 P 1b3d9db7caab4a3e9b1875888db68f4f: No bootstrap required, opened a new log
I20260709 13:04:49.750844 19389 ts_tablet_manager.cc:1403] T 42b3c447c558432a9885366a01c61318 P 1b3d9db7caab4a3e9b1875888db68f4f: Time spent bootstrapping tablet: real 0.166s	user 0.029s	sys 0.032s
I20260709 13:04:49.748662 19481 consensus_queue.cc:237] T 8677725a21414bea9e2b5ed0a880771b P 1b3d9db7caab4a3e9b1875888db68f4f [LEADER]: Queue going to LEADER mode. State: All replicated index: 0, Majority replicated index: 0, Committed index: 0, Last appended: 0.0, Last appended by leader: 0, Current term: 1, Majority size: 2, State: 0, Mode: LEADER, active raft config: opid_index: -1 OBSOLETE_local: false peers { permanent_uuid: "1b3d9db7caab4a3e9b1875888db68f4f" member_type: VOTER last_known_addr { host: "127.17.170.129" port: 34281 } } peers { permanent_uuid: "728b24428ad34ee2b8e7847b45ca3e20" member_type: VOTER last_known_addr { host: "127.17.170.130" port: 34327 } } peers { permanent_uuid: "1023d9a7a41c44cc8d358fc9a18b41fc" member_type: VOTER last_known_addr { host: "127.17.170.131" port: 42787 } }
I20260709 13:04:49.753391 19416 raft_consensus.cc:493] T a526f11bd1984eb0baa2754809b09f43 P 1023d9a7a41c44cc8d358fc9a18b41fc [term 0 FOLLOWER]: Starting pre-election (no leader contacted us within the election timeout)
I20260709 13:04:49.753634 19389 raft_consensus.cc:359] T 42b3c447c558432a9885366a01c61318 P 1b3d9db7caab4a3e9b1875888db68f4f [term 0 FOLLOWER]: Replica starting. Triggering 0 pending ops. Active config: opid_index: -1 OBSOLETE_local: false peers { permanent_uuid: "1b3d9db7caab4a3e9b1875888db68f4f" member_type: VOTER last_known_addr { host: "127.17.170.129" port: 34281 } } peers { permanent_uuid: "728b24428ad34ee2b8e7847b45ca3e20" member_type: VOTER last_known_addr { host: "127.17.170.130" port: 34327 } } peers { permanent_uuid: "1023d9a7a41c44cc8d358fc9a18b41fc" member_type: VOTER last_known_addr { host: "127.17.170.131" port: 42787 } }
I20260709 13:04:49.753901 19416 raft_consensus.cc:515] T a526f11bd1984eb0baa2754809b09f43 P 1023d9a7a41c44cc8d358fc9a18b41fc [term 0 FOLLOWER]: Starting pre-election with config: opid_index: -1 OBSOLETE_local: false peers { permanent_uuid: "1b3d9db7caab4a3e9b1875888db68f4f" member_type: VOTER last_known_addr { host: "127.17.170.129" port: 34281 } } peers { permanent_uuid: "728b24428ad34ee2b8e7847b45ca3e20" member_type: VOTER last_known_addr { host: "127.17.170.130" port: 34327 } } peers { permanent_uuid: "1023d9a7a41c44cc8d358fc9a18b41fc" member_type: VOTER last_known_addr { host: "127.17.170.131" port: 42787 } }
I20260709 13:04:49.754376 19389 raft_consensus.cc:385] T 42b3c447c558432a9885366a01c61318 P 1b3d9db7caab4a3e9b1875888db68f4f [term 0 FOLLOWER]: Consensus starting up: Expiring failure detector timer to make a prompt election more likely
I20260709 13:04:49.754722 19389 raft_consensus.cc:740] T 42b3c447c558432a9885366a01c61318 P 1b3d9db7caab4a3e9b1875888db68f4f [term 0 FOLLOWER]: Becoming Follower/Learner. State: Replica: 1b3d9db7caab4a3e9b1875888db68f4f, State: Initialized, Role: FOLLOWER
I20260709 13:04:49.755347 19389 consensus_queue.cc:260] T 42b3c447c558432a9885366a01c61318 P 1b3d9db7caab4a3e9b1875888db68f4f [NON_LEADER]: Queue going to NON_LEADER mode. State: All replicated index: 0, Majority replicated index: 0, Committed index: 0, Last appended: 0.0, Last appended by leader: 0, Current term: 0, Majority size: -1, State: 0, Mode: NON_LEADER, active raft config: opid_index: -1 OBSOLETE_local: false peers { permanent_uuid: "1b3d9db7caab4a3e9b1875888db68f4f" member_type: VOTER last_known_addr { host: "127.17.170.129" port: 34281 } } peers { permanent_uuid: "728b24428ad34ee2b8e7847b45ca3e20" member_type: VOTER last_known_addr { host: "127.17.170.130" port: 34327 } } peers { permanent_uuid: "1023d9a7a41c44cc8d358fc9a18b41fc" member_type: VOTER last_known_addr { host: "127.17.170.131" port: 42787 } }
I20260709 13:04:49.758246 19389 ts_tablet_manager.cc:1434] T 42b3c447c558432a9885366a01c61318 P 1b3d9db7caab4a3e9b1875888db68f4f: Time spent starting tablet: real 0.007s	user 0.002s	sys 0.004s
