I20260709 13:04:50.006315 16615 raft_consensus.cc:385] T 74cc8460517d483493b0bf537e843891 P 2b42f7860d87411294781f19f6f2d95a [term 0 FOLLOWER]: Consensus starting up: Expiring failure detector timer to make a prompt election more likely
I20260709 13:04:50.006609 16615 raft_consensus.cc:740] T 74cc8460517d483493b0bf537e843891 P 2b42f7860d87411294781f19f6f2d95a [term 0 FOLLOWER]: Becoming Follower/Learner. State: Replica: 2b42f7860d87411294781f19f6f2d95a, State: Initialized, Role: FOLLOWER
I20260709 13:04:50.007341 16615 consensus_queue.cc:260] T 74cc8460517d483493b0bf537e843891 P 2b42f7860d87411294781f19f6f2d95a [NON_LEADER]: Queue going to NON_LEADER mode. State: All replicated index: 0, Majority replicated index: 0, Committed index: 0, Last appended: 0.0, Last appended by leader: 0, Current term: 0, Majority size: -1, State: 0, Mode: NON_LEADER, active raft config: opid_index: -1 OBSOLETE_local: false peers { permanent_uuid: "fc4bf77a4fdd43eeaeecaf8e4ed6585c" member_type: VOTER last_known_addr { host: "127.14.239.65" port: 36065 } } peers { permanent_uuid: "4b8fc6781ebc47f79d1132db9cc3cbf6" member_type: VOTER last_known_addr { host: "127.14.239.66" port: 45257 } } peers { permanent_uuid: "2b42f7860d87411294781f19f6f2d95a" member_type: VOTER last_known_addr { host: "127.14.239.67" port: 36047 } }
I20260709 13:04:50.009573 16615 ts_tablet_manager.cc:1434] T 74cc8460517d483493b0bf537e843891 P 2b42f7860d87411294781f19f6f2d95a: Time spent starting tablet: real 0.021s	user 0.006s	sys 0.000s
I20260709 13:04:50.010550 16615 tablet_bootstrap.cc:492] T 1c0e21776c3e47cb9f2a3301f691a46a P 2b42f7860d87411294781f19f6f2d95a: Bootstrap starting.
I20260709 13:04:50.012384 16570 tablet_service.cc:1917] Received RequestConsensusVote() RPC: tablet_id: "ccc70e4573404c00b61f827b1ce9acc3" candidate_uuid: "4b8fc6781ebc47f79d1132db9cc3cbf6" candidate_term: 1 candidate_status { last_received { term: 0 index: 0 } } ignore_live_leader: false dest_uuid: "2b42f7860d87411294781f19f6f2d95a"
W20260709 13:04:50.014004 16463 leader_election.cc:343] T ccc70e4573404c00b61f827b1ce9acc3 P 4b8fc6781ebc47f79d1132db9cc3cbf6 [CANDIDATE]: Term 1 election: Tablet error from VoteRequest() call to peer 2b42f7860d87411294781f19f6f2d95a (127.14.239.67:36047): Illegal state: must be running to vote when last-logged opid is not known
I20260709 13:04:50.014808 16422 raft_consensus.cc:2468] T ccc70e4573404c00b61f827b1ce9acc3 P fc4bf77a4fdd43eeaeecaf8e4ed6585c [term 1 FOLLOWER]: Leader election vote request: Granting yes vote for candidate 4b8fc6781ebc47f79d1132db9cc3cbf6 in term 1.
I20260709 13:04:50.016244 16462 leader_election.cc:304] T ccc70e4573404c00b61f827b1ce9acc3 P 4b8fc6781ebc47f79d1132db9cc3cbf6 [CANDIDATE]: Term 1 election: Election decided. Result: candidate won. Election summary: received 3 responses out of 3 voters: 2 yes votes; 1 no votes. yes voters: 4b8fc6781ebc47f79d1132db9cc3cbf6, fc4bf77a4fdd43eeaeecaf8e4ed6585c; no voters: 2b42f7860d87411294781f19f6f2d95a
I20260709 13:04:50.017930 16615 tablet_bootstrap.cc:654] T 1c0e21776c3e47cb9f2a3301f691a46a P 2b42f7860d87411294781f19f6f2d95a: Neither blocks nor log segments found. Creating new log.
I20260709 13:04:50.018469 16911 raft_consensus.cc:2804] T ccc70e4573404c00b61f827b1ce9acc3 P 4b8fc6781ebc47f79d1132db9cc3cbf6 [term 1 FOLLOWER]: Leader election won for term 1
I20260709 13:04:50.019042 16911 raft_consensus.cc:697] T ccc70e4573404c00b61f827b1ce9acc3 P 4b8fc6781ebc47f79d1132db9cc3cbf6 [term 1 LEADER]: Becoming Leader. State: Replica: 4b8fc6781ebc47f79d1132db9cc3cbf6, State: Running, Role: LEADER
I20260709 13:04:50.019987 16911 consensus_queue.cc:237] T ccc70e4573404c00b61f827b1ce9acc3 P 4b8fc6781ebc47f79d1132db9cc3cbf6 [LEADER]: Queue going to LEADER mode. State: All replicated index: 0, Majority replicated index: 0, Committed index: 0, Last appended: 0.0, Last appended by leader: 0, Current term: 1, Majority size: 2, State: 0, Mode: LEADER, active raft config: opid_index: -1 OBSOLETE_local: false peers { permanent_uuid: "fc4bf77a4fdd43eeaeecaf8e4ed6585c" member_type: VOTER last_known_addr { host: "127.14.239.65" port: 36065 } } peers { permanent_uuid: "4b8fc6781ebc47f79d1132db9cc3cbf6" member_type: VOTER last_known_addr { host: "127.14.239.66" port: 45257 } } peers { permanent_uuid: "2b42f7860d87411294781f19f6f2d95a" member_type: VOTER last_known_addr { host: "127.14.239.67" port: 36047 } }
I20260709 13:04:50.023922 16423 raft_consensus.cc:2468] T f553dc5fb48e4f26aa131a7cbf576354 P fc4bf77a4fdd43eeaeecaf8e4ed6585c [term 1 FOLLOWER]: Leader election vote request: Granting yes vote for candidate 2b42f7860d87411294781f19f6f2d95a in term 1.
I20260709 13:04:50.025178 16536 leader_election.cc:304] T f553dc5fb48e4f26aa131a7cbf576354 P 2b42f7860d87411294781f19f6f2d95a [CANDIDATE]: Term 1 election: Election decided. Result: candidate won. Election summary: received 2 responses out of 3 voters: 2 yes votes; 0 no votes. yes voters: 2b42f7860d87411294781f19f6f2d95a, fc4bf77a4fdd43eeaeecaf8e4ed6585c; no voters: 
I20260709 13:04:50.026022 16915 raft_consensus.cc:2804] T f553dc5fb48e4f26aa131a7cbf576354 P 2b42f7860d87411294781f19f6f2d95a [term 1 FOLLOWER]: Leader election won for term 1
I20260709 13:04:50.026733 16915 raft_consensus.cc:697] T f553dc5fb48e4f26aa131a7cbf576354 P 2b42f7860d87411294781f19f6f2d95a [term 1 LEADER]: Becoming Leader. State: Replica: 2b42f7860d87411294781f19f6f2d95a, State: Running, Role: LEADER
I20260709 13:04:50.027638 16915 consensus_queue.cc:237] T f553dc5fb48e4f26aa131a7cbf576354 P 2b42f7860d87411294781f19f6f2d95a [LEADER]: Queue going to LEADER mode. State: All replicated index: 0, Majority replicated index: 0, Committed index: 0, Last appended: 0.0, Last appended by leader: 0, Current term: 1, Majority size: 2, State: 0, Mode: LEADER, active raft config: opid_index: -1 OBSOLETE_local: false peers { permanent_uuid: "fc4bf77a4fdd43eeaeecaf8e4ed6585c" member_type: VOTER last_known_addr { host: "127.14.239.65" port: 36065 } } peers { permanent_uuid: "4b8fc6781ebc47f79d1132db9cc3cbf6" member_type: VOTER last_known_addr { host: "127.14.239.66" port: 45257 } } peers { permanent_uuid: "2b42f7860d87411294781f19f6f2d95a" member_type: VOTER last_known_addr { host: "127.14.239.67" port: 36047 } }
I20260709 13:04:50.033720 16615 tablet_bootstrap.cc:492] T 1c0e21776c3e47cb9f2a3301f691a46a P 2b42f7860d87411294781f19f6f2d95a: No bootstrap required, opened a new log
I20260709 13:04:50.034395 16615 ts_tablet_manager.cc:1403] T 1c0e21776c3e47cb9f2a3301f691a46a P 2b42f7860d87411294781f19f6f2d95a: Time spent bootstrapping tablet: real 0.024s	user 0.011s	sys 0.010s
I20260709 13:04:50.037314 16615 raft_consensus.cc:359] T 1c0e21776c3e47cb9f2a3301f691a46a P 2b42f7860d87411294781f19f6f2d95a [term 0 FOLLOWER]: Replica starting. Triggering 0 pending ops. Active config: opid_index: -1 OBSOLETE_local: false peers { permanent_uuid: "fc4bf77a4fdd43eeaeecaf8e4ed6585c" member_type: VOTER last_known_addr { host: "127.14.239.65" port: 36065 } } peers { permanent_uuid: "4b8fc6781ebc47f79d1132db9cc3cbf6" member_type: VOTER last_known_addr { host: "127.14.239.66" port: 45257 } } peers { permanent_uuid: "2b42f7860d87411294781f19f6f2d95a" member_type: VOTER last_known_addr { host: "127.14.239.67" port: 36047 } }
I20260709 13:04:50.039242 16614 tablet_bootstrap.cc:492] T 1ea82e732d9a48f790c67302f9e58461 P fc4bf77a4fdd43eeaeecaf8e4ed6585c: No bootstrap required, opened a new log
I20260709 13:04:50.040601 16615 raft_consensus.cc:385] T 1c0e21776c3e47cb9f2a3301f691a46a P 2b42f7860d87411294781f19f6f2d95a [term 0 FOLLOWER]: Consensus starting up: Expiring failure detector timer to make a prompt election more likely
I20260709 13:04:50.040705 16614 ts_tablet_manager.cc:1403] T 1ea82e732d9a48f790c67302f9e58461 P fc4bf77a4fdd43eeaeecaf8e4ed6585c: Time spent bootstrapping tablet: real 0.173s	user 0.042s	sys 0.073s
I20260709 13:04:50.041424 16615 raft_consensus.cc:740] T 1c0e21776c3e47cb9f2a3301f691a46a P 2b42f7860d87411294781f19f6f2d95a [term 0 FOLLOWER]: Becoming Follower/Learner. State: Replica: 2b42f7860d87411294781f19f6f2d95a, State: Initialized, Role: FOLLOWER
I20260709 13:04:50.042546 16615 consensus_queue.cc:260] T 1c0e21776c3e47cb9f2a3301f691a46a P 2b42f7860d87411294781f19f6f2d95a [NON_LEADER]: Queue going to NON_LEADER mode. State: All replicated index: 0, Majority replicated index: 0, Committed index: 0, Last appended: 0.0, Last appended by leader: 0, Current term: 0, Majority size: -1, State: 0, Mode: NON_LEADER, active raft config: opid_index: -1 OBSOLETE_local: false peers { permanent_uuid: "fc4bf77a4fdd43eeaeecaf8e4ed6585c" member_type: VOTER last_known_addr { host: "127.14.239.65" port: 36065 } } peers { permanent_uuid: "4b8fc6781ebc47f79d1132db9cc3cbf6" member_type: VOTER last_known_addr { host: "127.14.239.66" port: 45257 } } peers { permanent_uuid: "2b42f7860d87411294781f19f6f2d95a" member_type: VOTER last_known_addr { host: "127.14.239.67" port: 36047 } }
I20260709 13:04:50.044291 16614 raft_consensus.cc:359] T 1ea82e732d9a48f790c67302f9e58461 P fc4bf77a4fdd43eeaeecaf8e4ed6585c [term 0 FOLLOWER]: Replica starting. Triggering 0 pending ops. Active config: opid_index: -1 OBSOLETE_local: false peers { permanent_uuid: "fc4bf77a4fdd43eeaeecaf8e4ed6585c" member_type: VOTER last_known_addr { host: "127.14.239.65" port: 36065 } } peers { permanent_uuid: "4b8fc6781ebc47f79d1132db9cc3cbf6" member_type: VOTER last_known_addr { host: "127.14.239.66" port: 45257 } } peers { permanent_uuid: "2b42f7860d87411294781f19f6f2d95a" member_type: VOTER last_known_addr { host: "127.14.239.67" port: 36047 } }
I20260709 13:04:50.047883 16614 raft_consensus.cc:385] T 1ea82e732d9a48f790c67302f9e58461 P fc4bf77a4fdd43eeaeecaf8e4ed6585c [term 0 FOLLOWER]: Consensus starting up: Expiring failure detector timer to make a prompt election more likely
I20260709 13:04:50.045889 16615 ts_tablet_manager.cc:1434] T 1c0e21776c3e47cb9f2a3301f691a46a P 2b42f7860d87411294781f19f6f2d95a: Time spent starting tablet: real 0.011s	user 0.004s	sys 0.001s
I20260709 13:04:50.048274 16614 raft_consensus.cc:740] T 1ea82e732d9a48f790c67302f9e58461 P fc4bf77a4fdd43eeaeecaf8e4ed6585c [term 0 FOLLOWER]: Becoming Follower/Learner. State: Replica: fc4bf77a4fdd43eeaeecaf8e4ed6585c, State: Initialized, Role: FOLLOWER
I20260709 13:04:50.049306 16615 tablet_bootstrap.cc:492] T 2945e9dfd8d843c5a968b0bfad1db63b P 2b42f7860d87411294781f19f6f2d95a: Bootstrap starting.
I20260709 13:04:50.049399 16614 consensus_queue.cc:260] T 1ea82e732d9a48f790c67302f9e58461 P fc4bf77a4fdd43eeaeecaf8e4ed6585c [NON_LEADER]: Queue going to NON_LEADER mode. State: All replicated index: 0, Majority replicated index: 0, Committed index: 0, Last appended: 0.0, Last appended by leader: 0, Current term: 0, Majority size: -1, State: 0, Mode: NON_LEADER, active raft config: opid_index: -1 OBSOLETE_local: false peers { permanent_uuid: "fc4bf77a4fdd43eeaeecaf8e4ed6585c" member_type: VOTER last_known_addr { host: "127.14.239.65" port: 36065 } } peers { permanent_uuid: "4b8fc6781ebc47f79d1132db9cc3cbf6" member_type: VOTER last_known_addr { host: "127.14.239.66" port: 45257 } } peers { permanent_uuid: "2b42f7860d87411294781f19f6f2d95a" member_type: VOTER last_known_addr { host: "127.14.239.67" port: 36047 } }
I20260709 13:04:50.052634 16614 ts_tablet_manager.cc:1434] T 1ea82e732d9a48f790c67302f9e58461 P fc4bf77a4fdd43eeaeecaf8e4ed6585c: Time spent starting tablet: real 0.011s	user 0.005s	sys 0.003s
I20260709 13:04:50.053931 16614 tablet_bootstrap.cc:492] T 81737a3fb10c44378e0579ba65e76ec5 P fc4bf77a4fdd43eeaeecaf8e4ed6585c: Bootstrap starting.
I20260709 13:04:50.060279 16493 tablet_service.cc:1917] Received RequestConsensusVote() RPC: tablet_id: "f553dc5fb48e4f26aa131a7cbf576354" candidate_uuid: "2b42f7860d87411294781f19f6f2d95a" candidate_term: 1 candidate_status { last_received { term: 0 index: 0 } } ignore_live_leader: false dest_uuid: "4b8fc6781ebc47f79d1132db9cc3cbf6"
I20260709 13:04:50.059999 16321 catalog_manager.cc:5697] T ccc70e4573404c00b61f827b1ce9acc3 P 4b8fc6781ebc47f79d1132db9cc3cbf6 reported cstate change: term changed from 0 to 1, leader changed from <none> to 4b8fc6781ebc47f79d1132db9cc3cbf6 (127.14.239.66). New cstate: current_term: 1 leader_uuid: "4b8fc6781ebc47f79d1132db9cc3cbf6" committed_config { opid_index: -1 OBSOLETE_local: false peers { permanent_uuid: "fc4bf77a4fdd43eeaeecaf8e4ed6585c" member_type: VOTER last_known_addr { host: "127.14.239.65" port: 36065 } health_report { overall_health: UNKNOWN } } peers { permanent_uuid: "4b8fc6781ebc47f79d1132db9cc3cbf6" member_type: VOTER last_known_addr { host: "127.14.239.66" port: 45257 } health_report { overall_health: HEALTHY } } peers { permanent_uuid: "2b42f7860d87411294781f19f6f2d95a" member_type: VOTER last_known_addr { host: "127.14.239.67" port: 36047 } health_report { overall_health: UNKNOWN } } }
I20260709 13:04:50.061261 16493 raft_consensus.cc:3060] T f553dc5fb48e4f26aa131a7cbf576354 P 4b8fc6781ebc47f79d1132db9cc3cbf6 [term 0 FOLLOWER]: Advancing to term 1
I20260709 13:04:50.065398 16917 leader_election.cc:290] T f553dc5fb48e4f26aa131a7cbf576354 P 2b42f7860d87411294781f19f6f2d95a [CANDIDATE]: Term 1 election: Requested vote from peers fc4bf77a4fdd43eeaeecaf8e4ed6585c (127.14.239.65:36065), 4b8fc6781ebc47f79d1132db9cc3cbf6 (127.14.239.66:45257)
I20260709 13:04:50.074302 16614 tablet_bootstrap.cc:654] T 81737a3fb10c44378e0579ba65e76ec5 P fc4bf77a4fdd43eeaeecaf8e4ed6585c: Neither blocks nor log segments found. Creating new log.
I20260709 13:04:50.075369 16915 raft_consensus.cc:493] T 2d09019de9174b0c8f61db24a9e6d415 P 2b42f7860d87411294781f19f6f2d95a [term 0 FOLLOWER]: Starting pre-election (no leader contacted us within the election timeout)
I20260709 13:04:50.076514 16915 raft_consensus.cc:515] T 2d09019de9174b0c8f61db24a9e6d415 P 2b42f7860d87411294781f19f6f2d95a [term 0 FOLLOWER]: Starting pre-election with config: opid_index: -1 OBSOLETE_local: false peers { permanent_uuid: "fc4bf77a4fdd43eeaeecaf8e4ed6585c" member_type: VOTER last_known_addr { host: "127.14.239.65" port: 36065 } } peers { permanent_uuid: "4b8fc6781ebc47f79d1132db9cc3cbf6" member_type: VOTER last_known_addr { host: "127.14.239.66" port: 45257 } } peers { permanent_uuid: "2b42f7860d87411294781f19f6f2d95a" member_type: VOTER last_known_addr { host: "127.14.239.67" port: 36047 } }
I20260709 13:04:50.079521 16915 leader_election.cc:290] T 2d09019de9174b0c8f61db24a9e6d415 P 2b42f7860d87411294781f19f6f2d95a [CANDIDATE]: Term 1 pre-election: Requested pre-vote from peers fc4bf77a4fdd43eeaeecaf8e4ed6585c (127.14.239.65:36065), 4b8fc6781ebc47f79d1132db9cc3cbf6 (127.14.239.66:45257)
I20260709 13:04:50.081194 16423 tablet_service.cc:1917] Received RequestConsensusVote() RPC: tablet_id: "2d09019de9174b0c8f61db24a9e6d415" candidate_uuid: "2b42f7860d87411294781f19f6f2d95a" candidate_term: 1 candidate_status { last_received { term: 0 index: 0 } } ignore_live_leader: false dest_uuid: "fc4bf77a4fdd43eeaeecaf8e4ed6585c" is_pre_election: true
I20260709 13:04:50.082029 16423 raft_consensus.cc:2393] T 2d09019de9174b0c8f61db24a9e6d415 P fc4bf77a4fdd43eeaeecaf8e4ed6585c [term 1 FOLLOWER]: Leader pre-election vote request: Denying vote to candidate 2b42f7860d87411294781f19f6f2d95a in current term 1: Already voted for candidate 4b8fc6781ebc47f79d1132db9cc3cbf6 in this term.
I20260709 13:04:50.082615 16493 raft_consensus.cc:2468] T f553dc5fb48e4f26aa131a7cbf576354 P 4b8fc6781ebc47f79d1132db9cc3cbf6 [term 1 FOLLOWER]: Leader election vote request: Granting yes vote for candidate 2b42f7860d87411294781f19f6f2d95a in term 1.
I20260709 13:04:50.081228 16496 tablet_service.cc:1917] Received RequestConsensusVote() RPC: tablet_id: "2d09019de9174b0c8f61db24a9e6d415" candidate_uuid: "2b42f7860d87411294781f19f6f2d95a" candidate_term: 1 candidate_status { last_received { term: 0 index: 0 } } ignore_live_leader: false dest_uuid: "4b8fc6781ebc47f79d1132db9cc3cbf6" is_pre_election: true
I20260709 13:04:50.085114 16537 leader_election.cc:304] T 2d09019de9174b0c8f61db24a9e6d415 P 2b42f7860d87411294781f19f6f2d95a [CANDIDATE]: Term 1 pre-election: Election decided. Result: candidate lost. Election summary: received 3 responses out of 3 voters: 1 yes votes; 2 no votes. yes voters: 2b42f7860d87411294781f19f6f2d95a; no voters: 4b8fc6781ebc47f79d1132db9cc3cbf6, fc4bf77a4fdd43eeaeecaf8e4ed6585c
I20260709 13:04:50.085974 16915 raft_consensus.cc:3060] T 2d09019de9174b0c8f61db24a9e6d415 P 2b42f7860d87411294781f19f6f2d95a [term 0 FOLLOWER]: Advancing to term 1
I20260709 13:04:50.087774 16320 catalog_manager.cc:5697] T f553dc5fb48e4f26aa131a7cbf576354 P 2b42f7860d87411294781f19f6f2d95a reported cstate change: term changed from 0 to 1, leader changed from <none> to 2b42f7860d87411294781f19f6f2d95a (127.14.239.67). New cstate: current_term: 1 leader_uuid: "2b42f7860d87411294781f19f6f2d95a" committed_config { opid_index: -1 OBSOLETE_local: false peers { permanent_uuid: "fc4bf77a4fdd43eeaeecaf8e4ed6585c" member_type: VOTER last_known_addr { host: "127.14.239.65" port: 36065 } health_report { overall_health: UNKNOWN } } peers { permanent_uuid: "4b8fc6781ebc47f79d1132db9cc3cbf6" member_type: VOTER last_known_addr { host: "127.14.239.66" port: 45257 } health_report { overall_health: UNKNOWN } } peers { permanent_uuid: "2b42f7860d87411294781f19f6f2d95a" member_type: VOTER last_known_addr { host: "127.14.239.67" port: 36047 } health_report { overall_health: HEALTHY } } }
I20260709 13:04:50.095289 16612 tablet_bootstrap.cc:492] T c66dd6c96cda4373ba7ae16dc5aaecc6 P 4b8fc6781ebc47f79d1132db9cc3cbf6: No bootstrap required, opened a new log
I20260709 13:04:50.095854 16612 ts_tablet_manager.cc:1403] T c66dd6c96cda4373ba7ae16dc5aaecc6 P 4b8fc6781ebc47f79d1132db9cc3cbf6: Time spent bootstrapping tablet: real 0.172s	user 0.030s	sys 0.044s
I20260709 13:04:50.097877 16612 raft_consensus.cc:359] T c66dd6c96cda4373ba7ae16dc5aaecc6 P 4b8fc6781ebc47f79d1132db9cc3cbf6 [term 0 FOLLOWER]: Replica starting. Triggering 0 pending ops. Active config: opid_index: -1 OBSOLETE_local: false peers { permanent_uuid: "fc4bf77a4fdd43eeaeecaf8e4ed6585c" member_type: VOTER last_known_addr { host: "127.14.239.65" port: 36065 } } peers { permanent_uuid: "4b8fc6781ebc47f79d1132db9cc3cbf6" member_type: VOTER last_known_addr { host: "127.14.239.66" port: 45257 } } peers { permanent_uuid: "2b42f7860d87411294781f19f6f2d95a" member_type: VOTER last_known_addr { host: "127.14.239.67" port: 36047 } }
I20260709 13:04:50.098397 16612 raft_consensus.cc:385] T c66dd6c96cda4373ba7ae16dc5aaecc6 P 4b8fc6781ebc47f79d1132db9cc3cbf6 [term 0 FOLLOWER]: Consensus starting up: Expiring failure detector timer to make a prompt election more likely
I20260709 13:04:50.098659 16612 raft_consensus.cc:740] T c66dd6c96cda4373ba7ae16dc5aaecc6 P 4b8fc6781ebc47f79d1132db9cc3cbf6 [term 0 FOLLOWER]: Becoming Follower/Learner. State: Replica: 4b8fc6781ebc47f79d1132db9cc3cbf6, State: Initialized, Role: FOLLOWER
I20260709 13:04:50.099334 16612 consensus_queue.cc:260] T c66dd6c96cda4373ba7ae16dc5aaecc6 P 4b8fc6781ebc47f79d1132db9cc3cbf6 [NON_LEADER]: Queue going to NON_LEADER mode. State: All replicated index: 0, Majority replicated index: 0, Committed index: 0, Last appended: 0.0, Last appended by leader: 0, Current term: 0, Majority size: -1, State: 0, Mode: NON_LEADER, active raft config: opid_index: -1 OBSOLETE_local: false peers { permanent_uuid: "fc4bf77a4fdd43eeaeecaf8e4ed6585c" member_type: VOTER last_known_addr { host: "127.14.239.65" port: 36065 } } peers { permanent_uuid: "4b8fc6781ebc47f79d1132db9cc3cbf6" member_type: VOTER last_known_addr { host: "127.14.239.66" port: 45257 } } peers { permanent_uuid: "2b42f7860d87411294781f19f6f2d95a" member_type: VOTER last_known_addr { host: "127.14.239.67" port: 36047 } }
I20260709 13:04:50.099650 16915 raft_consensus.cc:2749] T 2d09019de9174b0c8f61db24a9e6d415 P 2b42f7860d87411294781f19f6f2d95a [term 1 FOLLOWER]: Leader pre-election lost for term 1. Reason: could not achieve majority
I20260709 13:04:50.101490 16612 ts_tablet_manager.cc:1434] T c66dd6c96cda4373ba7ae16dc5aaecc6 P 4b8fc6781ebc47f79d1132db9cc3cbf6: Time spent starting tablet: real 0.005s	user 0.004s	sys 0.000s
I20260709 13:04:50.102412 16612 tablet_bootstrap.cc:492] T 9f552cd5f01b43c39215b936cb909340 P 4b8fc6781ebc47f79d1132db9cc3cbf6: Bootstrap starting.
I20260709 13:04:50.108188 16612 tablet_bootstrap.cc:654] T 9f552cd5f01b43c39215b936cb909340 P 4b8fc6781ebc47f79d1132db9cc3cbf6: Neither blocks nor log segments found. Creating new log.
I20260709 13:04:50.119937 16615 tablet_bootstrap.cc:654] T 2945e9dfd8d843c5a968b0bfad1db63b P 2b42f7860d87411294781f19f6f2d95a: Neither blocks nor log segments found. Creating new log.
I20260709 13:04:50.131498 16911 consensus_queue.cc:1048] T 2d09019de9174b0c8f61db24a9e6d415 P 4b8fc6781ebc47f79d1132db9cc3cbf6 [LEADER]: Connected to new peer: Peer: permanent_uuid: "fc4bf77a4fdd43eeaeecaf8e4ed6585c" member_type: VOTER last_known_addr { host: "127.14.239.65" port: 36065 }, Status: LMP_MISMATCH, Last received: 0.0, Next index: 1, Last known committed idx: 0, Time since last communication: 0.002s
I20260709 13:04:50.138160 16614 tablet_bootstrap.cc:492] T 81737a3fb10c44378e0579ba65e76ec5 P fc4bf77a4fdd43eeaeecaf8e4ed6585c: No bootstrap required, opened a new log
I20260709 13:04:50.139614 16614 ts_tablet_manager.cc:1403] T 81737a3fb10c44378e0579ba65e76ec5 P fc4bf77a4fdd43eeaeecaf8e4ed6585c: Time spent bootstrapping tablet: real 0.086s	user 0.009s	sys 0.014s
I20260709 13:04:50.141969 16615 tablet_bootstrap.cc:492] T 2945e9dfd8d843c5a968b0bfad1db63b P 2b42f7860d87411294781f19f6f2d95a: No bootstrap required, opened a new log
I20260709 13:04:50.142755 16615 ts_tablet_manager.cc:1403] T 2945e9dfd8d843c5a968b0bfad1db63b P 2b42f7860d87411294781f19f6f2d95a: Time spent bootstrapping tablet: real 0.094s	user 0.008s	sys 0.007s
I20260709 13:04:50.145161 16777 raft_consensus.cc:493] T b8f3652bec6f4986a2fead34c2400e78 P fc4bf77a4fdd43eeaeecaf8e4ed6585c [term 0 FOLLOWER]: Starting pre-election (no leader contacted us within the election timeout)
I20260709 13:04:50.145732 16777 raft_consensus.cc:515] T b8f3652bec6f4986a2fead34c2400e78 P fc4bf77a4fdd43eeaeecaf8e4ed6585c [term 0 FOLLOWER]: Starting pre-election with config: opid_index: -1 OBSOLETE_local: false peers { permanent_uuid: "fc4bf77a4fdd43eeaeecaf8e4ed6585c" member_type: VOTER last_known_addr { host: "127.14.239.65" port: 36065 } } peers { permanent_uuid: "4b8fc6781ebc47f79d1132db9cc3cbf6" member_type: VOTER last_known_addr { host: "127.14.239.66" port: 45257 } } peers { permanent_uuid: "2b42f7860d87411294781f19f6f2d95a" member_type: VOTER last_known_addr { host: "127.14.239.67" port: 36047 } }
I20260709 13:04:50.146288 16615 raft_consensus.cc:359] T 2945e9dfd8d843c5a968b0bfad1db63b P 2b42f7860d87411294781f19f6f2d95a [term 0 FOLLOWER]: Replica starting. Triggering 0 pending ops. Active config: opid_index: -1 OBSOLETE_local: false peers { permanent_uuid: "fc4bf77a4fdd43eeaeecaf8e4ed6585c" member_type: VOTER last_known_addr { host: "127.14.239.65" port: 36065 } } peers { permanent_uuid: "4b8fc6781ebc47f79d1132db9cc3cbf6" member_type: VOTER last_known_addr { host: "127.14.239.66" port: 45257 } } peers { permanent_uuid: "2b42f7860d87411294781f19f6f2d95a" member_type: VOTER last_known_addr { host: "127.14.239.67" port: 36047 } }
I20260709 13:04:50.147248 16615 raft_consensus.cc:385] T 2945e9dfd8d843c5a968b0bfad1db63b P 2b42f7860d87411294781f19f6f2d95a [term 0 FOLLOWER]: Consensus starting up: Expiring failure detector timer to make a prompt election more likely
I20260709 13:04:50.147583 16615 raft_consensus.cc:740] T 2945e9dfd8d843c5a968b0bfad1db63b P 2b42f7860d87411294781f19f6f2d95a [term 0 FOLLOWER]: Becoming Follower/Learner. State: Replica: 2b42f7860d87411294781f19f6f2d95a, State: Initialized, Role: FOLLOWER
I20260709 13:04:50.148037 16915 raft_consensus.cc:493] T 1c0e21776c3e47cb9f2a3301f691a46a P 2b42f7860d87411294781f19f6f2d95a [term 0 FOLLOWER]: Starting pre-election (no leader contacted us within the election timeout)
I20260709 13:04:50.148548 16915 raft_consensus.cc:515] T 1c0e21776c3e47cb9f2a3301f691a46a P 2b42f7860d87411294781f19f6f2d95a [term 0 FOLLOWER]: Starting pre-election with config: opid_index: -1 OBSOLETE_local: false peers { permanent_uuid: "fc4bf77a4fdd43eeaeecaf8e4ed6585c" member_type: VOTER last_known_addr { host: "127.14.239.65" port: 36065 } } peers { permanent_uuid: "4b8fc6781ebc47f79d1132db9cc3cbf6" member_type: VOTER last_known_addr { host: "127.14.239.66" port: 45257 } } peers { permanent_uuid: "2b42f7860d87411294781f19f6f2d95a" member_type: VOTER last_known_addr { host: "127.14.239.67" port: 36047 } }
I20260709 13:04:50.148993 16496 tablet_service.cc:1917] Received RequestConsensusVote() RPC: tablet_id: "b8f3652bec6f4986a2fead34c2400e78" candidate_uuid: "fc4bf77a4fdd43eeaeecaf8e4ed6585c" candidate_term: 1 candidate_status { last_received { term: 0 index: 0 } } ignore_live_leader: false dest_uuid: "4b8fc6781ebc47f79d1132db9cc3cbf6" is_pre_election: true
I20260709 13:04:50.149740 16496 raft_consensus.cc:2468] T b8f3652bec6f4986a2fead34c2400e78 P 4b8fc6781ebc47f79d1132db9cc3cbf6 [term 0 FOLLOWER]: Leader pre-election vote request: Granting yes vote for candidate fc4bf77a4fdd43eeaeecaf8e4ed6585c in term 0.
I20260709 13:04:50.150629 16915 leader_election.cc:290] T 1c0e21776c3e47cb9f2a3301f691a46a P 2b42f7860d87411294781f19f6f2d95a [CANDIDATE]: Term 1 pre-election: Requested pre-vote from peers fc4bf77a4fdd43eeaeecaf8e4ed6585c (127.14.239.65:36065), 4b8fc6781ebc47f79d1132db9cc3cbf6 (127.14.239.66:45257)
I20260709 13:04:50.152879 16422 tablet_service.cc:1917] Received RequestConsensusVote() RPC: tablet_id: "1c0e21776c3e47cb9f2a3301f691a46a" candidate_uuid: "2b42f7860d87411294781f19f6f2d95a" candidate_term: 1 candidate_status { last_received { term: 0 index: 0 } } ignore_live_leader: false dest_uuid: "fc4bf77a4fdd43eeaeecaf8e4ed6585c" is_pre_election: true
I20260709 13:04:50.153398 16777 leader_election.cc:290] T b8f3652bec6f4986a2fead34c2400e78 P fc4bf77a4fdd43eeaeecaf8e4ed6585c [CANDIDATE]: Term 1 pre-election: Requested pre-vote from peers 4b8fc6781ebc47f79d1132db9cc3cbf6 (127.14.239.66:45257), 2b42f7860d87411294781f19f6f2d95a (127.14.239.67:36047)
I20260709 13:04:50.151129 16615 consensus_queue.cc:260] T 2945e9dfd8d843c5a968b0bfad1db63b P 2b42f7860d87411294781f19f6f2d95a [NON_LEADER]: Queue going to NON_LEADER mode. State: All replicated index: 0, Majority replicated index: 0, Committed index: 0, Last appended: 0.0, Last appended by leader: 0, Current term: 0, Majority size: -1, State: 0, Mode: NON_LEADER, active raft config: opid_index: -1 OBSOLETE_local: false peers { permanent_uuid: "fc4bf77a4fdd43eeaeecaf8e4ed6585c" member_type: VOTER last_known_addr { host: "127.14.239.65" port: 36065 } } peers { permanent_uuid: "4b8fc6781ebc47f79d1132db9cc3cbf6" member_type: VOTER last_known_addr { host: "127.14.239.66" port: 45257 } } peers { permanent_uuid: "2b42f7860d87411294781f19f6f2d95a" member_type: VOTER last_known_addr { host: "127.14.239.67" port: 36047 } }
I20260709 13:04:50.155962 16572 tablet_service.cc:1917] Received RequestConsensusVote() RPC: tablet_id: "b8f3652bec6f4986a2fead34c2400e78" candidate_uuid: "fc4bf77a4fdd43eeaeecaf8e4ed6585c" candidate_term: 1 candidate_status { last_received { term: 0 index: 0 } } ignore_live_leader: false dest_uuid: "2b42f7860d87411294781f19f6f2d95a" is_pre_election: true
I20260709 13:04:50.158397 16614 raft_consensus.cc:359] T 81737a3fb10c44378e0579ba65e76ec5 P fc4bf77a4fdd43eeaeecaf8e4ed6585c [term 0 FOLLOWER]: Replica starting. Triggering 0 pending ops. Active config: opid_index: -1 OBSOLETE_local: false peers { permanent_uuid: "fc4bf77a4fdd43eeaeecaf8e4ed6585c" member_type: VOTER last_known_addr { host: "127.14.239.65" port: 36065 } } peers { permanent_uuid: "4b8fc6781ebc47f79d1132db9cc3cbf6" member_type: VOTER last_known_addr { host: "127.14.239.66" port: 45257 } } peers { permanent_uuid: "2b42f7860d87411294781f19f6f2d95a" member_type: VOTER last_known_addr { host: "127.14.239.67" port: 36047 } }
I20260709 13:04:50.159998 16614 raft_consensus.cc:385] T 81737a3fb10c44378e0579ba65e76ec5 P fc4bf77a4fdd43eeaeecaf8e4ed6585c [term 0 FOLLOWER]: Consensus starting up: Expiring failure detector timer to make a prompt election more likely
W20260709 13:04:50.160203 16388 leader_election.cc:343] T b8f3652bec6f4986a2fead34c2400e78 P fc4bf77a4fdd43eeaeecaf8e4ed6585c [CANDIDATE]: Term 1 pre-election: Tablet error from VoteRequest() call to peer 2b42f7860d87411294781f19f6f2d95a (127.14.239.67:36047): Illegal state: must be running to vote when last-logged opid is not known
I20260709 13:04:50.159597 16615 ts_tablet_manager.cc:1434] T 2945e9dfd8d843c5a968b0bfad1db63b P 2b42f7860d87411294781f19f6f2d95a: Time spent starting tablet: real 0.016s	user 0.009s	sys 0.000s
I20260709 13:04:50.161944 16615 tablet_bootstrap.cc:492] T c66dd6c96cda4373ba7ae16dc5aaecc6 P 2b42f7860d87411294781f19f6f2d95a: Bootstrap starting.
I20260709 13:04:50.160468 16614 raft_consensus.cc:740] T 81737a3fb10c44378e0579ba65e76ec5 P fc4bf77a4fdd43eeaeecaf8e4ed6585c [term 0 FOLLOWER]: Becoming Follower/Learner. State: Replica: fc4bf77a4fdd43eeaeecaf8e4ed6585c, State: Initialized, Role: FOLLOWER
I20260709 13:04:50.165055 16614 consensus_queue.cc:260] T 81737a3fb10c44378e0579ba65e76ec5 P fc4bf77a4fdd43eeaeecaf8e4ed6585c [NON_LEADER]: Queue going to NON_LEADER mode. State: All replicated index: 0, Majority replicated index: 0, Committed index: 0, Last appended: 0.0, Last appended by leader: 0, Current term: 0, Majority size: -1, State: 0, Mode: NON_LEADER, active raft config: opid_index: -1 OBSOLETE_local: false peers { permanent_uuid: "fc4bf77a4fdd43eeaeecaf8e4ed6585c" member_type: VOTER last_known_addr { host: "127.14.239.65" port: 36065 } } peers { permanent_uuid: "4b8fc6781ebc47f79d1132db9cc3cbf6" member_type: VOTER last_known_addr { host: "127.14.239.66" port: 45257 } } peers { permanent_uuid: "2b42f7860d87411294781f19f6f2d95a" member_type: VOTER last_known_addr { host: "127.14.239.67" port: 36047 } }
I20260709 13:04:50.167043 16496 tablet_service.cc:1917] Received RequestConsensusVote() RPC: tablet_id: "1c0e21776c3e47cb9f2a3301f691a46a" candidate_uuid: "2b42f7860d87411294781f19f6f2d95a" candidate_term: 1 candidate_status { last_received { term: 0 index: 0 } } ignore_live_leader: false dest_uuid: "4b8fc6781ebc47f79d1132db9cc3cbf6" is_pre_election: true
I20260709 13:04:50.169433 16614 ts_tablet_manager.cc:1434] T 81737a3fb10c44378e0579ba65e76ec5 P fc4bf77a4fdd43eeaeecaf8e4ed6585c: Time spent starting tablet: real 0.018s	user 0.006s	sys 0.002s
I20260709 13:04:50.170256 16615 tablet_bootstrap.cc:654] T c66dd6c96cda4373ba7ae16dc5aaecc6 P 2b42f7860d87411294781f19f6f2d95a: Neither blocks nor log segments found. Creating new log.
I20260709 13:04:50.171439 16537 leader_election.cc:304] T 1c0e21776c3e47cb9f2a3301f691a46a P 2b42f7860d87411294781f19f6f2d95a [CANDIDATE]: Term 1 pre-election: Election decided. Result: candidate lost. Election summary: received 3 responses out of 3 voters: 1 yes votes; 2 no votes. yes voters: 2b42f7860d87411294781f19f6f2d95a; no voters: 4b8fc6781ebc47f79d1132db9cc3cbf6, fc4bf77a4fdd43eeaeecaf8e4ed6585c
I20260709 13:04:50.171777 16614 tablet_bootstrap.cc:492] T c66dd6c96cda4373ba7ae16dc5aaecc6 P fc4bf77a4fdd43eeaeecaf8e4ed6585c: Bootstrap starting.
I20260709 13:04:50.172385 16917 raft_consensus.cc:2749] T 1c0e21776c3e47cb9f2a3301f691a46a P 2b42f7860d87411294781f19f6f2d95a [term 0 FOLLOWER]: Leader pre-election lost for term 1. Reason: could not achieve majority
I20260709 13:04:50.174558 16388 leader_election.cc:304] T b8f3652bec6f4986a2fead34c2400e78 P fc4bf77a4fdd43eeaeecaf8e4ed6585c [CANDIDATE]: Term 1 pre-election: Election decided. Result: candidate won. Election summary: received 3 responses out of 3 voters: 2 yes votes; 1 no votes. yes voters: 4b8fc6781ebc47f79d1132db9cc3cbf6, fc4bf77a4fdd43eeaeecaf8e4ed6585c; no voters: 2b42f7860d87411294781f19f6f2d95a
W20260709 13:04:50.177809 16388 consensus_peers.cc:597] T 4478de6e835d47d298bd086aae37c89b P fc4bf77a4fdd43eeaeecaf8e4ed6585c -> Peer 2b42f7860d87411294781f19f6f2d95a (127.14.239.67:36047): Couldn't send request to peer 2b42f7860d87411294781f19f6f2d95a. Error code: TABLET_NOT_RUNNING (12). Status: Illegal state: Tablet not RUNNING: INITIALIZED. This is attempt 1: this message will repeat every 5th retry.
I20260709 13:04:50.178606 16917 consensus_queue.cc:1048] T e9b6a8721ee748ad8fa11831aaa05c9a P 2b42f7860d87411294781f19f6f2d95a [LEADER]: Connected to new peer: Peer: permanent_uuid: "4b8fc6781ebc47f79d1132db9cc3cbf6" member_type: VOTER last_known_addr { host: "127.14.239.66" port: 45257 }, Status: LMP_MISMATCH, Last received: 0.0, Next index: 1, Last known committed idx: 0, Time since last communication: 0.000s
I20260709 13:04:50.178743 16777 raft_consensus.cc:2804] T b8f3652bec6f4986a2fead34c2400e78 P fc4bf77a4fdd43eeaeecaf8e4ed6585c [term 0 FOLLOWER]: Leader pre-election won for term 1
I20260709 13:04:50.179363 16777 raft_consensus.cc:493] T b8f3652bec6f4986a2fead34c2400e78 P fc4bf77a4fdd43eeaeecaf8e4ed6585c [term 0 FOLLOWER]: Starting leader election (no leader contacted us within the election timeout)
I20260709 13:04:50.180018 16777 raft_consensus.cc:3060] T b8f3652bec6f4986a2fead34c2400e78 P fc4bf77a4fdd43eeaeecaf8e4ed6585c [term 0 FOLLOWER]: Advancing to term 1
I20260709 13:04:50.184561 16921 raft_consensus.cc:493] T c66dd6c96cda4373ba7ae16dc5aaecc6 P 4b8fc6781ebc47f79d1132db9cc3cbf6 [term 0 FOLLOWER]: Starting pre-election (no leader contacted us within the election timeout)
I20260709 13:04:50.185164 16921 raft_consensus.cc:515] T c66dd6c96cda4373ba7ae16dc5aaecc6 P 4b8fc6781ebc47f79d1132db9cc3cbf6 [term 0 FOLLOWER]: Starting pre-election with config: opid_index: -1 OBSOLETE_local: false peers { permanent_uuid: "fc4bf77a4fdd43eeaeecaf8e4ed6585c" member_type: VOTER last_known_addr { host: "127.14.239.65" port: 36065 } } peers { permanent_uuid: "4b8fc6781ebc47f79d1132db9cc3cbf6" member_type: VOTER last_known_addr { host: "127.14.239.66" port: 45257 } } peers { permanent_uuid: "2b42f7860d87411294781f19f6f2d95a" member_type: VOTER last_known_addr { host: "127.14.239.67" port: 36047 } }
I20260709 13:04:50.188952 16921 leader_election.cc:290] T c66dd6c96cda4373ba7ae16dc5aaecc6 P 4b8fc6781ebc47f79d1132db9cc3cbf6 [CANDIDATE]: Term 1 pre-election: Requested pre-vote from peers fc4bf77a4fdd43eeaeecaf8e4ed6585c (127.14.239.65:36065), 2b42f7860d87411294781f19f6f2d95a (127.14.239.67:36047)
I20260709 13:04:50.199460 16847 raft_consensus.cc:493] T 81737a3fb10c44378e0579ba65e76ec5 P fc4bf77a4fdd43eeaeecaf8e4ed6585c [term 0 FOLLOWER]: Starting pre-election (no leader contacted us within the election timeout)
I20260709 13:04:50.200317 16847 raft_consensus.cc:515] T 81737a3fb10c44378e0579ba65e76ec5 P fc4bf77a4fdd43eeaeecaf8e4ed6585c [term 0 FOLLOWER]: Starting pre-election with config: opid_index: -1 OBSOLETE_local: false peers { permanent_uuid: "fc4bf77a4fdd43eeaeecaf8e4ed6585c" member_type: VOTER last_known_addr { host: "127.14.239.65" port: 36065 } } peers { permanent_uuid: "4b8fc6781ebc47f79d1132db9cc3cbf6" member_type: VOTER last_known_addr { host: "127.14.239.66" port: 45257 } } peers { permanent_uuid: "2b42f7860d87411294781f19f6f2d95a" member_type: VOTER last_known_addr { host: "127.14.239.67" port: 36047 } }
I20260709 13:04:50.212639 16572 tablet_service.cc:1917] Received RequestConsensusVote() RPC: tablet_id: "c66dd6c96cda4373ba7ae16dc5aaecc6" candidate_uuid: "4b8fc6781ebc47f79d1132db9cc3cbf6" candidate_term: 1 candidate_status { last_received { term: 0 index: 0 } } ignore_live_leader: false dest_uuid: "2b42f7860d87411294781f19f6f2d95a" is_pre_election: true
I20260709 13:04:50.213649 16495 tablet_service.cc:1917] Received RequestConsensusVote() RPC: tablet_id: "81737a3fb10c44378e0579ba65e76ec5" candidate_uuid: "fc4bf77a4fdd43eeaeecaf8e4ed6585c" candidate_term: 1 candidate_status { last_received { term: 0 index: 0 } } ignore_live_leader: false dest_uuid: "4b8fc6781ebc47f79d1132db9cc3cbf6" is_pre_election: true
W20260709 13:04:50.216789 16463 leader_election.cc:343] T c66dd6c96cda4373ba7ae16dc5aaecc6 P 4b8fc6781ebc47f79d1132db9cc3cbf6 [CANDIDATE]: Term 1 pre-election: Tablet error from VoteRequest() call to peer 2b42f7860d87411294781f19f6f2d95a (127.14.239.67:36047): Illegal state: must be running to vote when last-logged opid is not known
W20260709 13:04:50.217614 16388 leader_election.cc:343] T 81737a3fb10c44378e0579ba65e76ec5 P fc4bf77a4fdd43eeaeecaf8e4ed6585c [CANDIDATE]: Term 1 pre-election: Tablet error from VoteRequest() call to peer 4b8fc6781ebc47f79d1132db9cc3cbf6 (127.14.239.66:45257): Illegal state: must be running to vote when last-logged opid is not known
I20260709 13:04:50.207521 16921 consensus_queue.cc:1048] T 2d09019de9174b0c8f61db24a9e6d415 P 4b8fc6781ebc47f79d1132db9cc3cbf6 [LEADER]: Connected to new peer: Peer: permanent_uuid: "2b42f7860d87411294781f19f6f2d95a" member_type: VOTER last_known_addr { host: "127.14.239.67" port: 36047 }, Status: LMP_MISMATCH, Last received: 0.0, Next index: 1, Last known committed idx: 0, Time since last communication: 0.021s
I20260709 13:04:50.218793 16917 consensus_queue.cc:1048] T e9b6a8721ee748ad8fa11831aaa05c9a P 2b42f7860d87411294781f19f6f2d95a [LEADER]: Connected to new peer: Peer: permanent_uuid: "fc4bf77a4fdd43eeaeecaf8e4ed6585c" member_type: VOTER last_known_addr { host: "127.14.239.65" port: 36065 }, Status: LMP_MISMATCH, Last received: 0.0, Next index: 1, Last known committed idx: 0, Time since last communication: 0.001s
I20260709 13:04:50.220127 16847 leader_election.cc:290] T 81737a3fb10c44378e0579ba65e76ec5 P fc4bf77a4fdd43eeaeecaf8e4ed6585c [CANDIDATE]: Term 1 pre-election: Requested pre-vote from peers 4b8fc6781ebc47f79d1132db9cc3cbf6 (127.14.239.66:45257), 2b42f7860d87411294781f19f6f2d95a (127.14.239.67:36047)
I20260709 13:04:50.223958 16783 consensus_queue.cc:1048] T 2483dca0906a43d29a5a7f3c012ce4f4 P fc4bf77a4fdd43eeaeecaf8e4ed6585c [LEADER]: Connected to new peer: Peer: permanent_uuid: "4b8fc6781ebc47f79d1132db9cc3cbf6" member_type: VOTER last_known_addr { host: "127.14.239.66" port: 45257 }, Status: LMP_MISMATCH, Last received: 0.0, Next index: 1, Last known committed idx: 0, Time since last communication: 0.001s
I20260709 13:04:50.225518 16614 tablet_bootstrap.cc:654] T c66dd6c96cda4373ba7ae16dc5aaecc6 P fc4bf77a4fdd43eeaeecaf8e4ed6585c: Neither blocks nor log segments found. Creating new log.
I20260709 13:04:50.223964 16572 tablet_service.cc:1917] Received RequestConsensusVote() RPC: tablet_id: "81737a3fb10c44378e0579ba65e76ec5" candidate_uuid: "fc4bf77a4fdd43eeaeecaf8e4ed6585c" candidate_term: 1 candidate_status { last_received { term: 0 index: 0 } } ignore_live_leader: false dest_uuid: "2b42f7860d87411294781f19f6f2d95a" is_pre_election: true
W20260709 13:04:50.228078 16388 leader_election.cc:343] T 81737a3fb10c44378e0579ba65e76ec5 P fc4bf77a4fdd43eeaeecaf8e4ed6585c [CANDIDATE]: Term 1 pre-election: Tablet error from VoteRequest() call to peer 2b42f7860d87411294781f19f6f2d95a (127.14.239.67:36047): Illegal state: must be running to vote when last-logged opid is not known
I20260709 13:04:50.231432 16423 tablet_service.cc:1917] Received RequestConsensusVote() RPC: tablet_id: "c66dd6c96cda4373ba7ae16dc5aaecc6" candidate_uuid: "4b8fc6781ebc47f79d1132db9cc3cbf6" candidate_term: 1 candidate_status { last_received { term: 0 index: 0 } } ignore_live_leader: false dest_uuid: "fc4bf77a4fdd43eeaeecaf8e4ed6585c" is_pre_election: true
I20260709 13:04:50.231693 16388 leader_election.cc:304] T 81737a3fb10c44378e0579ba65e76ec5 P fc4bf77a4fdd43eeaeecaf8e4ed6585c [CANDIDATE]: Term 1 pre-election: Election decided. Result: candidate lost. Election summary: received 3 responses out of 3 voters: 1 yes votes; 2 no votes. yes voters: fc4bf77a4fdd43eeaeecaf8e4ed6585c; no voters: 2b42f7860d87411294781f19f6f2d95a, 4b8fc6781ebc47f79d1132db9cc3cbf6
I20260709 13:04:50.238052 16823 raft_consensus.cc:2749] T 81737a3fb10c44378e0579ba65e76ec5 P fc4bf77a4fdd43eeaeecaf8e4ed6585c [term 0 FOLLOWER]: Leader pre-election lost for term 1. Reason: could not achieve majority
I20260709 13:04:50.241850 16783 consensus_queue.cc:1048] T 2483dca0906a43d29a5a7f3c012ce4f4 P fc4bf77a4fdd43eeaeecaf8e4ed6585c [LEADER]: Connected to new peer: Peer: permanent_uuid: "2b42f7860d87411294781f19f6f2d95a" member_type: VOTER last_known_addr { host: "127.14.239.67" port: 36047 }, Status: LMP_MISMATCH, Last received: 0.0, Next index: 1, Last known committed idx: 0, Time since last communication: 0.001s
W20260709 13:04:50.246008 16449 tablet.cc:2406] T 1ea82e732d9a48f790c67302f9e58461 P fc4bf77a4fdd43eeaeecaf8e4ed6585c: Can't schedule compaction. Clean time has not been advanced past its initial value.
I20260709 13:04:50.248545 16569 raft_consensus.cc:3060] T 74cc8460517d483493b0bf537e843891 P 2b42f7860d87411294781f19f6f2d95a [term 0 FOLLOWER]: Advancing to term 1
I20260709 13:04:50.217566 16777 raft_consensus.cc:515] T b8f3652bec6f4986a2fead34c2400e78 P fc4bf77a4fdd43eeaeecaf8e4ed6585c [term 1 FOLLOWER]: Starting leader election with config: opid_index: -1 OBSOLETE_local: false peers { permanent_uuid: "fc4bf77a4fdd43eeaeecaf8e4ed6585c" member_type: VOTER last_known_addr { host: "127.14.239.65" port: 36065 } } peers { permanent_uuid: "4b8fc6781ebc47f79d1132db9cc3cbf6" member_type: VOTER last_known_addr { host: "127.14.239.66" port: 45257 } } peers { permanent_uuid: "2b42f7860d87411294781f19f6f2d95a" member_type: VOTER last_known_addr { host: "127.14.239.67" port: 36047 } }
I20260709 13:04:50.252658 16777 leader_election.cc:290] T b8f3652bec6f4986a2fead34c2400e78 P fc4bf77a4fdd43eeaeecaf8e4ed6585c [CANDIDATE]: Term 1 election: Requested vote from peers 4b8fc6781ebc47f79d1132db9cc3cbf6 (127.14.239.66:45257), 2b42f7860d87411294781f19f6f2d95a (127.14.239.67:36047)
I20260709 13:04:50.259156 16565 tablet_service.cc:1917] Received RequestConsensusVote() RPC: tablet_id: "b8f3652bec6f4986a2fead34c2400e78" candidate_uuid: "fc4bf77a4fdd43eeaeecaf8e4ed6585c" candidate_term: 1 candidate_status { last_received { term: 0 index: 0 } } ignore_live_leader: false dest_uuid: "2b42f7860d87411294781f19f6f2d95a"
I20260709 13:04:50.260727 16498 tablet_service.cc:1917] Received RequestConsensusVote() RPC: tablet_id: "b8f3652bec6f4986a2fead34c2400e78" candidate_uuid: "fc4bf77a4fdd43eeaeecaf8e4ed6585c" candidate_term: 1 candidate_status { last_received { term: 0 index: 0 } } ignore_live_leader: false dest_uuid: "4b8fc6781ebc47f79d1132db9cc3cbf6"
I20260709 13:04:50.261384 16498 raft_consensus.cc:3060] T b8f3652bec6f4986a2fead34c2400e78 P 4b8fc6781ebc47f79d1132db9cc3cbf6 [term 0 FOLLOWER]: Advancing to term 1
W20260709 13:04:50.260761 16462 leader_election.cc:343] T c66dd6c96cda4373ba7ae16dc5aaecc6 P 4b8fc6781ebc47f79d1132db9cc3cbf6 [CANDIDATE]: Term 1 pre-election: Tablet error from VoteRequest() call to peer fc4bf77a4fdd43eeaeecaf8e4ed6585c (127.14.239.65:36065): Illegal state: must be running to vote when last-logged opid is not known
I20260709 13:04:50.265144 16462 leader_election.cc:304] T c66dd6c96cda4373ba7ae16dc5aaecc6 P 4b8fc6781ebc47f79d1132db9cc3cbf6 [CANDIDATE]: Term 1 pre-election: Election decided. Result: candidate lost. Election summary: received 3 responses out of 3 voters: 1 yes votes; 2 no votes. yes voters: 4b8fc6781ebc47f79d1132db9cc3cbf6; no voters: 2b42f7860d87411294781f19f6f2d95a, fc4bf77a4fdd43eeaeecaf8e4ed6585c
I20260709 13:04:50.265816 16921 raft_consensus.cc:2749] T c66dd6c96cda4373ba7ae16dc5aaecc6 P 4b8fc6781ebc47f79d1132db9cc3cbf6 [term 0 FOLLOWER]: Leader pre-election lost for term 1. Reason: could not achieve majority
W20260709 13:04:50.268998 16388 leader_election.cc:343] T b8f3652bec6f4986a2fead34c2400e78 P fc4bf77a4fdd43eeaeecaf8e4ed6585c [CANDIDATE]: Term 1 election: Tablet error from VoteRequest() call to peer 2b42f7860d87411294781f19f6f2d95a (127.14.239.67:36047): Illegal state: must be running to vote when last-logged opid is not known
I20260709 13:04:50.280805 16612 tablet_bootstrap.cc:492] T 9f552cd5f01b43c39215b936cb909340 P 4b8fc6781ebc47f79d1132db9cc3cbf6: No bootstrap required, opened a new log
I20260709 13:04:50.281538 16612 ts_tablet_manager.cc:1403] T 9f552cd5f01b43c39215b936cb909340 P 4b8fc6781ebc47f79d1132db9cc3cbf6: Time spent bootstrapping tablet: real 0.179s	user 0.026s	sys 0.048s
I20260709 13:04:50.298012 16612 raft_consensus.cc:359] T 9f552cd5f01b43c39215b936cb909340 P 4b8fc6781ebc47f79d1132db9cc3cbf6 [term 0 FOLLOWER]: Replica starting. Triggering 0 pending ops. Active config: opid_index: -1 OBSOLETE_local: false peers { permanent_uuid: "fc4bf77a4fdd43eeaeecaf8e4ed6585c" member_type: VOTER last_known_addr { host: "127.14.239.65" port: 36065 } } peers { permanent_uuid: "4b8fc6781ebc47f79d1132db9cc3cbf6" member_type: VOTER last_known_addr { host: "127.14.239.66" port: 45257 } } peers { permanent_uuid: "2b42f7860d87411294781f19f6f2d95a" member_type: VOTER last_known_addr { host: "127.14.239.67" port: 36047 } }
I20260709 13:04:50.298714 16612 raft_consensus.cc:385] T 9f552cd5f01b43c39215b936cb909340 P 4b8fc6781ebc47f79d1132db9cc3cbf6 [term 0 FOLLOWER]: Consensus starting up: Expiring failure detector timer to make a prompt election more likely
I20260709 13:04:50.299010 16612 raft_consensus.cc:740] T 9f552cd5f01b43c39215b936cb909340 P 4b8fc6781ebc47f79d1132db9cc3cbf6 [term 0 FOLLOWER]: Becoming Follower/Learner. State: Replica: 4b8fc6781ebc47f79d1132db9cc3cbf6, State: Initialized, Role: FOLLOWER
I20260709 13:04:50.328552 16612 consensus_queue.cc:260] T 9f552cd5f01b43c39215b936cb909340 P 4b8fc6781ebc47f79d1132db9cc3cbf6 [NON_LEADER]: Queue going to NON_LEADER mode. State: All replicated index: 0, Majority replicated index: 0, Committed index: 0, Last appended: 0.0, Last appended by leader: 0, Current term: 0, Majority size: -1, State: 0, Mode: NON_LEADER, active raft config: opid_index: -1 OBSOLETE_local: false peers { permanent_uuid: "fc4bf77a4fdd43eeaeecaf8e4ed6585c" member_type: VOTER last_known_addr { host: "127.14.239.65" port: 36065 } } peers { permanent_uuid: "4b8fc6781ebc47f79d1132db9cc3cbf6" member_type: VOTER last_known_addr { host: "127.14.239.66" port: 45257 } } peers { permanent_uuid: "2b42f7860d87411294781f19f6f2d95a" member_type: VOTER last_known_addr { host: "127.14.239.67" port: 36047 } }
I20260709 13:04:50.383342 16615 tablet_bootstrap.cc:492] T c66dd6c96cda4373ba7ae16dc5aaecc6 P 2b42f7860d87411294781f19f6f2d95a: No bootstrap required, opened a new log
I20260709 13:04:50.384008 16615 ts_tablet_manager.cc:1403] T c66dd6c96cda4373ba7ae16dc5aaecc6 P 2b42f7860d87411294781f19f6f2d95a: Time spent bootstrapping tablet: real 0.222s	user 0.044s	sys 0.032s
W20260709 13:04:50.386853 16369 auto_rebalancer.cc:288] Could not retrieve cluster info: Service unavailable: Tablet not running
I20260709 13:04:50.391599 16614 tablet_bootstrap.cc:492] T c66dd6c96cda4373ba7ae16dc5aaecc6 P fc4bf77a4fdd43eeaeecaf8e4ed6585c: No bootstrap required, opened a new log
I20260709 13:04:50.392441 16614 ts_tablet_manager.cc:1403] T c66dd6c96cda4373ba7ae16dc5aaecc6 P fc4bf77a4fdd43eeaeecaf8e4ed6585c: Time spent bootstrapping tablet: real 0.222s	user 0.024s	sys 0.017s
I20260709 13:04:50.396907 16614 raft_consensus.cc:359] T c66dd6c96cda4373ba7ae16dc5aaecc6 P fc4bf77a4fdd43eeaeecaf8e4ed6585c [term 0 FOLLOWER]: Replica starting. Triggering 0 pending ops. Active config: opid_index: -1 OBSOLETE_local: false peers { permanent_uuid: "fc4bf77a4fdd43eeaeecaf8e4ed6585c" member_type: VOTER last_known_addr { host: "127.14.239.65" port: 36065 } } peers { permanent_uuid: "4b8fc6781ebc47f79d1132db9cc3cbf6" member_type: VOTER last_known_addr { host: "127.14.239.66" port: 45257 } } peers { permanent_uuid: "2b42f7860d87411294781f19f6f2d95a" member_type: VOTER last_known_addr { host: "127.14.239.67" port: 36047 } }
I20260709 13:04:50.398039 16614 raft_consensus.cc:385] T c66dd6c96cda4373ba7ae16dc5aaecc6 P fc4bf77a4fdd43eeaeecaf8e4ed6585c [term 0 FOLLOWER]: Consensus starting up: Expiring failure detector timer to make a prompt election more likely
I20260709 13:04:50.398439 16614 raft_consensus.cc:740] T c66dd6c96cda4373ba7ae16dc5aaecc6 P fc4bf77a4fdd43eeaeecaf8e4ed6585c [term 0 FOLLOWER]: Becoming Follower/Learner. State: Replica: fc4bf77a4fdd43eeaeecaf8e4ed6585c, State: Initialized, Role: FOLLOWER
I20260709 13:04:50.406385 16615 raft_consensus.cc:359] T c66dd6c96cda4373ba7ae16dc5aaecc6 P 2b42f7860d87411294781f19f6f2d95a [term 0 FOLLOWER]: Replica starting. Triggering 0 pending ops. Active config: opid_index: -1 OBSOLETE_local: false peers { permanent_uuid: "fc4bf77a4fdd43eeaeecaf8e4ed6585c" member_type: VOTER last_known_addr { host: "127.14.239.65" port: 36065 } } peers { permanent_uuid: "4b8fc6781ebc47f79d1132db9cc3cbf6" member_type: VOTER last_known_addr { host: "127.14.239.66" port: 45257 } } peers { permanent_uuid: "2b42f7860d87411294781f19f6f2d95a" member_type: VOTER last_known_addr { host: "127.14.239.67" port: 36047 } }
I20260709 13:04:50.407320 16615 raft_consensus.cc:385] T c66dd6c96cda4373ba7ae16dc5aaecc6 P 2b42f7860d87411294781f19f6f2d95a [term 0 FOLLOWER]: Consensus starting up: Expiring failure detector timer to make a prompt election more likely
I20260709 13:04:50.407652 16615 raft_consensus.cc:740] T c66dd6c96cda4373ba7ae16dc5aaecc6 P 2b42f7860d87411294781f19f6f2d95a [term 0 FOLLOWER]: Becoming Follower/Learner. State: Replica: 2b42f7860d87411294781f19f6f2d95a, State: Initialized, Role: FOLLOWER
