I20260709 13:04:14.769408 19176 consensus_queue.cc:260] T 0a38f3d583ac43149e0e9a87d5d6d40e P 22e2f6abca784b6d890308c8e36f6c8c [NON_LEADER]: Queue going to NON_LEADER mode. State: All replicated index: 0, Majority replicated index: 0, Committed index: 0, Last appended: 0.0, Last appended by leader: 0, Current term: 0, Majority size: -1, State: 0, Mode: NON_LEADER, active raft config: opid_index: -1 OBSOLETE_local: false peers { permanent_uuid: "22e2f6abca784b6d890308c8e36f6c8c" member_type: VOTER last_known_addr { host: "127.18.103.193" port: 38521 } } peers { permanent_uuid: "d02a6c881753449b991534208c3a568b" member_type: VOTER last_known_addr { host: "127.18.103.194" port: 43489 } } peers { permanent_uuid: "95cadaff4260489bb9c3ca545922a7c2" member_type: VOTER last_known_addr { host: "127.18.103.195" port: 43551 } }
I20260709 13:04:14.771793 18980 raft_consensus.cc:2393] T 765d0f00b2c5406eb06e130bfa56fdb4 P 22e2f6abca784b6d890308c8e36f6c8c [term 1 FOLLOWER]: Leader election vote request: Denying vote to candidate 95cadaff4260489bb9c3ca545922a7c2 in current term 1: Already voted for candidate d02a6c881753449b991534208c3a568b in this term.
I20260709 13:04:14.774112 19056 tablet_service.cc:1917] Received RequestConsensusVote() RPC: tablet_id: "4bab142718d74c81b226f9f181923037" candidate_uuid: "22e2f6abca784b6d890308c8e36f6c8c" candidate_term: 1 candidate_status { last_received { term: 0 index: 0 } } ignore_live_leader: false dest_uuid: "d02a6c881753449b991534208c3a568b"
I20260709 13:04:14.774807 19056 raft_consensus.cc:2393] T 4bab142718d74c81b226f9f181923037 P d02a6c881753449b991534208c3a568b [term 1 FOLLOWER]: Leader election vote request: Denying vote to candidate 22e2f6abca784b6d890308c8e36f6c8c in current term 1: Already voted for candidate 95cadaff4260489bb9c3ca545922a7c2 in this term.
I20260709 13:04:14.776850 19176 ts_tablet_manager.cc:1434] T 0a38f3d583ac43149e0e9a87d5d6d40e P 22e2f6abca784b6d890308c8e36f6c8c: Time spent starting tablet: real 0.050s	user 0.007s	sys 0.000s
I20260709 13:04:14.779300 19129 tablet_service.cc:1917] Received RequestConsensusVote() RPC: tablet_id: "4bab142718d74c81b226f9f181923037" candidate_uuid: "22e2f6abca784b6d890308c8e36f6c8c" candidate_term: 1 candidate_status { last_received { term: 0 index: 0 } } ignore_live_leader: false dest_uuid: "95cadaff4260489bb9c3ca545922a7c2"
I20260709 13:04:14.779136 19213 raft_consensus.cc:515] T ba56ad9d2065453b8f8bf914df8761b4 P 95cadaff4260489bb9c3ca545922a7c2 [term 1 FOLLOWER]: Starting leader election with config: opid_index: -1 OBSOLETE_local: false peers { permanent_uuid: "22e2f6abca784b6d890308c8e36f6c8c" member_type: VOTER last_known_addr { host: "127.18.103.193" port: 38521 } } peers { permanent_uuid: "d02a6c881753449b991534208c3a568b" member_type: VOTER last_known_addr { host: "127.18.103.194" port: 43489 } } peers { permanent_uuid: "95cadaff4260489bb9c3ca545922a7c2" member_type: VOTER last_known_addr { host: "127.18.103.195" port: 43551 } }
I20260709 13:04:14.779913 19022 leader_election.cc:304] T 765d0f00b2c5406eb06e130bfa56fdb4 P d02a6c881753449b991534208c3a568b [CANDIDATE]: Term 1 election: Election decided. Result: candidate won. Election summary: received 3 responses out of 3 voters: 2 yes votes; 1 no votes. yes voters: 22e2f6abca784b6d890308c8e36f6c8c, d02a6c881753449b991534208c3a568b; no voters: 95cadaff4260489bb9c3ca545922a7c2
I20260709 13:04:14.780998 19212 raft_consensus.cc:2804] T 765d0f00b2c5406eb06e130bfa56fdb4 P d02a6c881753449b991534208c3a568b [term 1 FOLLOWER]: Leader election won for term 1
I20260709 13:04:14.782055 19213 leader_election.cc:290] T ba56ad9d2065453b8f8bf914df8761b4 P 95cadaff4260489bb9c3ca545922a7c2 [CANDIDATE]: Term 1 election: Requested vote from peers 22e2f6abca784b6d890308c8e36f6c8c (127.18.103.193:38521), d02a6c881753449b991534208c3a568b (127.18.103.194:43489)
I20260709 13:04:14.782971 19212 raft_consensus.cc:697] T 765d0f00b2c5406eb06e130bfa56fdb4 P d02a6c881753449b991534208c3a568b [term 1 LEADER]: Becoming Leader. State: Replica: d02a6c881753449b991534208c3a568b, State: Running, Role: LEADER
I20260709 13:04:14.782768 18980 tablet_service.cc:1917] Received RequestConsensusVote() RPC: tablet_id: "6dc56ea86b884f9d89d87937ba50ebb8" candidate_uuid: "d02a6c881753449b991534208c3a568b" candidate_term: 1 candidate_status { last_received { term: 0 index: 0 } } ignore_live_leader: false dest_uuid: "22e2f6abca784b6d890308c8e36f6c8c"
I20260709 13:04:14.783771 19096 leader_election.cc:304] T 765d0f00b2c5406eb06e130bfa56fdb4 P 95cadaff4260489bb9c3ca545922a7c2 [CANDIDATE]: Term 1 election: Election decided. Result: candidate lost. Election summary: received 3 responses out of 3 voters: 1 yes votes; 2 no votes. yes voters: 95cadaff4260489bb9c3ca545922a7c2; no voters: 22e2f6abca784b6d890308c8e36f6c8c, d02a6c881753449b991534208c3a568b
I20260709 13:04:14.784053 18980 raft_consensus.cc:2393] T 6dc56ea86b884f9d89d87937ba50ebb8 P 22e2f6abca784b6d890308c8e36f6c8c [term 1 FOLLOWER]: Leader election vote request: Denying vote to candidate d02a6c881753449b991534208c3a568b in current term 1: Already voted for candidate 95cadaff4260489bb9c3ca545922a7c2 in this term.
I20260709 13:04:14.783995 19056 tablet_service.cc:1917] Received RequestConsensusVote() RPC: tablet_id: "ba56ad9d2065453b8f8bf914df8761b4" candidate_uuid: "95cadaff4260489bb9c3ca545922a7c2" candidate_term: 1 candidate_status { last_received { term: 0 index: 0 } } ignore_live_leader: false dest_uuid: "d02a6c881753449b991534208c3a568b"
I20260709 13:04:14.784633 19056 raft_consensus.cc:3060] T ba56ad9d2065453b8f8bf914df8761b4 P d02a6c881753449b991534208c3a568b [term 0 FOLLOWER]: Advancing to term 1
I20260709 13:04:14.784128 19212 consensus_queue.cc:237] T 765d0f00b2c5406eb06e130bfa56fdb4 P d02a6c881753449b991534208c3a568b [LEADER]: Queue going to LEADER mode. State: All replicated index: 0, Majority replicated index: 0, Committed index: 0, Last appended: 0.0, Last appended by leader: 0, Current term: 1, Majority size: 2, State: 0, Mode: LEADER, active raft config: opid_index: -1 OBSOLETE_local: false peers { permanent_uuid: "95cadaff4260489bb9c3ca545922a7c2" member_type: VOTER last_known_addr { host: "127.18.103.195" port: 43551 } } peers { permanent_uuid: "d02a6c881753449b991534208c3a568b" member_type: VOTER last_known_addr { host: "127.18.103.194" port: 43489 } } peers { permanent_uuid: "22e2f6abca784b6d890308c8e36f6c8c" member_type: VOTER last_known_addr { host: "127.18.103.193" port: 38521 } }
I20260709 13:04:14.785413 18980 tablet_service.cc:1917] Received RequestConsensusVote() RPC: tablet_id: "ba56ad9d2065453b8f8bf914df8761b4" candidate_uuid: "95cadaff4260489bb9c3ca545922a7c2" candidate_term: 1 candidate_status { last_received { term: 0 index: 0 } } ignore_live_leader: false dest_uuid: "22e2f6abca784b6d890308c8e36f6c8c"
I20260709 13:04:14.785607 18948 leader_election.cc:304] T 4bab142718d74c81b226f9f181923037 P 22e2f6abca784b6d890308c8e36f6c8c [CANDIDATE]: Term 1 election: Election decided. Result: candidate lost. Election summary: received 3 responses out of 3 voters: 1 yes votes; 2 no votes. yes voters: 22e2f6abca784b6d890308c8e36f6c8c; no voters: 95cadaff4260489bb9c3ca545922a7c2, d02a6c881753449b991534208c3a568b
I20260709 13:04:14.785919 18980 raft_consensus.cc:3060] T ba56ad9d2065453b8f8bf914df8761b4 P 22e2f6abca784b6d890308c8e36f6c8c [term 0 FOLLOWER]: Advancing to term 1
I20260709 13:04:14.786151 19213 raft_consensus.cc:2749] T 765d0f00b2c5406eb06e130bfa56fdb4 P 95cadaff4260489bb9c3ca545922a7c2 [term 1 FOLLOWER]: Leader election lost for term 1. Reason: could not achieve majority
I20260709 13:04:14.787689 19185 raft_consensus.cc:2749] T 4bab142718d74c81b226f9f181923037 P 22e2f6abca784b6d890308c8e36f6c8c [term 1 FOLLOWER]: Leader election lost for term 1. Reason: could not achieve majority
I20260709 13:04:14.788378 19022 leader_election.cc:304] T 6dc56ea86b884f9d89d87937ba50ebb8 P d02a6c881753449b991534208c3a568b [CANDIDATE]: Term 1 election: Election decided. Result: candidate lost. Election summary: received 3 responses out of 3 voters: 1 yes votes; 2 no votes. yes voters: d02a6c881753449b991534208c3a568b; no voters: 22e2f6abca784b6d890308c8e36f6c8c, 95cadaff4260489bb9c3ca545922a7c2
I20260709 13:04:14.789125 19219 raft_consensus.cc:2749] T 6dc56ea86b884f9d89d87937ba50ebb8 P d02a6c881753449b991534208c3a568b [term 1 FOLLOWER]: Leader election lost for term 1. Reason: could not achieve majority
I20260709 13:04:14.793051 18979 raft_consensus.cc:2468] T 0a38f3d583ac43149e0e9a87d5d6d40e P 22e2f6abca784b6d890308c8e36f6c8c [term 0 FOLLOWER]: Leader pre-election vote request: Granting yes vote for candidate d02a6c881753449b991534208c3a568b in term 0.
I20260709 13:04:14.793269 18980 raft_consensus.cc:2468] T ba56ad9d2065453b8f8bf914df8761b4 P 22e2f6abca784b6d890308c8e36f6c8c [term 1 FOLLOWER]: Leader election vote request: Granting yes vote for candidate 95cadaff4260489bb9c3ca545922a7c2 in term 1.
I20260709 13:04:14.794565 18876 catalog_manager.cc:5697] T dcf3e3bf100a43b38a963b3c66120748 P d02a6c881753449b991534208c3a568b reported cstate change: term changed from 0 to 1, leader changed from <none> to d02a6c881753449b991534208c3a568b (127.18.103.194). New cstate: current_term: 1 leader_uuid: "d02a6c881753449b991534208c3a568b" committed_config { opid_index: -1 OBSOLETE_local: false peers { permanent_uuid: "22e2f6abca784b6d890308c8e36f6c8c" member_type: VOTER last_known_addr { host: "127.18.103.193" port: 38521 } health_report { overall_health: UNKNOWN } } peers { permanent_uuid: "d02a6c881753449b991534208c3a568b" member_type: VOTER last_known_addr { host: "127.18.103.194" port: 43489 } health_report { overall_health: HEALTHY } } peers { permanent_uuid: "95cadaff4260489bb9c3ca545922a7c2" member_type: VOTER last_known_addr { host: "127.18.103.195" port: 43551 } health_report { overall_health: UNKNOWN } } }
I20260709 13:04:14.795785 19056 raft_consensus.cc:2468] T ba56ad9d2065453b8f8bf914df8761b4 P d02a6c881753449b991534208c3a568b [term 1 FOLLOWER]: Leader election vote request: Granting yes vote for candidate 95cadaff4260489bb9c3ca545922a7c2 in term 1.
I20260709 13:04:14.796702 19097 leader_election.cc:304] T ba56ad9d2065453b8f8bf914df8761b4 P 95cadaff4260489bb9c3ca545922a7c2 [CANDIDATE]: Term 1 election: Election decided. Result: candidate won. Election summary: received 2 responses out of 3 voters: 2 yes votes; 0 no votes. yes voters: 95cadaff4260489bb9c3ca545922a7c2, d02a6c881753449b991534208c3a568b; no voters: 
I20260709 13:04:14.797919 19213 raft_consensus.cc:2804] T ba56ad9d2065453b8f8bf914df8761b4 P 95cadaff4260489bb9c3ca545922a7c2 [term 1 FOLLOWER]: Leader election won for term 1
I20260709 13:04:14.798346 19213 raft_consensus.cc:697] T ba56ad9d2065453b8f8bf914df8761b4 P 95cadaff4260489bb9c3ca545922a7c2 [term 1 LEADER]: Becoming Leader. State: Replica: 95cadaff4260489bb9c3ca545922a7c2, State: Running, Role: LEADER
I20260709 13:04:14.799073 19213 consensus_queue.cc:237] T ba56ad9d2065453b8f8bf914df8761b4 P 95cadaff4260489bb9c3ca545922a7c2 [LEADER]: Queue going to LEADER mode. State: All replicated index: 0, Majority replicated index: 0, Committed index: 0, Last appended: 0.0, Last appended by leader: 0, Current term: 1, Majority size: 2, State: 0, Mode: LEADER, active raft config: opid_index: -1 OBSOLETE_local: false peers { permanent_uuid: "22e2f6abca784b6d890308c8e36f6c8c" member_type: VOTER last_known_addr { host: "127.18.103.193" port: 38521 } } peers { permanent_uuid: "d02a6c881753449b991534208c3a568b" member_type: VOTER last_known_addr { host: "127.18.103.194" port: 43489 } } peers { permanent_uuid: "95cadaff4260489bb9c3ca545922a7c2" member_type: VOTER last_known_addr { host: "127.18.103.195" port: 43551 } }
I20260709 13:04:14.804140 18877 catalog_manager.cc:5697] T aab011b9d9df41f2b8dec0f9f4fd1fb6 P 95cadaff4260489bb9c3ca545922a7c2 reported cstate change: term changed from 0 to 1, leader changed from <none> to 95cadaff4260489bb9c3ca545922a7c2 (127.18.103.195). New cstate: current_term: 1 leader_uuid: "95cadaff4260489bb9c3ca545922a7c2" committed_config { opid_index: -1 OBSOLETE_local: false peers { permanent_uuid: "22e2f6abca784b6d890308c8e36f6c8c" member_type: VOTER last_known_addr { host: "127.18.103.193" port: 38521 } health_report { overall_health: UNKNOWN } } peers { permanent_uuid: "d02a6c881753449b991534208c3a568b" member_type: VOTER last_known_addr { host: "127.18.103.194" port: 43489 } health_report { overall_health: UNKNOWN } } peers { permanent_uuid: "95cadaff4260489bb9c3ca545922a7c2" member_type: VOTER last_known_addr { host: "127.18.103.195" port: 43551 } health_report { overall_health: HEALTHY } } }
I20260709 13:04:14.806152 19022 leader_election.cc:304] T 0a38f3d583ac43149e0e9a87d5d6d40e P d02a6c881753449b991534208c3a568b [CANDIDATE]: Term 1 pre-election: Election decided. Result: candidate won. Election summary: received 3 responses out of 3 voters: 2 yes votes; 1 no votes. yes voters: 22e2f6abca784b6d890308c8e36f6c8c, d02a6c881753449b991534208c3a568b; no voters: 95cadaff4260489bb9c3ca545922a7c2
I20260709 13:04:14.807250 19219 raft_consensus.cc:2804] T 0a38f3d583ac43149e0e9a87d5d6d40e P d02a6c881753449b991534208c3a568b [term 0 FOLLOWER]: Leader pre-election won for term 1
I20260709 13:04:14.807715 19219 raft_consensus.cc:493] T 0a38f3d583ac43149e0e9a87d5d6d40e P d02a6c881753449b991534208c3a568b [term 0 FOLLOWER]: Starting leader election (no leader contacted us within the election timeout)
I20260709 13:04:14.808120 19219 raft_consensus.cc:3060] T 0a38f3d583ac43149e0e9a87d5d6d40e P d02a6c881753449b991534208c3a568b [term 0 FOLLOWER]: Advancing to term 1
I20260709 13:04:14.822844 19219 raft_consensus.cc:515] T 0a38f3d583ac43149e0e9a87d5d6d40e P d02a6c881753449b991534208c3a568b [term 1 FOLLOWER]: Starting leader election with config: opid_index: -1 OBSOLETE_local: false peers { permanent_uuid: "22e2f6abca784b6d890308c8e36f6c8c" member_type: VOTER last_known_addr { host: "127.18.103.193" port: 38521 } } peers { permanent_uuid: "d02a6c881753449b991534208c3a568b" member_type: VOTER last_known_addr { host: "127.18.103.194" port: 43489 } } peers { permanent_uuid: "95cadaff4260489bb9c3ca545922a7c2" member_type: VOTER last_known_addr { host: "127.18.103.195" port: 43551 } }
I20260709 13:04:14.825747 19219 leader_election.cc:290] T 0a38f3d583ac43149e0e9a87d5d6d40e P d02a6c881753449b991534208c3a568b [CANDIDATE]: Term 1 election: Requested vote from peers 22e2f6abca784b6d890308c8e36f6c8c (127.18.103.193:38521), 95cadaff4260489bb9c3ca545922a7c2 (127.18.103.195:43551)
I20260709 13:04:14.826056 18979 tablet_service.cc:1917] Received RequestConsensusVote() RPC: tablet_id: "0a38f3d583ac43149e0e9a87d5d6d40e" candidate_uuid: "d02a6c881753449b991534208c3a568b" candidate_term: 1 candidate_status { last_received { term: 0 index: 0 } } ignore_live_leader: false dest_uuid: "22e2f6abca784b6d890308c8e36f6c8c"
I20260709 13:04:14.826611 18979 raft_consensus.cc:3060] T 0a38f3d583ac43149e0e9a87d5d6d40e P 22e2f6abca784b6d890308c8e36f6c8c [term 0 FOLLOWER]: Advancing to term 1
I20260709 13:04:14.825747 19129 tablet_service.cc:1917] Received RequestConsensusVote() RPC: tablet_id: "0a38f3d583ac43149e0e9a87d5d6d40e" candidate_uuid: "d02a6c881753449b991534208c3a568b" candidate_term: 1 candidate_status { last_received { term: 0 index: 0 } } ignore_live_leader: false dest_uuid: "95cadaff4260489bb9c3ca545922a7c2"
I20260709 13:04:14.831619 19129 raft_consensus.cc:3060] T 0a38f3d583ac43149e0e9a87d5d6d40e P 95cadaff4260489bb9c3ca545922a7c2 [term 0 FOLLOWER]: Advancing to term 1
I20260709 13:04:14.833457 18979 raft_consensus.cc:2468] T 0a38f3d583ac43149e0e9a87d5d6d40e P 22e2f6abca784b6d890308c8e36f6c8c [term 1 FOLLOWER]: Leader election vote request: Granting yes vote for candidate d02a6c881753449b991534208c3a568b in term 1.
I20260709 13:04:14.834503 19022 leader_election.cc:304] T 0a38f3d583ac43149e0e9a87d5d6d40e P d02a6c881753449b991534208c3a568b [CANDIDATE]: Term 1 election: Election decided. Result: candidate won. Election summary: received 2 responses out of 3 voters: 2 yes votes; 0 no votes. yes voters: 22e2f6abca784b6d890308c8e36f6c8c, d02a6c881753449b991534208c3a568b; no voters: 
I20260709 13:04:14.836635 19219 raft_consensus.cc:2804] T 0a38f3d583ac43149e0e9a87d5d6d40e P d02a6c881753449b991534208c3a568b [term 1 FOLLOWER]: Leader election won for term 1
I20260709 13:04:14.835913 18876 catalog_manager.cc:5697] T 4bab142718d74c81b226f9f181923037 P 95cadaff4260489bb9c3ca545922a7c2 reported cstate change: term changed from 0 to 1, leader changed from <none> to 95cadaff4260489bb9c3ca545922a7c2 (127.18.103.195). New cstate: current_term: 1 leader_uuid: "95cadaff4260489bb9c3ca545922a7c2" committed_config { opid_index: -1 OBSOLETE_local: false peers { permanent_uuid: "22e2f6abca784b6d890308c8e36f6c8c" member_type: VOTER last_known_addr { host: "127.18.103.193" port: 38521 } health_report { overall_health: UNKNOWN } } peers { permanent_uuid: "d02a6c881753449b991534208c3a568b" member_type: VOTER last_known_addr { host: "127.18.103.194" port: 43489 } health_report { overall_health: UNKNOWN } } peers { permanent_uuid: "95cadaff4260489bb9c3ca545922a7c2" member_type: VOTER last_known_addr { host: "127.18.103.195" port: 43551 } health_report { overall_health: HEALTHY } } }
I20260709 13:04:14.837028 19219 raft_consensus.cc:697] T 0a38f3d583ac43149e0e9a87d5d6d40e P d02a6c881753449b991534208c3a568b [term 1 LEADER]: Becoming Leader. State: Replica: d02a6c881753449b991534208c3a568b, State: Running, Role: LEADER
I20260709 13:04:14.837669 19219 consensus_queue.cc:237] T 0a38f3d583ac43149e0e9a87d5d6d40e P d02a6c881753449b991534208c3a568b [LEADER]: Queue going to LEADER mode. State: All replicated index: 0, Majority replicated index: 0, Committed index: 0, Last appended: 0.0, Last appended by leader: 0, Current term: 1, Majority size: 2, State: 0, Mode: LEADER, active raft config: opid_index: -1 OBSOLETE_local: false peers { permanent_uuid: "22e2f6abca784b6d890308c8e36f6c8c" member_type: VOTER last_known_addr { host: "127.18.103.193" port: 38521 } } peers { permanent_uuid: "d02a6c881753449b991534208c3a568b" member_type: VOTER last_known_addr { host: "127.18.103.194" port: 43489 } } peers { permanent_uuid: "95cadaff4260489bb9c3ca545922a7c2" member_type: VOTER last_known_addr { host: "127.18.103.195" port: 43551 } }
I20260709 13:04:14.837563 18876 catalog_manager.cc:5697] T 6dc56ea86b884f9d89d87937ba50ebb8 P 95cadaff4260489bb9c3ca545922a7c2 reported cstate change: term changed from 0 to 1, leader changed from <none> to 95cadaff4260489bb9c3ca545922a7c2 (127.18.103.195). New cstate: current_term: 1 leader_uuid: "95cadaff4260489bb9c3ca545922a7c2" committed_config { opid_index: -1 OBSOLETE_local: false peers { permanent_uuid: "22e2f6abca784b6d890308c8e36f6c8c" member_type: VOTER last_known_addr { host: "127.18.103.193" port: 38521 } health_report { overall_health: UNKNOWN } } peers { permanent_uuid: "d02a6c881753449b991534208c3a568b" member_type: VOTER last_known_addr { host: "127.18.103.194" port: 43489 } health_report { overall_health: UNKNOWN } } peers { permanent_uuid: "95cadaff4260489bb9c3ca545922a7c2" member_type: VOTER last_known_addr { host: "127.18.103.195" port: 43551 } health_report { overall_health: HEALTHY } } }
I20260709 13:04:14.839160 18876 catalog_manager.cc:5697] T ba56ad9d2065453b8f8bf914df8761b4 P 95cadaff4260489bb9c3ca545922a7c2 reported cstate change: term changed from 0 to 1, leader changed from <none> to 95cadaff4260489bb9c3ca545922a7c2 (127.18.103.195). New cstate: current_term: 1 leader_uuid: "95cadaff4260489bb9c3ca545922a7c2" committed_config { opid_index: -1 OBSOLETE_local: false peers { permanent_uuid: "22e2f6abca784b6d890308c8e36f6c8c" member_type: VOTER last_known_addr { host: "127.18.103.193" port: 38521 } health_report { overall_health: UNKNOWN } } peers { permanent_uuid: "d02a6c881753449b991534208c3a568b" member_type: VOTER last_known_addr { host: "127.18.103.194" port: 43489 } health_report { overall_health: UNKNOWN } } peers { permanent_uuid: "95cadaff4260489bb9c3ca545922a7c2" member_type: VOTER last_known_addr { host: "127.18.103.195" port: 43551 } health_report { overall_health: HEALTHY } } }
I20260709 13:04:14.840242 19129 raft_consensus.cc:2468] T 0a38f3d583ac43149e0e9a87d5d6d40e P 95cadaff4260489bb9c3ca545922a7c2 [term 1 FOLLOWER]: Leader election vote request: Granting yes vote for candidate d02a6c881753449b991534208c3a568b in term 1.
I20260709 13:04:14.825004 18877 catalog_manager.cc:5697] T 765d0f00b2c5406eb06e130bfa56fdb4 P d02a6c881753449b991534208c3a568b reported cstate change: term changed from 0 to 1, leader changed from <none> to d02a6c881753449b991534208c3a568b (127.18.103.194). New cstate: current_term: 1 leader_uuid: "d02a6c881753449b991534208c3a568b" committed_config { opid_index: -1 OBSOLETE_local: false peers { permanent_uuid: "95cadaff4260489bb9c3ca545922a7c2" member_type: VOTER last_known_addr { host: "127.18.103.195" port: 43551 } health_report { overall_health: UNKNOWN } } peers { permanent_uuid: "d02a6c881753449b991534208c3a568b" member_type: VOTER last_known_addr { host: "127.18.103.194" port: 43489 } health_report { overall_health: HEALTHY } } peers { permanent_uuid: "22e2f6abca784b6d890308c8e36f6c8c" member_type: VOTER last_known_addr { host: "127.18.103.193" port: 38521 } health_report { overall_health: UNKNOWN } } }
I20260709 13:04:14.841107 18876 catalog_manager.cc:5697] T c05a685ed1fd437b9123155c9bd380d4 P 95cadaff4260489bb9c3ca545922a7c2 reported cstate change: term changed from 0 to 1, leader changed from <none> to 95cadaff4260489bb9c3ca545922a7c2 (127.18.103.195). New cstate: current_term: 1 leader_uuid: "95cadaff4260489bb9c3ca545922a7c2" committed_config { opid_index: -1 OBSOLETE_local: false peers { permanent_uuid: "22e2f6abca784b6d890308c8e36f6c8c" member_type: VOTER last_known_addr { host: "127.18.103.193" port: 38521 } health_report { overall_health: UNKNOWN } } peers { permanent_uuid: "d02a6c881753449b991534208c3a568b" member_type: VOTER last_known_addr { host: "127.18.103.194" port: 43489 } health_report { overall_health: UNKNOWN } } peers { permanent_uuid: "95cadaff4260489bb9c3ca545922a7c2" member_type: VOTER last_known_addr { host: "127.18.103.195" port: 43551 } health_report { overall_health: HEALTHY } } }
I20260709 13:04:14.855187 18877 catalog_manager.cc:5697] T 0a38f3d583ac43149e0e9a87d5d6d40e P d02a6c881753449b991534208c3a568b reported cstate change: term changed from 0 to 1, leader changed from <none> to d02a6c881753449b991534208c3a568b (127.18.103.194). New cstate: current_term: 1 leader_uuid: "d02a6c881753449b991534208c3a568b" committed_config { opid_index: -1 OBSOLETE_local: false peers { permanent_uuid: "22e2f6abca784b6d890308c8e36f6c8c" member_type: VOTER last_known_addr { host: "127.18.103.193" port: 38521 } health_report { overall_health: UNKNOWN } } peers { permanent_uuid: "d02a6c881753449b991534208c3a568b" member_type: VOTER last_known_addr { host: "127.18.103.194" port: 43489 } health_report { overall_health: HEALTHY } } peers { permanent_uuid: "95cadaff4260489bb9c3ca545922a7c2" member_type: VOTER last_known_addr { host: "127.18.103.195" port: 43551 } health_report { overall_health: UNKNOWN } } }
I20260709 13:04:14.972182 19219 consensus_queue.cc:1048] T fbb93608120849a4add2e317b07b36d0 P d02a6c881753449b991534208c3a568b [LEADER]: Connected to new peer: Peer: permanent_uuid: "22e2f6abca784b6d890308c8e36f6c8c" member_type: VOTER last_known_addr { host: "127.18.103.193" port: 38521 }, Status: LMP_MISMATCH, Last received: 0.0, Next index: 1, Last known committed idx: 0, Time since last communication: 0.000s
I20260709 13:04:14.997488 19211 consensus_queue.cc:1048] T fbb93608120849a4add2e317b07b36d0 P d02a6c881753449b991534208c3a568b [LEADER]: Connected to new peer: Peer: permanent_uuid: "95cadaff4260489bb9c3ca545922a7c2" member_type: VOTER last_known_addr { host: "127.18.103.195" port: 43551 }, Status: LMP_MISMATCH, Last received: 0.0, Next index: 1, Last known committed idx: 0, Time since last communication: 0.001s
I20260709 13:04:15.121055 19056 tablet_service.cc:2072] Received LeaderStepDown RPC: tablet_id: "765d0f00b2c5406eb06e130bfa56fdb4"
dest_uuid: "d02a6c881753449b991534208c3a568b"
mode: GRACEFUL
new_leader_uuid: "22e2f6abca784b6d890308c8e36f6c8c"
 from {username='slave'} at 127.0.0.1:54550
I20260709 13:04:15.121591 19056 raft_consensus.cc:606] T 765d0f00b2c5406eb06e130bfa56fdb4 P d02a6c881753449b991534208c3a568b [term 1 LEADER]: Received request to transfer leadership to TS 22e2f6abca784b6d890308c8e36f6c8c
I20260709 13:04:15.134976 19129 tablet_service.cc:2072] Received LeaderStepDown RPC: tablet_id: "aab011b9d9df41f2b8dec0f9f4fd1fb6"
dest_uuid: "95cadaff4260489bb9c3ca545922a7c2"
mode: GRACEFUL
new_leader_uuid: "22e2f6abca784b6d890308c8e36f6c8c"
 from {username='slave'} at 127.0.0.1:48626
I20260709 13:04:15.135432 19129 raft_consensus.cc:606] T aab011b9d9df41f2b8dec0f9f4fd1fb6 P 95cadaff4260489bb9c3ca545922a7c2 [term 1 LEADER]: Received request to transfer leadership to TS 22e2f6abca784b6d890308c8e36f6c8c
I20260709 13:04:15.139849 19056 tablet_service.cc:2072] Received LeaderStepDown RPC: tablet_id: "fbb93608120849a4add2e317b07b36d0"
dest_uuid: "d02a6c881753449b991534208c3a568b"
mode: GRACEFUL
new_leader_uuid: "22e2f6abca784b6d890308c8e36f6c8c"
 from {username='slave'} at 127.0.0.1:54550
I20260709 13:04:15.140260 19056 raft_consensus.cc:606] T fbb93608120849a4add2e317b07b36d0 P d02a6c881753449b991534208c3a568b [term 1 LEADER]: Received request to transfer leadership to TS 22e2f6abca784b6d890308c8e36f6c8c
I20260709 13:04:15.144693 19129 tablet_service.cc:2072] Received LeaderStepDown RPC: tablet_id: "4bab142718d74c81b226f9f181923037"
dest_uuid: "95cadaff4260489bb9c3ca545922a7c2"
mode: GRACEFUL
new_leader_uuid: "22e2f6abca784b6d890308c8e36f6c8c"
 from {username='slave'} at 127.0.0.1:48626
I20260709 13:04:15.145104 19129 raft_consensus.cc:606] T 4bab142718d74c81b226f9f181923037 P 95cadaff4260489bb9c3ca545922a7c2 [term 1 LEADER]: Received request to transfer leadership to TS 22e2f6abca784b6d890308c8e36f6c8c
I20260709 13:04:15.149490 19129 tablet_service.cc:2072] Received LeaderStepDown RPC: tablet_id: "c05a685ed1fd437b9123155c9bd380d4"
dest_uuid: "95cadaff4260489bb9c3ca545922a7c2"
mode: GRACEFUL
new_leader_uuid: "d02a6c881753449b991534208c3a568b"
 from {username='slave'} at 127.0.0.1:48626
I20260709 13:04:15.149884 19129 raft_consensus.cc:606] T c05a685ed1fd437b9123155c9bd380d4 P 95cadaff4260489bb9c3ca545922a7c2 [term 1 LEADER]: Received request to transfer leadership to TS d02a6c881753449b991534208c3a568b
I20260709 13:04:15.156821 19129 tablet_service.cc:2072] Received LeaderStepDown RPC: tablet_id: "6dc56ea86b884f9d89d87937ba50ebb8"
dest_uuid: "95cadaff4260489bb9c3ca545922a7c2"
mode: GRACEFUL
new_leader_uuid: "d02a6c881753449b991534208c3a568b"
 from {username='slave'} at 127.0.0.1:48626
I20260709 13:04:15.157224 19129 raft_consensus.cc:606] T 6dc56ea86b884f9d89d87937ba50ebb8 P 95cadaff4260489bb9c3ca545922a7c2 [term 1 LEADER]: Received request to transfer leadership to TS d02a6c881753449b991534208c3a568b
I20260709 13:04:15.161824 19129 tablet_service.cc:2072] Received LeaderStepDown RPC: tablet_id: "ba56ad9d2065453b8f8bf914df8761b4"
dest_uuid: "95cadaff4260489bb9c3ca545922a7c2"
mode: GRACEFUL
new_leader_uuid: "d02a6c881753449b991534208c3a568b"
 from {username='slave'} at 127.0.0.1:48626
I20260709 13:04:15.162365 19129 raft_consensus.cc:606] T ba56ad9d2065453b8f8bf914df8761b4 P 95cadaff4260489bb9c3ca545922a7c2 [term 1 LEADER]: Received request to transfer leadership to TS d02a6c881753449b991534208c3a568b
I20260709 13:04:15.167001 19056 tablet_service.cc:2072] Received LeaderStepDown RPC: tablet_id: "0a38f3d583ac43149e0e9a87d5d6d40e"
dest_uuid: "d02a6c881753449b991534208c3a568b"
mode: GRACEFUL
new_leader_uuid: "95cadaff4260489bb9c3ca545922a7c2"
 from {username='slave'} at 127.0.0.1:54550
I20260709 13:04:15.167529 19056 raft_consensus.cc:606] T 0a38f3d583ac43149e0e9a87d5d6d40e P d02a6c881753449b991534208c3a568b [term 1 LEADER]: Received request to transfer leadership to TS 95cadaff4260489bb9c3ca545922a7c2
I20260709 13:04:15.170945 19211 consensus_queue.cc:1048] T 765d0f00b2c5406eb06e130bfa56fdb4 P d02a6c881753449b991534208c3a568b [LEADER]: Connected to new peer: Peer: permanent_uuid: "95cadaff4260489bb9c3ca545922a7c2" member_type: VOTER last_known_addr { host: "127.18.103.195" port: 43551 }, Status: LMP_MISMATCH, Last received: 0.0, Next index: 1, Last known committed idx: 0, Time since last communication: 0.000s
I20260709 13:04:15.181515 19219 consensus_queue.cc:1048] T 765d0f00b2c5406eb06e130bfa56fdb4 P d02a6c881753449b991534208c3a568b [LEADER]: Connected to new peer: Peer: permanent_uuid: "22e2f6abca784b6d890308c8e36f6c8c" member_type: VOTER last_known_addr { host: "127.18.103.193" port: 38521 }, Status: LMP_MISMATCH, Last received: 0.0, Next index: 1, Last known committed idx: 0, Time since last communication: 0.000s
I20260709 13:04:15.187278 19213 consensus_queue.cc:1048] T ba56ad9d2065453b8f8bf914df8761b4 P 95cadaff4260489bb9c3ca545922a7c2 [LEADER]: Connected to new peer: Peer: permanent_uuid: "d02a6c881753449b991534208c3a568b" member_type: VOTER last_known_addr { host: "127.18.103.194" port: 43489 }, Status: LMP_MISMATCH, Last received: 0.0, Next index: 1, Last known committed idx: 0, Time since last communication: 0.000s
I20260709 13:04:15.189822 19219 raft_consensus.cc:993] T 765d0f00b2c5406eb06e130bfa56fdb4 P d02a6c881753449b991534208c3a568b: : Instructing follower 22e2f6abca784b6d890308c8e36f6c8c to start an election
I20260709 13:04:15.190246 19219 raft_consensus.cc:1081] T 765d0f00b2c5406eb06e130bfa56fdb4 P d02a6c881753449b991534208c3a568b [term 1 LEADER]: Signalling peer 22e2f6abca784b6d890308c8e36f6c8c to start an election
I20260709 13:04:15.191927 18979 tablet_service.cc:2044] Received Run Leader Election RPC: tablet_id: "765d0f00b2c5406eb06e130bfa56fdb4"
dest_uuid: "22e2f6abca784b6d890308c8e36f6c8c"
 from {username='slave'} at 127.0.0.1:34028
I20260709 13:04:15.192523 18979 raft_consensus.cc:493] T 765d0f00b2c5406eb06e130bfa56fdb4 P 22e2f6abca784b6d890308c8e36f6c8c [term 1 FOLLOWER]: Starting forced leader election (received explicit request)
I20260709 13:04:15.192937 18979 raft_consensus.cc:3060] T 765d0f00b2c5406eb06e130bfa56fdb4 P 22e2f6abca784b6d890308c8e36f6c8c [term 1 FOLLOWER]: Advancing to term 2
I20260709 13:04:15.199558 18979 raft_consensus.cc:515] T 765d0f00b2c5406eb06e130bfa56fdb4 P 22e2f6abca784b6d890308c8e36f6c8c [term 2 FOLLOWER]: Starting forced leader election with config: opid_index: -1 OBSOLETE_local: false peers { permanent_uuid: "95cadaff4260489bb9c3ca545922a7c2" member_type: VOTER last_known_addr { host: "127.18.103.195" port: 43551 } } peers { permanent_uuid: "d02a6c881753449b991534208c3a568b" member_type: VOTER last_known_addr { host: "127.18.103.194" port: 43489 } } peers { permanent_uuid: "22e2f6abca784b6d890308c8e36f6c8c" member_type: VOTER last_known_addr { host: "127.18.103.193" port: 38521 } }
I20260709 13:04:15.204515 19129 tablet_service.cc:1917] Received RequestConsensusVote() RPC: tablet_id: "765d0f00b2c5406eb06e130bfa56fdb4" candidate_uuid: "22e2f6abca784b6d890308c8e36f6c8c" candidate_term: 2 candidate_status { last_received { term: 1 index: 1 } } ignore_live_leader: true dest_uuid: "95cadaff4260489bb9c3ca545922a7c2"
I20260709 13:04:15.205114 19129 raft_consensus.cc:3060] T 765d0f00b2c5406eb06e130bfa56fdb4 P 95cadaff4260489bb9c3ca545922a7c2 [term 1 FOLLOWER]: Advancing to term 2
I20260709 13:04:15.207950 19213 raft_consensus.cc:993] T ba56ad9d2065453b8f8bf914df8761b4 P 95cadaff4260489bb9c3ca545922a7c2: : Instructing follower d02a6c881753449b991534208c3a568b to start an election
I20260709 13:04:15.208389 19213 raft_consensus.cc:1081] T ba56ad9d2065453b8f8bf914df8761b4 P 95cadaff4260489bb9c3ca545922a7c2 [term 1 LEADER]: Signalling peer d02a6c881753449b991534208c3a568b to start an election
I20260709 13:04:15.209897 19055 tablet_service.cc:1917] Received RequestConsensusVote() RPC: tablet_id: "765d0f00b2c5406eb06e130bfa56fdb4" candidate_uuid: "22e2f6abca784b6d890308c8e36f6c8c" candidate_term: 2 candidate_status { last_received { term: 1 index: 1 } } ignore_live_leader: true dest_uuid: "d02a6c881753449b991534208c3a568b"
I20260709 13:04:15.210425 19055 raft_consensus.cc:3055] T 765d0f00b2c5406eb06e130bfa56fdb4 P d02a6c881753449b991534208c3a568b [term 1 LEADER]: Stepping down as leader of term 1
I20260709 13:04:15.210755 19055 raft_consensus.cc:740] T 765d0f00b2c5406eb06e130bfa56fdb4 P d02a6c881753449b991534208c3a568b [term 1 LEADER]: Becoming Follower/Learner. State: Replica: d02a6c881753449b991534208c3a568b, State: Running, Role: LEADER
I20260709 13:04:15.211544 19055 consensus_queue.cc:260] T 765d0f00b2c5406eb06e130bfa56fdb4 P d02a6c881753449b991534208c3a568b [NON_LEADER]: Queue going to NON_LEADER mode. State: All replicated index: 0, Majority replicated index: 1, Committed index: 1, Last appended: 1.1, Last appended by leader: 1, Current term: 1, Majority size: -1, State: 0, Mode: NON_LEADER, active raft config: opid_index: -1 OBSOLETE_local: false peers { permanent_uuid: "95cadaff4260489bb9c3ca545922a7c2" member_type: VOTER last_known_addr { host: "127.18.103.195" port: 43551 } } peers { permanent_uuid: "d02a6c881753449b991534208c3a568b" member_type: VOTER last_known_addr { host: "127.18.103.194" port: 43489 } } peers { permanent_uuid: "22e2f6abca784b6d890308c8e36f6c8c" member_type: VOTER last_known_addr { host: "127.18.103.193" port: 38521 } }
I20260709 13:04:15.215188 19227 consensus_queue.cc:1048] T ba56ad9d2065453b8f8bf914df8761b4 P 95cadaff4260489bb9c3ca545922a7c2 [LEADER]: Connected to new peer: Peer: permanent_uuid: "22e2f6abca784b6d890308c8e36f6c8c" member_type: VOTER last_known_addr { host: "127.18.103.193" port: 38521 }, Status: LMP_MISMATCH, Last received: 0.0, Next index: 1, Last known committed idx: 0, Time since last communication: 0.000s
I20260709 13:04:15.216184 18980 raft_consensus.cc:3060] T aab011b9d9df41f2b8dec0f9f4fd1fb6 P 22e2f6abca784b6d890308c8e36f6c8c [term 0 FOLLOWER]: Advancing to term 1
I20260709 13:04:15.217710 19054 tablet_service.cc:2044] Received Run Leader Election RPC: tablet_id: "ba56ad9d2065453b8f8bf914df8761b4"
dest_uuid: "d02a6c881753449b991534208c3a568b"
 from {username='slave'} at 127.0.0.1:54534
I20260709 13:04:15.218230 19054 raft_consensus.cc:493] T ba56ad9d2065453b8f8bf914df8761b4 P d02a6c881753449b991534208c3a568b [term 1 FOLLOWER]: Starting forced leader election (received explicit request)
I20260709 13:04:15.218580 19054 raft_consensus.cc:3060] T ba56ad9d2065453b8f8bf914df8761b4 P d02a6c881753449b991534208c3a568b [term 1 FOLLOWER]: Advancing to term 2
I20260709 13:04:15.220305 19055 raft_consensus.cc:3060] T 765d0f00b2c5406eb06e130bfa56fdb4 P d02a6c881753449b991534208c3a568b [term 1 FOLLOWER]: Advancing to term 2
I20260709 13:04:15.225775 19054 raft_consensus.cc:515] T ba56ad9d2065453b8f8bf914df8761b4 P d02a6c881753449b991534208c3a568b [term 2 FOLLOWER]: Starting forced leader election with config: opid_index: -1 OBSOLETE_local: false peers { permanent_uuid: "22e2f6abca784b6d890308c8e36f6c8c" member_type: VOTER last_known_addr { host: "127.18.103.193" port: 38521 } } peers { permanent_uuid: "d02a6c881753449b991534208c3a568b" member_type: VOTER last_known_addr { host: "127.18.103.194" port: 43489 } } peers { permanent_uuid: "95cadaff4260489bb9c3ca545922a7c2" member_type: VOTER last_known_addr { host: "127.18.103.195" port: 43551 } }
I20260709 13:04:15.226892 19052 raft_consensus.cc:1240] T ba56ad9d2065453b8f8bf914df8761b4 P d02a6c881753449b991534208c3a568b [term 2 FOLLOWER]: Rejecting Update request from peer 95cadaff4260489bb9c3ca545922a7c2 for earlier term 1. Current term is 2. Ops: []
I20260709 13:04:15.231402 19227 consensus_queue.cc:1059] T ba56ad9d2065453b8f8bf914df8761b4 P 95cadaff4260489bb9c3ca545922a7c2 [LEADER]: Peer responded invalid term: Peer: permanent_uuid: "d02a6c881753449b991534208c3a568b" member_type: VOTER last_known_addr { host: "127.18.103.194" port: 43489 }, Status: INVALID_TERM, Last received: 1.1, Next index: 2, Last known committed idx: 0, Time since last communication: 0.000s
I20260709 13:04:15.232069 19054 leader_election.cc:290] T ba56ad9d2065453b8f8bf914df8761b4 P d02a6c881753449b991534208c3a568b [CANDIDATE]: Term 2 election: Requested vote from peers 22e2f6abca784b6d890308c8e36f6c8c (127.18.103.193:38521), 95cadaff4260489bb9c3ca545922a7c2 (127.18.103.195:43551)
I20260709 13:04:15.232918 19225 raft_consensus.cc:3055] T ba56ad9d2065453b8f8bf914df8761b4 P 95cadaff4260489bb9c3ca545922a7c2 [term 1 LEADER]: Stepping down as leader of term 1
I20260709 13:04:15.233240 19225 raft_consensus.cc:740] T ba56ad9d2065453b8f8bf914df8761b4 P 95cadaff4260489bb9c3ca545922a7c2 [term 1 LEADER]: Becoming Follower/Learner. State: Replica: 95cadaff4260489bb9c3ca545922a7c2, State: Running, Role: LEADER
I20260709 13:04:15.234020 19225 consensus_queue.cc:260] T ba56ad9d2065453b8f8bf914df8761b4 P 95cadaff4260489bb9c3ca545922a7c2 [NON_LEADER]: Queue going to NON_LEADER mode. State: All replicated index: 0, Majority replicated index: 1, Committed index: 1, Last appended: 1.1, Last appended by leader: 1, Current term: 1, Majority size: -1, State: 0, Mode: NON_LEADER, active raft config: opid_index: -1 OBSOLETE_local: false peers { permanent_uuid: "22e2f6abca784b6d890308c8e36f6c8c" member_type: VOTER last_known_addr { host: "127.18.103.193" port: 38521 } } peers { permanent_uuid: "d02a6c881753449b991534208c3a568b" member_type: VOTER last_known_addr { host: "127.18.103.194" port: 43489 } } peers { permanent_uuid: "95cadaff4260489bb9c3ca545922a7c2" member_type: VOTER last_known_addr { host: "127.18.103.195" port: 43551 } }
I20260709 13:04:15.235021 19225 raft_consensus.cc:3060] T ba56ad9d2065453b8f8bf914df8761b4 P 95cadaff4260489bb9c3ca545922a7c2 [term 1 FOLLOWER]: Advancing to term 2
I20260709 13:04:15.232139 19227 consensus_queue.cc:1048] T aab011b9d9df41f2b8dec0f9f4fd1fb6 P 95cadaff4260489bb9c3ca545922a7c2 [LEADER]: Connected to new peer: Peer: permanent_uuid: "22e2f6abca784b6d890308c8e36f6c8c" member_type: VOTER last_known_addr { host: "127.18.103.193" port: 38521 }, Status: LMP_MISMATCH, Last received: 0.0, Next index: 1, Last known committed idx: 0, Time since last communication: 0.000s
I20260709 13:04:15.238710 18982 tablet_service.cc:1917] Received RequestConsensusVote() RPC: tablet_id: "ba56ad9d2065453b8f8bf914df8761b4" candidate_uuid: "d02a6c881753449b991534208c3a568b" candidate_term: 2 candidate_status { last_received { term: 1 index: 1 } } ignore_live_leader: true dest_uuid: "22e2f6abca784b6d890308c8e36f6c8c"
I20260709 13:04:15.239151 19130 tablet_service.cc:1917] Received RequestConsensusVote() RPC: tablet_id: "ba56ad9d2065453b8f8bf914df8761b4" candidate_uuid: "d02a6c881753449b991534208c3a568b" candidate_term: 2 candidate_status { last_received { term: 1 index: 1 } } ignore_live_leader: true dest_uuid: "95cadaff4260489bb9c3ca545922a7c2"
I20260709 13:04:15.239240 18982 raft_consensus.cc:3060] T ba56ad9d2065453b8f8bf914df8761b4 P 22e2f6abca784b6d890308c8e36f6c8c [term 1 FOLLOWER]: Advancing to term 2
I20260709 13:04:15.240422 18979 leader_election.cc:290] T 765d0f00b2c5406eb06e130bfa56fdb4 P 22e2f6abca784b6d890308c8e36f6c8c [CANDIDATE]: Term 2 election: Requested vote from peers 95cadaff4260489bb9c3ca545922a7c2 (127.18.103.195:43551), d02a6c881753449b991534208c3a568b (127.18.103.194:43489)
I20260709 13:04:15.247328 18982 raft_consensus.cc:2468] T ba56ad9d2065453b8f8bf914df8761b4 P 22e2f6abca784b6d890308c8e36f6c8c [term 2 FOLLOWER]: Leader election vote request: Granting yes vote for candidate d02a6c881753449b991534208c3a568b in term 2.
I20260709 13:04:15.247653 19212 consensus_queue.cc:1048] T dcf3e3bf100a43b38a963b3c66120748 P d02a6c881753449b991534208c3a568b [LEADER]: Connected to new peer: Peer: permanent_uuid: "95cadaff4260489bb9c3ca545922a7c2" member_type: VOTER last_known_addr { host: "127.18.103.195" port: 43551 }, Status: LMP_MISMATCH, Last received: 0.0, Next index: 1, Last known committed idx: 0, Time since last communication: 0.000s
I20260709 13:04:15.248546 19022 leader_election.cc:304] T ba56ad9d2065453b8f8bf914df8761b4 P d02a6c881753449b991534208c3a568b [CANDIDATE]: Term 2 election: Election decided. Result: candidate won. Election summary: received 2 responses out of 3 voters: 2 yes votes; 0 no votes. yes voters: 22e2f6abca784b6d890308c8e36f6c8c, d02a6c881753449b991534208c3a568b; no voters: 
I20260709 13:04:15.249382 19212 raft_consensus.cc:2804] T ba56ad9d2065453b8f8bf914df8761b4 P d02a6c881753449b991534208c3a568b [term 2 FOLLOWER]: Leader election won for term 2
I20260709 13:04:15.249837 19212 raft_consensus.cc:697] T ba56ad9d2065453b8f8bf914df8761b4 P d02a6c881753449b991534208c3a568b [term 2 LEADER]: Becoming Leader. State: Replica: d02a6c881753449b991534208c3a568b, State: Running, Role: LEADER
I20260709 13:04:15.250681 19212 consensus_queue.cc:237] T ba56ad9d2065453b8f8bf914df8761b4 P d02a6c881753449b991534208c3a568b [LEADER]: Queue going to LEADER mode. State: All replicated index: 0, Majority replicated index: 0, Committed index: 0, Last appended: 1.1, Last appended by leader: 1, Current term: 2, Majority size: 2, State: 0, Mode: LEADER, active raft config: opid_index: -1 OBSOLETE_local: false peers { permanent_uuid: "22e2f6abca784b6d890308c8e36f6c8c" member_type: VOTER last_known_addr { host: "127.18.103.193" port: 38521 } } peers { permanent_uuid: "d02a6c881753449b991534208c3a568b" member_type: VOTER last_known_addr { host: "127.18.103.194" port: 43489 } } peers { permanent_uuid: "95cadaff4260489bb9c3ca545922a7c2" member_type: VOTER last_known_addr { host: "127.18.103.195" port: 43551 } }
I20260709 13:04:15.261519 18876 catalog_manager.cc:5697] T ba56ad9d2065453b8f8bf914df8761b4 P d02a6c881753449b991534208c3a568b reported cstate change: term changed from 1 to 2, leader changed from 95cadaff4260489bb9c3ca545922a7c2 (127.18.103.195) to d02a6c881753449b991534208c3a568b (127.18.103.194). New cstate: current_term: 2 leader_uuid: "d02a6c881753449b991534208c3a568b" committed_config { opid_index: -1 OBSOLETE_local: false peers { permanent_uuid: "22e2f6abca784b6d890308c8e36f6c8c" member_type: VOTER last_known_addr { host: "127.18.103.193" port: 38521 } health_report { overall_health: UNKNOWN } } peers { permanent_uuid: "d02a6c881753449b991534208c3a568b" member_type: VOTER last_known_addr { host: "127.18.103.194" port: 43489 } health_report { overall_health: HEALTHY } } peers { permanent_uuid: "95cadaff4260489bb9c3ca545922a7c2" member_type: VOTER last_known_addr { host: "127.18.103.195" port: 43551 } health_report { overall_health: UNKNOWN } } }
I20260709 13:04:15.264492 19179 consensus_queue.cc:1048] T 0a38f3d583ac43149e0e9a87d5d6d40e P d02a6c881753449b991534208c3a568b [LEADER]: Connected to new peer: Peer: permanent_uuid: "95cadaff4260489bb9c3ca545922a7c2" member_type: VOTER last_known_addr { host: "127.18.103.195" port: 43551 }, Status: LMP_MISMATCH, Last received: 0.0, Next index: 1, Last known committed idx: 0, Time since last communication: 0.000s
I20260709 13:04:15.269996 19213 consensus_queue.cc:1048] T aab011b9d9df41f2b8dec0f9f4fd1fb6 P 95cadaff4260489bb9c3ca545922a7c2 [LEADER]: Connected to new peer: Peer: permanent_uuid: "d02a6c881753449b991534208c3a568b" member_type: VOTER last_known_addr { host: "127.18.103.194" port: 43489 }, Status: LMP_MISMATCH, Last received: 0.0, Next index: 1, Last known committed idx: 0, Time since last communication: 0.001s
I20260709 13:04:15.244530 19129 raft_consensus.cc:2468] T 765d0f00b2c5406eb06e130bfa56fdb4 P 95cadaff4260489bb9c3ca545922a7c2 [term 2 FOLLOWER]: Leader election vote request: Granting yes vote for candidate 22e2f6abca784b6d890308c8e36f6c8c in term 2.
I20260709 13:04:15.280354 19055 raft_consensus.cc:2468] T 765d0f00b2c5406eb06e130bfa56fdb4 P d02a6c881753449b991534208c3a568b [term 2 FOLLOWER]: Leader election vote request: Granting yes vote for candidate 22e2f6abca784b6d890308c8e36f6c8c in term 2.
I20260709 13:04:15.289170 18948 leader_election.cc:304] T 765d0f00b2c5406eb06e130bfa56fdb4 P 22e2f6abca784b6d890308c8e36f6c8c [CANDIDATE]: Term 2 election: Election decided. Result: candidate won. Election summary: received 2 responses out of 3 voters: 2 yes votes; 0 no votes. yes voters: 22e2f6abca784b6d890308c8e36f6c8c, 95cadaff4260489bb9c3ca545922a7c2; no voters: 
I20260709 13:04:15.290056 19185 raft_consensus.cc:2804] T 765d0f00b2c5406eb06e130bfa56fdb4 P 22e2f6abca784b6d890308c8e36f6c8c [term 2 FOLLOWER]: Leader election won for term 2
I20260709 13:04:15.299355 19212 consensus_queue.cc:1048] T 0a38f3d583ac43149e0e9a87d5d6d40e P d02a6c881753449b991534208c3a568b [LEADER]: Connected to new peer: Peer: permanent_uuid: "22e2f6abca784b6d890308c8e36f6c8c" member_type: VOTER last_known_addr { host: "127.18.103.193" port: 38521 }, Status: LMP_MISMATCH, Last received: 0.0, Next index: 1, Last known committed idx: 0, Time since last communication: 0.000s
I20260709 13:04:15.293642 19225 consensus_queue.cc:1048] T 6dc56ea86b884f9d89d87937ba50ebb8 P 95cadaff4260489bb9c3ca545922a7c2 [LEADER]: Connected to new peer: Peer: permanent_uuid: "d02a6c881753449b991534208c3a568b" member_type: VOTER last_known_addr { host: "127.18.103.194" port: 43489 }, Status: LMP_MISMATCH, Last received: 0.0, Next index: 1, Last known committed idx: 0, Time since last communication: 0.006s
I20260709 13:04:15.302661 19185 raft_consensus.cc:697] T 765d0f00b2c5406eb06e130bfa56fdb4 P 22e2f6abca784b6d890308c8e36f6c8c [term 2 LEADER]: Becoming Leader. State: Replica: 22e2f6abca784b6d890308c8e36f6c8c, State: Running, Role: LEADER
I20260709 13:04:15.308691 19227 consensus_queue.cc:1048] T 4bab142718d74c81b226f9f181923037 P 95cadaff4260489bb9c3ca545922a7c2 [LEADER]: Connected to new peer: Peer: permanent_uuid: "d02a6c881753449b991534208c3a568b" member_type: VOTER last_known_addr { host: "127.18.103.194" port: 43489 }, Status: LMP_MISMATCH, Last received: 0.0, Next index: 1, Last known committed idx: 0, Time since last communication: 0.000s
I20260709 13:04:15.308494 19185 consensus_queue.cc:237] T 765d0f00b2c5406eb06e130bfa56fdb4 P 22e2f6abca784b6d890308c8e36f6c8c [LEADER]: Queue going to LEADER mode. State: All replicated index: 0, Majority replicated index: 1, Committed index: 1, Last appended: 1.1, Last appended by leader: 1, Current term: 2, Majority size: 2, State: 0, Mode: LEADER, active raft config: opid_index: -1 OBSOLETE_local: false peers { permanent_uuid: "95cadaff4260489bb9c3ca545922a7c2" member_type: VOTER last_known_addr { host: "127.18.103.195" port: 43551 } } peers { permanent_uuid: "d02a6c881753449b991534208c3a568b" member_type: VOTER last_known_addr { host: "127.18.103.194" port: 43489 } } peers { permanent_uuid: "22e2f6abca784b6d890308c8e36f6c8c" member_type: VOTER last_known_addr { host: "127.18.103.193" port: 38521 } }
I20260709 13:04:15.313889 19219 consensus_queue.cc:1048] T dcf3e3bf100a43b38a963b3c66120748 P d02a6c881753449b991534208c3a568b [LEADER]: Connected to new peer: Peer: permanent_uuid: "22e2f6abca784b6d890308c8e36f6c8c" member_type: VOTER last_known_addr { host: "127.18.103.193" port: 38521 }, Status: LMP_MISMATCH, Last received: 0.0, Next index: 1, Last known committed idx: 0, Time since last communication: 0.000s
I20260709 13:04:15.315730 19227 consensus_queue.cc:1048] T c05a685ed1fd437b9123155c9bd380d4 P 95cadaff4260489bb9c3ca545922a7c2 [LEADER]: Connected to new peer: Peer: permanent_uuid: "d02a6c881753449b991534208c3a568b" member_type: VOTER last_known_addr { host: "127.18.103.194" port: 43489 }, Status: LMP_MISMATCH, Last received: 0.0, Next index: 1, Last known committed idx: 0, Time since last communication: 0.000s
I20260709 13:04:15.316045 19219 raft_consensus.cc:993] T 0a38f3d583ac43149e0e9a87d5d6d40e P d02a6c881753449b991534208c3a568b: : Instructing follower 95cadaff4260489bb9c3ca545922a7c2 to start an election
I20260709 13:04:15.312866 19213 consensus_queue.cc:1048] T 6dc56ea86b884f9d89d87937ba50ebb8 P 95cadaff4260489bb9c3ca545922a7c2 [LEADER]: Connected to new peer: Peer: permanent_uuid: "22e2f6abca784b6d890308c8e36f6c8c" member_type: VOTER last_known_addr { host: "127.18.103.193" port: 38521 }, Status: LMP_MISMATCH, Last received: 0.0, Next index: 1, Last known committed idx: 0, Time since last communication: 0.005s
I20260709 13:04:15.318635 19219 raft_consensus.cc:1081] T 0a38f3d583ac43149e0e9a87d5d6d40e P d02a6c881753449b991534208c3a568b [term 1 LEADER]: Signalling peer 95cadaff4260489bb9c3ca545922a7c2 to start an election
I20260709 13:04:15.324923 19130 raft_consensus.cc:2468] T ba56ad9d2065453b8f8bf914df8761b4 P 95cadaff4260489bb9c3ca545922a7c2 [term 2 FOLLOWER]: Leader election vote request: Granting yes vote for candidate d02a6c881753449b991534208c3a568b in term 2.
I20260709 13:04:15.334133 19128 tablet_service.cc:2044] Received Run Leader Election RPC: tablet_id: "0a38f3d583ac43149e0e9a87d5d6d40e"
dest_uuid: "95cadaff4260489bb9c3ca545922a7c2"
 from {username='slave'} at 127.0.0.1:48608
I20260709 13:04:15.334738 19128 raft_consensus.cc:493] T 0a38f3d583ac43149e0e9a87d5d6d40e P 95cadaff4260489bb9c3ca545922a7c2 [term 1 FOLLOWER]: Starting forced leader election (received explicit request)
I20260709 13:04:15.335114 19128 raft_consensus.cc:3060] T 0a38f3d583ac43149e0e9a87d5d6d40e P 95cadaff4260489bb9c3ca545922a7c2 [term 1 FOLLOWER]: Advancing to term 2
I20260709 13:04:15.337070 19227 consensus_queue.cc:1048] T 4bab142718d74c81b226f9f181923037 P 95cadaff4260489bb9c3ca545922a7c2 [LEADER]: Connected to new peer: Peer: permanent_uuid: "22e2f6abca784b6d890308c8e36f6c8c" member_type: VOTER last_known_addr { host: "127.18.103.193" port: 38521 }, Status: LMP_MISMATCH, Last received: 0.0, Next index: 1, Last known committed idx: 0, Time since last communication: 0.006s
