I20260709 13:04:10.674861 15081 leader_election.cc:290] T c7c38457995f4e988d3ccf6bd94e6c37 P 09d3fa2b7ef942ae858e2c5727d99ce5 [CANDIDATE]: Term 1 pre-election: Requested pre-vote from peers 39f9e4e2209748a69d253ea46414e575 (127.14.103.1:33371), 435d239f6f2441ac9d0e835010bfd2b5 (127.14.103.3:45113)
I20260709 13:04:10.673509 15082 leader_election.cc:290] T be17f0536ffd4425a0db52b530c5f3ef P 435d239f6f2441ac9d0e835010bfd2b5 [CANDIDATE]: Term 1 pre-election: Requested pre-vote from peers 39f9e4e2209748a69d253ea46414e575 (127.14.103.1:33371), 09d3fa2b7ef942ae858e2c5727d99ce5 (127.14.103.2:33423)
I20260709 13:04:10.663887 15077 consensus_queue.cc:260] T 810f60f24e33413985aa63f396a2b55a P 09d3fa2b7ef942ae858e2c5727d99ce5 [NON_LEADER]: Queue going to NON_LEADER mode. State: All replicated index: 0, Majority replicated index: 0, Committed index: 0, Last appended: 0.0, Last appended by leader: 0, Current term: 0, Majority size: -1, State: 0, Mode: NON_LEADER, active raft config: opid_index: -1 OBSOLETE_local: false peers { permanent_uuid: "435d239f6f2441ac9d0e835010bfd2b5" member_type: VOTER last_known_addr { host: "127.14.103.3" port: 45113 } } peers { permanent_uuid: "09d3fa2b7ef942ae858e2c5727d99ce5" member_type: VOTER last_known_addr { host: "127.14.103.2" port: 33423 } } peers { permanent_uuid: "39f9e4e2209748a69d253ea46414e575" member_type: VOTER last_known_addr { host: "127.14.103.1" port: 33371 } }
I20260709 13:04:10.677026 15076 tablet_bootstrap.cc:654] T bb4dacc583b6453cb577a9e46c45c3af P 39f9e4e2209748a69d253ea46414e575: Neither blocks nor log segments found. Creating new log.
I20260709 13:04:10.681656 15075 raft_consensus.cc:359] T 90b851c6655d47c09fca18bbfc1a4d95 P 435d239f6f2441ac9d0e835010bfd2b5 [term 0 FOLLOWER]: Replica starting. Triggering 0 pending ops. Active config: opid_index: -1 OBSOLETE_local: false peers { permanent_uuid: "39f9e4e2209748a69d253ea46414e575" member_type: VOTER last_known_addr { host: "127.14.103.1" port: 33371 } } peers { permanent_uuid: "09d3fa2b7ef942ae858e2c5727d99ce5" member_type: VOTER last_known_addr { host: "127.14.103.2" port: 33423 } } peers { permanent_uuid: "435d239f6f2441ac9d0e835010bfd2b5" member_type: VOTER last_known_addr { host: "127.14.103.3" port: 45113 } }
I20260709 13:04:10.684010 15075 raft_consensus.cc:385] T 90b851c6655d47c09fca18bbfc1a4d95 P 435d239f6f2441ac9d0e835010bfd2b5 [term 0 FOLLOWER]: Consensus starting up: Expiring failure detector timer to make a prompt election more likely
I20260709 13:04:10.686018 15075 raft_consensus.cc:740] T 90b851c6655d47c09fca18bbfc1a4d95 P 435d239f6f2441ac9d0e835010bfd2b5 [term 0 FOLLOWER]: Becoming Follower/Learner. State: Replica: 435d239f6f2441ac9d0e835010bfd2b5, State: Initialized, Role: FOLLOWER
I20260709 13:04:10.685490 15081 raft_consensus.cc:493] T be17f0536ffd4425a0db52b530c5f3ef P 09d3fa2b7ef942ae858e2c5727d99ce5 [term 0 FOLLOWER]: Starting pre-election (no leader contacted us within the election timeout)
I20260709 13:04:10.689357 15077 ts_tablet_manager.cc:1434] T 810f60f24e33413985aa63f396a2b55a P 09d3fa2b7ef942ae858e2c5727d99ce5: Time spent starting tablet: real 0.050s	user 0.004s	sys 0.004s
I20260709 13:04:10.690587 15077 tablet_bootstrap.cc:492] T 14bf28d1d32a48e7973484fb93521945 P 09d3fa2b7ef942ae858e2c5727d99ce5: Bootstrap starting.
I20260709 13:04:10.687249 15075 consensus_queue.cc:260] T 90b851c6655d47c09fca18bbfc1a4d95 P 435d239f6f2441ac9d0e835010bfd2b5 [NON_LEADER]: Queue going to NON_LEADER mode. State: All replicated index: 0, Majority replicated index: 0, Committed index: 0, Last appended: 0.0, Last appended by leader: 0, Current term: 0, Majority size: -1, State: 0, Mode: NON_LEADER, active raft config: opid_index: -1 OBSOLETE_local: false peers { permanent_uuid: "39f9e4e2209748a69d253ea46414e575" member_type: VOTER last_known_addr { host: "127.14.103.1" port: 33371 } } peers { permanent_uuid: "09d3fa2b7ef942ae858e2c5727d99ce5" member_type: VOTER last_known_addr { host: "127.14.103.2" port: 33423 } } peers { permanent_uuid: "435d239f6f2441ac9d0e835010bfd2b5" member_type: VOTER last_known_addr { host: "127.14.103.3" port: 45113 } }
I20260709 13:04:10.688053 15081 raft_consensus.cc:515] T be17f0536ffd4425a0db52b530c5f3ef P 09d3fa2b7ef942ae858e2c5727d99ce5 [term 0 FOLLOWER]: Starting pre-election with config: opid_index: -1 OBSOLETE_local: false peers { permanent_uuid: "39f9e4e2209748a69d253ea46414e575" member_type: VOTER last_known_addr { host: "127.14.103.1" port: 33371 } } peers { permanent_uuid: "09d3fa2b7ef942ae858e2c5727d99ce5" member_type: VOTER last_known_addr { host: "127.14.103.2" port: 33423 } } peers { permanent_uuid: "435d239f6f2441ac9d0e835010bfd2b5" member_type: VOTER last_known_addr { host: "127.14.103.3" port: 45113 } }
I20260709 13:04:10.709529 15075 ts_tablet_manager.cc:1434] T 90b851c6655d47c09fca18bbfc1a4d95 P 435d239f6f2441ac9d0e835010bfd2b5: Time spent starting tablet: real 0.056s	user 0.007s	sys 0.002s
I20260709 13:04:10.711752 15081 leader_election.cc:290] T be17f0536ffd4425a0db52b530c5f3ef P 09d3fa2b7ef942ae858e2c5727d99ce5 [CANDIDATE]: Term 1 pre-election: Requested pre-vote from peers 39f9e4e2209748a69d253ea46414e575 (127.14.103.1:33371), 435d239f6f2441ac9d0e835010bfd2b5 (127.14.103.3:45113)
I20260709 13:04:10.712093 15075 tablet_bootstrap.cc:492] T 14bf28d1d32a48e7973484fb93521945 P 435d239f6f2441ac9d0e835010bfd2b5: Bootstrap starting.
I20260709 13:04:10.722242 14883 tablet_service.cc:1917] Received RequestConsensusVote() RPC: tablet_id: "be17f0536ffd4425a0db52b530c5f3ef" candidate_uuid: "435d239f6f2441ac9d0e835010bfd2b5" candidate_term: 1 candidate_status { last_received { term: 0 index: 0 } } ignore_live_leader: false dest_uuid: "39f9e4e2209748a69d253ea46414e575" is_pre_election: true
I20260709 13:04:10.727779 14957 tablet_service.cc:1917] Received RequestConsensusVote() RPC: tablet_id: "be17f0536ffd4425a0db52b530c5f3ef" candidate_uuid: "435d239f6f2441ac9d0e835010bfd2b5" candidate_term: 1 candidate_status { last_received { term: 0 index: 0 } } ignore_live_leader: false dest_uuid: "09d3fa2b7ef942ae858e2c5727d99ce5" is_pre_election: true
I20260709 13:04:10.728582 14958 tablet_service.cc:1917] Received RequestConsensusVote() RPC: tablet_id: "c7c38457995f4e988d3ccf6bd94e6c37" candidate_uuid: "39f9e4e2209748a69d253ea46414e575" candidate_term: 1 candidate_status { last_received { term: 0 index: 0 } } ignore_live_leader: false dest_uuid: "09d3fa2b7ef942ae858e2c5727d99ce5" is_pre_election: true
I20260709 13:04:10.730520 14957 raft_consensus.cc:2468] T be17f0536ffd4425a0db52b530c5f3ef P 09d3fa2b7ef942ae858e2c5727d99ce5 [term 0 FOLLOWER]: Leader pre-election vote request: Granting yes vote for candidate 435d239f6f2441ac9d0e835010bfd2b5 in term 0.
I20260709 13:04:10.730633 14958 raft_consensus.cc:2468] T c7c38457995f4e988d3ccf6bd94e6c37 P 09d3fa2b7ef942ae858e2c5727d99ce5 [term 0 FOLLOWER]: Leader pre-election vote request: Granting yes vote for candidate 39f9e4e2209748a69d253ea46414e575 in term 0.
I20260709 13:04:10.737659 14847 leader_election.cc:304] T c7c38457995f4e988d3ccf6bd94e6c37 P 39f9e4e2209748a69d253ea46414e575 [CANDIDATE]: Term 1 pre-election: Election decided. Result: candidate won. Election summary: received 2 responses out of 3 voters: 2 yes votes; 0 no votes. yes voters: 09d3fa2b7ef942ae858e2c5727d99ce5, 39f9e4e2209748a69d253ea46414e575; no voters: 
I20260709 13:04:10.734516 14996 leader_election.cc:304] T 32bc5a8acc774a1d9c7e99691a591567 P 435d239f6f2441ac9d0e835010bfd2b5 [CANDIDATE]: Term 1 election: Election decided. Result: candidate won. Election summary: received 2 responses out of 3 voters: 2 yes votes; 0 no votes. yes voters: 09d3fa2b7ef942ae858e2c5727d99ce5, 435d239f6f2441ac9d0e835010bfd2b5; no voters: 
I20260709 13:04:10.739279 15084 raft_consensus.cc:2804] T c7c38457995f4e988d3ccf6bd94e6c37 P 39f9e4e2209748a69d253ea46414e575 [term 0 FOLLOWER]: Leader pre-election won for term 1
I20260709 13:04:10.739944 15084 raft_consensus.cc:493] T c7c38457995f4e988d3ccf6bd94e6c37 P 39f9e4e2209748a69d253ea46414e575 [term 0 FOLLOWER]: Starting leader election (no leader contacted us within the election timeout)
I20260709 13:04:10.740361 15084 raft_consensus.cc:3060] T c7c38457995f4e988d3ccf6bd94e6c37 P 39f9e4e2209748a69d253ea46414e575 [term 0 FOLLOWER]: Advancing to term 1
I20260709 13:04:10.740551 15104 raft_consensus.cc:2804] T 32bc5a8acc774a1d9c7e99691a591567 P 435d239f6f2441ac9d0e835010bfd2b5 [term 1 FOLLOWER]: Leader election won for term 1
I20260709 13:04:10.738235 15077 tablet_bootstrap.cc:654] T 14bf28d1d32a48e7973484fb93521945 P 09d3fa2b7ef942ae858e2c5727d99ce5: Neither blocks nor log segments found. Creating new log.
W20260709 13:04:10.741586 14996 leader_election.cc:343] T 32bc5a8acc774a1d9c7e99691a591567 P 435d239f6f2441ac9d0e835010bfd2b5 [CANDIDATE]: Term 1 election: Tablet error from VoteRequest() call to peer 39f9e4e2209748a69d253ea46414e575 (127.14.103.1:33371): Illegal state: must be running to vote when last-logged opid is not known
I20260709 13:04:10.745621 15104 raft_consensus.cc:697] T 32bc5a8acc774a1d9c7e99691a591567 P 435d239f6f2441ac9d0e835010bfd2b5 [term 1 LEADER]: Becoming Leader. State: Replica: 435d239f6f2441ac9d0e835010bfd2b5, State: Running, Role: LEADER
W20260709 13:04:10.748086 14996 leader_election.cc:343] T be17f0536ffd4425a0db52b530c5f3ef P 435d239f6f2441ac9d0e835010bfd2b5 [CANDIDATE]: Term 1 pre-election: Tablet error from VoteRequest() call to peer 39f9e4e2209748a69d253ea46414e575 (127.14.103.1:33371): Illegal state: must be running to vote when last-logged opid is not known
I20260709 13:04:10.750574 14996 leader_election.cc:304] T be17f0536ffd4425a0db52b530c5f3ef P 435d239f6f2441ac9d0e835010bfd2b5 [CANDIDATE]: Term 1 pre-election: Election decided. Result: candidate won. Election summary: received 3 responses out of 3 voters: 2 yes votes; 1 no votes. yes voters: 09d3fa2b7ef942ae858e2c5727d99ce5, 435d239f6f2441ac9d0e835010bfd2b5; no voters: 39f9e4e2209748a69d253ea46414e575
I20260709 13:04:10.752425 15082 raft_consensus.cc:2804] T be17f0536ffd4425a0db52b530c5f3ef P 435d239f6f2441ac9d0e835010bfd2b5 [term 0 FOLLOWER]: Leader pre-election won for term 1
I20260709 13:04:10.753057 15082 raft_consensus.cc:493] T be17f0536ffd4425a0db52b530c5f3ef P 435d239f6f2441ac9d0e835010bfd2b5 [term 0 FOLLOWER]: Starting leader election (no leader contacted us within the election timeout)
I20260709 13:04:10.753855 15082 raft_consensus.cc:3060] T be17f0536ffd4425a0db52b530c5f3ef P 435d239f6f2441ac9d0e835010bfd2b5 [term 0 FOLLOWER]: Advancing to term 1
I20260709 13:04:10.756083 15084 raft_consensus.cc:515] T c7c38457995f4e988d3ccf6bd94e6c37 P 39f9e4e2209748a69d253ea46414e575 [term 1 FOLLOWER]: Starting leader election with config: opid_index: -1 OBSOLETE_local: false peers { permanent_uuid: "39f9e4e2209748a69d253ea46414e575" member_type: VOTER last_known_addr { host: "127.14.103.1" port: 33371 } } peers { permanent_uuid: "09d3fa2b7ef942ae858e2c5727d99ce5" member_type: VOTER last_known_addr { host: "127.14.103.2" port: 33423 } } peers { permanent_uuid: "435d239f6f2441ac9d0e835010bfd2b5" member_type: VOTER last_known_addr { host: "127.14.103.3" port: 45113 } }
I20260709 13:04:10.758656 15084 leader_election.cc:290] T c7c38457995f4e988d3ccf6bd94e6c37 P 39f9e4e2209748a69d253ea46414e575 [CANDIDATE]: Term 1 election: Requested vote from peers 09d3fa2b7ef942ae858e2c5727d99ce5 (127.14.103.2:33423), 435d239f6f2441ac9d0e835010bfd2b5 (127.14.103.3:45113)
I20260709 13:04:10.751716 15104 consensus_queue.cc:237] T 32bc5a8acc774a1d9c7e99691a591567 P 435d239f6f2441ac9d0e835010bfd2b5 [LEADER]: Queue going to LEADER mode. State: All replicated index: 0, Majority replicated index: 0, Committed index: 0, Last appended: 0.0, Last appended by leader: 0, Current term: 1, Majority size: 2, State: 0, Mode: LEADER, active raft config: opid_index: -1 OBSOLETE_local: false peers { permanent_uuid: "39f9e4e2209748a69d253ea46414e575" member_type: VOTER last_known_addr { host: "127.14.103.1" port: 33371 } } peers { permanent_uuid: "09d3fa2b7ef942ae858e2c5727d99ce5" member_type: VOTER last_known_addr { host: "127.14.103.2" port: 33423 } } peers { permanent_uuid: "435d239f6f2441ac9d0e835010bfd2b5" member_type: VOTER last_known_addr { host: "127.14.103.3" port: 45113 } }
I20260709 13:04:10.761914 14958 tablet_service.cc:1917] Received RequestConsensusVote() RPC: tablet_id: "c7c38457995f4e988d3ccf6bd94e6c37" candidate_uuid: "39f9e4e2209748a69d253ea46414e575" candidate_term: 1 candidate_status { last_received { term: 0 index: 0 } } ignore_live_leader: false dest_uuid: "09d3fa2b7ef942ae858e2c5727d99ce5"
I20260709 13:04:10.762923 14958 raft_consensus.cc:3060] T c7c38457995f4e988d3ccf6bd94e6c37 P 09d3fa2b7ef942ae858e2c5727d99ce5 [term 0 FOLLOWER]: Advancing to term 1
I20260709 13:04:10.767392 15082 raft_consensus.cc:515] T be17f0536ffd4425a0db52b530c5f3ef P 435d239f6f2441ac9d0e835010bfd2b5 [term 1 FOLLOWER]: Starting leader election with config: opid_index: -1 OBSOLETE_local: false peers { permanent_uuid: "39f9e4e2209748a69d253ea46414e575" member_type: VOTER last_known_addr { host: "127.14.103.1" port: 33371 } } peers { permanent_uuid: "09d3fa2b7ef942ae858e2c5727d99ce5" member_type: VOTER last_known_addr { host: "127.14.103.2" port: 33423 } } peers { permanent_uuid: "435d239f6f2441ac9d0e835010bfd2b5" member_type: VOTER last_known_addr { host: "127.14.103.3" port: 45113 } }
I20260709 13:04:10.770102 15075 tablet_bootstrap.cc:654] T 14bf28d1d32a48e7973484fb93521945 P 435d239f6f2441ac9d0e835010bfd2b5: Neither blocks nor log segments found. Creating new log.
I20260709 13:04:10.770219 15082 leader_election.cc:290] T be17f0536ffd4425a0db52b530c5f3ef P 435d239f6f2441ac9d0e835010bfd2b5 [CANDIDATE]: Term 1 election: Requested vote from peers 39f9e4e2209748a69d253ea46414e575 (127.14.103.1:33371), 09d3fa2b7ef942ae858e2c5727d99ce5 (127.14.103.2:33423)
I20260709 13:04:10.780599 14883 tablet_service.cc:1917] Received RequestConsensusVote() RPC: tablet_id: "be17f0536ffd4425a0db52b530c5f3ef" candidate_uuid: "435d239f6f2441ac9d0e835010bfd2b5" candidate_term: 1 candidate_status { last_received { term: 0 index: 0 } } ignore_live_leader: false dest_uuid: "39f9e4e2209748a69d253ea46414e575"
I20260709 13:04:10.783998 15107 raft_consensus.cc:493] T 7481805a7cfe4c2c8da2b33cf58c7ea5 P 09d3fa2b7ef942ae858e2c5727d99ce5 [term 0 FOLLOWER]: Starting pre-election (no leader contacted us within the election timeout)
I20260709 13:04:10.784883 14957 tablet_service.cc:1917] Received RequestConsensusVote() RPC: tablet_id: "be17f0536ffd4425a0db52b530c5f3ef" candidate_uuid: "435d239f6f2441ac9d0e835010bfd2b5" candidate_term: 1 candidate_status { last_received { term: 0 index: 0 } } ignore_live_leader: false dest_uuid: "09d3fa2b7ef942ae858e2c5727d99ce5"
I20260709 13:04:10.784562 15107 raft_consensus.cc:515] T 7481805a7cfe4c2c8da2b33cf58c7ea5 P 09d3fa2b7ef942ae858e2c5727d99ce5 [term 0 FOLLOWER]: Starting pre-election with config: opid_index: -1 OBSOLETE_local: false peers { permanent_uuid: "39f9e4e2209748a69d253ea46414e575" member_type: VOTER last_known_addr { host: "127.14.103.1" port: 33371 } } peers { permanent_uuid: "09d3fa2b7ef942ae858e2c5727d99ce5" member_type: VOTER last_known_addr { host: "127.14.103.2" port: 33423 } } peers { permanent_uuid: "435d239f6f2441ac9d0e835010bfd2b5" member_type: VOTER last_known_addr { host: "127.14.103.3" port: 45113 } }
I20260709 13:04:10.787599 15076 tablet_bootstrap.cc:492] T bb4dacc583b6453cb577a9e46c45c3af P 39f9e4e2209748a69d253ea46414e575: No bootstrap required, opened a new log
I20260709 13:04:10.788657 15084 raft_consensus.cc:493] T f54152e1e2cf41a3970778369876d656 P 39f9e4e2209748a69d253ea46414e575 [term 0 FOLLOWER]: Starting pre-election (no leader contacted us within the election timeout)
I20260709 13:04:10.789713 14883 tablet_service.cc:1917] Received RequestConsensusVote() RPC: tablet_id: "c7c38457995f4e988d3ccf6bd94e6c37" candidate_uuid: "09d3fa2b7ef942ae858e2c5727d99ce5" candidate_term: 1 candidate_status { last_received { term: 0 index: 0 } } ignore_live_leader: false dest_uuid: "39f9e4e2209748a69d253ea46414e575" is_pre_election: true
I20260709 13:04:10.789680 15084 raft_consensus.cc:515] T f54152e1e2cf41a3970778369876d656 P 39f9e4e2209748a69d253ea46414e575 [term 0 FOLLOWER]: Starting pre-election with config: opid_index: -1 OBSOLETE_local: false peers { permanent_uuid: "39f9e4e2209748a69d253ea46414e575" member_type: VOTER last_known_addr { host: "127.14.103.1" port: 33371 } } peers { permanent_uuid: "09d3fa2b7ef942ae858e2c5727d99ce5" member_type: VOTER last_known_addr { host: "127.14.103.2" port: 33423 } } peers { permanent_uuid: "435d239f6f2441ac9d0e835010bfd2b5" member_type: VOTER last_known_addr { host: "127.14.103.3" port: 45113 } }
I20260709 13:04:10.789980 15107 leader_election.cc:290] T 7481805a7cfe4c2c8da2b33cf58c7ea5 P 09d3fa2b7ef942ae858e2c5727d99ce5 [CANDIDATE]: Term 1 pre-election: Requested pre-vote from peers 39f9e4e2209748a69d253ea46414e575 (127.14.103.1:33371), 435d239f6f2441ac9d0e835010bfd2b5 (127.14.103.3:45113)
I20260709 13:04:10.790678 14883 raft_consensus.cc:2393] T c7c38457995f4e988d3ccf6bd94e6c37 P 39f9e4e2209748a69d253ea46414e575 [term 1 FOLLOWER]: Leader pre-election vote request: Denying vote to candidate 09d3fa2b7ef942ae858e2c5727d99ce5 in current term 1: Already voted for candidate 39f9e4e2209748a69d253ea46414e575 in this term.
I20260709 13:04:10.786837 14957 raft_consensus.cc:3060] T be17f0536ffd4425a0db52b530c5f3ef P 09d3fa2b7ef942ae858e2c5727d99ce5 [term 0 FOLLOWER]: Advancing to term 1
I20260709 13:04:10.791988 15084 leader_election.cc:290] T f54152e1e2cf41a3970778369876d656 P 39f9e4e2209748a69d253ea46414e575 [CANDIDATE]: Term 1 pre-election: Requested pre-vote from peers 09d3fa2b7ef942ae858e2c5727d99ce5 (127.14.103.2:33423), 435d239f6f2441ac9d0e835010bfd2b5 (127.14.103.3:45113)
I20260709 13:04:10.787999 15082 raft_consensus.cc:493] T c7c38457995f4e988d3ccf6bd94e6c37 P 435d239f6f2441ac9d0e835010bfd2b5 [term 0 FOLLOWER]: Starting pre-election (no leader contacted us within the election timeout)
I20260709 13:04:10.796243 14882 tablet_service.cc:1917] Received RequestConsensusVote() RPC: tablet_id: "7481805a7cfe4c2c8da2b33cf58c7ea5" candidate_uuid: "09d3fa2b7ef942ae858e2c5727d99ce5" candidate_term: 1 candidate_status { last_received { term: 0 index: 0 } } ignore_live_leader: false dest_uuid: "39f9e4e2209748a69d253ea46414e575" is_pre_election: true
I20260709 13:04:10.796135 14956 tablet_service.cc:1917] Received RequestConsensusVote() RPC: tablet_id: "f54152e1e2cf41a3970778369876d656" candidate_uuid: "39f9e4e2209748a69d253ea46414e575" candidate_term: 1 candidate_status { last_received { term: 0 index: 0 } } ignore_live_leader: false dest_uuid: "09d3fa2b7ef942ae858e2c5727d99ce5" is_pre_election: true
I20260709 13:04:10.797902 14956 raft_consensus.cc:2468] T f54152e1e2cf41a3970778369876d656 P 09d3fa2b7ef942ae858e2c5727d99ce5 [term 0 FOLLOWER]: Leader pre-election vote request: Granting yes vote for candidate 39f9e4e2209748a69d253ea46414e575 in term 0.
I20260709 13:04:10.794754 14883 tablet_service.cc:1917] Received RequestConsensusVote() RPC: tablet_id: "be17f0536ffd4425a0db52b530c5f3ef" candidate_uuid: "09d3fa2b7ef942ae858e2c5727d99ce5" candidate_term: 1 candidate_status { last_received { term: 0 index: 0 } } ignore_live_leader: false dest_uuid: "39f9e4e2209748a69d253ea46414e575" is_pre_election: true
I20260709 13:04:10.794201 15076 ts_tablet_manager.cc:1403] T bb4dacc583b6453cb577a9e46c45c3af P 39f9e4e2209748a69d253ea46414e575: Time spent bootstrapping tablet: real 0.181s	user 0.021s	sys 0.016s
W20260709 13:04:10.794032 14996 leader_election.cc:343] T be17f0536ffd4425a0db52b530c5f3ef P 435d239f6f2441ac9d0e835010bfd2b5 [CANDIDATE]: Term 1 election: Tablet error from VoteRequest() call to peer 39f9e4e2209748a69d253ea46414e575 (127.14.103.1:33371): Illegal state: must be running to vote when last-logged opid is not known
W20260709 13:04:10.800832 14922 leader_election.cc:343] T 7481805a7cfe4c2c8da2b33cf58c7ea5 P 09d3fa2b7ef942ae858e2c5727d99ce5 [CANDIDATE]: Term 1 pre-election: Tablet error from VoteRequest() call to peer 39f9e4e2209748a69d253ea46414e575 (127.14.103.1:33371): Illegal state: must be running to vote when last-logged opid is not known
I20260709 13:04:10.800899 15032 tablet_service.cc:1917] Received RequestConsensusVote() RPC: tablet_id: "c7c38457995f4e988d3ccf6bd94e6c37" candidate_uuid: "39f9e4e2209748a69d253ea46414e575" candidate_term: 1 candidate_status { last_received { term: 0 index: 0 } } ignore_live_leader: false dest_uuid: "435d239f6f2441ac9d0e835010bfd2b5" is_pre_election: true
I20260709 13:04:10.802451 14847 leader_election.cc:304] T f54152e1e2cf41a3970778369876d656 P 39f9e4e2209748a69d253ea46414e575 [CANDIDATE]: Term 1 pre-election: Election decided. Result: candidate won. Election summary: received 2 responses out of 3 voters: 2 yes votes; 0 no votes. yes voters: 09d3fa2b7ef942ae858e2c5727d99ce5, 39f9e4e2209748a69d253ea46414e575; no voters: 
I20260709 13:04:10.799290 15082 raft_consensus.cc:515] T c7c38457995f4e988d3ccf6bd94e6c37 P 435d239f6f2441ac9d0e835010bfd2b5 [term 0 FOLLOWER]: Starting pre-election with config: opid_index: -1 OBSOLETE_local: false peers { permanent_uuid: "39f9e4e2209748a69d253ea46414e575" member_type: VOTER last_known_addr { host: "127.14.103.1" port: 33371 } } peers { permanent_uuid: "09d3fa2b7ef942ae858e2c5727d99ce5" member_type: VOTER last_known_addr { host: "127.14.103.2" port: 33423 } } peers { permanent_uuid: "435d239f6f2441ac9d0e835010bfd2b5" member_type: VOTER last_known_addr { host: "127.14.103.3" port: 45113 } }
I20260709 13:04:10.803206 15084 raft_consensus.cc:2804] T f54152e1e2cf41a3970778369876d656 P 39f9e4e2209748a69d253ea46414e575 [term 0 FOLLOWER]: Leader pre-election won for term 1
I20260709 13:04:10.803565 15084 raft_consensus.cc:493] T f54152e1e2cf41a3970778369876d656 P 39f9e4e2209748a69d253ea46414e575 [term 0 FOLLOWER]: Starting leader election (no leader contacted us within the election timeout)
I20260709 13:04:10.803750 15032 raft_consensus.cc:2468] T c7c38457995f4e988d3ccf6bd94e6c37 P 435d239f6f2441ac9d0e835010bfd2b5 [term 0 FOLLOWER]: Leader pre-election vote request: Granting yes vote for candidate 39f9e4e2209748a69d253ea46414e575 in term 0.
I20260709 13:04:10.803965 15084 raft_consensus.cc:3060] T f54152e1e2cf41a3970778369876d656 P 39f9e4e2209748a69d253ea46414e575 [term 0 FOLLOWER]: Advancing to term 1
W20260709 13:04:10.805131 14922 leader_election.cc:343] T be17f0536ffd4425a0db52b530c5f3ef P 09d3fa2b7ef942ae858e2c5727d99ce5 [CANDIDATE]: Term 1 pre-election: Tablet error from VoteRequest() call to peer 39f9e4e2209748a69d253ea46414e575 (127.14.103.1:33371): Illegal state: must be running to vote when last-logged opid is not known
I20260709 13:04:10.810166 15031 tablet_service.cc:1917] Received RequestConsensusVote() RPC: tablet_id: "c7c38457995f4e988d3ccf6bd94e6c37" candidate_uuid: "39f9e4e2209748a69d253ea46414e575" candidate_term: 1 candidate_status { last_received { term: 0 index: 0 } } ignore_live_leader: false dest_uuid: "435d239f6f2441ac9d0e835010bfd2b5"
I20260709 13:04:10.811949 15031 raft_consensus.cc:3060] T c7c38457995f4e988d3ccf6bd94e6c37 P 435d239f6f2441ac9d0e835010bfd2b5 [term 0 FOLLOWER]: Advancing to term 1
I20260709 13:04:10.815095 14883 tablet_service.cc:1917] Received RequestConsensusVote() RPC: tablet_id: "c7c38457995f4e988d3ccf6bd94e6c37" candidate_uuid: "435d239f6f2441ac9d0e835010bfd2b5" candidate_term: 1 candidate_status { last_received { term: 0 index: 0 } } ignore_live_leader: false dest_uuid: "39f9e4e2209748a69d253ea46414e575" is_pre_election: true
I20260709 13:04:10.816162 14883 raft_consensus.cc:2393] T c7c38457995f4e988d3ccf6bd94e6c37 P 39f9e4e2209748a69d253ea46414e575 [term 1 FOLLOWER]: Leader pre-election vote request: Denying vote to candidate 435d239f6f2441ac9d0e835010bfd2b5 in current term 1: Already voted for candidate 39f9e4e2209748a69d253ea46414e575 in this term.
I20260709 13:04:10.816535 15032 tablet_service.cc:1917] Received RequestConsensusVote() RPC: tablet_id: "f54152e1e2cf41a3970778369876d656" candidate_uuid: "39f9e4e2209748a69d253ea46414e575" candidate_term: 1 candidate_status { last_received { term: 0 index: 0 } } ignore_live_leader: false dest_uuid: "435d239f6f2441ac9d0e835010bfd2b5" is_pre_election: true
I20260709 13:04:10.825495 14958 raft_consensus.cc:2468] T c7c38457995f4e988d3ccf6bd94e6c37 P 09d3fa2b7ef942ae858e2c5727d99ce5 [term 1 FOLLOWER]: Leader election vote request: Granting yes vote for candidate 39f9e4e2209748a69d253ea46414e575 in term 1.
I20260709 13:04:10.827322 15077 tablet_bootstrap.cc:492] T 14bf28d1d32a48e7973484fb93521945 P 09d3fa2b7ef942ae858e2c5727d99ce5: No bootstrap required, opened a new log
I20260709 13:04:10.827816 15077 ts_tablet_manager.cc:1403] T 14bf28d1d32a48e7973484fb93521945 P 09d3fa2b7ef942ae858e2c5727d99ce5: Time spent bootstrapping tablet: real 0.137s	user 0.018s	sys 0.003s
I20260709 13:04:10.827987 14847 leader_election.cc:304] T c7c38457995f4e988d3ccf6bd94e6c37 P 39f9e4e2209748a69d253ea46414e575 [CANDIDATE]: Term 1 election: Election decided. Result: candidate won. Election summary: received 2 responses out of 3 voters: 2 yes votes; 0 no votes. yes voters: 09d3fa2b7ef942ae858e2c5727d99ce5, 39f9e4e2209748a69d253ea46414e575; no voters: 
I20260709 13:04:10.829516 15082 leader_election.cc:290] T c7c38457995f4e988d3ccf6bd94e6c37 P 435d239f6f2441ac9d0e835010bfd2b5 [CANDIDATE]: Term 1 pre-election: Requested pre-vote from peers 39f9e4e2209748a69d253ea46414e575 (127.14.103.1:33371), 09d3fa2b7ef942ae858e2c5727d99ce5 (127.14.103.2:33423)
I20260709 13:04:10.830806 14957 raft_consensus.cc:2468] T be17f0536ffd4425a0db52b530c5f3ef P 09d3fa2b7ef942ae858e2c5727d99ce5 [term 1 FOLLOWER]: Leader election vote request: Granting yes vote for candidate 435d239f6f2441ac9d0e835010bfd2b5 in term 1.
W20260709 13:04:10.832885 14846 leader_election.cc:343] T f54152e1e2cf41a3970778369876d656 P 39f9e4e2209748a69d253ea46414e575 [CANDIDATE]: Term 1 pre-election: Tablet error from VoteRequest() call to peer 435d239f6f2441ac9d0e835010bfd2b5 (127.14.103.3:45113): Illegal state: must be running to vote when last-logged opid is not known
I20260709 13:04:10.834103 15032 tablet_service.cc:1917] Received RequestConsensusVote() RPC: tablet_id: "c7c38457995f4e988d3ccf6bd94e6c37" candidate_uuid: "09d3fa2b7ef942ae858e2c5727d99ce5" candidate_term: 1 candidate_status { last_received { term: 0 index: 0 } } ignore_live_leader: false dest_uuid: "435d239f6f2441ac9d0e835010bfd2b5" is_pre_election: true
I20260709 13:04:10.836135 15084 raft_consensus.cc:515] T f54152e1e2cf41a3970778369876d656 P 39f9e4e2209748a69d253ea46414e575 [term 1 FOLLOWER]: Starting leader election with config: opid_index: -1 OBSOLETE_local: false peers { permanent_uuid: "39f9e4e2209748a69d253ea46414e575" member_type: VOTER last_known_addr { host: "127.14.103.1" port: 33371 } } peers { permanent_uuid: "09d3fa2b7ef942ae858e2c5727d99ce5" member_type: VOTER last_known_addr { host: "127.14.103.2" port: 33423 } } peers { permanent_uuid: "435d239f6f2441ac9d0e835010bfd2b5" member_type: VOTER last_known_addr { host: "127.14.103.3" port: 45113 } }
I20260709 13:04:10.840325 15032 tablet_service.cc:1917] Received RequestConsensusVote() RPC: tablet_id: "be17f0536ffd4425a0db52b530c5f3ef" candidate_uuid: "09d3fa2b7ef942ae858e2c5727d99ce5" candidate_term: 1 candidate_status { last_received { term: 0 index: 0 } } ignore_live_leader: false dest_uuid: "435d239f6f2441ac9d0e835010bfd2b5" is_pre_election: true
I20260709 13:04:10.841079 15032 raft_consensus.cc:2393] T be17f0536ffd4425a0db52b530c5f3ef P 435d239f6f2441ac9d0e835010bfd2b5 [term 1 FOLLOWER]: Leader pre-election vote request: Denying vote to candidate 09d3fa2b7ef942ae858e2c5727d99ce5 in current term 1: Already voted for candidate 435d239f6f2441ac9d0e835010bfd2b5 in this term.
I20260709 13:04:10.841641 15084 leader_election.cc:290] T f54152e1e2cf41a3970778369876d656 P 39f9e4e2209748a69d253ea46414e575 [CANDIDATE]: Term 1 election: Requested vote from peers 09d3fa2b7ef942ae858e2c5727d99ce5 (127.14.103.2:33423), 435d239f6f2441ac9d0e835010bfd2b5 (127.14.103.3:45113)
I20260709 13:04:10.842279 15084 raft_consensus.cc:2804] T c7c38457995f4e988d3ccf6bd94e6c37 P 39f9e4e2209748a69d253ea46414e575 [term 1 FOLLOWER]: Leader election won for term 1
I20260709 13:04:10.842621 15030 tablet_service.cc:1917] Received RequestConsensusVote() RPC: tablet_id: "7481805a7cfe4c2c8da2b33cf58c7ea5" candidate_uuid: "09d3fa2b7ef942ae858e2c5727d99ce5" candidate_term: 1 candidate_status { last_received { term: 0 index: 0 } } ignore_live_leader: false dest_uuid: "435d239f6f2441ac9d0e835010bfd2b5" is_pre_election: true
I20260709 13:04:10.843327 15030 raft_consensus.cc:2468] T 7481805a7cfe4c2c8da2b33cf58c7ea5 P 435d239f6f2441ac9d0e835010bfd2b5 [term 0 FOLLOWER]: Leader pre-election vote request: Granting yes vote for candidate 09d3fa2b7ef942ae858e2c5727d99ce5 in term 0.
I20260709 13:04:10.836741 14957 tablet_service.cc:1917] Received RequestConsensusVote() RPC: tablet_id: "c7c38457995f4e988d3ccf6bd94e6c37" candidate_uuid: "435d239f6f2441ac9d0e835010bfd2b5" candidate_term: 1 candidate_status { last_received { term: 0 index: 0 } } ignore_live_leader: false dest_uuid: "09d3fa2b7ef942ae858e2c5727d99ce5" is_pre_election: true
I20260709 13:04:10.837353 15076 raft_consensus.cc:359] T bb4dacc583b6453cb577a9e46c45c3af P 39f9e4e2209748a69d253ea46414e575 [term 0 FOLLOWER]: Replica starting. Triggering 0 pending ops. Active config: opid_index: -1 OBSOLETE_local: false peers { permanent_uuid: "39f9e4e2209748a69d253ea46414e575" member_type: VOTER last_known_addr { host: "127.14.103.1" port: 33371 } } peers { permanent_uuid: "09d3fa2b7ef942ae858e2c5727d99ce5" member_type: VOTER last_known_addr { host: "127.14.103.2" port: 33423 } } peers { permanent_uuid: "435d239f6f2441ac9d0e835010bfd2b5" member_type: VOTER last_known_addr { host: "127.14.103.3" port: 45113 } }
I20260709 13:04:10.844159 15076 raft_consensus.cc:385] T bb4dacc583b6453cb577a9e46c45c3af P 39f9e4e2209748a69d253ea46414e575 [term 0 FOLLOWER]: Consensus starting up: Expiring failure detector timer to make a prompt election more likely
I20260709 13:04:10.844378 14957 raft_consensus.cc:2393] T c7c38457995f4e988d3ccf6bd94e6c37 P 09d3fa2b7ef942ae858e2c5727d99ce5 [term 1 FOLLOWER]: Leader pre-election vote request: Denying vote to candidate 435d239f6f2441ac9d0e835010bfd2b5 in current term 1: Already voted for candidate 39f9e4e2209748a69d253ea46414e575 in this term.
I20260709 13:04:10.844527 15076 raft_consensus.cc:740] T bb4dacc583b6453cb577a9e46c45c3af P 39f9e4e2209748a69d253ea46414e575 [term 0 FOLLOWER]: Becoming Follower/Learner. State: Replica: 39f9e4e2209748a69d253ea46414e575, State: Initialized, Role: FOLLOWER
I20260709 13:04:10.845325 15076 consensus_queue.cc:260] T bb4dacc583b6453cb577a9e46c45c3af P 39f9e4e2209748a69d253ea46414e575 [NON_LEADER]: Queue going to NON_LEADER mode. State: All replicated index: 0, Majority replicated index: 0, Committed index: 0, Last appended: 0.0, Last appended by leader: 0, Current term: 0, Majority size: -1, State: 0, Mode: NON_LEADER, active raft config: opid_index: -1 OBSOLETE_local: false peers { permanent_uuid: "39f9e4e2209748a69d253ea46414e575" member_type: VOTER last_known_addr { host: "127.14.103.1" port: 33371 } } peers { permanent_uuid: "09d3fa2b7ef942ae858e2c5727d99ce5" member_type: VOTER last_known_addr { host: "127.14.103.2" port: 33423 } } peers { permanent_uuid: "435d239f6f2441ac9d0e835010bfd2b5" member_type: VOTER last_known_addr { host: "127.14.103.3" port: 45113 } }
I20260709 13:04:10.839699 15031 raft_consensus.cc:2468] T c7c38457995f4e988d3ccf6bd94e6c37 P 435d239f6f2441ac9d0e835010bfd2b5 [term 1 FOLLOWER]: Leader election vote request: Granting yes vote for candidate 39f9e4e2209748a69d253ea46414e575 in term 1.
I20260709 13:04:10.842792 15084 raft_consensus.cc:697] T c7c38457995f4e988d3ccf6bd94e6c37 P 39f9e4e2209748a69d253ea46414e575 [term 1 LEADER]: Becoming Leader. State: Replica: 39f9e4e2209748a69d253ea46414e575, State: Running, Role: LEADER
I20260709 13:04:10.845659 14921 leader_election.cc:304] T c7c38457995f4e988d3ccf6bd94e6c37 P 09d3fa2b7ef942ae858e2c5727d99ce5 [CANDIDATE]: Term 1 pre-election: Election decided. Result: candidate lost. Election summary: received 3 responses out of 3 voters: 1 yes votes; 2 no votes. yes voters: 09d3fa2b7ef942ae858e2c5727d99ce5; no voters: 39f9e4e2209748a69d253ea46414e575, 435d239f6f2441ac9d0e835010bfd2b5
I20260709 13:04:10.848614 15084 consensus_queue.cc:237] T c7c38457995f4e988d3ccf6bd94e6c37 P 39f9e4e2209748a69d253ea46414e575 [LEADER]: Queue going to LEADER mode. State: All replicated index: 0, Majority replicated index: 0, Committed index: 0, Last appended: 0.0, Last appended by leader: 0, Current term: 1, Majority size: 2, State: 0, Mode: LEADER, active raft config: opid_index: -1 OBSOLETE_local: false peers { permanent_uuid: "39f9e4e2209748a69d253ea46414e575" member_type: VOTER last_known_addr { host: "127.14.103.1" port: 33371 } } peers { permanent_uuid: "09d3fa2b7ef942ae858e2c5727d99ce5" member_type: VOTER last_known_addr { host: "127.14.103.2" port: 33423 } } peers { permanent_uuid: "435d239f6f2441ac9d0e835010bfd2b5" member_type: VOTER last_known_addr { host: "127.14.103.3" port: 45113 } }
I20260709 13:04:10.849501 15107 raft_consensus.cc:2749] T c7c38457995f4e988d3ccf6bd94e6c37 P 09d3fa2b7ef942ae858e2c5727d99ce5 [term 1 FOLLOWER]: Leader pre-election lost for term 1. Reason: could not achieve majority
I20260709 13:04:10.836381 14996 leader_election.cc:304] T be17f0536ffd4425a0db52b530c5f3ef P 435d239f6f2441ac9d0e835010bfd2b5 [CANDIDATE]: Term 1 election: Election decided. Result: candidate won. Election summary: received 3 responses out of 3 voters: 2 yes votes; 1 no votes. yes voters: 09d3fa2b7ef942ae858e2c5727d99ce5, 435d239f6f2441ac9d0e835010bfd2b5; no voters: 39f9e4e2209748a69d253ea46414e575
I20260709 13:04:10.848971 14921 leader_election.cc:304] T be17f0536ffd4425a0db52b530c5f3ef P 09d3fa2b7ef942ae858e2c5727d99ce5 [CANDIDATE]: Term 1 pre-election: Election decided. Result: candidate lost. Election summary: received 3 responses out of 3 voters: 1 yes votes; 2 no votes. yes voters: 09d3fa2b7ef942ae858e2c5727d99ce5; no voters: 39f9e4e2209748a69d253ea46414e575, 435d239f6f2441ac9d0e835010bfd2b5
I20260709 13:04:10.839371 15077 raft_consensus.cc:359] T 14bf28d1d32a48e7973484fb93521945 P 09d3fa2b7ef942ae858e2c5727d99ce5 [term 0 FOLLOWER]: Replica starting. Triggering 0 pending ops. Active config: opid_index: -1 OBSOLETE_local: false peers { permanent_uuid: "39f9e4e2209748a69d253ea46414e575" member_type: VOTER last_known_addr { host: "127.14.103.1" port: 33371 } } peers { permanent_uuid: "09d3fa2b7ef942ae858e2c5727d99ce5" member_type: VOTER last_known_addr { host: "127.14.103.2" port: 33423 } } peers { permanent_uuid: "435d239f6f2441ac9d0e835010bfd2b5" member_type: VOTER last_known_addr { host: "127.14.103.3" port: 45113 } }
I20260709 13:04:10.850266 15077 raft_consensus.cc:385] T 14bf28d1d32a48e7973484fb93521945 P 09d3fa2b7ef942ae858e2c5727d99ce5 [term 0 FOLLOWER]: Consensus starting up: Expiring failure detector timer to make a prompt election more likely
I20260709 13:04:10.850589 15077 raft_consensus.cc:740] T 14bf28d1d32a48e7973484fb93521945 P 09d3fa2b7ef942ae858e2c5727d99ce5 [term 0 FOLLOWER]: Becoming Follower/Learner. State: Replica: 09d3fa2b7ef942ae858e2c5727d99ce5, State: Initialized, Role: FOLLOWER
I20260709 13:04:10.850811 14921 leader_election.cc:304] T 7481805a7cfe4c2c8da2b33cf58c7ea5 P 09d3fa2b7ef942ae858e2c5727d99ce5 [CANDIDATE]: Term 1 pre-election: Election decided. Result: candidate won. Election summary: received 3 responses out of 3 voters: 2 yes votes; 1 no votes. yes voters: 09d3fa2b7ef942ae858e2c5727d99ce5, 435d239f6f2441ac9d0e835010bfd2b5; no voters: 39f9e4e2209748a69d253ea46414e575
I20260709 13:04:10.851523 15081 raft_consensus.cc:2749] T be17f0536ffd4425a0db52b530c5f3ef P 09d3fa2b7ef942ae858e2c5727d99ce5 [term 1 FOLLOWER]: Leader pre-election lost for term 1. Reason: could not achieve majority
I20260709 13:04:10.852070 15107 raft_consensus.cc:2804] T 7481805a7cfe4c2c8da2b33cf58c7ea5 P 09d3fa2b7ef942ae858e2c5727d99ce5 [term 0 FOLLOWER]: Leader pre-election won for term 1
I20260709 13:04:10.852509 15107 raft_consensus.cc:493] T 7481805a7cfe4c2c8da2b33cf58c7ea5 P 09d3fa2b7ef942ae858e2c5727d99ce5 [term 0 FOLLOWER]: Starting leader election (no leader contacted us within the election timeout)
I20260709 13:04:10.851346 15077 consensus_queue.cc:260] T 14bf28d1d32a48e7973484fb93521945 P 09d3fa2b7ef942ae858e2c5727d99ce5 [NON_LEADER]: Queue going to NON_LEADER mode. State: All replicated index: 0, Majority replicated index: 0, Committed index: 0, Last appended: 0.0, Last appended by leader: 0, Current term: 0, Majority size: -1, State: 0, Mode: NON_LEADER, active raft config: opid_index: -1 OBSOLETE_local: false peers { permanent_uuid: "39f9e4e2209748a69d253ea46414e575" member_type: VOTER last_known_addr { host: "127.14.103.1" port: 33371 } } peers { permanent_uuid: "09d3fa2b7ef942ae858e2c5727d99ce5" member_type: VOTER last_known_addr { host: "127.14.103.2" port: 33423 } } peers { permanent_uuid: "435d239f6f2441ac9d0e835010bfd2b5" member_type: VOTER last_known_addr { host: "127.14.103.3" port: 45113 } }
I20260709 13:04:10.852845 15107 raft_consensus.cc:3060] T 7481805a7cfe4c2c8da2b33cf58c7ea5 P 09d3fa2b7ef942ae858e2c5727d99ce5 [term 0 FOLLOWER]: Advancing to term 1
I20260709 13:04:10.854699 15077 ts_tablet_manager.cc:1434] T 14bf28d1d32a48e7973484fb93521945 P 09d3fa2b7ef942ae858e2c5727d99ce5: Time spent starting tablet: real 0.027s	user 0.006s	sys 0.000s
I20260709 13:04:10.855727 15077 tablet_bootstrap.cc:492] T bb4dacc583b6453cb577a9e46c45c3af P 09d3fa2b7ef942ae858e2c5727d99ce5: Bootstrap starting.
I20260709 13:04:10.861666 15081 raft_consensus.cc:493] T 810f60f24e33413985aa63f396a2b55a P 09d3fa2b7ef942ae858e2c5727d99ce5 [term 0 FOLLOWER]: Starting pre-election (no leader contacted us within the election timeout)
I20260709 13:04:10.862134 15081 raft_consensus.cc:515] T 810f60f24e33413985aa63f396a2b55a P 09d3fa2b7ef942ae858e2c5727d99ce5 [term 0 FOLLOWER]: Starting pre-election with config: opid_index: -1 OBSOLETE_local: false peers { permanent_uuid: "435d239f6f2441ac9d0e835010bfd2b5" member_type: VOTER last_known_addr { host: "127.14.103.3" port: 45113 } } peers { permanent_uuid: "09d3fa2b7ef942ae858e2c5727d99ce5" member_type: VOTER last_known_addr { host: "127.14.103.2" port: 33423 } } peers { permanent_uuid: "39f9e4e2209748a69d253ea46414e575" member_type: VOTER last_known_addr { host: "127.14.103.1" port: 33371 } }
I20260709 13:04:10.864161 15081 leader_election.cc:290] T 810f60f24e33413985aa63f396a2b55a P 09d3fa2b7ef942ae858e2c5727d99ce5 [CANDIDATE]: Term 1 pre-election: Requested pre-vote from peers 435d239f6f2441ac9d0e835010bfd2b5 (127.14.103.3:45113), 39f9e4e2209748a69d253ea46414e575 (127.14.103.1:33371)
I20260709 13:04:10.865250 14883 tablet_service.cc:1917] Received RequestConsensusVote() RPC: tablet_id: "810f60f24e33413985aa63f396a2b55a" candidate_uuid: "09d3fa2b7ef942ae858e2c5727d99ce5" candidate_term: 1 candidate_status { last_received { term: 0 index: 0 } } ignore_live_leader: false dest_uuid: "39f9e4e2209748a69d253ea46414e575" is_pre_election: true
W20260709 13:04:10.866583 14922 leader_election.cc:343] T 810f60f24e33413985aa63f396a2b55a P 09d3fa2b7ef942ae858e2c5727d99ce5 [CANDIDATE]: Term 1 pre-election: Tablet error from VoteRequest() call to peer 39f9e4e2209748a69d253ea46414e575 (127.14.103.1:33371): Illegal state: must be running to vote when last-logged opid is not known
I20260709 13:04:10.870903 15107 raft_consensus.cc:515] T 7481805a7cfe4c2c8da2b33cf58c7ea5 P 09d3fa2b7ef942ae858e2c5727d99ce5 [term 1 FOLLOWER]: Starting leader election with config: opid_index: -1 OBSOLETE_local: false peers { permanent_uuid: "39f9e4e2209748a69d253ea46414e575" member_type: VOTER last_known_addr { host: "127.14.103.1" port: 33371 } } peers { permanent_uuid: "09d3fa2b7ef942ae858e2c5727d99ce5" member_type: VOTER last_known_addr { host: "127.14.103.2" port: 33423 } } peers { permanent_uuid: "435d239f6f2441ac9d0e835010bfd2b5" member_type: VOTER last_known_addr { host: "127.14.103.3" port: 45113 } }
I20260709 13:04:10.874831 15077 tablet_bootstrap.cc:654] T bb4dacc583b6453cb577a9e46c45c3af P 09d3fa2b7ef942ae858e2c5727d99ce5: Neither blocks nor log segments found. Creating new log.
I20260709 13:04:10.875022 15082 raft_consensus.cc:2804] T be17f0536ffd4425a0db52b530c5f3ef P 435d239f6f2441ac9d0e835010bfd2b5 [term 1 FOLLOWER]: Leader election won for term 1
I20260709 13:04:10.877197 15030 tablet_service.cc:1917] Received RequestConsensusVote() RPC: tablet_id: "f54152e1e2cf41a3970778369876d656" candidate_uuid: "39f9e4e2209748a69d253ea46414e575" candidate_term: 1 candidate_status { last_received { term: 0 index: 0 } } ignore_live_leader: false dest_uuid: "435d239f6f2441ac9d0e835010bfd2b5"
W20260709 13:04:10.879568 14846 leader_election.cc:343] T f54152e1e2cf41a3970778369876d656 P 39f9e4e2209748a69d253ea46414e575 [CANDIDATE]: Term 1 election: Tablet error from VoteRequest() call to peer 435d239f6f2441ac9d0e835010bfd2b5 (127.14.103.3:45113): Illegal state: must be running to vote when last-logged opid is not known
I20260709 13:04:10.876171 14996 leader_election.cc:304] T c7c38457995f4e988d3ccf6bd94e6c37 P 435d239f6f2441ac9d0e835010bfd2b5 [CANDIDATE]: Term 1 pre-election: Election decided. Result: candidate lost. Election summary: received 3 responses out of 3 voters: 1 yes votes; 2 no votes. yes voters: 435d239f6f2441ac9d0e835010bfd2b5; no voters: 09d3fa2b7ef942ae858e2c5727d99ce5, 39f9e4e2209748a69d253ea46414e575
I20260709 13:04:10.882866 15030 tablet_service.cc:1917] Received RequestConsensusVote() RPC: tablet_id: "810f60f24e33413985aa63f396a2b55a" candidate_uuid: "09d3fa2b7ef942ae858e2c5727d99ce5" candidate_term: 1 candidate_status { last_received { term: 0 index: 0 } } ignore_live_leader: false dest_uuid: "435d239f6f2441ac9d0e835010bfd2b5" is_pre_election: true
I20260709 13:04:10.883639 15030 raft_consensus.cc:2468] T 810f60f24e33413985aa63f396a2b55a P 435d239f6f2441ac9d0e835010bfd2b5 [term 0 FOLLOWER]: Leader pre-election vote request: Granting yes vote for candidate 09d3fa2b7ef942ae858e2c5727d99ce5 in term 0.
I20260709 13:04:10.884970 14921 leader_election.cc:304] T 810f60f24e33413985aa63f396a2b55a P 09d3fa2b7ef942ae858e2c5727d99ce5 [CANDIDATE]: Term 1 pre-election: Election decided. Result: candidate won. Election summary: received 3 responses out of 3 voters: 2 yes votes; 1 no votes. yes voters: 09d3fa2b7ef942ae858e2c5727d99ce5, 435d239f6f2441ac9d0e835010bfd2b5; no voters: 39f9e4e2209748a69d253ea46414e575
I20260709 13:04:10.886178 15081 raft_consensus.cc:2804] T 810f60f24e33413985aa63f396a2b55a P 09d3fa2b7ef942ae858e2c5727d99ce5 [term 0 FOLLOWER]: Leader pre-election won for term 1
I20260709 13:04:10.886564 15081 raft_consensus.cc:493] T 810f60f24e33413985aa63f396a2b55a P 09d3fa2b7ef942ae858e2c5727d99ce5 [term 0 FOLLOWER]: Starting leader election (no leader contacted us within the election timeout)
I20260709 13:04:10.886883 15081 raft_consensus.cc:3060] T 810f60f24e33413985aa63f396a2b55a P 09d3fa2b7ef942ae858e2c5727d99ce5 [term 0 FOLLOWER]: Advancing to term 1
I20260709 13:04:10.888917 15116 raft_consensus.cc:2749] T c7c38457995f4e988d3ccf6bd94e6c37 P 435d239f6f2441ac9d0e835010bfd2b5 [term 1 FOLLOWER]: Leader pre-election lost for term 1. Reason: could not achieve majority
W20260709 13:04:10.894574 14847 outbound_call.cc:321] RPC callback for RPC call kudu.consensus.ConsensusService.RequestConsensusVote -> {remote=127.14.103.2:33423, user_credentials={real_user=slave}} blocked reactor thread for 63989.4us
I20260709 13:04:10.896808 15082 raft_consensus.cc:697] T be17f0536ffd4425a0db52b530c5f3ef P 435d239f6f2441ac9d0e835010bfd2b5 [term 1 LEADER]: Becoming Leader. State: Replica: 435d239f6f2441ac9d0e835010bfd2b5, State: Running, Role: LEADER
I20260709 13:04:10.897198 14957 tablet_service.cc:1917] Received RequestConsensusVote() RPC: tablet_id: "f54152e1e2cf41a3970778369876d656" candidate_uuid: "39f9e4e2209748a69d253ea46414e575" candidate_term: 1 candidate_status { last_received { term: 0 index: 0 } } ignore_live_leader: false dest_uuid: "09d3fa2b7ef942ae858e2c5727d99ce5"
I20260709 13:04:10.897907 14957 raft_consensus.cc:3060] T f54152e1e2cf41a3970778369876d656 P 09d3fa2b7ef942ae858e2c5727d99ce5 [term 0 FOLLOWER]: Advancing to term 1
I20260709 13:04:10.898082 15082 consensus_queue.cc:237] T be17f0536ffd4425a0db52b530c5f3ef P 435d239f6f2441ac9d0e835010bfd2b5 [LEADER]: Queue going to LEADER mode. State: All replicated index: 0, Majority replicated index: 0, Committed index: 0, Last appended: 0.0, Last appended by leader: 0, Current term: 1, Majority size: 2, State: 0, Mode: LEADER, active raft config: opid_index: -1 OBSOLETE_local: false peers { permanent_uuid: "39f9e4e2209748a69d253ea46414e575" member_type: VOTER last_known_addr { host: "127.14.103.1" port: 33371 } } peers { permanent_uuid: "09d3fa2b7ef942ae858e2c5727d99ce5" member_type: VOTER last_known_addr { host: "127.14.103.2" port: 33423 } } peers { permanent_uuid: "435d239f6f2441ac9d0e835010bfd2b5" member_type: VOTER last_known_addr { host: "127.14.103.3" port: 45113 } }
I20260709 13:04:10.898942 15081 raft_consensus.cc:515] T 810f60f24e33413985aa63f396a2b55a P 09d3fa2b7ef942ae858e2c5727d99ce5 [term 1 FOLLOWER]: Starting leader election with config: opid_index: -1 OBSOLETE_local: false peers { permanent_uuid: "435d239f6f2441ac9d0e835010bfd2b5" member_type: VOTER last_known_addr { host: "127.14.103.3" port: 45113 } } peers { permanent_uuid: "09d3fa2b7ef942ae858e2c5727d99ce5" member_type: VOTER last_known_addr { host: "127.14.103.2" port: 33423 } } peers { permanent_uuid: "39f9e4e2209748a69d253ea46414e575" member_type: VOTER last_known_addr { host: "127.14.103.1" port: 33371 } }
I20260709 13:04:10.904686 15081 leader_election.cc:290] T 810f60f24e33413985aa63f396a2b55a P 09d3fa2b7ef942ae858e2c5727d99ce5 [CANDIDATE]: Term 1 election: Requested vote from peers 435d239f6f2441ac9d0e835010bfd2b5 (127.14.103.3:45113), 39f9e4e2209748a69d253ea46414e575 (127.14.103.1:33371)
I20260709 13:04:10.908705 14883 tablet_service.cc:1917] Received RequestConsensusVote() RPC: tablet_id: "810f60f24e33413985aa63f396a2b55a" candidate_uuid: "09d3fa2b7ef942ae858e2c5727d99ce5" candidate_term: 1 candidate_status { last_received { term: 0 index: 0 } } ignore_live_leader: false dest_uuid: "39f9e4e2209748a69d253ea46414e575"
I20260709 13:04:10.908983 15030 tablet_service.cc:1917] Received RequestConsensusVote() RPC: tablet_id: "810f60f24e33413985aa63f396a2b55a" candidate_uuid: "09d3fa2b7ef942ae858e2c5727d99ce5" candidate_term: 1 candidate_status { last_received { term: 0 index: 0 } } ignore_live_leader: false dest_uuid: "435d239f6f2441ac9d0e835010bfd2b5"
I20260709 13:04:10.909498 15030 raft_consensus.cc:3060] T 810f60f24e33413985aa63f396a2b55a P 435d239f6f2441ac9d0e835010bfd2b5 [term 0 FOLLOWER]: Advancing to term 1
W20260709 13:04:10.911775 14922 leader_election.cc:343] T 810f60f24e33413985aa63f396a2b55a P 09d3fa2b7ef942ae858e2c5727d99ce5 [CANDIDATE]: Term 1 election: Tablet error from VoteRequest() call to peer 39f9e4e2209748a69d253ea46414e575 (127.14.103.1:33371): Illegal state: must be running to vote when last-logged opid is not known
I20260709 13:04:10.920508 14957 raft_consensus.cc:2468] T f54152e1e2cf41a3970778369876d656 P 09d3fa2b7ef942ae858e2c5727d99ce5 [term 1 FOLLOWER]: Leader election vote request: Granting yes vote for candidate 39f9e4e2209748a69d253ea46414e575 in term 1.
I20260709 13:04:10.921030 15112 raft_consensus.cc:493] T 90b851c6655d47c09fca18bbfc1a4d95 P 39f9e4e2209748a69d253ea46414e575 [term 0 FOLLOWER]: Starting pre-election (no leader contacted us within the election timeout)
I20260709 13:04:10.922277 15081 raft_consensus.cc:493] T 90b851c6655d47c09fca18bbfc1a4d95 P 09d3fa2b7ef942ae858e2c5727d99ce5 [term 0 FOLLOWER]: Starting pre-election (no leader contacted us within the election timeout)
I20260709 13:04:10.923039 15081 raft_consensus.cc:515] T 90b851c6655d47c09fca18bbfc1a4d95 P 09d3fa2b7ef942ae858e2c5727d99ce5 [term 0 FOLLOWER]: Starting pre-election with config: opid_index: -1 OBSOLETE_local: false peers { permanent_uuid: "39f9e4e2209748a69d253ea46414e575" member_type: VOTER last_known_addr { host: "127.14.103.1" port: 33371 } } peers { permanent_uuid: "09d3fa2b7ef942ae858e2c5727d99ce5" member_type: VOTER last_known_addr { host: "127.14.103.2" port: 33423 } } peers { permanent_uuid: "435d239f6f2441ac9d0e835010bfd2b5" member_type: VOTER last_known_addr { host: "127.14.103.3" port: 45113 } }
I20260709 13:04:10.925606 14883 tablet_service.cc:1917] Received RequestConsensusVote() RPC: tablet_id: "7481805a7cfe4c2c8da2b33cf58c7ea5" candidate_uuid: "09d3fa2b7ef942ae858e2c5727d99ce5" candidate_term: 1 candidate_status { last_received { term: 0 index: 0 } } ignore_live_leader: false dest_uuid: "39f9e4e2209748a69d253ea46414e575"
I20260709 13:04:10.926257 15081 leader_election.cc:290] T 90b851c6655d47c09fca18bbfc1a4d95 P 09d3fa2b7ef942ae858e2c5727d99ce5 [CANDIDATE]: Term 1 pre-election: Requested pre-vote from peers 39f9e4e2209748a69d253ea46414e575 (127.14.103.1:33371), 435d239f6f2441ac9d0e835010bfd2b5 (127.14.103.3:45113)
I20260709 13:04:10.922325 15112 raft_consensus.cc:515] T 90b851c6655d47c09fca18bbfc1a4d95 P 39f9e4e2209748a69d253ea46414e575 [term 0 FOLLOWER]: Starting pre-election with config: opid_index: -1 OBSOLETE_local: false peers { permanent_uuid: "39f9e4e2209748a69d253ea46414e575" member_type: VOTER last_known_addr { host: "127.14.103.1" port: 33371 } } peers { permanent_uuid: "09d3fa2b7ef942ae858e2c5727d99ce5" member_type: VOTER last_known_addr { host: "127.14.103.2" port: 33423 } } peers { permanent_uuid: "435d239f6f2441ac9d0e835010bfd2b5" member_type: VOTER last_known_addr { host: "127.14.103.3" port: 45113 } }
