I20260709 13:04:31.575410 22031 leader_election.cc:304] T 6d452ccc988c41a3b1fc8da84f4c09ae P 08ae03a0e8754321b2540ecb8be949e2 [CANDIDATE]: Term 1 pre-election: Election decided. Result: candidate won. Election summary: received 3 responses out of 3 voters: 2 yes votes; 1 no votes. yes voters: 08ae03a0e8754321b2540ecb8be949e2, 7b2d813d0c6e48e19ab4cd1becd581fa; no voters: ebe56c088c494c3ea54cf44f5993bbe8
I20260709 13:04:31.576318 22313 raft_consensus.cc:2804] T 6d452ccc988c41a3b1fc8da84f4c09ae P 08ae03a0e8754321b2540ecb8be949e2 [term 0 FOLLOWER]: Leader pre-election won for term 1
I20260709 13:04:31.576637 22313 raft_consensus.cc:493] T 6d452ccc988c41a3b1fc8da84f4c09ae P 08ae03a0e8754321b2540ecb8be949e2 [term 0 FOLLOWER]: Starting leader election (no leader contacted us within the election timeout)
I20260709 13:04:31.576900 22313 raft_consensus.cc:3060] T 6d452ccc988c41a3b1fc8da84f4c09ae P 08ae03a0e8754321b2540ecb8be949e2 [term 0 FOLLOWER]: Advancing to term 1
I20260709 13:04:31.580648 22255 tablet_bootstrap.cc:492] T f81f61fc3dd646ff9279e639d398c42a P 7b2d813d0c6e48e19ab4cd1becd581fa: No bootstrap required, opened a new log
I20260709 13:04:31.581139 22255 ts_tablet_manager.cc:1403] T f81f61fc3dd646ff9279e639d398c42a P 7b2d813d0c6e48e19ab4cd1becd581fa: Time spent bootstrapping tablet: real 0.280s	user 0.015s	sys 0.020s
I20260709 13:04:31.580577 22256 tablet_bootstrap.cc:492] T 07ddf60bbedb4340b3ae15ae9c48b88d P ebe56c088c494c3ea54cf44f5993bbe8: No bootstrap required, opened a new log
I20260709 13:04:31.582825 22256 ts_tablet_manager.cc:1403] T 07ddf60bbedb4340b3ae15ae9c48b88d P ebe56c088c494c3ea54cf44f5993bbe8: Time spent bootstrapping tablet: real 0.143s	user 0.018s	sys 0.017s
I20260709 13:04:31.582682 22313 raft_consensus.cc:515] T 6d452ccc988c41a3b1fc8da84f4c09ae P 08ae03a0e8754321b2540ecb8be949e2 [term 1 FOLLOWER]: Starting leader election with config: opid_index: -1 OBSOLETE_local: false peers { permanent_uuid: "08ae03a0e8754321b2540ecb8be949e2" member_type: VOTER last_known_addr { host: "127.20.121.129" port: 36167 } } peers { permanent_uuid: "ebe56c088c494c3ea54cf44f5993bbe8" member_type: VOTER last_known_addr { host: "127.20.121.130" port: 39901 } } peers { permanent_uuid: "7b2d813d0c6e48e19ab4cd1becd581fa" member_type: VOTER last_known_addr { host: "127.20.121.131" port: 42145 } }
I20260709 13:04:31.578156 21960 catalog_manager.cc:5697] T b046a89bec7945148178934d00ed7c00 P ebe56c088c494c3ea54cf44f5993bbe8 reported cstate change: term changed from 0 to 1, leader changed from <none> to ebe56c088c494c3ea54cf44f5993bbe8 (127.20.121.130). New cstate: current_term: 1 leader_uuid: "ebe56c088c494c3ea54cf44f5993bbe8" committed_config { opid_index: -1 OBSOLETE_local: false peers { permanent_uuid: "08ae03a0e8754321b2540ecb8be949e2" member_type: VOTER last_known_addr { host: "127.20.121.129" port: 36167 } health_report { overall_health: UNKNOWN } } peers { permanent_uuid: "ebe56c088c494c3ea54cf44f5993bbe8" member_type: VOTER last_known_addr { host: "127.20.121.130" port: 39901 } health_report { overall_health: HEALTHY } } peers { permanent_uuid: "7b2d813d0c6e48e19ab4cd1becd581fa" member_type: VOTER last_known_addr { host: "127.20.121.131" port: 42145 } health_report { overall_health: UNKNOWN } } }
I20260709 13:04:31.584627 22313 leader_election.cc:290] T 6d452ccc988c41a3b1fc8da84f4c09ae P 08ae03a0e8754321b2540ecb8be949e2 [CANDIDATE]: Term 1 election: Requested vote from peers ebe56c088c494c3ea54cf44f5993bbe8 (127.20.121.130:39901), 7b2d813d0c6e48e19ab4cd1becd581fa (127.20.121.131:42145)
I20260709 13:04:31.585388 22138 tablet_service.cc:1917] Received RequestConsensusVote() RPC: tablet_id: "6d452ccc988c41a3b1fc8da84f4c09ae" candidate_uuid: "08ae03a0e8754321b2540ecb8be949e2" candidate_term: 1 candidate_status { last_received { term: 0 index: 0 } } ignore_live_leader: false dest_uuid: "ebe56c088c494c3ea54cf44f5993bbe8"
I20260709 13:04:31.586122 22212 tablet_service.cc:1917] Received RequestConsensusVote() RPC: tablet_id: "6d452ccc988c41a3b1fc8da84f4c09ae" candidate_uuid: "08ae03a0e8754321b2540ecb8be949e2" candidate_term: 1 candidate_status { last_received { term: 0 index: 0 } } ignore_live_leader: false dest_uuid: "7b2d813d0c6e48e19ab4cd1becd581fa"
I20260709 13:04:31.586452 22254 tablet_bootstrap.cc:492] T f81f61fc3dd646ff9279e639d398c42a P 08ae03a0e8754321b2540ecb8be949e2: No bootstrap required, opened a new log
I20260709 13:04:31.586658 22212 raft_consensus.cc:3060] T 6d452ccc988c41a3b1fc8da84f4c09ae P 7b2d813d0c6e48e19ab4cd1becd581fa [term 0 FOLLOWER]: Advancing to term 1
I20260709 13:04:31.586898 22254 ts_tablet_manager.cc:1403] T f81f61fc3dd646ff9279e639d398c42a P 08ae03a0e8754321b2540ecb8be949e2: Time spent bootstrapping tablet: real 0.092s	user 0.032s	sys 0.052s
W20260709 13:04:31.587488 22028 leader_election.cc:343] T 6d452ccc988c41a3b1fc8da84f4c09ae P 08ae03a0e8754321b2540ecb8be949e2 [CANDIDATE]: Term 1 election: Tablet error from VoteRequest() call to peer ebe56c088c494c3ea54cf44f5993bbe8 (127.20.121.130:39901): Illegal state: must be running to vote when last-logged opid is not known
I20260709 13:04:31.587646 22256 raft_consensus.cc:359] T 07ddf60bbedb4340b3ae15ae9c48b88d P ebe56c088c494c3ea54cf44f5993bbe8 [term 0 FOLLOWER]: Replica starting. Triggering 0 pending ops. Active config: opid_index: -1 OBSOLETE_local: false peers { permanent_uuid: "08ae03a0e8754321b2540ecb8be949e2" member_type: VOTER last_known_addr { host: "127.20.121.129" port: 36167 } } peers { permanent_uuid: "ebe56c088c494c3ea54cf44f5993bbe8" member_type: VOTER last_known_addr { host: "127.20.121.130" port: 39901 } } peers { permanent_uuid: "7b2d813d0c6e48e19ab4cd1becd581fa" member_type: VOTER last_known_addr { host: "127.20.121.131" port: 42145 } }
I20260709 13:04:31.588333 22256 raft_consensus.cc:385] T 07ddf60bbedb4340b3ae15ae9c48b88d P ebe56c088c494c3ea54cf44f5993bbe8 [term 0 FOLLOWER]: Consensus starting up: Expiring failure detector timer to make a prompt election more likely
I20260709 13:04:31.588652 22256 raft_consensus.cc:740] T 07ddf60bbedb4340b3ae15ae9c48b88d P ebe56c088c494c3ea54cf44f5993bbe8 [term 0 FOLLOWER]: Becoming Follower/Learner. State: Replica: ebe56c088c494c3ea54cf44f5993bbe8, State: Initialized, Role: FOLLOWER
I20260709 13:04:31.589258 22254 raft_consensus.cc:359] T f81f61fc3dd646ff9279e639d398c42a P 08ae03a0e8754321b2540ecb8be949e2 [term 0 FOLLOWER]: Replica starting. Triggering 0 pending ops. Active config: opid_index: -1 OBSOLETE_local: false peers { permanent_uuid: "08ae03a0e8754321b2540ecb8be949e2" member_type: VOTER last_known_addr { host: "127.20.121.129" port: 36167 } } peers { permanent_uuid: "ebe56c088c494c3ea54cf44f5993bbe8" member_type: VOTER last_known_addr { host: "127.20.121.130" port: 39901 } } peers { permanent_uuid: "7b2d813d0c6e48e19ab4cd1becd581fa" member_type: VOTER last_known_addr { host: "127.20.121.131" port: 42145 } }
I20260709 13:04:31.589391 22256 consensus_queue.cc:260] T 07ddf60bbedb4340b3ae15ae9c48b88d P ebe56c088c494c3ea54cf44f5993bbe8 [NON_LEADER]: Queue going to NON_LEADER mode. State: All replicated index: 0, Majority replicated index: 0, Committed index: 0, Last appended: 0.0, Last appended by leader: 0, Current term: 0, Majority size: -1, State: 0, Mode: NON_LEADER, active raft config: opid_index: -1 OBSOLETE_local: false peers { permanent_uuid: "08ae03a0e8754321b2540ecb8be949e2" member_type: VOTER last_known_addr { host: "127.20.121.129" port: 36167 } } peers { permanent_uuid: "ebe56c088c494c3ea54cf44f5993bbe8" member_type: VOTER last_known_addr { host: "127.20.121.130" port: 39901 } } peers { permanent_uuid: "7b2d813d0c6e48e19ab4cd1becd581fa" member_type: VOTER last_known_addr { host: "127.20.121.131" port: 42145 } }
I20260709 13:04:31.589915 22254 raft_consensus.cc:385] T f81f61fc3dd646ff9279e639d398c42a P 08ae03a0e8754321b2540ecb8be949e2 [term 0 FOLLOWER]: Consensus starting up: Expiring failure detector timer to make a prompt election more likely
I20260709 13:04:31.590308 22254 raft_consensus.cc:740] T f81f61fc3dd646ff9279e639d398c42a P 08ae03a0e8754321b2540ecb8be949e2 [term 0 FOLLOWER]: Becoming Follower/Learner. State: Replica: 08ae03a0e8754321b2540ecb8be949e2, State: Initialized, Role: FOLLOWER
I20260709 13:04:31.590929 22254 consensus_queue.cc:260] T f81f61fc3dd646ff9279e639d398c42a P 08ae03a0e8754321b2540ecb8be949e2 [NON_LEADER]: Queue going to NON_LEADER mode. State: All replicated index: 0, Majority replicated index: 0, Committed index: 0, Last appended: 0.0, Last appended by leader: 0, Current term: 0, Majority size: -1, State: 0, Mode: NON_LEADER, active raft config: opid_index: -1 OBSOLETE_local: false peers { permanent_uuid: "08ae03a0e8754321b2540ecb8be949e2" member_type: VOTER last_known_addr { host: "127.20.121.129" port: 36167 } } peers { permanent_uuid: "ebe56c088c494c3ea54cf44f5993bbe8" member_type: VOTER last_known_addr { host: "127.20.121.130" port: 39901 } } peers { permanent_uuid: "7b2d813d0c6e48e19ab4cd1becd581fa" member_type: VOTER last_known_addr { host: "127.20.121.131" port: 42145 } }
I20260709 13:04:31.591984 22256 ts_tablet_manager.cc:1434] T 07ddf60bbedb4340b3ae15ae9c48b88d P ebe56c088c494c3ea54cf44f5993bbe8: Time spent starting tablet: real 0.009s	user 0.005s	sys 0.000s
I20260709 13:04:31.592999 22256 tablet_bootstrap.cc:492] T 751c9a1a369a441bae1f404ac8c6ce6b P ebe56c088c494c3ea54cf44f5993bbe8: Bootstrap starting.
I20260709 13:04:31.593196 22254 ts_tablet_manager.cc:1434] T f81f61fc3dd646ff9279e639d398c42a P 08ae03a0e8754321b2540ecb8be949e2: Time spent starting tablet: real 0.006s	user 0.003s	sys 0.002s
I20260709 13:04:31.597059 22254 tablet_bootstrap.cc:492] T 751c9a1a369a441bae1f404ac8c6ce6b P 08ae03a0e8754321b2540ecb8be949e2: Bootstrap starting.
I20260709 13:04:31.598661 22256 tablet_bootstrap.cc:654] T 751c9a1a369a441bae1f404ac8c6ce6b P ebe56c088c494c3ea54cf44f5993bbe8: Neither blocks nor log segments found. Creating new log.
I20260709 13:04:31.598774 22212 raft_consensus.cc:2468] T 6d452ccc988c41a3b1fc8da84f4c09ae P 7b2d813d0c6e48e19ab4cd1becd581fa [term 1 FOLLOWER]: Leader election vote request: Granting yes vote for candidate 08ae03a0e8754321b2540ecb8be949e2 in term 1.
I20260709 13:04:31.599956 22031 leader_election.cc:304] T 6d452ccc988c41a3b1fc8da84f4c09ae P 08ae03a0e8754321b2540ecb8be949e2 [CANDIDATE]: Term 1 election: Election decided. Result: candidate won. Election summary: received 3 responses out of 3 voters: 2 yes votes; 1 no votes. yes voters: 08ae03a0e8754321b2540ecb8be949e2, 7b2d813d0c6e48e19ab4cd1becd581fa; no voters: ebe56c088c494c3ea54cf44f5993bbe8
I20260709 13:04:31.601048 22310 raft_consensus.cc:493] T b046a89bec7945148178934d00ed7c00 P 08ae03a0e8754321b2540ecb8be949e2 [term 0 FOLLOWER]: Starting pre-election (no leader contacted us within the election timeout)
I20260709 13:04:31.601471 22310 raft_consensus.cc:515] T b046a89bec7945148178934d00ed7c00 P 08ae03a0e8754321b2540ecb8be949e2 [term 0 FOLLOWER]: Starting pre-election with config: opid_index: -1 OBSOLETE_local: false peers { permanent_uuid: "08ae03a0e8754321b2540ecb8be949e2" member_type: VOTER last_known_addr { host: "127.20.121.129" port: 36167 } } peers { permanent_uuid: "ebe56c088c494c3ea54cf44f5993bbe8" member_type: VOTER last_known_addr { host: "127.20.121.130" port: 39901 } } peers { permanent_uuid: "7b2d813d0c6e48e19ab4cd1becd581fa" member_type: VOTER last_known_addr { host: "127.20.121.131" port: 42145 } }
I20260709 13:04:31.603669 22254 tablet_bootstrap.cc:654] T 751c9a1a369a441bae1f404ac8c6ce6b P 08ae03a0e8754321b2540ecb8be949e2: Neither blocks nor log segments found. Creating new log.
I20260709 13:04:31.604705 22313 raft_consensus.cc:2804] T 6d452ccc988c41a3b1fc8da84f4c09ae P 08ae03a0e8754321b2540ecb8be949e2 [term 1 FOLLOWER]: Leader election won for term 1
I20260709 13:04:31.605209 22138 tablet_service.cc:1917] Received RequestConsensusVote() RPC: tablet_id: "b046a89bec7945148178934d00ed7c00" candidate_uuid: "08ae03a0e8754321b2540ecb8be949e2" candidate_term: 1 candidate_status { last_received { term: 0 index: 0 } } ignore_live_leader: false dest_uuid: "ebe56c088c494c3ea54cf44f5993bbe8" is_pre_election: true
I20260709 13:04:31.605376 22313 raft_consensus.cc:697] T 6d452ccc988c41a3b1fc8da84f4c09ae P 08ae03a0e8754321b2540ecb8be949e2 [term 1 LEADER]: Becoming Leader. State: Replica: 08ae03a0e8754321b2540ecb8be949e2, State: Running, Role: LEADER
I20260709 13:04:31.606236 22313 consensus_queue.cc:237] T 6d452ccc988c41a3b1fc8da84f4c09ae P 08ae03a0e8754321b2540ecb8be949e2 [LEADER]: Queue going to LEADER mode. State: All replicated index: 0, Majority replicated index: 0, Committed index: 0, Last appended: 0.0, Last appended by leader: 0, Current term: 1, Majority size: 2, State: 0, Mode: LEADER, active raft config: opid_index: -1 OBSOLETE_local: false peers { permanent_uuid: "08ae03a0e8754321b2540ecb8be949e2" member_type: VOTER last_known_addr { host: "127.20.121.129" port: 36167 } } peers { permanent_uuid: "ebe56c088c494c3ea54cf44f5993bbe8" member_type: VOTER last_known_addr { host: "127.20.121.130" port: 39901 } } peers { permanent_uuid: "7b2d813d0c6e48e19ab4cd1becd581fa" member_type: VOTER last_known_addr { host: "127.20.121.131" port: 42145 } }
I20260709 13:04:31.608224 22211 tablet_service.cc:1917] Received RequestConsensusVote() RPC: tablet_id: "b046a89bec7945148178934d00ed7c00" candidate_uuid: "08ae03a0e8754321b2540ecb8be949e2" candidate_term: 1 candidate_status { last_received { term: 0 index: 0 } } ignore_live_leader: false dest_uuid: "7b2d813d0c6e48e19ab4cd1becd581fa" is_pre_election: true
I20260709 13:04:31.609038 22211 raft_consensus.cc:2393] T b046a89bec7945148178934d00ed7c00 P 7b2d813d0c6e48e19ab4cd1becd581fa [term 1 FOLLOWER]: Leader pre-election vote request: Denying vote to candidate 08ae03a0e8754321b2540ecb8be949e2 in current term 1: Already voted for candidate ebe56c088c494c3ea54cf44f5993bbe8 in this term.
I20260709 13:04:31.586297 22255 raft_consensus.cc:359] T f81f61fc3dd646ff9279e639d398c42a P 7b2d813d0c6e48e19ab4cd1becd581fa [term 0 FOLLOWER]: Replica starting. Triggering 0 pending ops. Active config: opid_index: -1 OBSOLETE_local: false peers { permanent_uuid: "08ae03a0e8754321b2540ecb8be949e2" member_type: VOTER last_known_addr { host: "127.20.121.129" port: 36167 } } peers { permanent_uuid: "ebe56c088c494c3ea54cf44f5993bbe8" member_type: VOTER last_known_addr { host: "127.20.121.130" port: 39901 } } peers { permanent_uuid: "7b2d813d0c6e48e19ab4cd1becd581fa" member_type: VOTER last_known_addr { host: "127.20.121.131" port: 42145 } }
I20260709 13:04:31.610307 22255 raft_consensus.cc:385] T f81f61fc3dd646ff9279e639d398c42a P 7b2d813d0c6e48e19ab4cd1becd581fa [term 0 FOLLOWER]: Consensus starting up: Expiring failure detector timer to make a prompt election more likely
I20260709 13:04:31.610600 22255 raft_consensus.cc:740] T f81f61fc3dd646ff9279e639d398c42a P 7b2d813d0c6e48e19ab4cd1becd581fa [term 0 FOLLOWER]: Becoming Follower/Learner. State: Replica: 7b2d813d0c6e48e19ab4cd1becd581fa, State: Initialized, Role: FOLLOWER
I20260709 13:04:31.610761 22031 leader_election.cc:304] T b046a89bec7945148178934d00ed7c00 P 08ae03a0e8754321b2540ecb8be949e2 [CANDIDATE]: Term 1 pre-election: Election decided. Result: candidate lost. Election summary: received 3 responses out of 3 voters: 1 yes votes; 2 no votes. yes voters: 08ae03a0e8754321b2540ecb8be949e2; no voters: 7b2d813d0c6e48e19ab4cd1becd581fa, ebe56c088c494c3ea54cf44f5993bbe8
I20260709 13:04:31.611701 22350 raft_consensus.cc:3060] T b046a89bec7945148178934d00ed7c00 P 08ae03a0e8754321b2540ecb8be949e2 [term 0 FOLLOWER]: Advancing to term 1
I20260709 13:04:31.612111 22255 consensus_queue.cc:260] T f81f61fc3dd646ff9279e639d398c42a P 7b2d813d0c6e48e19ab4cd1becd581fa [NON_LEADER]: Queue going to NON_LEADER mode. State: All replicated index: 0, Majority replicated index: 0, Committed index: 0, Last appended: 0.0, Last appended by leader: 0, Current term: 0, Majority size: -1, State: 0, Mode: NON_LEADER, active raft config: opid_index: -1 OBSOLETE_local: false peers { permanent_uuid: "08ae03a0e8754321b2540ecb8be949e2" member_type: VOTER last_known_addr { host: "127.20.121.129" port: 36167 } } peers { permanent_uuid: "ebe56c088c494c3ea54cf44f5993bbe8" member_type: VOTER last_known_addr { host: "127.20.121.130" port: 39901 } } peers { permanent_uuid: "7b2d813d0c6e48e19ab4cd1becd581fa" member_type: VOTER last_known_addr { host: "127.20.121.131" port: 42145 } }
I20260709 13:04:31.603645 22310 leader_election.cc:290] T b046a89bec7945148178934d00ed7c00 P 08ae03a0e8754321b2540ecb8be949e2 [CANDIDATE]: Term 1 pre-election: Requested pre-vote from peers ebe56c088c494c3ea54cf44f5993bbe8 (127.20.121.130:39901), 7b2d813d0c6e48e19ab4cd1becd581fa (127.20.121.131:42145)
I20260709 13:04:31.617427 22254 tablet_bootstrap.cc:492] T 751c9a1a369a441bae1f404ac8c6ce6b P 08ae03a0e8754321b2540ecb8be949e2: No bootstrap required, opened a new log
I20260709 13:04:31.617880 22254 ts_tablet_manager.cc:1403] T 751c9a1a369a441bae1f404ac8c6ce6b P 08ae03a0e8754321b2540ecb8be949e2: Time spent bootstrapping tablet: real 0.021s	user 0.013s	sys 0.002s
I20260709 13:04:31.618350 22255 ts_tablet_manager.cc:1434] T f81f61fc3dd646ff9279e639d398c42a P 7b2d813d0c6e48e19ab4cd1becd581fa: Time spent starting tablet: real 0.037s	user 0.007s	sys 0.000s
I20260709 13:04:31.624349 22254 raft_consensus.cc:359] T 751c9a1a369a441bae1f404ac8c6ce6b P 08ae03a0e8754321b2540ecb8be949e2 [term 0 FOLLOWER]: Replica starting. Triggering 0 pending ops. Active config: opid_index: -1 OBSOLETE_local: false peers { permanent_uuid: "08ae03a0e8754321b2540ecb8be949e2" member_type: VOTER last_known_addr { host: "127.20.121.129" port: 36167 } } peers { permanent_uuid: "ebe56c088c494c3ea54cf44f5993bbe8" member_type: VOTER last_known_addr { host: "127.20.121.130" port: 39901 } } peers { permanent_uuid: "7b2d813d0c6e48e19ab4cd1becd581fa" member_type: VOTER last_known_addr { host: "127.20.121.131" port: 42145 } }
I20260709 13:04:31.625013 22254 raft_consensus.cc:385] T 751c9a1a369a441bae1f404ac8c6ce6b P 08ae03a0e8754321b2540ecb8be949e2 [term 0 FOLLOWER]: Consensus starting up: Expiring failure detector timer to make a prompt election more likely
I20260709 13:04:31.625277 22254 raft_consensus.cc:740] T 751c9a1a369a441bae1f404ac8c6ce6b P 08ae03a0e8754321b2540ecb8be949e2 [term 0 FOLLOWER]: Becoming Follower/Learner. State: Replica: 08ae03a0e8754321b2540ecb8be949e2, State: Initialized, Role: FOLLOWER
I20260709 13:04:31.625694 22261 consensus_queue.cc:1048] T 8d8854c1b6024785b8d4e9a12371a1e1 P 08ae03a0e8754321b2540ecb8be949e2 [LEADER]: Connected to new peer: Peer: permanent_uuid: "7b2d813d0c6e48e19ab4cd1becd581fa" member_type: VOTER last_known_addr { host: "127.20.121.131" port: 42145 }, Status: LMP_MISMATCH, Last received: 0.0, Next index: 1, Last known committed idx: 0, Time since last communication: 0.000s
I20260709 13:04:31.625898 22254 consensus_queue.cc:260] T 751c9a1a369a441bae1f404ac8c6ce6b P 08ae03a0e8754321b2540ecb8be949e2 [NON_LEADER]: Queue going to NON_LEADER mode. State: All replicated index: 0, Majority replicated index: 0, Committed index: 0, Last appended: 0.0, Last appended by leader: 0, Current term: 0, Majority size: -1, State: 0, Mode: NON_LEADER, active raft config: opid_index: -1 OBSOLETE_local: false peers { permanent_uuid: "08ae03a0e8754321b2540ecb8be949e2" member_type: VOTER last_known_addr { host: "127.20.121.129" port: 36167 } } peers { permanent_uuid: "ebe56c088c494c3ea54cf44f5993bbe8" member_type: VOTER last_known_addr { host: "127.20.121.130" port: 39901 } } peers { permanent_uuid: "7b2d813d0c6e48e19ab4cd1becd581fa" member_type: VOTER last_known_addr { host: "127.20.121.131" port: 42145 } }
I20260709 13:04:31.626757 22255 tablet_bootstrap.cc:492] T 44b24ea6aae24ffab866617177a9245b P 7b2d813d0c6e48e19ab4cd1becd581fa: Bootstrap starting.
I20260709 13:04:31.629191 22254 ts_tablet_manager.cc:1434] T 751c9a1a369a441bae1f404ac8c6ce6b P 08ae03a0e8754321b2540ecb8be949e2: Time spent starting tablet: real 0.011s	user 0.003s	sys 0.003s
I20260709 13:04:31.630286 22254 tablet_bootstrap.cc:492] T 44e1546068734a98a9c22d1a190f035f P 08ae03a0e8754321b2540ecb8be949e2: Bootstrap starting.
I20260709 13:04:31.634472 22255 tablet_bootstrap.cc:654] T 44b24ea6aae24ffab866617177a9245b P 7b2d813d0c6e48e19ab4cd1becd581fa: Neither blocks nor log segments found. Creating new log.
I20260709 13:04:31.639469 22256 tablet_bootstrap.cc:492] T 751c9a1a369a441bae1f404ac8c6ce6b P ebe56c088c494c3ea54cf44f5993bbe8: No bootstrap required, opened a new log
I20260709 13:04:31.639915 22256 ts_tablet_manager.cc:1403] T 751c9a1a369a441bae1f404ac8c6ce6b P ebe56c088c494c3ea54cf44f5993bbe8: Time spent bootstrapping tablet: real 0.047s	user 0.019s	sys 0.019s
I20260709 13:04:31.646189 22350 raft_consensus.cc:2749] T b046a89bec7945148178934d00ed7c00 P 08ae03a0e8754321b2540ecb8be949e2 [term 1 FOLLOWER]: Leader pre-election lost for term 1. Reason: could not achieve majority
I20260709 13:04:31.647250 22282 consensus_queue.cc:1048] T 249e659fe0e945d7825606ad51f568f7 P ebe56c088c494c3ea54cf44f5993bbe8 [LEADER]: Connected to new peer: Peer: permanent_uuid: "08ae03a0e8754321b2540ecb8be949e2" member_type: VOTER last_known_addr { host: "127.20.121.129" port: 36167 }, Status: LMP_MISMATCH, Last received: 0.0, Next index: 1, Last known committed idx: 0, Time since last communication: 0.000s
I20260709 13:04:31.648586 22254 tablet_bootstrap.cc:654] T 44e1546068734a98a9c22d1a190f035f P 08ae03a0e8754321b2540ecb8be949e2: Neither blocks nor log segments found. Creating new log.
I20260709 13:04:31.651895 22361 consensus_queue.cc:1048] T 6530700b11784f35a378073c3bff1876 P 7b2d813d0c6e48e19ab4cd1becd581fa [LEADER]: Connected to new peer: Peer: permanent_uuid: "08ae03a0e8754321b2540ecb8be949e2" member_type: VOTER last_known_addr { host: "127.20.121.129" port: 36167 }, Status: LMP_MISMATCH, Last received: 0.0, Next index: 1, Last known committed idx: 0, Time since last communication: 0.005s
I20260709 13:04:31.649260 22350 raft_consensus.cc:493] T 751c9a1a369a441bae1f404ac8c6ce6b P 08ae03a0e8754321b2540ecb8be949e2 [term 0 FOLLOWER]: Starting pre-election (no leader contacted us within the election timeout)
I20260709 13:04:31.659317 22350 raft_consensus.cc:515] T 751c9a1a369a441bae1f404ac8c6ce6b P 08ae03a0e8754321b2540ecb8be949e2 [term 0 FOLLOWER]: Starting pre-election with config: opid_index: -1 OBSOLETE_local: false peers { permanent_uuid: "08ae03a0e8754321b2540ecb8be949e2" member_type: VOTER last_known_addr { host: "127.20.121.129" port: 36167 } } peers { permanent_uuid: "ebe56c088c494c3ea54cf44f5993bbe8" member_type: VOTER last_known_addr { host: "127.20.121.130" port: 39901 } } peers { permanent_uuid: "7b2d813d0c6e48e19ab4cd1becd581fa" member_type: VOTER last_known_addr { host: "127.20.121.131" port: 42145 } }
I20260709 13:04:31.661214 22350 leader_election.cc:290] T 751c9a1a369a441bae1f404ac8c6ce6b P 08ae03a0e8754321b2540ecb8be949e2 [CANDIDATE]: Term 1 pre-election: Requested pre-vote from peers ebe56c088c494c3ea54cf44f5993bbe8 (127.20.121.130:39901), 7b2d813d0c6e48e19ab4cd1becd581fa (127.20.121.131:42145)
I20260709 13:04:31.660836 21962 catalog_manager.cc:5697] T 6d452ccc988c41a3b1fc8da84f4c09ae P 08ae03a0e8754321b2540ecb8be949e2 reported cstate change: term changed from 0 to 1, leader changed from <none> to 08ae03a0e8754321b2540ecb8be949e2 (127.20.121.129). New cstate: current_term: 1 leader_uuid: "08ae03a0e8754321b2540ecb8be949e2" committed_config { opid_index: -1 OBSOLETE_local: false peers { permanent_uuid: "08ae03a0e8754321b2540ecb8be949e2" member_type: VOTER last_known_addr { host: "127.20.121.129" port: 36167 } health_report { overall_health: HEALTHY } } peers { permanent_uuid: "ebe56c088c494c3ea54cf44f5993bbe8" member_type: VOTER last_known_addr { host: "127.20.121.130" port: 39901 } health_report { overall_health: UNKNOWN } } peers { permanent_uuid: "7b2d813d0c6e48e19ab4cd1becd581fa" member_type: VOTER last_known_addr { host: "127.20.121.131" port: 42145 } health_report { overall_health: UNKNOWN } } }
I20260709 13:04:31.658600 22256 raft_consensus.cc:359] T 751c9a1a369a441bae1f404ac8c6ce6b P ebe56c088c494c3ea54cf44f5993bbe8 [term 0 FOLLOWER]: Replica starting. Triggering 0 pending ops. Active config: opid_index: -1 OBSOLETE_local: false peers { permanent_uuid: "08ae03a0e8754321b2540ecb8be949e2" member_type: VOTER last_known_addr { host: "127.20.121.129" port: 36167 } } peers { permanent_uuid: "ebe56c088c494c3ea54cf44f5993bbe8" member_type: VOTER last_known_addr { host: "127.20.121.130" port: 39901 } } peers { permanent_uuid: "7b2d813d0c6e48e19ab4cd1becd581fa" member_type: VOTER last_known_addr { host: "127.20.121.131" port: 42145 } }
I20260709 13:04:31.662209 22256 raft_consensus.cc:385] T 751c9a1a369a441bae1f404ac8c6ce6b P ebe56c088c494c3ea54cf44f5993bbe8 [term 0 FOLLOWER]: Consensus starting up: Expiring failure detector timer to make a prompt election more likely
I20260709 13:04:31.662480 22256 raft_consensus.cc:740] T 751c9a1a369a441bae1f404ac8c6ce6b P ebe56c088c494c3ea54cf44f5993bbe8 [term 0 FOLLOWER]: Becoming Follower/Learner. State: Replica: ebe56c088c494c3ea54cf44f5993bbe8, State: Initialized, Role: FOLLOWER
I20260709 13:04:31.663208 22256 consensus_queue.cc:260] T 751c9a1a369a441bae1f404ac8c6ce6b P ebe56c088c494c3ea54cf44f5993bbe8 [NON_LEADER]: Queue going to NON_LEADER mode. State: All replicated index: 0, Majority replicated index: 0, Committed index: 0, Last appended: 0.0, Last appended by leader: 0, Current term: 0, Majority size: -1, State: 0, Mode: NON_LEADER, active raft config: opid_index: -1 OBSOLETE_local: false peers { permanent_uuid: "08ae03a0e8754321b2540ecb8be949e2" member_type: VOTER last_known_addr { host: "127.20.121.129" port: 36167 } } peers { permanent_uuid: "ebe56c088c494c3ea54cf44f5993bbe8" member_type: VOTER last_known_addr { host: "127.20.121.130" port: 39901 } } peers { permanent_uuid: "7b2d813d0c6e48e19ab4cd1becd581fa" member_type: VOTER last_known_addr { host: "127.20.121.131" port: 42145 } }
I20260709 13:04:31.665215 22211 tablet_service.cc:1917] Received RequestConsensusVote() RPC: tablet_id: "751c9a1a369a441bae1f404ac8c6ce6b" candidate_uuid: "08ae03a0e8754321b2540ecb8be949e2" candidate_term: 1 candidate_status { last_received { term: 0 index: 0 } } ignore_live_leader: false dest_uuid: "7b2d813d0c6e48e19ab4cd1becd581fa" is_pre_election: true
I20260709 13:04:31.666744 22139 tablet_service.cc:1917] Received RequestConsensusVote() RPC: tablet_id: "751c9a1a369a441bae1f404ac8c6ce6b" candidate_uuid: "08ae03a0e8754321b2540ecb8be949e2" candidate_term: 1 candidate_status { last_received { term: 0 index: 0 } } ignore_live_leader: false dest_uuid: "ebe56c088c494c3ea54cf44f5993bbe8" is_pre_election: true
I20260709 13:04:31.673988 22139 raft_consensus.cc:2468] T 751c9a1a369a441bae1f404ac8c6ce6b P ebe56c088c494c3ea54cf44f5993bbe8 [term 0 FOLLOWER]: Leader pre-election vote request: Granting yes vote for candidate 08ae03a0e8754321b2540ecb8be949e2 in term 0.
W20260709 13:04:31.675899 22031 leader_election.cc:343] T 751c9a1a369a441bae1f404ac8c6ce6b P 08ae03a0e8754321b2540ecb8be949e2 [CANDIDATE]: Term 1 pre-election: Tablet error from VoteRequest() call to peer 7b2d813d0c6e48e19ab4cd1becd581fa (127.20.121.131:42145): Illegal state: must be running to vote when last-logged opid is not known
I20260709 13:04:31.680729 22282 consensus_queue.cc:1048] T 249e659fe0e945d7825606ad51f568f7 P ebe56c088c494c3ea54cf44f5993bbe8 [LEADER]: Connected to new peer: Peer: permanent_uuid: "7b2d813d0c6e48e19ab4cd1becd581fa" member_type: VOTER last_known_addr { host: "127.20.121.131" port: 42145 }, Status: LMP_MISMATCH, Last received: 0.0, Next index: 1, Last known committed idx: 0, Time since last communication: 0.000s
I20260709 13:04:31.682338 22256 ts_tablet_manager.cc:1434] T 751c9a1a369a441bae1f404ac8c6ce6b P ebe56c088c494c3ea54cf44f5993bbe8: Time spent starting tablet: real 0.042s	user 0.006s	sys 0.001s
I20260709 13:04:31.683254 22256 tablet_bootstrap.cc:492] T 6d452ccc988c41a3b1fc8da84f4c09ae P ebe56c088c494c3ea54cf44f5993bbe8: Bootstrap starting.
I20260709 13:04:31.684930 22028 leader_election.cc:304] T 751c9a1a369a441bae1f404ac8c6ce6b P 08ae03a0e8754321b2540ecb8be949e2 [CANDIDATE]: Term 1 pre-election: Election decided. Result: candidate won. Election summary: received 3 responses out of 3 voters: 2 yes votes; 1 no votes. yes voters: 08ae03a0e8754321b2540ecb8be949e2, ebe56c088c494c3ea54cf44f5993bbe8; no voters: 7b2d813d0c6e48e19ab4cd1becd581fa
I20260709 13:04:31.685789 22270 raft_consensus.cc:2804] T 751c9a1a369a441bae1f404ac8c6ce6b P 08ae03a0e8754321b2540ecb8be949e2 [term 0 FOLLOWER]: Leader pre-election won for term 1
I20260709 13:04:31.686124 22270 raft_consensus.cc:493] T 751c9a1a369a441bae1f404ac8c6ce6b P 08ae03a0e8754321b2540ecb8be949e2 [term 0 FOLLOWER]: Starting leader election (no leader contacted us within the election timeout)
I20260709 13:04:31.686422 22270 raft_consensus.cc:3060] T 751c9a1a369a441bae1f404ac8c6ce6b P 08ae03a0e8754321b2540ecb8be949e2 [term 0 FOLLOWER]: Advancing to term 1
I20260709 13:04:31.687659 22255 tablet_bootstrap.cc:492] T 44b24ea6aae24ffab866617177a9245b P 7b2d813d0c6e48e19ab4cd1becd581fa: No bootstrap required, opened a new log
I20260709 13:04:31.688104 22255 ts_tablet_manager.cc:1403] T 44b24ea6aae24ffab866617177a9245b P 7b2d813d0c6e48e19ab4cd1becd581fa: Time spent bootstrapping tablet: real 0.069s	user 0.014s	sys 0.002s
I20260709 13:04:31.694751 22270 raft_consensus.cc:515] T 751c9a1a369a441bae1f404ac8c6ce6b P 08ae03a0e8754321b2540ecb8be949e2 [term 1 FOLLOWER]: Starting leader election with config: opid_index: -1 OBSOLETE_local: false peers { permanent_uuid: "08ae03a0e8754321b2540ecb8be949e2" member_type: VOTER last_known_addr { host: "127.20.121.129" port: 36167 } } peers { permanent_uuid: "ebe56c088c494c3ea54cf44f5993bbe8" member_type: VOTER last_known_addr { host: "127.20.121.130" port: 39901 } } peers { permanent_uuid: "7b2d813d0c6e48e19ab4cd1becd581fa" member_type: VOTER last_known_addr { host: "127.20.121.131" port: 42145 } }
I20260709 13:04:31.696785 22270 leader_election.cc:290] T 751c9a1a369a441bae1f404ac8c6ce6b P 08ae03a0e8754321b2540ecb8be949e2 [CANDIDATE]: Term 1 election: Requested vote from peers ebe56c088c494c3ea54cf44f5993bbe8 (127.20.121.130:39901), 7b2d813d0c6e48e19ab4cd1becd581fa (127.20.121.131:42145)
I20260709 13:04:31.697497 22138 tablet_service.cc:1917] Received RequestConsensusVote() RPC: tablet_id: "751c9a1a369a441bae1f404ac8c6ce6b" candidate_uuid: "08ae03a0e8754321b2540ecb8be949e2" candidate_term: 1 candidate_status { last_received { term: 0 index: 0 } } ignore_live_leader: false dest_uuid: "ebe56c088c494c3ea54cf44f5993bbe8"
I20260709 13:04:31.697736 22211 tablet_service.cc:1917] Received RequestConsensusVote() RPC: tablet_id: "751c9a1a369a441bae1f404ac8c6ce6b" candidate_uuid: "08ae03a0e8754321b2540ecb8be949e2" candidate_term: 1 candidate_status { last_received { term: 0 index: 0 } } ignore_live_leader: false dest_uuid: "7b2d813d0c6e48e19ab4cd1becd581fa"
I20260709 13:04:31.698139 22138 raft_consensus.cc:3060] T 751c9a1a369a441bae1f404ac8c6ce6b P ebe56c088c494c3ea54cf44f5993bbe8 [term 0 FOLLOWER]: Advancing to term 1
W20260709 13:04:31.699021 22031 leader_election.cc:343] T 751c9a1a369a441bae1f404ac8c6ce6b P 08ae03a0e8754321b2540ecb8be949e2 [CANDIDATE]: Term 1 election: Tablet error from VoteRequest() call to peer 7b2d813d0c6e48e19ab4cd1becd581fa (127.20.121.131:42145): Illegal state: must be running to vote when last-logged opid is not known
I20260709 13:04:31.698204 22255 raft_consensus.cc:359] T 44b24ea6aae24ffab866617177a9245b P 7b2d813d0c6e48e19ab4cd1becd581fa [term 0 FOLLOWER]: Replica starting. Triggering 0 pending ops. Active config: opid_index: -1 OBSOLETE_local: false peers { permanent_uuid: "08ae03a0e8754321b2540ecb8be949e2" member_type: VOTER last_known_addr { host: "127.20.121.129" port: 36167 } } peers { permanent_uuid: "ebe56c088c494c3ea54cf44f5993bbe8" member_type: VOTER last_known_addr { host: "127.20.121.130" port: 39901 } } peers { permanent_uuid: "7b2d813d0c6e48e19ab4cd1becd581fa" member_type: VOTER last_known_addr { host: "127.20.121.131" port: 42145 } }
I20260709 13:04:31.699901 22255 raft_consensus.cc:385] T 44b24ea6aae24ffab866617177a9245b P 7b2d813d0c6e48e19ab4cd1becd581fa [term 0 FOLLOWER]: Consensus starting up: Expiring failure detector timer to make a prompt election more likely
I20260709 13:04:31.700223 22255 raft_consensus.cc:740] T 44b24ea6aae24ffab866617177a9245b P 7b2d813d0c6e48e19ab4cd1becd581fa [term 0 FOLLOWER]: Becoming Follower/Learner. State: Replica: 7b2d813d0c6e48e19ab4cd1becd581fa, State: Initialized, Role: FOLLOWER
I20260709 13:04:31.702927 22255 consensus_queue.cc:260] T 44b24ea6aae24ffab866617177a9245b P 7b2d813d0c6e48e19ab4cd1becd581fa [NON_LEADER]: Queue going to NON_LEADER mode. State: All replicated index: 0, Majority replicated index: 0, Committed index: 0, Last appended: 0.0, Last appended by leader: 0, Current term: 0, Majority size: -1, State: 0, Mode: NON_LEADER, active raft config: opid_index: -1 OBSOLETE_local: false peers { permanent_uuid: "08ae03a0e8754321b2540ecb8be949e2" member_type: VOTER last_known_addr { host: "127.20.121.129" port: 36167 } } peers { permanent_uuid: "ebe56c088c494c3ea54cf44f5993bbe8" member_type: VOTER last_known_addr { host: "127.20.121.130" port: 39901 } } peers { permanent_uuid: "7b2d813d0c6e48e19ab4cd1becd581fa" member_type: VOTER last_known_addr { host: "127.20.121.131" port: 42145 } }
I20260709 13:04:31.678573 22350 consensus_queue.cc:1048] T 8d8854c1b6024785b8d4e9a12371a1e1 P 08ae03a0e8754321b2540ecb8be949e2 [LEADER]: Connected to new peer: Peer: permanent_uuid: "ebe56c088c494c3ea54cf44f5993bbe8" member_type: VOTER last_known_addr { host: "127.20.121.130" port: 39901 }, Status: LMP_MISMATCH, Last received: 0.0, Next index: 1, Last known committed idx: 0, Time since last communication: 0.022s
I20260709 13:04:31.707671 22255 ts_tablet_manager.cc:1434] T 44b24ea6aae24ffab866617177a9245b P 7b2d813d0c6e48e19ab4cd1becd581fa: Time spent starting tablet: real 0.019s	user 0.006s	sys 0.000s
I20260709 13:04:31.708542 22255 tablet_bootstrap.cc:492] T 07ddf60bbedb4340b3ae15ae9c48b88d P 7b2d813d0c6e48e19ab4cd1becd581fa: Bootstrap starting.
I20260709 13:04:31.709313 22138 raft_consensus.cc:2468] T 751c9a1a369a441bae1f404ac8c6ce6b P ebe56c088c494c3ea54cf44f5993bbe8 [term 1 FOLLOWER]: Leader election vote request: Granting yes vote for candidate 08ae03a0e8754321b2540ecb8be949e2 in term 1.
I20260709 13:04:31.710402 22028 leader_election.cc:304] T 751c9a1a369a441bae1f404ac8c6ce6b P 08ae03a0e8754321b2540ecb8be949e2 [CANDIDATE]: Term 1 election: Election decided. Result: candidate won. Election summary: received 3 responses out of 3 voters: 2 yes votes; 1 no votes. yes voters: 08ae03a0e8754321b2540ecb8be949e2, ebe56c088c494c3ea54cf44f5993bbe8; no voters: 7b2d813d0c6e48e19ab4cd1becd581fa
I20260709 13:04:31.711817 22270 raft_consensus.cc:2804] T 751c9a1a369a441bae1f404ac8c6ce6b P 08ae03a0e8754321b2540ecb8be949e2 [term 1 FOLLOWER]: Leader election won for term 1
I20260709 13:04:31.713335 22270 raft_consensus.cc:697] T 751c9a1a369a441bae1f404ac8c6ce6b P 08ae03a0e8754321b2540ecb8be949e2 [term 1 LEADER]: Becoming Leader. State: Replica: 08ae03a0e8754321b2540ecb8be949e2, State: Running, Role: LEADER
I20260709 13:04:31.714485 22270 consensus_queue.cc:237] T 751c9a1a369a441bae1f404ac8c6ce6b P 08ae03a0e8754321b2540ecb8be949e2 [LEADER]: Queue going to LEADER mode. State: All replicated index: 0, Majority replicated index: 0, Committed index: 0, Last appended: 0.0, Last appended by leader: 0, Current term: 1, Majority size: 2, State: 0, Mode: LEADER, active raft config: opid_index: -1 OBSOLETE_local: false peers { permanent_uuid: "08ae03a0e8754321b2540ecb8be949e2" member_type: VOTER last_known_addr { host: "127.20.121.129" port: 36167 } } peers { permanent_uuid: "ebe56c088c494c3ea54cf44f5993bbe8" member_type: VOTER last_known_addr { host: "127.20.121.130" port: 39901 } } peers { permanent_uuid: "7b2d813d0c6e48e19ab4cd1becd581fa" member_type: VOTER last_known_addr { host: "127.20.121.131" port: 42145 } }
I20260709 13:04:31.720616 22305 consensus_queue.cc:1048] T 6530700b11784f35a378073c3bff1876 P 7b2d813d0c6e48e19ab4cd1becd581fa [LEADER]: Connected to new peer: Peer: permanent_uuid: "ebe56c088c494c3ea54cf44f5993bbe8" member_type: VOTER last_known_addr { host: "127.20.121.130" port: 39901 }, Status: LMP_MISMATCH, Last received: 0.0, Next index: 1, Last known committed idx: 0, Time since last communication: 0.000s
I20260709 13:04:31.735484 22270 raft_consensus.cc:493] T f81f61fc3dd646ff9279e639d398c42a P 08ae03a0e8754321b2540ecb8be949e2 [term 0 FOLLOWER]: Starting pre-election (no leader contacted us within the election timeout)
I20260709 13:04:31.735963 22270 raft_consensus.cc:515] T f81f61fc3dd646ff9279e639d398c42a P 08ae03a0e8754321b2540ecb8be949e2 [term 0 FOLLOWER]: Starting pre-election with config: opid_index: -1 OBSOLETE_local: false peers { permanent_uuid: "08ae03a0e8754321b2540ecb8be949e2" member_type: VOTER last_known_addr { host: "127.20.121.129" port: 36167 } } peers { permanent_uuid: "ebe56c088c494c3ea54cf44f5993bbe8" member_type: VOTER last_known_addr { host: "127.20.121.130" port: 39901 } } peers { permanent_uuid: "7b2d813d0c6e48e19ab4cd1becd581fa" member_type: VOTER last_known_addr { host: "127.20.121.131" port: 42145 } }
I20260709 13:04:31.738327 22140 tablet_service.cc:1917] Received RequestConsensusVote() RPC: tablet_id: "f81f61fc3dd646ff9279e639d398c42a" candidate_uuid: "08ae03a0e8754321b2540ecb8be949e2" candidate_term: 1 candidate_status { last_received { term: 0 index: 0 } } ignore_live_leader: false dest_uuid: "ebe56c088c494c3ea54cf44f5993bbe8" is_pre_election: true
I20260709 13:04:31.738920 22140 raft_consensus.cc:2468] T f81f61fc3dd646ff9279e639d398c42a P ebe56c088c494c3ea54cf44f5993bbe8 [term 0 FOLLOWER]: Leader pre-election vote request: Granting yes vote for candidate 08ae03a0e8754321b2540ecb8be949e2 in term 0.
I20260709 13:04:31.740020 22028 leader_election.cc:304] T f81f61fc3dd646ff9279e639d398c42a P 08ae03a0e8754321b2540ecb8be949e2 [CANDIDATE]: Term 1 pre-election: Election decided. Result: candidate won. Election summary: received 2 responses out of 3 voters: 2 yes votes; 0 no votes. yes voters: 08ae03a0e8754321b2540ecb8be949e2, ebe56c088c494c3ea54cf44f5993bbe8; no voters: 
I20260709 13:04:31.740799 22350 raft_consensus.cc:2804] T f81f61fc3dd646ff9279e639d398c42a P 08ae03a0e8754321b2540ecb8be949e2 [term 0 FOLLOWER]: Leader pre-election won for term 1
I20260709 13:04:31.741125 22350 raft_consensus.cc:493] T f81f61fc3dd646ff9279e639d398c42a P 08ae03a0e8754321b2540ecb8be949e2 [term 0 FOLLOWER]: Starting leader election (no leader contacted us within the election timeout)
I20260709 13:04:31.741436 22350 raft_consensus.cc:3060] T f81f61fc3dd646ff9279e639d398c42a P 08ae03a0e8754321b2540ecb8be949e2 [term 0 FOLLOWER]: Advancing to term 1
I20260709 13:04:31.742477 22270 leader_election.cc:290] T f81f61fc3dd646ff9279e639d398c42a P 08ae03a0e8754321b2540ecb8be949e2 [CANDIDATE]: Term 1 pre-election: Requested pre-vote from peers ebe56c088c494c3ea54cf44f5993bbe8 (127.20.121.130:39901), 7b2d813d0c6e48e19ab4cd1becd581fa (127.20.121.131:42145)
I20260709 13:04:31.743466 22211 tablet_service.cc:1917] Received RequestConsensusVote() RPC: tablet_id: "f81f61fc3dd646ff9279e639d398c42a" candidate_uuid: "08ae03a0e8754321b2540ecb8be949e2" candidate_term: 1 candidate_status { last_received { term: 0 index: 0 } } ignore_live_leader: false dest_uuid: "7b2d813d0c6e48e19ab4cd1becd581fa" is_pre_election: true
I20260709 13:04:31.744045 22211 raft_consensus.cc:2468] T f81f61fc3dd646ff9279e639d398c42a P 7b2d813d0c6e48e19ab4cd1becd581fa [term 0 FOLLOWER]: Leader pre-election vote request: Granting yes vote for candidate 08ae03a0e8754321b2540ecb8be949e2 in term 0.
I20260709 13:04:31.744771 22256 tablet_bootstrap.cc:654] T 6d452ccc988c41a3b1fc8da84f4c09ae P ebe56c088c494c3ea54cf44f5993bbe8: Neither blocks nor log segments found. Creating new log.
I20260709 13:04:31.746086 22254 tablet_bootstrap.cc:492] T 44e1546068734a98a9c22d1a190f035f P 08ae03a0e8754321b2540ecb8be949e2: No bootstrap required, opened a new log
I20260709 13:04:31.746487 22254 ts_tablet_manager.cc:1403] T 44e1546068734a98a9c22d1a190f035f P 08ae03a0e8754321b2540ecb8be949e2: Time spent bootstrapping tablet: real 0.116s	user 0.006s	sys 0.005s
I20260709 13:04:31.748041 21962 catalog_manager.cc:5697] T 751c9a1a369a441bae1f404ac8c6ce6b P 08ae03a0e8754321b2540ecb8be949e2 reported cstate change: term changed from 0 to 1, leader changed from <none> to 08ae03a0e8754321b2540ecb8be949e2 (127.20.121.129). New cstate: current_term: 1 leader_uuid: "08ae03a0e8754321b2540ecb8be949e2" committed_config { opid_index: -1 OBSOLETE_local: false peers { permanent_uuid: "08ae03a0e8754321b2540ecb8be949e2" member_type: VOTER last_known_addr { host: "127.20.121.129" port: 36167 } health_report { overall_health: HEALTHY } } peers { permanent_uuid: "ebe56c088c494c3ea54cf44f5993bbe8" member_type: VOTER last_known_addr { host: "127.20.121.130" port: 39901 } health_report { overall_health: UNKNOWN } } peers { permanent_uuid: "7b2d813d0c6e48e19ab4cd1becd581fa" member_type: VOTER last_known_addr { host: "127.20.121.131" port: 42145 } health_report { overall_health: UNKNOWN } } }
I20260709 13:04:31.748898 22254 raft_consensus.cc:359] T 44e1546068734a98a9c22d1a190f035f P 08ae03a0e8754321b2540ecb8be949e2 [term 0 FOLLOWER]: Replica starting. Triggering 0 pending ops. Active config: opid_index: -1 OBSOLETE_local: false peers { permanent_uuid: "08ae03a0e8754321b2540ecb8be949e2" member_type: VOTER last_known_addr { host: "127.20.121.129" port: 36167 } } peers { permanent_uuid: "ebe56c088c494c3ea54cf44f5993bbe8" member_type: VOTER last_known_addr { host: "127.20.121.130" port: 39901 } } peers { permanent_uuid: "7b2d813d0c6e48e19ab4cd1becd581fa" member_type: VOTER last_known_addr { host: "127.20.121.131" port: 42145 } }
I20260709 13:04:31.749505 22254 raft_consensus.cc:385] T 44e1546068734a98a9c22d1a190f035f P 08ae03a0e8754321b2540ecb8be949e2 [term 0 FOLLOWER]: Consensus starting up: Expiring failure detector timer to make a prompt election more likely
I20260709 13:04:31.749751 22254 raft_consensus.cc:740] T 44e1546068734a98a9c22d1a190f035f P 08ae03a0e8754321b2540ecb8be949e2 [term 0 FOLLOWER]: Becoming Follower/Learner. State: Replica: 08ae03a0e8754321b2540ecb8be949e2, State: Initialized, Role: FOLLOWER
I20260709 13:04:31.750268 22350 raft_consensus.cc:515] T f81f61fc3dd646ff9279e639d398c42a P 08ae03a0e8754321b2540ecb8be949e2 [term 1 FOLLOWER]: Starting leader election with config: opid_index: -1 OBSOLETE_local: false peers { permanent_uuid: "08ae03a0e8754321b2540ecb8be949e2" member_type: VOTER last_known_addr { host: "127.20.121.129" port: 36167 } } peers { permanent_uuid: "ebe56c088c494c3ea54cf44f5993bbe8" member_type: VOTER last_known_addr { host: "127.20.121.130" port: 39901 } } peers { permanent_uuid: "7b2d813d0c6e48e19ab4cd1becd581fa" member_type: VOTER last_known_addr { host: "127.20.121.131" port: 42145 } }
I20260709 13:04:31.751477 22255 tablet_bootstrap.cc:654] T 07ddf60bbedb4340b3ae15ae9c48b88d P 7b2d813d0c6e48e19ab4cd1becd581fa: Neither blocks nor log segments found. Creating new log.
I20260709 13:04:31.752820 22140 tablet_service.cc:1917] Received RequestConsensusVote() RPC: tablet_id: "f81f61fc3dd646ff9279e639d398c42a" candidate_uuid: "08ae03a0e8754321b2540ecb8be949e2" candidate_term: 1 candidate_status { last_received { term: 0 index: 0 } } ignore_live_leader: false dest_uuid: "ebe56c088c494c3ea54cf44f5993bbe8"
I20260709 13:04:31.753340 22140 raft_consensus.cc:3060] T f81f61fc3dd646ff9279e639d398c42a P ebe56c088c494c3ea54cf44f5993bbe8 [term 0 FOLLOWER]: Advancing to term 1
I20260709 13:04:31.750375 22254 consensus_queue.cc:260] T 44e1546068734a98a9c22d1a190f035f P 08ae03a0e8754321b2540ecb8be949e2 [NON_LEADER]: Queue going to NON_LEADER mode. State: All replicated index: 0, Majority replicated index: 0, Committed index: 0, Last appended: 0.0, Last appended by leader: 0, Current term: 0, Majority size: -1, State: 0, Mode: NON_LEADER, active raft config: opid_index: -1 OBSOLETE_local: false peers { permanent_uuid: "08ae03a0e8754321b2540ecb8be949e2" member_type: VOTER last_known_addr { host: "127.20.121.129" port: 36167 } } peers { permanent_uuid: "ebe56c088c494c3ea54cf44f5993bbe8" member_type: VOTER last_known_addr { host: "127.20.121.130" port: 39901 } } peers { permanent_uuid: "7b2d813d0c6e48e19ab4cd1becd581fa" member_type: VOTER last_known_addr { host: "127.20.121.131" port: 42145 } }
I20260709 13:04:31.756639 22254 ts_tablet_manager.cc:1434] T 44e1546068734a98a9c22d1a190f035f P 08ae03a0e8754321b2540ecb8be949e2: Time spent starting tablet: real 0.010s	user 0.004s	sys 0.000s
I20260709 13:04:31.757445 22254 tablet_bootstrap.cc:492] T 07ddf60bbedb4340b3ae15ae9c48b88d P 08ae03a0e8754321b2540ecb8be949e2: Bootstrap starting.
I20260709 13:04:31.761144 22256 tablet_bootstrap.cc:492] T 6d452ccc988c41a3b1fc8da84f4c09ae P ebe56c088c494c3ea54cf44f5993bbe8: No bootstrap required, opened a new log
I20260709 13:04:31.761270 22140 raft_consensus.cc:2468] T f81f61fc3dd646ff9279e639d398c42a P ebe56c088c494c3ea54cf44f5993bbe8 [term 1 FOLLOWER]: Leader election vote request: Granting yes vote for candidate 08ae03a0e8754321b2540ecb8be949e2 in term 1.
I20260709 13:04:31.761669 22256 ts_tablet_manager.cc:1403] T 6d452ccc988c41a3b1fc8da84f4c09ae P ebe56c088c494c3ea54cf44f5993bbe8: Time spent bootstrapping tablet: real 0.079s	user 0.010s	sys 0.004s
I20260709 13:04:31.763767 22028 leader_election.cc:304] T f81f61fc3dd646ff9279e639d398c42a P 08ae03a0e8754321b2540ecb8be949e2 [CANDIDATE]: Term 1 election: Election decided. Result: candidate won. Election summary: received 2 responses out of 3 voters: 2 yes votes; 0 no votes. yes voters: 08ae03a0e8754321b2540ecb8be949e2, ebe56c088c494c3ea54cf44f5993bbe8; no voters: 
I20260709 13:04:31.765100 22270 raft_consensus.cc:2804] T f81f61fc3dd646ff9279e639d398c42a P 08ae03a0e8754321b2540ecb8be949e2 [term 1 FOLLOWER]: Leader election won for term 1
I20260709 13:04:31.765735 22270 raft_consensus.cc:697] T f81f61fc3dd646ff9279e639d398c42a P 08ae03a0e8754321b2540ecb8be949e2 [term 1 LEADER]: Becoming Leader. State: Replica: 08ae03a0e8754321b2540ecb8be949e2, State: Running, Role: LEADER
I20260709 13:04:31.766422 22254 tablet_bootstrap.cc:654] T 07ddf60bbedb4340b3ae15ae9c48b88d P 08ae03a0e8754321b2540ecb8be949e2: Neither blocks nor log segments found. Creating new log.
I20260709 13:04:31.766242 22256 raft_consensus.cc:359] T 6d452ccc988c41a3b1fc8da84f4c09ae P ebe56c088c494c3ea54cf44f5993bbe8 [term 0 FOLLOWER]: Replica starting. Triggering 0 pending ops. Active config: opid_index: -1 OBSOLETE_local: false peers { permanent_uuid: "08ae03a0e8754321b2540ecb8be949e2" member_type: VOTER last_known_addr { host: "127.20.121.129" port: 36167 } } peers { permanent_uuid: "ebe56c088c494c3ea54cf44f5993bbe8" member_type: VOTER last_known_addr { host: "127.20.121.130" port: 39901 } } peers { permanent_uuid: "7b2d813d0c6e48e19ab4cd1becd581fa" member_type: VOTER last_known_addr { host: "127.20.121.131" port: 42145 } }
I20260709 13:04:31.767580 22256 raft_consensus.cc:385] T 6d452ccc988c41a3b1fc8da84f4c09ae P ebe56c088c494c3ea54cf44f5993bbe8 [term 0 FOLLOWER]: Consensus starting up: Expiring failure detector timer to make a prompt election more likely
I20260709 13:04:31.767860 22256 raft_consensus.cc:740] T 6d452ccc988c41a3b1fc8da84f4c09ae P ebe56c088c494c3ea54cf44f5993bbe8 [term 0 FOLLOWER]: Becoming Follower/Learner. State: Replica: ebe56c088c494c3ea54cf44f5993bbe8, State: Initialized, Role: FOLLOWER
I20260709 13:04:31.766532 22270 consensus_queue.cc:237] T f81f61fc3dd646ff9279e639d398c42a P 08ae03a0e8754321b2540ecb8be949e2 [LEADER]: Queue going to LEADER mode. State: All replicated index: 0, Majority replicated index: 0, Committed index: 0, Last appended: 0.0, Last appended by leader: 0, Current term: 1, Majority size: 2, State: 0, Mode: LEADER, active raft config: opid_index: -1 OBSOLETE_local: false peers { permanent_uuid: "08ae03a0e8754321b2540ecb8be949e2" member_type: VOTER last_known_addr { host: "127.20.121.129" port: 36167 } } peers { permanent_uuid: "ebe56c088c494c3ea54cf44f5993bbe8" member_type: VOTER last_known_addr { host: "127.20.121.130" port: 39901 } } peers { permanent_uuid: "7b2d813d0c6e48e19ab4cd1becd581fa" member_type: VOTER last_known_addr { host: "127.20.121.131" port: 42145 } }
I20260709 13:04:31.769697 22256 consensus_queue.cc:260] T 6d452ccc988c41a3b1fc8da84f4c09ae P ebe56c088c494c3ea54cf44f5993bbe8 [NON_LEADER]: Queue going to NON_LEADER mode. State: All replicated index: 0, Majority replicated index: 0, Committed index: 0, Last appended: 0.0, Last appended by leader: 0, Current term: 0, Majority size: -1, State: 0, Mode: NON_LEADER, active raft config: opid_index: -1 OBSOLETE_local: false peers { permanent_uuid: "08ae03a0e8754321b2540ecb8be949e2" member_type: VOTER last_known_addr { host: "127.20.121.129" port: 36167 } } peers { permanent_uuid: "ebe56c088c494c3ea54cf44f5993bbe8" member_type: VOTER last_known_addr { host: "127.20.121.130" port: 39901 } } peers { permanent_uuid: "7b2d813d0c6e48e19ab4cd1becd581fa" member_type: VOTER last_known_addr { host: "127.20.121.131" port: 42145 } }
I20260709 13:04:31.778314 22212 tablet_service.cc:1917] Received RequestConsensusVote() RPC: tablet_id: "f81f61fc3dd646ff9279e639d398c42a" candidate_uuid: "08ae03a0e8754321b2540ecb8be949e2" candidate_term: 1 candidate_status { last_received { term: 0 index: 0 } } ignore_live_leader: false dest_uuid: "7b2d813d0c6e48e19ab4cd1becd581fa"
I20260709 13:04:31.778450 22256 ts_tablet_manager.cc:1434] T 6d452ccc988c41a3b1fc8da84f4c09ae P ebe56c088c494c3ea54cf44f5993bbe8: Time spent starting tablet: real 0.016s	user 0.003s	sys 0.002s
I20260709 13:04:31.779044 22212 raft_consensus.cc:3060] T f81f61fc3dd646ff9279e639d398c42a P 7b2d813d0c6e48e19ab4cd1becd581fa [term 0 FOLLOWER]: Advancing to term 1
