I20260709 13:04:16.774669 19647 consensus_queue.cc:260] T 7a6d4292fae34e57a0a00df69669660d P 98ac49100af24d50b38cd96030d270a1 [NON_LEADER]: Queue going to NON_LEADER mode. State: All replicated index: 0, Majority replicated index: 4, Committed index: 4, Last appended: 4.4, Last appended by leader: 4, Current term: 4, Majority size: -1, State: 0, Mode: NON_LEADER, active raft config: opid_index: -1 OBSOLETE_local: false peers { permanent_uuid: "543e296f19e94b3794f75c0e26998282" member_type: VOTER last_known_addr { host: "127.18.252.1" port: 39517 } } peers { permanent_uuid: "98ac49100af24d50b38cd96030d270a1" member_type: VOTER last_known_addr { host: "127.18.252.2" port: 42333 } } peers { permanent_uuid: "b3e389e27e664fb1973fce1b59400cef" member_type: VOTER last_known_addr { host: "127.18.252.3" port: 39817 } }
I20260709 13:04:16.775642 19647 raft_consensus.cc:3060] T 7a6d4292fae34e57a0a00df69669660d P 98ac49100af24d50b38cd96030d270a1 [term 4 FOLLOWER]: Advancing to term 5
I20260709 13:04:16.779047 19722 raft_consensus.cc:2468] T 7a6d4292fae34e57a0a00df69669660d P b3e389e27e664fb1973fce1b59400cef [term 5 FOLLOWER]: Leader election vote request: Granting yes vote for candidate 543e296f19e94b3794f75c0e26998282 in term 5.
I20260709 13:04:16.780177 19647 raft_consensus.cc:2468] T 7a6d4292fae34e57a0a00df69669660d P 98ac49100af24d50b38cd96030d270a1 [term 5 FOLLOWER]: Leader election vote request: Granting yes vote for candidate 543e296f19e94b3794f75c0e26998282 in term 5.
I20260709 13:04:16.780329 19541 leader_election.cc:304] T 7a6d4292fae34e57a0a00df69669660d P 543e296f19e94b3794f75c0e26998282 [CANDIDATE]: Term 5 election: Election decided. Result: candidate won. Election summary: received 2 responses out of 3 voters: 2 yes votes; 0 no votes. yes voters: 543e296f19e94b3794f75c0e26998282, b3e389e27e664fb1973fce1b59400cef; no voters: 
I20260709 13:04:16.781780 19908 raft_consensus.cc:2804] T 7a6d4292fae34e57a0a00df69669660d P 543e296f19e94b3794f75c0e26998282 [term 5 FOLLOWER]: Leader election won for term 5
I20260709 13:04:16.782522 19908 raft_consensus.cc:697] T 7a6d4292fae34e57a0a00df69669660d P 543e296f19e94b3794f75c0e26998282 [term 5 LEADER]: Becoming Leader. State: Replica: 543e296f19e94b3794f75c0e26998282, State: Running, Role: LEADER
I20260709 13:04:16.783283 19908 consensus_queue.cc:237] T 7a6d4292fae34e57a0a00df69669660d P 543e296f19e94b3794f75c0e26998282 [LEADER]: Queue going to LEADER mode. State: All replicated index: 0, Majority replicated index: 4, Committed index: 4, Last appended: 4.4, Last appended by leader: 4, Current term: 5, Majority size: 2, State: 0, Mode: LEADER, active raft config: opid_index: -1 OBSOLETE_local: false peers { permanent_uuid: "543e296f19e94b3794f75c0e26998282" member_type: VOTER last_known_addr { host: "127.18.252.1" port: 39517 } } peers { permanent_uuid: "98ac49100af24d50b38cd96030d270a1" member_type: VOTER last_known_addr { host: "127.18.252.2" port: 42333 } } peers { permanent_uuid: "b3e389e27e664fb1973fce1b59400cef" member_type: VOTER last_known_addr { host: "127.18.252.3" port: 39817 } }
I20260709 13:04:16.790234 19470 catalog_manager.cc:5697] T 7a6d4292fae34e57a0a00df69669660d P 543e296f19e94b3794f75c0e26998282 reported cstate change: term changed from 4 to 5, leader changed from 98ac49100af24d50b38cd96030d270a1 (127.18.252.2) to 543e296f19e94b3794f75c0e26998282 (127.18.252.1). New cstate: current_term: 5 leader_uuid: "543e296f19e94b3794f75c0e26998282" committed_config { opid_index: -1 OBSOLETE_local: false peers { permanent_uuid: "543e296f19e94b3794f75c0e26998282" member_type: VOTER last_known_addr { host: "127.18.252.1" port: 39517 } health_report { overall_health: HEALTHY } } peers { permanent_uuid: "98ac49100af24d50b38cd96030d270a1" member_type: VOTER last_known_addr { host: "127.18.252.2" port: 42333 } health_report { overall_health: UNKNOWN } } peers { permanent_uuid: "b3e389e27e664fb1973fce1b59400cef" member_type: VOTER last_known_addr { host: "127.18.252.3" port: 39817 } health_report { overall_health: UNKNOWN } } }
I20260709 13:04:16.802542 19896 raft_consensus.cc:993] T 85e1fc957db44469aeb0b23210d5ef8d P 98ac49100af24d50b38cd96030d270a1: : Instructing follower b3e389e27e664fb1973fce1b59400cef to start an election
I20260709 13:04:16.802938 19907 raft_consensus.cc:1081] T 85e1fc957db44469aeb0b23210d5ef8d P 98ac49100af24d50b38cd96030d270a1 [term 1 LEADER]: Signalling peer b3e389e27e664fb1973fce1b59400cef to start an election
I20260709 13:04:16.804149 19722 tablet_service.cc:2044] Received Run Leader Election RPC: tablet_id: "85e1fc957db44469aeb0b23210d5ef8d"
dest_uuid: "b3e389e27e664fb1973fce1b59400cef"
 from {username='slave'} at 127.0.0.1:58474
I20260709 13:04:16.804545 19722 raft_consensus.cc:493] T 85e1fc957db44469aeb0b23210d5ef8d P b3e389e27e664fb1973fce1b59400cef [term 1 FOLLOWER]: Starting forced leader election (received explicit request)
I20260709 13:04:16.804785 19722 raft_consensus.cc:3060] T 85e1fc957db44469aeb0b23210d5ef8d P b3e389e27e664fb1973fce1b59400cef [term 1 FOLLOWER]: Advancing to term 2
I20260709 13:04:16.809109 19722 raft_consensus.cc:515] T 85e1fc957db44469aeb0b23210d5ef8d P b3e389e27e664fb1973fce1b59400cef [term 2 FOLLOWER]: Starting forced leader election with config: opid_index: -1 OBSOLETE_local: false peers { permanent_uuid: "543e296f19e94b3794f75c0e26998282" member_type: VOTER last_known_addr { host: "127.18.252.1" port: 39517 } } peers { permanent_uuid: "98ac49100af24d50b38cd96030d270a1" member_type: VOTER last_known_addr { host: "127.18.252.2" port: 42333 } } peers { permanent_uuid: "b3e389e27e664fb1973fce1b59400cef" member_type: VOTER last_known_addr { host: "127.18.252.3" port: 39817 } }
I20260709 13:04:16.810606 19722 leader_election.cc:290] T 85e1fc957db44469aeb0b23210d5ef8d P b3e389e27e664fb1973fce1b59400cef [CANDIDATE]: Term 2 election: Requested vote from peers 543e296f19e94b3794f75c0e26998282 (127.18.252.1:39517), 98ac49100af24d50b38cd96030d270a1 (127.18.252.2:42333)
I20260709 13:04:16.811379 19573 tablet_service.cc:1917] Received RequestConsensusVote() RPC: tablet_id: "85e1fc957db44469aeb0b23210d5ef8d" candidate_uuid: "b3e389e27e664fb1973fce1b59400cef" candidate_term: 2 candidate_status { last_received { term: 1 index: 1 } } ignore_live_leader: true dest_uuid: "543e296f19e94b3794f75c0e26998282"
I20260709 13:04:16.811560 19647 tablet_service.cc:1917] Received RequestConsensusVote() RPC: tablet_id: "85e1fc957db44469aeb0b23210d5ef8d" candidate_uuid: "b3e389e27e664fb1973fce1b59400cef" candidate_term: 2 candidate_status { last_received { term: 1 index: 1 } } ignore_live_leader: true dest_uuid: "98ac49100af24d50b38cd96030d270a1"
I20260709 13:04:16.811885 19573 raft_consensus.cc:3060] T 85e1fc957db44469aeb0b23210d5ef8d P 543e296f19e94b3794f75c0e26998282 [term 1 FOLLOWER]: Advancing to term 2
I20260709 13:04:16.812041 19647 raft_consensus.cc:3055] T 85e1fc957db44469aeb0b23210d5ef8d P 98ac49100af24d50b38cd96030d270a1 [term 1 LEADER]: Stepping down as leader of term 1
I20260709 13:04:16.812299 19647 raft_consensus.cc:740] T 85e1fc957db44469aeb0b23210d5ef8d P 98ac49100af24d50b38cd96030d270a1 [term 1 LEADER]: Becoming Follower/Learner. State: Replica: 98ac49100af24d50b38cd96030d270a1, State: Running, Role: LEADER
I20260709 13:04:16.812837 19647 consensus_queue.cc:260] T 85e1fc957db44469aeb0b23210d5ef8d P 98ac49100af24d50b38cd96030d270a1 [NON_LEADER]: Queue going to NON_LEADER mode. State: All replicated index: 0, Majority replicated index: 1, Committed index: 1, Last appended: 1.1, Last appended by leader: 1, Current term: 1, Majority size: -1, State: 0, Mode: NON_LEADER, active raft config: opid_index: -1 OBSOLETE_local: false peers { permanent_uuid: "543e296f19e94b3794f75c0e26998282" member_type: VOTER last_known_addr { host: "127.18.252.1" port: 39517 } } peers { permanent_uuid: "98ac49100af24d50b38cd96030d270a1" member_type: VOTER last_known_addr { host: "127.18.252.2" port: 42333 } } peers { permanent_uuid: "b3e389e27e664fb1973fce1b59400cef" member_type: VOTER last_known_addr { host: "127.18.252.3" port: 39817 } }
I20260709 13:04:16.813591 19647 raft_consensus.cc:3060] T 85e1fc957db44469aeb0b23210d5ef8d P 98ac49100af24d50b38cd96030d270a1 [term 1 FOLLOWER]: Advancing to term 2
I20260709 13:04:16.816193 19573 raft_consensus.cc:2468] T 85e1fc957db44469aeb0b23210d5ef8d P 543e296f19e94b3794f75c0e26998282 [term 2 FOLLOWER]: Leader election vote request: Granting yes vote for candidate b3e389e27e664fb1973fce1b59400cef in term 2.
I20260709 13:04:16.817291 19687 leader_election.cc:304] T 85e1fc957db44469aeb0b23210d5ef8d P b3e389e27e664fb1973fce1b59400cef [CANDIDATE]: Term 2 election: Election decided. Result: candidate won. Election summary: received 2 responses out of 3 voters: 2 yes votes; 0 no votes. yes voters: 543e296f19e94b3794f75c0e26998282, b3e389e27e664fb1973fce1b59400cef; no voters: 
I20260709 13:04:16.817435 19647 raft_consensus.cc:2468] T 85e1fc957db44469aeb0b23210d5ef8d P 98ac49100af24d50b38cd96030d270a1 [term 2 FOLLOWER]: Leader election vote request: Granting yes vote for candidate b3e389e27e664fb1973fce1b59400cef in term 2.
I20260709 13:04:16.818118 19888 raft_consensus.cc:2804] T 85e1fc957db44469aeb0b23210d5ef8d P b3e389e27e664fb1973fce1b59400cef [term 2 FOLLOWER]: Leader election won for term 2
I20260709 13:04:16.820703 19888 raft_consensus.cc:697] T 85e1fc957db44469aeb0b23210d5ef8d P b3e389e27e664fb1973fce1b59400cef [term 2 LEADER]: Becoming Leader. State: Replica: b3e389e27e664fb1973fce1b59400cef, State: Running, Role: LEADER
I20260709 13:04:16.821691 19888 consensus_queue.cc:237] T 85e1fc957db44469aeb0b23210d5ef8d P b3e389e27e664fb1973fce1b59400cef [LEADER]: Queue going to LEADER mode. State: All replicated index: 0, Majority replicated index: 1, Committed index: 1, Last appended: 1.1, Last appended by leader: 1, Current term: 2, Majority size: 2, State: 0, Mode: LEADER, active raft config: opid_index: -1 OBSOLETE_local: false peers { permanent_uuid: "543e296f19e94b3794f75c0e26998282" member_type: VOTER last_known_addr { host: "127.18.252.1" port: 39517 } } peers { permanent_uuid: "98ac49100af24d50b38cd96030d270a1" member_type: VOTER last_known_addr { host: "127.18.252.2" port: 42333 } } peers { permanent_uuid: "b3e389e27e664fb1973fce1b59400cef" member_type: VOTER last_known_addr { host: "127.18.252.3" port: 39817 } }
I20260709 13:04:16.828451 19470 catalog_manager.cc:5697] T 85e1fc957db44469aeb0b23210d5ef8d P b3e389e27e664fb1973fce1b59400cef reported cstate change: term changed from 1 to 2, leader changed from 98ac49100af24d50b38cd96030d270a1 (127.18.252.2) to b3e389e27e664fb1973fce1b59400cef (127.18.252.3). New cstate: current_term: 2 leader_uuid: "b3e389e27e664fb1973fce1b59400cef" committed_config { opid_index: -1 OBSOLETE_local: false peers { permanent_uuid: "543e296f19e94b3794f75c0e26998282" member_type: VOTER last_known_addr { host: "127.18.252.1" port: 39517 } health_report { overall_health: UNKNOWN } } peers { permanent_uuid: "98ac49100af24d50b38cd96030d270a1" member_type: VOTER last_known_addr { host: "127.18.252.2" port: 42333 } health_report { overall_health: UNKNOWN } } peers { permanent_uuid: "b3e389e27e664fb1973fce1b59400cef" member_type: VOTER last_known_addr { host: "127.18.252.3" port: 39817 } health_report { overall_health: HEALTHY } } }
I20260709 13:04:16.956044 19896 raft_consensus.cc:993] T 8cea8f3ba51a4941af843045d42f9576 P 98ac49100af24d50b38cd96030d270a1: : Instructing follower 543e296f19e94b3794f75c0e26998282 to start an election
I20260709 13:04:16.956426 19907 raft_consensus.cc:1081] T 8cea8f3ba51a4941af843045d42f9576 P 98ac49100af24d50b38cd96030d270a1 [term 3 LEADER]: Signalling peer 543e296f19e94b3794f75c0e26998282 to start an election
I20260709 13:04:16.957816 19573 tablet_service.cc:2044] Received Run Leader Election RPC: tablet_id: "8cea8f3ba51a4941af843045d42f9576"
dest_uuid: "543e296f19e94b3794f75c0e26998282"
 from {username='slave'} at 127.0.0.1:53498
I20260709 13:04:16.958242 19573 raft_consensus.cc:493] T 8cea8f3ba51a4941af843045d42f9576 P 543e296f19e94b3794f75c0e26998282 [term 3 FOLLOWER]: Starting forced leader election (received explicit request)
I20260709 13:04:16.958510 19573 raft_consensus.cc:3060] T 8cea8f3ba51a4941af843045d42f9576 P 543e296f19e94b3794f75c0e26998282 [term 3 FOLLOWER]: Advancing to term 4
I20260709 13:04:16.962900 19573 raft_consensus.cc:515] T 8cea8f3ba51a4941af843045d42f9576 P 543e296f19e94b3794f75c0e26998282 [term 4 FOLLOWER]: Starting forced leader election with config: opid_index: -1 OBSOLETE_local: false peers { permanent_uuid: "543e296f19e94b3794f75c0e26998282" member_type: VOTER last_known_addr { host: "127.18.252.1" port: 39517 } } peers { permanent_uuid: "98ac49100af24d50b38cd96030d270a1" member_type: VOTER last_known_addr { host: "127.18.252.2" port: 42333 } } peers { permanent_uuid: "b3e389e27e664fb1973fce1b59400cef" member_type: VOTER last_known_addr { host: "127.18.252.3" port: 39817 } }
I20260709 13:04:16.964481 19573 leader_election.cc:290] T 8cea8f3ba51a4941af843045d42f9576 P 543e296f19e94b3794f75c0e26998282 [CANDIDATE]: Term 4 election: Requested vote from peers 98ac49100af24d50b38cd96030d270a1 (127.18.252.2:42333), b3e389e27e664fb1973fce1b59400cef (127.18.252.3:39817)
I20260709 13:04:16.965309 19647 tablet_service.cc:1917] Received RequestConsensusVote() RPC: tablet_id: "8cea8f3ba51a4941af843045d42f9576" candidate_uuid: "543e296f19e94b3794f75c0e26998282" candidate_term: 4 candidate_status { last_received { term: 3 index: 3 } } ignore_live_leader: true dest_uuid: "98ac49100af24d50b38cd96030d270a1"
I20260709 13:04:16.965574 19722 tablet_service.cc:1917] Received RequestConsensusVote() RPC: tablet_id: "8cea8f3ba51a4941af843045d42f9576" candidate_uuid: "543e296f19e94b3794f75c0e26998282" candidate_term: 4 candidate_status { last_received { term: 3 index: 3 } } ignore_live_leader: true dest_uuid: "b3e389e27e664fb1973fce1b59400cef"
I20260709 13:04:16.965865 19647 raft_consensus.cc:3055] T 8cea8f3ba51a4941af843045d42f9576 P 98ac49100af24d50b38cd96030d270a1 [term 3 LEADER]: Stepping down as leader of term 3
I20260709 13:04:16.966081 19722 raft_consensus.cc:3060] T 8cea8f3ba51a4941af843045d42f9576 P b3e389e27e664fb1973fce1b59400cef [term 3 FOLLOWER]: Advancing to term 4
I20260709 13:04:16.966168 19647 raft_consensus.cc:740] T 8cea8f3ba51a4941af843045d42f9576 P 98ac49100af24d50b38cd96030d270a1 [term 3 LEADER]: Becoming Follower/Learner. State: Replica: 98ac49100af24d50b38cd96030d270a1, State: Running, Role: LEADER
I20260709 13:04:16.966928 19647 consensus_queue.cc:260] T 8cea8f3ba51a4941af843045d42f9576 P 98ac49100af24d50b38cd96030d270a1 [NON_LEADER]: Queue going to NON_LEADER mode. State: All replicated index: 0, Majority replicated index: 3, Committed index: 3, Last appended: 3.3, Last appended by leader: 3, Current term: 3, Majority size: -1, State: 0, Mode: NON_LEADER, active raft config: opid_index: -1 OBSOLETE_local: false peers { permanent_uuid: "543e296f19e94b3794f75c0e26998282" member_type: VOTER last_known_addr { host: "127.18.252.1" port: 39517 } } peers { permanent_uuid: "98ac49100af24d50b38cd96030d270a1" member_type: VOTER last_known_addr { host: "127.18.252.2" port: 42333 } } peers { permanent_uuid: "b3e389e27e664fb1973fce1b59400cef" member_type: VOTER last_known_addr { host: "127.18.252.3" port: 39817 } }
I20260709 13:04:16.968036 19647 raft_consensus.cc:3060] T 8cea8f3ba51a4941af843045d42f9576 P 98ac49100af24d50b38cd96030d270a1 [term 3 FOLLOWER]: Advancing to term 4
I20260709 13:04:16.972895 19722 raft_consensus.cc:2468] T 8cea8f3ba51a4941af843045d42f9576 P b3e389e27e664fb1973fce1b59400cef [term 4 FOLLOWER]: Leader election vote request: Granting yes vote for candidate 543e296f19e94b3794f75c0e26998282 in term 4.
I20260709 13:04:16.973832 19647 raft_consensus.cc:2468] T 8cea8f3ba51a4941af843045d42f9576 P 98ac49100af24d50b38cd96030d270a1 [term 4 FOLLOWER]: Leader election vote request: Granting yes vote for candidate 543e296f19e94b3794f75c0e26998282 in term 4.
I20260709 13:04:16.974159 19541 leader_election.cc:304] T 8cea8f3ba51a4941af843045d42f9576 P 543e296f19e94b3794f75c0e26998282 [CANDIDATE]: Term 4 election: Election decided. Result: candidate won. Election summary: received 2 responses out of 3 voters: 2 yes votes; 0 no votes. yes voters: 543e296f19e94b3794f75c0e26998282, b3e389e27e664fb1973fce1b59400cef; no voters: 
I20260709 13:04:16.974923 19908 raft_consensus.cc:2804] T 8cea8f3ba51a4941af843045d42f9576 P 543e296f19e94b3794f75c0e26998282 [term 4 FOLLOWER]: Leader election won for term 4
I20260709 13:04:16.975333 19908 raft_consensus.cc:697] T 8cea8f3ba51a4941af843045d42f9576 P 543e296f19e94b3794f75c0e26998282 [term 4 LEADER]: Becoming Leader. State: Replica: 543e296f19e94b3794f75c0e26998282, State: Running, Role: LEADER
I20260709 13:04:16.976176 19908 consensus_queue.cc:237] T 8cea8f3ba51a4941af843045d42f9576 P 543e296f19e94b3794f75c0e26998282 [LEADER]: Queue going to LEADER mode. State: All replicated index: 0, Majority replicated index: 3, Committed index: 3, Last appended: 3.3, Last appended by leader: 3, Current term: 4, Majority size: 2, State: 0, Mode: LEADER, active raft config: opid_index: -1 OBSOLETE_local: false peers { permanent_uuid: "543e296f19e94b3794f75c0e26998282" member_type: VOTER last_known_addr { host: "127.18.252.1" port: 39517 } } peers { permanent_uuid: "98ac49100af24d50b38cd96030d270a1" member_type: VOTER last_known_addr { host: "127.18.252.2" port: 42333 } } peers { permanent_uuid: "b3e389e27e664fb1973fce1b59400cef" member_type: VOTER last_known_addr { host: "127.18.252.3" port: 39817 } }
I20260709 13:04:16.983050 19470 catalog_manager.cc:5697] T 8cea8f3ba51a4941af843045d42f9576 P 543e296f19e94b3794f75c0e26998282 reported cstate change: term changed from 3 to 4, leader changed from 98ac49100af24d50b38cd96030d270a1 (127.18.252.2) to 543e296f19e94b3794f75c0e26998282 (127.18.252.1). New cstate: current_term: 4 leader_uuid: "543e296f19e94b3794f75c0e26998282" committed_config { opid_index: -1 OBSOLETE_local: false peers { permanent_uuid: "543e296f19e94b3794f75c0e26998282" member_type: VOTER last_known_addr { host: "127.18.252.1" port: 39517 } health_report { overall_health: HEALTHY } } peers { permanent_uuid: "98ac49100af24d50b38cd96030d270a1" member_type: VOTER last_known_addr { host: "127.18.252.2" port: 42333 } health_report { overall_health: UNKNOWN } } peers { permanent_uuid: "b3e389e27e664fb1973fce1b59400cef" member_type: VOTER last_known_addr { host: "127.18.252.3" port: 39817 } health_report { overall_health: UNKNOWN } } }
I20260709 13:04:16.996366 19896 raft_consensus.cc:993] T 0503c1014bb9475da91f89cbe4b19846 P 98ac49100af24d50b38cd96030d270a1: : Instructing follower b3e389e27e664fb1973fce1b59400cef to start an election
I20260709 13:04:16.996750 19907 raft_consensus.cc:1081] T 0503c1014bb9475da91f89cbe4b19846 P 98ac49100af24d50b38cd96030d270a1 [term 4 LEADER]: Signalling peer b3e389e27e664fb1973fce1b59400cef to start an election
I20260709 13:04:16.997953 19722 tablet_service.cc:2044] Received Run Leader Election RPC: tablet_id: "0503c1014bb9475da91f89cbe4b19846"
dest_uuid: "b3e389e27e664fb1973fce1b59400cef"
 from {username='slave'} at 127.0.0.1:58474
I20260709 13:04:16.998359 19722 raft_consensus.cc:493] T 0503c1014bb9475da91f89cbe4b19846 P b3e389e27e664fb1973fce1b59400cef [term 4 FOLLOWER]: Starting forced leader election (received explicit request)
I20260709 13:04:16.998693 19722 raft_consensus.cc:3060] T 0503c1014bb9475da91f89cbe4b19846 P b3e389e27e664fb1973fce1b59400cef [term 4 FOLLOWER]: Advancing to term 5
I20260709 13:04:17.003019 19722 raft_consensus.cc:515] T 0503c1014bb9475da91f89cbe4b19846 P b3e389e27e664fb1973fce1b59400cef [term 5 FOLLOWER]: Starting forced leader election with config: opid_index: -1 OBSOLETE_local: false peers { permanent_uuid: "543e296f19e94b3794f75c0e26998282" member_type: VOTER last_known_addr { host: "127.18.252.1" port: 39517 } } peers { permanent_uuid: "98ac49100af24d50b38cd96030d270a1" member_type: VOTER last_known_addr { host: "127.18.252.2" port: 42333 } } peers { permanent_uuid: "b3e389e27e664fb1973fce1b59400cef" member_type: VOTER last_known_addr { host: "127.18.252.3" port: 39817 } }
I20260709 13:04:17.004390 19722 leader_election.cc:290] T 0503c1014bb9475da91f89cbe4b19846 P b3e389e27e664fb1973fce1b59400cef [CANDIDATE]: Term 5 election: Requested vote from peers 543e296f19e94b3794f75c0e26998282 (127.18.252.1:39517), 98ac49100af24d50b38cd96030d270a1 (127.18.252.2:42333)
I20260709 13:04:17.005119 19573 tablet_service.cc:1917] Received RequestConsensusVote() RPC: tablet_id: "0503c1014bb9475da91f89cbe4b19846" candidate_uuid: "b3e389e27e664fb1973fce1b59400cef" candidate_term: 5 candidate_status { last_received { term: 4 index: 4 } } ignore_live_leader: true dest_uuid: "543e296f19e94b3794f75c0e26998282"
I20260709 13:04:17.005272 19647 tablet_service.cc:1917] Received RequestConsensusVote() RPC: tablet_id: "0503c1014bb9475da91f89cbe4b19846" candidate_uuid: "b3e389e27e664fb1973fce1b59400cef" candidate_term: 5 candidate_status { last_received { term: 4 index: 4 } } ignore_live_leader: true dest_uuid: "98ac49100af24d50b38cd96030d270a1"
I20260709 13:04:17.005702 19573 raft_consensus.cc:3060] T 0503c1014bb9475da91f89cbe4b19846 P 543e296f19e94b3794f75c0e26998282 [term 4 FOLLOWER]: Advancing to term 5
I20260709 13:04:17.005721 19647 raft_consensus.cc:3055] T 0503c1014bb9475da91f89cbe4b19846 P 98ac49100af24d50b38cd96030d270a1 [term 4 LEADER]: Stepping down as leader of term 4
I20260709 13:04:17.006220 19647 raft_consensus.cc:740] T 0503c1014bb9475da91f89cbe4b19846 P 98ac49100af24d50b38cd96030d270a1 [term 4 LEADER]: Becoming Follower/Learner. State: Replica: 98ac49100af24d50b38cd96030d270a1, State: Running, Role: LEADER
I20260709 13:04:17.006963 19647 consensus_queue.cc:260] T 0503c1014bb9475da91f89cbe4b19846 P 98ac49100af24d50b38cd96030d270a1 [NON_LEADER]: Queue going to NON_LEADER mode. State: All replicated index: 0, Majority replicated index: 4, Committed index: 4, Last appended: 4.4, Last appended by leader: 4, Current term: 4, Majority size: -1, State: 0, Mode: NON_LEADER, active raft config: opid_index: -1 OBSOLETE_local: false peers { permanent_uuid: "543e296f19e94b3794f75c0e26998282" member_type: VOTER last_known_addr { host: "127.18.252.1" port: 39517 } } peers { permanent_uuid: "98ac49100af24d50b38cd96030d270a1" member_type: VOTER last_known_addr { host: "127.18.252.2" port: 42333 } } peers { permanent_uuid: "b3e389e27e664fb1973fce1b59400cef" member_type: VOTER last_known_addr { host: "127.18.252.3" port: 39817 } }
I20260709 13:04:17.008047 19647 raft_consensus.cc:3060] T 0503c1014bb9475da91f89cbe4b19846 P 98ac49100af24d50b38cd96030d270a1 [term 4 FOLLOWER]: Advancing to term 5
I20260709 13:04:17.012154 19573 raft_consensus.cc:2468] T 0503c1014bb9475da91f89cbe4b19846 P 543e296f19e94b3794f75c0e26998282 [term 5 FOLLOWER]: Leader election vote request: Granting yes vote for candidate b3e389e27e664fb1973fce1b59400cef in term 5.
I20260709 13:04:17.013219 19687 leader_election.cc:304] T 0503c1014bb9475da91f89cbe4b19846 P b3e389e27e664fb1973fce1b59400cef [CANDIDATE]: Term 5 election: Election decided. Result: candidate won. Election summary: received 2 responses out of 3 voters: 2 yes votes; 0 no votes. yes voters: 543e296f19e94b3794f75c0e26998282, b3e389e27e664fb1973fce1b59400cef; no voters: 
I20260709 13:04:17.013633 19647 raft_consensus.cc:2468] T 0503c1014bb9475da91f89cbe4b19846 P 98ac49100af24d50b38cd96030d270a1 [term 5 FOLLOWER]: Leader election vote request: Granting yes vote for candidate b3e389e27e664fb1973fce1b59400cef in term 5.
I20260709 13:04:17.013918 19888 raft_consensus.cc:2804] T 0503c1014bb9475da91f89cbe4b19846 P b3e389e27e664fb1973fce1b59400cef [term 5 FOLLOWER]: Leader election won for term 5
I20260709 13:04:17.014359 19888 raft_consensus.cc:697] T 0503c1014bb9475da91f89cbe4b19846 P b3e389e27e664fb1973fce1b59400cef [term 5 LEADER]: Becoming Leader. State: Replica: b3e389e27e664fb1973fce1b59400cef, State: Running, Role: LEADER
I20260709 13:04:17.015081 19888 consensus_queue.cc:237] T 0503c1014bb9475da91f89cbe4b19846 P b3e389e27e664fb1973fce1b59400cef [LEADER]: Queue going to LEADER mode. State: All replicated index: 0, Majority replicated index: 4, Committed index: 4, Last appended: 4.4, Last appended by leader: 4, Current term: 5, Majority size: 2, State: 0, Mode: LEADER, active raft config: opid_index: -1 OBSOLETE_local: false peers { permanent_uuid: "543e296f19e94b3794f75c0e26998282" member_type: VOTER last_known_addr { host: "127.18.252.1" port: 39517 } } peers { permanent_uuid: "98ac49100af24d50b38cd96030d270a1" member_type: VOTER last_known_addr { host: "127.18.252.2" port: 42333 } } peers { permanent_uuid: "b3e389e27e664fb1973fce1b59400cef" member_type: VOTER last_known_addr { host: "127.18.252.3" port: 39817 } }
I20260709 13:04:17.021833 19470 catalog_manager.cc:5697] T 0503c1014bb9475da91f89cbe4b19846 P b3e389e27e664fb1973fce1b59400cef reported cstate change: term changed from 4 to 5, leader changed from 98ac49100af24d50b38cd96030d270a1 (127.18.252.2) to b3e389e27e664fb1973fce1b59400cef (127.18.252.3). New cstate: current_term: 5 leader_uuid: "b3e389e27e664fb1973fce1b59400cef" committed_config { opid_index: -1 OBSOLETE_local: false peers { permanent_uuid: "543e296f19e94b3794f75c0e26998282" member_type: VOTER last_known_addr { host: "127.18.252.1" port: 39517 } health_report { overall_health: UNKNOWN } } peers { permanent_uuid: "98ac49100af24d50b38cd96030d270a1" member_type: VOTER last_known_addr { host: "127.18.252.2" port: 42333 } health_report { overall_health: UNKNOWN } } peers { permanent_uuid: "b3e389e27e664fb1973fce1b59400cef" member_type: VOTER last_known_addr { host: "127.18.252.3" port: 39817 } health_report { overall_health: HEALTHY } } }
I20260709 13:04:17.111153 19896 raft_consensus.cc:993] T 6d7b70451b204577af1f1bbb743f5615 P 98ac49100af24d50b38cd96030d270a1: : Instructing follower 543e296f19e94b3794f75c0e26998282 to start an election
I20260709 13:04:17.111573 19907 raft_consensus.cc:1081] T 6d7b70451b204577af1f1bbb743f5615 P 98ac49100af24d50b38cd96030d270a1 [term 1 LEADER]: Signalling peer 543e296f19e94b3794f75c0e26998282 to start an election
I20260709 13:04:17.112803 19573 tablet_service.cc:2044] Received Run Leader Election RPC: tablet_id: "6d7b70451b204577af1f1bbb743f5615"
dest_uuid: "543e296f19e94b3794f75c0e26998282"
 from {username='slave'} at 127.0.0.1:53498
I20260709 13:04:17.113229 19573 raft_consensus.cc:493] T 6d7b70451b204577af1f1bbb743f5615 P 543e296f19e94b3794f75c0e26998282 [term 1 FOLLOWER]: Starting forced leader election (received explicit request)
I20260709 13:04:17.113490 19573 raft_consensus.cc:3060] T 6d7b70451b204577af1f1bbb743f5615 P 543e296f19e94b3794f75c0e26998282 [term 1 FOLLOWER]: Advancing to term 2
I20260709 13:04:17.117729 19573 raft_consensus.cc:515] T 6d7b70451b204577af1f1bbb743f5615 P 543e296f19e94b3794f75c0e26998282 [term 2 FOLLOWER]: Starting forced leader election with config: opid_index: -1 OBSOLETE_local: false peers { permanent_uuid: "543e296f19e94b3794f75c0e26998282" member_type: VOTER last_known_addr { host: "127.18.252.1" port: 39517 } } peers { permanent_uuid: "98ac49100af24d50b38cd96030d270a1" member_type: VOTER last_known_addr { host: "127.18.252.2" port: 42333 } } peers { permanent_uuid: "b3e389e27e664fb1973fce1b59400cef" member_type: VOTER last_known_addr { host: "127.18.252.3" port: 39817 } }
I20260709 13:04:17.119151 19573 leader_election.cc:290] T 6d7b70451b204577af1f1bbb743f5615 P 543e296f19e94b3794f75c0e26998282 [CANDIDATE]: Term 2 election: Requested vote from peers 98ac49100af24d50b38cd96030d270a1 (127.18.252.2:42333), b3e389e27e664fb1973fce1b59400cef (127.18.252.3:39817)
I20260709 13:04:17.119781 19647 tablet_service.cc:1917] Received RequestConsensusVote() RPC: tablet_id: "6d7b70451b204577af1f1bbb743f5615" candidate_uuid: "543e296f19e94b3794f75c0e26998282" candidate_term: 2 candidate_status { last_received { term: 1 index: 1 } } ignore_live_leader: true dest_uuid: "98ac49100af24d50b38cd96030d270a1"
I20260709 13:04:17.120234 19647 raft_consensus.cc:3055] T 6d7b70451b204577af1f1bbb743f5615 P 98ac49100af24d50b38cd96030d270a1 [term 1 LEADER]: Stepping down as leader of term 1
I20260709 13:04:17.120141 19722 tablet_service.cc:1917] Received RequestConsensusVote() RPC: tablet_id: "6d7b70451b204577af1f1bbb743f5615" candidate_uuid: "543e296f19e94b3794f75c0e26998282" candidate_term: 2 candidate_status { last_received { term: 1 index: 1 } } ignore_live_leader: true dest_uuid: "b3e389e27e664fb1973fce1b59400cef"
I20260709 13:04:17.120512 19647 raft_consensus.cc:740] T 6d7b70451b204577af1f1bbb743f5615 P 98ac49100af24d50b38cd96030d270a1 [term 1 LEADER]: Becoming Follower/Learner. State: Replica: 98ac49100af24d50b38cd96030d270a1, State: Running, Role: LEADER
I20260709 13:04:17.120643 19722 raft_consensus.cc:3060] T 6d7b70451b204577af1f1bbb743f5615 P b3e389e27e664fb1973fce1b59400cef [term 1 FOLLOWER]: Advancing to term 2
I20260709 13:04:17.121131 19647 consensus_queue.cc:260] T 6d7b70451b204577af1f1bbb743f5615 P 98ac49100af24d50b38cd96030d270a1 [NON_LEADER]: Queue going to NON_LEADER mode. State: All replicated index: 0, Majority replicated index: 1, Committed index: 1, Last appended: 1.1, Last appended by leader: 1, Current term: 1, Majority size: -1, State: 0, Mode: NON_LEADER, active raft config: opid_index: -1 OBSOLETE_local: false peers { permanent_uuid: "543e296f19e94b3794f75c0e26998282" member_type: VOTER last_known_addr { host: "127.18.252.1" port: 39517 } } peers { permanent_uuid: "98ac49100af24d50b38cd96030d270a1" member_type: VOTER last_known_addr { host: "127.18.252.2" port: 42333 } } peers { permanent_uuid: "b3e389e27e664fb1973fce1b59400cef" member_type: VOTER last_known_addr { host: "127.18.252.3" port: 39817 } }
I20260709 13:04:17.121922 19647 raft_consensus.cc:3060] T 6d7b70451b204577af1f1bbb743f5615 P 98ac49100af24d50b38cd96030d270a1 [term 1 FOLLOWER]: Advancing to term 2
I20260709 13:04:17.124519 19722 raft_consensus.cc:2468] T 6d7b70451b204577af1f1bbb743f5615 P b3e389e27e664fb1973fce1b59400cef [term 2 FOLLOWER]: Leader election vote request: Granting yes vote for candidate 543e296f19e94b3794f75c0e26998282 in term 2.
I20260709 13:04:17.125350 19541 leader_election.cc:304] T 6d7b70451b204577af1f1bbb743f5615 P 543e296f19e94b3794f75c0e26998282 [CANDIDATE]: Term 2 election: Election decided. Result: candidate won. Election summary: received 2 responses out of 3 voters: 2 yes votes; 0 no votes. yes voters: 543e296f19e94b3794f75c0e26998282, b3e389e27e664fb1973fce1b59400cef; no voters: 
I20260709 13:04:17.125706 19647 raft_consensus.cc:2468] T 6d7b70451b204577af1f1bbb743f5615 P 98ac49100af24d50b38cd96030d270a1 [term 2 FOLLOWER]: Leader election vote request: Granting yes vote for candidate 543e296f19e94b3794f75c0e26998282 in term 2.
I20260709 13:04:17.125960 19908 raft_consensus.cc:2804] T 6d7b70451b204577af1f1bbb743f5615 P 543e296f19e94b3794f75c0e26998282 [term 2 FOLLOWER]: Leader election won for term 2
I20260709 13:04:17.126372 19908 raft_consensus.cc:697] T 6d7b70451b204577af1f1bbb743f5615 P 543e296f19e94b3794f75c0e26998282 [term 2 LEADER]: Becoming Leader. State: Replica: 543e296f19e94b3794f75c0e26998282, State: Running, Role: LEADER
I20260709 13:04:17.127071 19908 consensus_queue.cc:237] T 6d7b70451b204577af1f1bbb743f5615 P 543e296f19e94b3794f75c0e26998282 [LEADER]: Queue going to LEADER mode. State: All replicated index: 0, Majority replicated index: 1, Committed index: 1, Last appended: 1.1, Last appended by leader: 1, Current term: 2, Majority size: 2, State: 0, Mode: LEADER, active raft config: opid_index: -1 OBSOLETE_local: false peers { permanent_uuid: "543e296f19e94b3794f75c0e26998282" member_type: VOTER last_known_addr { host: "127.18.252.1" port: 39517 } } peers { permanent_uuid: "98ac49100af24d50b38cd96030d270a1" member_type: VOTER last_known_addr { host: "127.18.252.2" port: 42333 } } peers { permanent_uuid: "b3e389e27e664fb1973fce1b59400cef" member_type: VOTER last_known_addr { host: "127.18.252.3" port: 39817 } }
I20260709 13:04:17.133981 19470 catalog_manager.cc:5697] T 6d7b70451b204577af1f1bbb743f5615 P 543e296f19e94b3794f75c0e26998282 reported cstate change: term changed from 1 to 2, leader changed from 98ac49100af24d50b38cd96030d270a1 (127.18.252.2) to 543e296f19e94b3794f75c0e26998282 (127.18.252.1). New cstate: current_term: 2 leader_uuid: "543e296f19e94b3794f75c0e26998282" committed_config { opid_index: -1 OBSOLETE_local: false peers { permanent_uuid: "543e296f19e94b3794f75c0e26998282" member_type: VOTER last_known_addr { host: "127.18.252.1" port: 39517 } health_report { overall_health: HEALTHY } } peers { permanent_uuid: "98ac49100af24d50b38cd96030d270a1" member_type: VOTER last_known_addr { host: "127.18.252.2" port: 42333 } health_report { overall_health: UNKNOWN } } peers { permanent_uuid: "b3e389e27e664fb1973fce1b59400cef" member_type: VOTER last_known_addr { host: "127.18.252.3" port: 39817 } health_report { overall_health: UNKNOWN } } }
I20260709 13:04:17.265365 19647 raft_consensus.cc:1275] T 7a6d4292fae34e57a0a00df69669660d P 98ac49100af24d50b38cd96030d270a1 [term 5 FOLLOWER]: Refusing update from remote peer 543e296f19e94b3794f75c0e26998282: Log matching property violated. Preceding OpId in replica: term: 4 index: 4. Preceding OpId from leader: term: 5 index: 5. (index mismatch)
I20260709 13:04:17.266501 19908 consensus_queue.cc:1048] T 7a6d4292fae34e57a0a00df69669660d P 543e296f19e94b3794f75c0e26998282 [LEADER]: Connected to new peer: Peer: permanent_uuid: "98ac49100af24d50b38cd96030d270a1" member_type: VOTER last_known_addr { host: "127.18.252.2" port: 42333 }, Status: LMP_MISMATCH, Last received: 0.0, Next index: 5, Last known committed idx: 4, Time since last communication: 0.000s
I20260709 13:04:17.276638 19722 raft_consensus.cc:1275] T 7a6d4292fae34e57a0a00df69669660d P b3e389e27e664fb1973fce1b59400cef [term 5 FOLLOWER]: Refusing update from remote peer 543e296f19e94b3794f75c0e26998282: Log matching property violated. Preceding OpId in replica: term: 4 index: 4. Preceding OpId from leader: term: 5 index: 5. (index mismatch)
I20260709 13:04:17.278206 19923 consensus_queue.cc:1048] T 7a6d4292fae34e57a0a00df69669660d P 543e296f19e94b3794f75c0e26998282 [LEADER]: Connected to new peer: Peer: permanent_uuid: "b3e389e27e664fb1973fce1b59400cef" member_type: VOTER last_known_addr { host: "127.18.252.3" port: 39817 }, Status: LMP_MISMATCH, Last received: 0.0, Next index: 5, Last known committed idx: 4, Time since last communication: 0.001s
I20260709 13:04:17.308290 19647 raft_consensus.cc:1275] T 85e1fc957db44469aeb0b23210d5ef8d P 98ac49100af24d50b38cd96030d270a1 [term 2 FOLLOWER]: Refusing update from remote peer b3e389e27e664fb1973fce1b59400cef: Log matching property violated. Preceding OpId in replica: term: 1 index: 1. Preceding OpId from leader: term: 2 index: 2. (index mismatch)
I20260709 13:04:17.309332 19888 consensus_queue.cc:1048] T 85e1fc957db44469aeb0b23210d5ef8d P b3e389e27e664fb1973fce1b59400cef [LEADER]: Connected to new peer: Peer: permanent_uuid: "98ac49100af24d50b38cd96030d270a1" member_type: VOTER last_known_addr { host: "127.18.252.2" port: 42333 }, Status: LMP_MISMATCH, Last received: 0.0, Next index: 2, Last known committed idx: 1, Time since last communication: 0.000s
I20260709 13:04:17.317727 19573 raft_consensus.cc:1275] T 85e1fc957db44469aeb0b23210d5ef8d P 543e296f19e94b3794f75c0e26998282 [term 2 FOLLOWER]: Refusing update from remote peer b3e389e27e664fb1973fce1b59400cef: Log matching property violated. Preceding OpId in replica: term: 1 index: 1. Preceding OpId from leader: term: 2 index: 2. (index mismatch)
I20260709 13:04:17.319713 19915 consensus_queue.cc:1048] T 85e1fc957db44469aeb0b23210d5ef8d P b3e389e27e664fb1973fce1b59400cef [LEADER]: Connected to new peer: Peer: permanent_uuid: "543e296f19e94b3794f75c0e26998282" member_type: VOTER last_known_addr { host: "127.18.252.1" port: 39517 }, Status: LMP_MISMATCH, Last received: 0.0, Next index: 2, Last known committed idx: 1, Time since last communication: 0.000s
I20260709 13:04:17.436357 19573 raft_consensus.cc:1275] T 0503c1014bb9475da91f89cbe4b19846 P 543e296f19e94b3794f75c0e26998282 [term 5 FOLLOWER]: Refusing update from remote peer b3e389e27e664fb1973fce1b59400cef: Log matching property violated. Preceding OpId in replica: term: 4 index: 4. Preceding OpId from leader: term: 5 index: 5. (index mismatch)
I20260709 13:04:17.437534 19915 consensus_queue.cc:1048] T 0503c1014bb9475da91f89cbe4b19846 P b3e389e27e664fb1973fce1b59400cef [LEADER]: Connected to new peer: Peer: permanent_uuid: "543e296f19e94b3794f75c0e26998282" member_type: VOTER last_known_addr { host: "127.18.252.1" port: 39517 }, Status: LMP_MISMATCH, Last received: 0.0, Next index: 5, Last known committed idx: 4, Time since last communication: 0.000s
I20260709 13:04:17.445586 19647 raft_consensus.cc:1275] T 0503c1014bb9475da91f89cbe4b19846 P 98ac49100af24d50b38cd96030d270a1 [term 5 FOLLOWER]: Refusing update from remote peer b3e389e27e664fb1973fce1b59400cef: Log matching property violated. Preceding OpId in replica: term: 4 index: 4. Preceding OpId from leader: term: 5 index: 5. (index mismatch)
I20260709 13:04:17.446830 19888 consensus_queue.cc:1048] T 0503c1014bb9475da91f89cbe4b19846 P b3e389e27e664fb1973fce1b59400cef [LEADER]: Connected to new peer: Peer: permanent_uuid: "98ac49100af24d50b38cd96030d270a1" member_type: VOTER last_known_addr { host: "127.18.252.2" port: 42333 }, Status: LMP_MISMATCH, Last received: 0.0, Next index: 5, Last known committed idx: 4, Time since last communication: 0.000s
I20260709 13:04:17.508744 19722 raft_consensus.cc:1275] T 8cea8f3ba51a4941af843045d42f9576 P b3e389e27e664fb1973fce1b59400cef [term 4 FOLLOWER]: Refusing update from remote peer 543e296f19e94b3794f75c0e26998282: Log matching property violated. Preceding OpId in replica: term: 3 index: 3. Preceding OpId from leader: term: 4 index: 4. (index mismatch)
I20260709 13:04:17.510109 19923 consensus_queue.cc:1048] T 8cea8f3ba51a4941af843045d42f9576 P 543e296f19e94b3794f75c0e26998282 [LEADER]: Connected to new peer: Peer: permanent_uuid: "b3e389e27e664fb1973fce1b59400cef" member_type: VOTER last_known_addr { host: "127.18.252.3" port: 39817 }, Status: LMP_MISMATCH, Last received: 0.0, Next index: 4, Last known committed idx: 3, Time since last communication: 0.000s
I20260709 13:04:17.514513 19647 raft_consensus.cc:1275] T 8cea8f3ba51a4941af843045d42f9576 P 98ac49100af24d50b38cd96030d270a1 [term 4 FOLLOWER]: Refusing update from remote peer 543e296f19e94b3794f75c0e26998282: Log matching property violated. Preceding OpId in replica: term: 3 index: 3. Preceding OpId from leader: term: 4 index: 4. (index mismatch)
I20260709 13:04:17.515944 19923 consensus_queue.cc:1048] T 8cea8f3ba51a4941af843045d42f9576 P 543e296f19e94b3794f75c0e26998282 [LEADER]: Connected to new peer: Peer: permanent_uuid: "98ac49100af24d50b38cd96030d270a1" member_type: VOTER last_known_addr { host: "127.18.252.2" port: 42333 }, Status: LMP_MISMATCH, Last received: 0.0, Next index: 4, Last known committed idx: 3, Time since last communication: 0.000s
I20260709 13:04:17.666445 19722 raft_consensus.cc:1275] T 6d7b70451b204577af1f1bbb743f5615 P b3e389e27e664fb1973fce1b59400cef [term 2 FOLLOWER]: Refusing update from remote peer 543e296f19e94b3794f75c0e26998282: Log matching property violated. Preceding OpId in replica: term: 1 index: 1. Preceding OpId from leader: term: 2 index: 2. (index mismatch)
I20260709 13:04:17.667549 19932 consensus_queue.cc:1048] T 6d7b70451b204577af1f1bbb743f5615 P 543e296f19e94b3794f75c0e26998282 [LEADER]: Connected to new peer: Peer: permanent_uuid: "b3e389e27e664fb1973fce1b59400cef" member_type: VOTER last_known_addr { host: "127.18.252.3" port: 39817 }, Status: LMP_MISMATCH, Last received: 0.0, Next index: 2, Last known committed idx: 1, Time since last communication: 0.000s
I20260709 13:04:17.675352 19647 raft_consensus.cc:1275] T 6d7b70451b204577af1f1bbb743f5615 P 98ac49100af24d50b38cd96030d270a1 [term 2 FOLLOWER]: Refusing update from remote peer 543e296f19e94b3794f75c0e26998282: Log matching property violated. Preceding OpId in replica: term: 1 index: 1. Preceding OpId from leader: term: 2 index: 2. (index mismatch)
I20260709 13:04:17.676980 19909 consensus_queue.cc:1048] T 6d7b70451b204577af1f1bbb743f5615 P 543e296f19e94b3794f75c0e26998282 [LEADER]: Connected to new peer: Peer: permanent_uuid: "98ac49100af24d50b38cd96030d270a1" member_type: VOTER last_known_addr { host: "127.18.252.2" port: 42333 }, Status: LMP_MISMATCH, Last received: 0.0, Next index: 2, Last known committed idx: 1, Time since last communication: 0.001s
I20260709 13:04:17.759014 19440 auto_leader_rebalancer.cc:141] leader rebalance for table test-workload
I20260709 13:04:17.764776 19440 tablet_server.cc:179] TabletServer@127.18.252.1:0 shutting down...
I20260709 13:04:17.792939 19440 ts_tablet_manager.cc:1507] Shutting down tablet manager...
I20260709 13:04:17.793728 19440 tablet_replica.cc:333] T 5abe155840234902b9df3dc9aad4e0da P 543e296f19e94b3794f75c0e26998282: stopping tablet replica
I20260709 13:04:17.794565 19440 raft_consensus.cc:2243] T 5abe155840234902b9df3dc9aad4e0da P 543e296f19e94b3794f75c0e26998282 [term 3 FOLLOWER]: Raft consensus shutting down.
I20260709 13:04:17.795115 19440 raft_consensus.cc:2272] T 5abe155840234902b9df3dc9aad4e0da P 543e296f19e94b3794f75c0e26998282 [term 3 FOLLOWER]: Raft consensus is shut down!
I20260709 13:04:17.797468 19440 tablet_replica.cc:333] T 8cea8f3ba51a4941af843045d42f9576 P 543e296f19e94b3794f75c0e26998282: stopping tablet replica
I20260709 13:04:17.798004 19440 raft_consensus.cc:2243] T 8cea8f3ba51a4941af843045d42f9576 P 543e296f19e94b3794f75c0e26998282 [term 4 LEADER]: Raft consensus shutting down.
I20260709 13:04:17.798730 19440 raft_consensus.cc:2272] T 8cea8f3ba51a4941af843045d42f9576 P 543e296f19e94b3794f75c0e26998282 [term 4 FOLLOWER]: Raft consensus is shut down!
I20260709 13:04:17.801044 19440 tablet_replica.cc:333] T 1d53b3c06f1e41f9a02e8383ae577df8 P 543e296f19e94b3794f75c0e26998282: stopping tablet replica
I20260709 13:04:17.801533 19440 raft_consensus.cc:2243] T 1d53b3c06f1e41f9a02e8383ae577df8 P 543e296f19e94b3794f75c0e26998282 [term 2 FOLLOWER]: Raft consensus shutting down.
I20260709 13:04:17.801929 19440 raft_consensus.cc:2272] T 1d53b3c06f1e41f9a02e8383ae577df8 P 543e296f19e94b3794f75c0e26998282 [term 2 FOLLOWER]: Raft consensus is shut down!
I20260709 13:04:17.803553 19440 tablet_replica.cc:333] T 0503c1014bb9475da91f89cbe4b19846 P 543e296f19e94b3794f75c0e26998282: stopping tablet replica
I20260709 13:04:17.804013 19440 raft_consensus.cc:2243] T 0503c1014bb9475da91f89cbe4b19846 P 543e296f19e94b3794f75c0e26998282 [term 5 FOLLOWER]: Raft consensus shutting down.
I20260709 13:04:17.804421 19440 raft_consensus.cc:2272] T 0503c1014bb9475da91f89cbe4b19846 P 543e296f19e94b3794f75c0e26998282 [term 5 FOLLOWER]: Raft consensus is shut down!
I20260709 13:04:17.806279 19440 tablet_replica.cc:333] T 6d7b70451b204577af1f1bbb743f5615 P 543e296f19e94b3794f75c0e26998282: stopping tablet replica
I20260709 13:04:17.806739 19440 raft_consensus.cc:2243] T 6d7b70451b204577af1f1bbb743f5615 P 543e296f19e94b3794f75c0e26998282 [term 2 LEADER]: Raft consensus shutting down.
I20260709 13:04:17.807479 19440 raft_consensus.cc:2272] T 6d7b70451b204577af1f1bbb743f5615 P 543e296f19e94b3794f75c0e26998282 [term 2 FOLLOWER]: Raft consensus is shut down!
I20260709 13:04:17.809175 19440 tablet_replica.cc:333] T 85e1fc957db44469aeb0b23210d5ef8d P 543e296f19e94b3794f75c0e26998282: stopping tablet replica
I20260709 13:04:17.809612 19440 raft_consensus.cc:2243] T 85e1fc957db44469aeb0b23210d5ef8d P 543e296f19e94b3794f75c0e26998282 [term 2 FOLLOWER]: Raft consensus shutting down.
I20260709 13:04:17.809967 19440 raft_consensus.cc:2272] T 85e1fc957db44469aeb0b23210d5ef8d P 543e296f19e94b3794f75c0e26998282 [term 2 FOLLOWER]: Raft consensus is shut down!
I20260709 13:04:17.811882 19440 tablet_replica.cc:333] T 7a6d4292fae34e57a0a00df69669660d P 543e296f19e94b3794f75c0e26998282: stopping tablet replica
I20260709 13:04:17.812335 19440 raft_consensus.cc:2243] T 7a6d4292fae34e57a0a00df69669660d P 543e296f19e94b3794f75c0e26998282 [term 5 LEADER]: Raft consensus shutting down.
I20260709 13:04:17.812991 19440 raft_consensus.cc:2272] T 7a6d4292fae34e57a0a00df69669660d P 543e296f19e94b3794f75c0e26998282 [term 5 FOLLOWER]: Raft consensus is shut down!
I20260709 13:04:17.814819 19440 tablet_replica.cc:333] T c940f74b32b844f4ac65acaff7b1cda9 P 543e296f19e94b3794f75c0e26998282: stopping tablet replica
I20260709 13:04:17.815263 19440 raft_consensus.cc:2243] T c940f74b32b844f4ac65acaff7b1cda9 P 543e296f19e94b3794f75c0e26998282 [term 2 FOLLOWER]: Raft consensus shutting down.
I20260709 13:04:17.815656 19440 raft_consensus.cc:2272] T c940f74b32b844f4ac65acaff7b1cda9 P 543e296f19e94b3794f75c0e26998282 [term 2 FOLLOWER]: Raft consensus is shut down!
I20260709 13:04:17.817129 19440 tablet_replica.cc:333] T 8f9ad60282d04458b659961d3ccd5ae1 P 543e296f19e94b3794f75c0e26998282: stopping tablet replica
I20260709 13:04:17.817512 19440 raft_consensus.cc:2243] T 8f9ad60282d04458b659961d3ccd5ae1 P 543e296f19e94b3794f75c0e26998282 [term 2 FOLLOWER]: Raft consensus shutting down.
I20260709 13:04:17.817864 19440 raft_consensus.cc:2272] T 8f9ad60282d04458b659961d3ccd5ae1 P 543e296f19e94b3794f75c0e26998282 [term 2 FOLLOWER]: Raft consensus is shut down!
W20260709 13:04:17.933591 19613 proxy.cc:239] Call had error, refreshing address and retrying: Network error: Client connection negotiation failed: client connection to 127.18.252.1:39517: connect: Connection refused (error 111)
I20260709 13:04:17.938004 19440 tablet_server.cc:196] TabletServer@127.18.252.1:0 shutdown complete.
W20260709 13:04:17.941195 19613 consensus_peers.cc:597] T c940f74b32b844f4ac65acaff7b1cda9 P 98ac49100af24d50b38cd96030d270a1 -> Peer 543e296f19e94b3794f75c0e26998282 (127.18.252.1:39517): Couldn't send request to peer 543e296f19e94b3794f75c0e26998282. Status: Network error: Client connection negotiation failed: client connection to 127.18.252.1:39517: connect: Connection refused (error 111). This is attempt 1: this message will repeat every 5th retry.
W20260709 13:04:17.942711 19687 consensus_peers.cc:597] T 85e1fc957db44469aeb0b23210d5ef8d P b3e389e27e664fb1973fce1b59400cef -> Peer 543e296f19e94b3794f75c0e26998282 (127.18.252.1:39517): Couldn't send request to peer 543e296f19e94b3794f75c0e26998282. Status: Network error: Client connection negotiation failed: client connection to 127.18.252.1:39517: connect: Connection refused (error 111). This is attempt 1: this message will repeat every 5th retry.
W20260709 13:04:17.943105 19613 consensus_peers.cc:597] T 5abe155840234902b9df3dc9aad4e0da P 98ac49100af24d50b38cd96030d270a1 -> Peer 543e296f19e94b3794f75c0e26998282 (127.18.252.1:39517): Couldn't send request to peer 543e296f19e94b3794f75c0e26998282. Status: Network error: Client connection negotiation failed: client connection to 127.18.252.1:39517: connect: Connection refused (error 111). This is attempt 1: this message will repeat every 5th retry.
I20260709 13:04:17.956409 19440 tablet_server.cc:179] TabletServer@127.18.252.2:0 shutting down...
I20260709 13:04:17.979653 19440 ts_tablet_manager.cc:1507] Shutting down tablet manager...
I20260709 13:04:17.980324 19440 tablet_replica.cc:333] T 85e1fc957db44469aeb0b23210d5ef8d P 98ac49100af24d50b38cd96030d270a1: stopping tablet replica
I20260709 13:04:17.980813 19440 raft_consensus.cc:2243] T 85e1fc957db44469aeb0b23210d5ef8d P 98ac49100af24d50b38cd96030d270a1 [term 2 FOLLOWER]: Raft consensus shutting down.
I20260709 13:04:17.981235 19440 raft_consensus.cc:2272] T 85e1fc957db44469aeb0b23210d5ef8d P 98ac49100af24d50b38cd96030d270a1 [term 2 FOLLOWER]: Raft consensus is shut down!
I20260709 13:04:17.983695 19440 tablet_replica.cc:333] T 7a6d4292fae34e57a0a00df69669660d P 98ac49100af24d50b38cd96030d270a1: stopping tablet replica
I20260709 13:04:17.984321 19440 raft_consensus.cc:2243] T 7a6d4292fae34e57a0a00df69669660d P 98ac49100af24d50b38cd96030d270a1 [term 5 FOLLOWER]: Raft consensus shutting down.
I20260709 13:04:17.984717 19440 raft_consensus.cc:2272] T 7a6d4292fae34e57a0a00df69669660d P 98ac49100af24d50b38cd96030d270a1 [term 5 FOLLOWER]: Raft consensus is shut down!
W20260709 13:04:17.985358 19613 consensus_peers.cc:597] T 8f9ad60282d04458b659961d3ccd5ae1 P 98ac49100af24d50b38cd96030d270a1 -> Peer 543e296f19e94b3794f75c0e26998282 (127.18.252.1:39517): Couldn't send request to peer 543e296f19e94b3794f75c0e26998282. Status: Network error: Client connection negotiation failed: client connection to 127.18.252.1:39517: connect: Connection refused (error 111). This is attempt 1: this message will repeat every 5th retry.
W20260709 13:04:17.988152 19687 consensus_peers.cc:597] T 0503c1014bb9475da91f89cbe4b19846 P b3e389e27e664fb1973fce1b59400cef -> Peer 543e296f19e94b3794f75c0e26998282 (127.18.252.1:39517): Couldn't send request to peer 543e296f19e94b3794f75c0e26998282. Status: Network error: Client connection negotiation failed: client connection to 127.18.252.1:39517: connect: Connection refused (error 111). This is attempt 1: this message will repeat every 5th retry.
I20260709 13:04:17.988535 19440 tablet_replica.cc:333] T 1d53b3c06f1e41f9a02e8383ae577df8 P 98ac49100af24d50b38cd96030d270a1: stopping tablet replica
I20260709 13:04:17.989069 19440 raft_consensus.cc:2243] T 1d53b3c06f1e41f9a02e8383ae577df8 P 98ac49100af24d50b38cd96030d270a1 [term 2 FOLLOWER]: Raft consensus shutting down.
I20260709 13:04:17.989445 19440 raft_consensus.cc:2272] T 1d53b3c06f1e41f9a02e8383ae577df8 P 98ac49100af24d50b38cd96030d270a1 [term 2 FOLLOWER]: Raft consensus is shut down!
I20260709 13:04:17.991096 19440 tablet_replica.cc:333] T 8cea8f3ba51a4941af843045d42f9576 P 98ac49100af24d50b38cd96030d270a1: stopping tablet replica
