I20260709 13:04:34.668432 12348 raft_consensus.cc:2468] T 130f91f79acd4c158face4bc8cad181c P 7cda3c534c2d44989c96a7d4ab6ddc06 [term 1 FOLLOWER]: Leader election vote request: Granting yes vote for candidate 69d289e13039426dbf125e126371bc31 in term 1.
I20260709 13:04:34.668299 12617 consensus_queue.cc:1048] T 46bcbb71b9324b21b622bf9dddcb7528 P 7cda3c534c2d44989c96a7d4ab6ddc06 [LEADER]: Connected to new peer: Peer: permanent_uuid: "2db2a3d64ed24f2c84c45510a530e63b" member_type: VOTER last_known_addr { host: "127.10.214.65" port: 39611 }, Status: LMP_MISMATCH, Last received: 0.0, Next index: 1, Last known committed idx: 0, Time since last communication: 0.000s
I20260709 13:04:34.669665 12397 leader_election.cc:290] T 8d0b601060554e3eb5acd5bcd1db9176 P 7cda3c534c2d44989c96a7d4ab6ddc06 [CANDIDATE]: Term 1 election: Requested vote from peers 2db2a3d64ed24f2c84c45510a530e63b (127.10.214.65:39611), 69d289e13039426dbf125e126371bc31 (127.10.214.66:36743)
I20260709 13:04:34.673069 12278 tablet_service.cc:1917] Received RequestConsensusVote() RPC: tablet_id: "8d0b601060554e3eb5acd5bcd1db9176" candidate_uuid: "7cda3c534c2d44989c96a7d4ab6ddc06" candidate_term: 1 candidate_status { last_received { term: 0 index: 0 } } ignore_live_leader: false dest_uuid: "69d289e13039426dbf125e126371bc31"
I20260709 13:04:34.673830 12278 raft_consensus.cc:3060] T 8d0b601060554e3eb5acd5bcd1db9176 P 69d289e13039426dbf125e126371bc31 [term 0 FOLLOWER]: Advancing to term 1
I20260709 13:04:34.672457 12406 raft_consensus.cc:493] T db206a234e714e338f5499cd277b909b P 2db2a3d64ed24f2c84c45510a530e63b [term 0 FOLLOWER]: Starting pre-election (no leader contacted us within the election timeout)
I20260709 13:04:34.676187 12406 raft_consensus.cc:515] T db206a234e714e338f5499cd277b909b P 2db2a3d64ed24f2c84c45510a530e63b [term 0 FOLLOWER]: Starting pre-election with config: opid_index: -1 OBSOLETE_local: false peers { permanent_uuid: "2db2a3d64ed24f2c84c45510a530e63b" member_type: VOTER last_known_addr { host: "127.10.214.65" port: 39611 } } peers { permanent_uuid: "69d289e13039426dbf125e126371bc31" member_type: VOTER last_known_addr { host: "127.10.214.66" port: 36743 } } peers { permanent_uuid: "7cda3c534c2d44989c96a7d4ab6ddc06" member_type: VOTER last_known_addr { host: "127.10.214.67" port: 37329 } }
I20260709 13:04:34.678030 12406 leader_election.cc:290] T db206a234e714e338f5499cd277b909b P 2db2a3d64ed24f2c84c45510a530e63b [CANDIDATE]: Term 1 pre-election: Requested pre-vote from peers 69d289e13039426dbf125e126371bc31 (127.10.214.66:36743), 7cda3c534c2d44989c96a7d4ab6ddc06 (127.10.214.67:37329)
I20260709 13:04:34.679153 12617 consensus_queue.cc:1048] T 5d789f601437429784a1799a4afd8d14 P 7cda3c534c2d44989c96a7d4ab6ddc06 [LEADER]: Connected to new peer: Peer: permanent_uuid: "69d289e13039426dbf125e126371bc31" member_type: VOTER last_known_addr { host: "127.10.214.66" port: 36743 }, Status: LMP_MISMATCH, Last received: 0.0, Next index: 1, Last known committed idx: 0, Time since last communication: 0.000s
I20260709 13:04:34.680600 12278 raft_consensus.cc:2468] T 8d0b601060554e3eb5acd5bcd1db9176 P 69d289e13039426dbf125e126371bc31 [term 1 FOLLOWER]: Leader election vote request: Granting yes vote for candidate 7cda3c534c2d44989c96a7d4ab6ddc06 in term 1.
I20260709 13:04:34.683104 12203 tablet_service.cc:1917] Received RequestConsensusVote() RPC: tablet_id: "8d0b601060554e3eb5acd5bcd1db9176" candidate_uuid: "7cda3c534c2d44989c96a7d4ab6ddc06" candidate_term: 1 candidate_status { last_received { term: 0 index: 0 } } ignore_live_leader: false dest_uuid: "2db2a3d64ed24f2c84c45510a530e63b"
I20260709 13:04:34.684337 12492 consensus_queue.cc:1048] T 5d789f601437429784a1799a4afd8d14 P 7cda3c534c2d44989c96a7d4ab6ddc06 [LEADER]: Connected to new peer: Peer: permanent_uuid: "2db2a3d64ed24f2c84c45510a530e63b" member_type: VOTER last_known_addr { host: "127.10.214.65" port: 39611 }, Status: LMP_MISMATCH, Last received: 0.0, Next index: 1, Last known committed idx: 0, Time since last communication: 0.000s
I20260709 13:04:34.682438 12316 leader_election.cc:304] T 8d0b601060554e3eb5acd5bcd1db9176 P 7cda3c534c2d44989c96a7d4ab6ddc06 [CANDIDATE]: Term 1 election: Election decided. Result: candidate won. Election summary: received 2 responses out of 3 voters: 2 yes votes; 0 no votes. yes voters: 69d289e13039426dbf125e126371bc31, 7cda3c534c2d44989c96a7d4ab6ddc06; no voters: 
W20260709 13:04:34.687206 12316 leader_election.cc:343] T 8d0b601060554e3eb5acd5bcd1db9176 P 7cda3c534c2d44989c96a7d4ab6ddc06 [CANDIDATE]: Term 1 election: Tablet error from VoteRequest() call to peer 2db2a3d64ed24f2c84c45510a530e63b (127.10.214.65:39611): Illegal state: must be running to vote when last-logged opid is not known
I20260709 13:04:34.701020 12400 raft_consensus.cc:697] T 130f91f79acd4c158face4bc8cad181c P 69d289e13039426dbf125e126371bc31 [term 1 LEADER]: Becoming Leader. State: Replica: 69d289e13039426dbf125e126371bc31, State: Running, Role: LEADER
I20260709 13:04:34.702762 12394 tablet_bootstrap.cc:654] T 7aa5637396914816a08381db82d28156 P 69d289e13039426dbf125e126371bc31: Neither blocks nor log segments found. Creating new log.
I20260709 13:04:34.673357 12397 consensus_queue.cc:1048] T 46bcbb71b9324b21b622bf9dddcb7528 P 7cda3c534c2d44989c96a7d4ab6ddc06 [LEADER]: Connected to new peer: Peer: permanent_uuid: "69d289e13039426dbf125e126371bc31" member_type: VOTER last_known_addr { host: "127.10.214.66" port: 36743 }, Status: LMP_MISMATCH, Last received: 0.0, Next index: 1, Last known committed idx: 0, Time since last communication: 0.022s
I20260709 13:04:34.690776 12574 raft_consensus.cc:2804] T 8d0b601060554e3eb5acd5bcd1db9176 P 7cda3c534c2d44989c96a7d4ab6ddc06 [term 1 FOLLOWER]: Leader election won for term 1
I20260709 13:04:34.707517 12574 raft_consensus.cc:697] T 8d0b601060554e3eb5acd5bcd1db9176 P 7cda3c534c2d44989c96a7d4ab6ddc06 [term 1 LEADER]: Becoming Leader. State: Replica: 7cda3c534c2d44989c96a7d4ab6ddc06, State: Running, Role: LEADER
I20260709 13:04:34.708333 12574 consensus_queue.cc:237] T 8d0b601060554e3eb5acd5bcd1db9176 P 7cda3c534c2d44989c96a7d4ab6ddc06 [LEADER]: Queue going to LEADER mode. State: All replicated index: 0, Majority replicated index: 0, Committed index: 0, Last appended: 0.0, Last appended by leader: 0, Current term: 1, Majority size: 2, State: 0, Mode: LEADER, active raft config: opid_index: -1 OBSOLETE_local: false peers { permanent_uuid: "2db2a3d64ed24f2c84c45510a530e63b" member_type: VOTER last_known_addr { host: "127.10.214.65" port: 39611 } } peers { permanent_uuid: "69d289e13039426dbf125e126371bc31" member_type: VOTER last_known_addr { host: "127.10.214.66" port: 36743 } } peers { permanent_uuid: "7cda3c534c2d44989c96a7d4ab6ddc06" member_type: VOTER last_known_addr { host: "127.10.214.67" port: 37329 } }
I20260709 13:04:34.702896 12400 consensus_queue.cc:237] T 130f91f79acd4c158face4bc8cad181c P 69d289e13039426dbf125e126371bc31 [LEADER]: Queue going to LEADER mode. State: All replicated index: 0, Majority replicated index: 0, Committed index: 0, Last appended: 0.0, Last appended by leader: 0, Current term: 1, Majority size: 2, State: 0, Mode: LEADER, active raft config: opid_index: -1 OBSOLETE_local: false peers { permanent_uuid: "2db2a3d64ed24f2c84c45510a530e63b" member_type: VOTER last_known_addr { host: "127.10.214.65" port: 39611 } } peers { permanent_uuid: "69d289e13039426dbf125e126371bc31" member_type: VOTER last_known_addr { host: "127.10.214.66" port: 36743 } } peers { permanent_uuid: "7cda3c534c2d44989c96a7d4ab6ddc06" member_type: VOTER last_known_addr { host: "127.10.214.67" port: 37329 } }
I20260709 13:04:34.709626 12099 catalog_manager.cc:5697] T f66404cbd42848dd9869dff315b19bac P 69d289e13039426dbf125e126371bc31 reported cstate change: term changed from 0 to 1, leader changed from <none> to 69d289e13039426dbf125e126371bc31 (127.10.214.66). New cstate: current_term: 1 leader_uuid: "69d289e13039426dbf125e126371bc31" committed_config { opid_index: -1 OBSOLETE_local: false peers { permanent_uuid: "2db2a3d64ed24f2c84c45510a530e63b" member_type: VOTER last_known_addr { host: "127.10.214.65" port: 39611 } health_report { overall_health: UNKNOWN } } peers { permanent_uuid: "69d289e13039426dbf125e126371bc31" member_type: VOTER last_known_addr { host: "127.10.214.66" port: 36743 } health_report { overall_health: HEALTHY } } peers { permanent_uuid: "7cda3c534c2d44989c96a7d4ab6ddc06" member_type: VOTER last_known_addr { host: "127.10.214.67" port: 37329 } health_report { overall_health: UNKNOWN } } }
I20260709 13:04:34.717749 12393 raft_consensus.cc:359] T 8cc7df1a131e4d9abe33f11d3f5dfbc0 P 2db2a3d64ed24f2c84c45510a530e63b [term 0 FOLLOWER]: Replica starting. Triggering 0 pending ops. Active config: opid_index: -1 OBSOLETE_local: false peers { permanent_uuid: "2db2a3d64ed24f2c84c45510a530e63b" member_type: VOTER last_known_addr { host: "127.10.214.65" port: 39611 } } peers { permanent_uuid: "69d289e13039426dbf125e126371bc31" member_type: VOTER last_known_addr { host: "127.10.214.66" port: 36743 } } peers { permanent_uuid: "7cda3c534c2d44989c96a7d4ab6ddc06" member_type: VOTER last_known_addr { host: "127.10.214.67" port: 37329 } }
I20260709 13:04:34.718438 12393 raft_consensus.cc:385] T 8cc7df1a131e4d9abe33f11d3f5dfbc0 P 2db2a3d64ed24f2c84c45510a530e63b [term 0 FOLLOWER]: Consensus starting up: Expiring failure detector timer to make a prompt election more likely
I20260709 13:04:34.718688 12393 raft_consensus.cc:740] T 8cc7df1a131e4d9abe33f11d3f5dfbc0 P 2db2a3d64ed24f2c84c45510a530e63b [term 0 FOLLOWER]: Becoming Follower/Learner. State: Replica: 2db2a3d64ed24f2c84c45510a530e63b, State: Initialized, Role: FOLLOWER
I20260709 13:04:34.719282 12393 consensus_queue.cc:260] T 8cc7df1a131e4d9abe33f11d3f5dfbc0 P 2db2a3d64ed24f2c84c45510a530e63b [NON_LEADER]: Queue going to NON_LEADER mode. State: All replicated index: 0, Majority replicated index: 0, Committed index: 0, Last appended: 0.0, Last appended by leader: 0, Current term: 0, Majority size: -1, State: 0, Mode: NON_LEADER, active raft config: opid_index: -1 OBSOLETE_local: false peers { permanent_uuid: "2db2a3d64ed24f2c84c45510a530e63b" member_type: VOTER last_known_addr { host: "127.10.214.65" port: 39611 } } peers { permanent_uuid: "69d289e13039426dbf125e126371bc31" member_type: VOTER last_known_addr { host: "127.10.214.66" port: 36743 } } peers { permanent_uuid: "7cda3c534c2d44989c96a7d4ab6ddc06" member_type: VOTER last_known_addr { host: "127.10.214.67" port: 37329 } }
I20260709 13:04:34.700870 12275 tablet_service.cc:1917] Received RequestConsensusVote() RPC: tablet_id: "db206a234e714e338f5499cd277b909b" candidate_uuid: "2db2a3d64ed24f2c84c45510a530e63b" candidate_term: 1 candidate_status { last_received { term: 0 index: 0 } } ignore_live_leader: false dest_uuid: "69d289e13039426dbf125e126371bc31" is_pre_election: true
I20260709 13:04:34.705327 12348 tablet_service.cc:1917] Received RequestConsensusVote() RPC: tablet_id: "db206a234e714e338f5499cd277b909b" candidate_uuid: "2db2a3d64ed24f2c84c45510a530e63b" candidate_term: 1 candidate_status { last_received { term: 0 index: 0 } } ignore_live_leader: false dest_uuid: "7cda3c534c2d44989c96a7d4ab6ddc06" is_pre_election: true
I20260709 13:04:34.728196 12393 ts_tablet_manager.cc:1434] T 8cc7df1a131e4d9abe33f11d3f5dfbc0 P 2db2a3d64ed24f2c84c45510a530e63b: Time spent starting tablet: real 0.098s	user 0.006s	sys 0.000s
I20260709 13:04:34.729359 12393 tablet_bootstrap.cc:492] T 78364480da07456d9159b7aa2324c2fd P 2db2a3d64ed24f2c84c45510a530e63b: Bootstrap starting.
I20260709 13:04:34.721421 12275 raft_consensus.cc:2468] T db206a234e714e338f5499cd277b909b P 69d289e13039426dbf125e126371bc31 [term 0 FOLLOWER]: Leader pre-election vote request: Granting yes vote for candidate 2db2a3d64ed24f2c84c45510a530e63b in term 0.
I20260709 13:04:34.725708 12348 raft_consensus.cc:2468] T db206a234e714e338f5499cd277b909b P 7cda3c534c2d44989c96a7d4ab6ddc06 [term 0 FOLLOWER]: Leader pre-election vote request: Granting yes vote for candidate 2db2a3d64ed24f2c84c45510a530e63b in term 0.
I20260709 13:04:34.736698 12509 raft_consensus.cc:515] T 3467888daea64a019ef03f1d0beb200a P 2db2a3d64ed24f2c84c45510a530e63b [term 1 FOLLOWER]: Starting leader election with config: opid_index: -1 OBSOLETE_local: false peers { permanent_uuid: "2db2a3d64ed24f2c84c45510a530e63b" member_type: VOTER last_known_addr { host: "127.10.214.65" port: 39611 } } peers { permanent_uuid: "69d289e13039426dbf125e126371bc31" member_type: VOTER last_known_addr { host: "127.10.214.66" port: 36743 } } peers { permanent_uuid: "7cda3c534c2d44989c96a7d4ab6ddc06" member_type: VOTER last_known_addr { host: "127.10.214.67" port: 37329 } }
I20260709 13:04:34.739635 12167 leader_election.cc:304] T db206a234e714e338f5499cd277b909b P 2db2a3d64ed24f2c84c45510a530e63b [CANDIDATE]: Term 1 pre-election: Election decided. Result: candidate won. Election summary: received 2 responses out of 3 voters: 2 yes votes; 0 no votes. yes voters: 2db2a3d64ed24f2c84c45510a530e63b, 7cda3c534c2d44989c96a7d4ab6ddc06; no voters: 
I20260709 13:04:34.741137 12277 tablet_service.cc:1917] Received RequestConsensusVote() RPC: tablet_id: "3467888daea64a019ef03f1d0beb200a" candidate_uuid: "2db2a3d64ed24f2c84c45510a530e63b" candidate_term: 1 candidate_status { last_received { term: 0 index: 0 } } ignore_live_leader: false dest_uuid: "69d289e13039426dbf125e126371bc31"
I20260709 13:04:34.741515 12392 tablet_bootstrap.cc:654] T 7aa5637396914816a08381db82d28156 P 7cda3c534c2d44989c96a7d4ab6ddc06: Neither blocks nor log segments found. Creating new log.
I20260709 13:04:34.741725 12277 raft_consensus.cc:3060] T 3467888daea64a019ef03f1d0beb200a P 69d289e13039426dbf125e126371bc31 [term 0 FOLLOWER]: Advancing to term 1
I20260709 13:04:34.744017 12652 consensus_queue.cc:1048] T 71a29d65501c4a7a9d7cde76a0db57a2 P 69d289e13039426dbf125e126371bc31 [LEADER]: Connected to new peer: Peer: permanent_uuid: "2db2a3d64ed24f2c84c45510a530e63b" member_type: VOTER last_known_addr { host: "127.10.214.65" port: 39611 }, Status: LMP_MISMATCH, Last received: 0.0, Next index: 1, Last known committed idx: 0, Time since last communication: 0.001s
I20260709 13:04:34.747505 12616 raft_consensus.cc:493] T 78364480da07456d9159b7aa2324c2fd P 7cda3c534c2d44989c96a7d4ab6ddc06 [term 0 FOLLOWER]: Starting pre-election (no leader contacted us within the election timeout)
I20260709 13:04:34.748061 12616 raft_consensus.cc:515] T 78364480da07456d9159b7aa2324c2fd P 7cda3c534c2d44989c96a7d4ab6ddc06 [term 0 FOLLOWER]: Starting pre-election with config: opid_index: -1 OBSOLETE_local: false peers { permanent_uuid: "2db2a3d64ed24f2c84c45510a530e63b" member_type: VOTER last_known_addr { host: "127.10.214.65" port: 39611 } } peers { permanent_uuid: "69d289e13039426dbf125e126371bc31" member_type: VOTER last_known_addr { host: "127.10.214.66" port: 36743 } } peers { permanent_uuid: "7cda3c534c2d44989c96a7d4ab6ddc06" member_type: VOTER last_known_addr { host: "127.10.214.67" port: 37329 } }
I20260709 13:04:34.738632 12509 leader_election.cc:290] T 3467888daea64a019ef03f1d0beb200a P 2db2a3d64ed24f2c84c45510a530e63b [CANDIDATE]: Term 1 election: Requested vote from peers 69d289e13039426dbf125e126371bc31 (127.10.214.66:36743), 7cda3c534c2d44989c96a7d4ab6ddc06 (127.10.214.67:37329)
I20260709 13:04:34.752735 12616 leader_election.cc:290] T 78364480da07456d9159b7aa2324c2fd P 7cda3c534c2d44989c96a7d4ab6ddc06 [CANDIDATE]: Term 1 pre-election: Requested pre-vote from peers 2db2a3d64ed24f2c84c45510a530e63b (127.10.214.65:39611), 69d289e13039426dbf125e126371bc31 (127.10.214.66:36743)
I20260709 13:04:34.744429 12348 tablet_service.cc:1917] Received RequestConsensusVote() RPC: tablet_id: "3467888daea64a019ef03f1d0beb200a" candidate_uuid: "2db2a3d64ed24f2c84c45510a530e63b" candidate_term: 1 candidate_status { last_received { term: 0 index: 0 } } ignore_live_leader: false dest_uuid: "7cda3c534c2d44989c96a7d4ab6ddc06"
I20260709 13:04:34.743116 12567 raft_consensus.cc:2804] T db206a234e714e338f5499cd277b909b P 2db2a3d64ed24f2c84c45510a530e63b [term 0 FOLLOWER]: Leader pre-election won for term 1
I20260709 13:04:34.784778 12394 tablet_bootstrap.cc:492] T 7aa5637396914816a08381db82d28156 P 69d289e13039426dbf125e126371bc31: No bootstrap required, opened a new log
I20260709 13:04:34.785439 12394 ts_tablet_manager.cc:1403] T 7aa5637396914816a08381db82d28156 P 69d289e13039426dbf125e126371bc31: Time spent bootstrapping tablet: real 0.137s	user 0.007s	sys 0.011s
I20260709 13:04:34.760540 12567 raft_consensus.cc:493] T db206a234e714e338f5499cd277b909b P 2db2a3d64ed24f2c84c45510a530e63b [term 0 FOLLOWER]: Starting leader election (no leader contacted us within the election timeout)
I20260709 13:04:34.763926 12348 raft_consensus.cc:3060] T 3467888daea64a019ef03f1d0beb200a P 7cda3c534c2d44989c96a7d4ab6ddc06 [term 0 FOLLOWER]: Advancing to term 1
I20260709 13:04:34.788156 12274 tablet_service.cc:1917] Received RequestConsensusVote() RPC: tablet_id: "78364480da07456d9159b7aa2324c2fd" candidate_uuid: "7cda3c534c2d44989c96a7d4ab6ddc06" candidate_term: 1 candidate_status { last_received { term: 0 index: 0 } } ignore_live_leader: false dest_uuid: "69d289e13039426dbf125e126371bc31" is_pre_election: true
I20260709 13:04:34.805737 12567 raft_consensus.cc:3060] T db206a234e714e338f5499cd277b909b P 2db2a3d64ed24f2c84c45510a530e63b [term 0 FOLLOWER]: Advancing to term 1
I20260709 13:04:34.812870 12202 tablet_service.cc:1917] Received RequestConsensusVote() RPC: tablet_id: "78364480da07456d9159b7aa2324c2fd" candidate_uuid: "7cda3c534c2d44989c96a7d4ab6ddc06" candidate_term: 1 candidate_status { last_received { term: 0 index: 0 } } ignore_live_leader: false dest_uuid: "2db2a3d64ed24f2c84c45510a530e63b" is_pre_election: true
I20260709 13:04:34.817656 12274 raft_consensus.cc:2468] T 78364480da07456d9159b7aa2324c2fd P 69d289e13039426dbf125e126371bc31 [term 0 FOLLOWER]: Leader pre-election vote request: Granting yes vote for candidate 7cda3c534c2d44989c96a7d4ab6ddc06 in term 0.
I20260709 13:04:34.836539 12277 raft_consensus.cc:2468] T 3467888daea64a019ef03f1d0beb200a P 69d289e13039426dbf125e126371bc31 [term 1 FOLLOWER]: Leader election vote request: Granting yes vote for candidate 2db2a3d64ed24f2c84c45510a530e63b in term 1.
I20260709 13:04:34.840188 12348 raft_consensus.cc:2468] T 3467888daea64a019ef03f1d0beb200a P 7cda3c534c2d44989c96a7d4ab6ddc06 [term 1 FOLLOWER]: Leader election vote request: Granting yes vote for candidate 2db2a3d64ed24f2c84c45510a530e63b in term 1.
I20260709 13:04:34.847999 12393 tablet_bootstrap.cc:654] T 78364480da07456d9159b7aa2324c2fd P 2db2a3d64ed24f2c84c45510a530e63b: Neither blocks nor log segments found. Creating new log.
W20260709 13:04:34.850054 12316 leader_election.cc:343] T 78364480da07456d9159b7aa2324c2fd P 7cda3c534c2d44989c96a7d4ab6ddc06 [CANDIDATE]: Term 1 pre-election: Tablet error from VoteRequest() call to peer 2db2a3d64ed24f2c84c45510a530e63b (127.10.214.65:39611): Illegal state: must be running to vote when last-logged opid is not known
I20260709 13:04:34.850828 12167 leader_election.cc:304] T 3467888daea64a019ef03f1d0beb200a P 2db2a3d64ed24f2c84c45510a530e63b [CANDIDATE]: Term 1 election: Election decided. Result: candidate won. Election summary: received 2 responses out of 3 voters: 2 yes votes; 0 no votes. yes voters: 2db2a3d64ed24f2c84c45510a530e63b, 7cda3c534c2d44989c96a7d4ab6ddc06; no voters: 
I20260709 13:04:34.857755 12509 raft_consensus.cc:2804] T 3467888daea64a019ef03f1d0beb200a P 2db2a3d64ed24f2c84c45510a530e63b [term 1 FOLLOWER]: Leader election won for term 1
I20260709 13:04:34.858479 12509 raft_consensus.cc:697] T 3467888daea64a019ef03f1d0beb200a P 2db2a3d64ed24f2c84c45510a530e63b [term 1 LEADER]: Becoming Leader. State: Replica: 2db2a3d64ed24f2c84c45510a530e63b, State: Running, Role: LEADER
I20260709 13:04:34.859225 12394 raft_consensus.cc:359] T 7aa5637396914816a08381db82d28156 P 69d289e13039426dbf125e126371bc31 [term 0 FOLLOWER]: Replica starting. Triggering 0 pending ops. Active config: opid_index: -1 OBSOLETE_local: false peers { permanent_uuid: "2db2a3d64ed24f2c84c45510a530e63b" member_type: VOTER last_known_addr { host: "127.10.214.65" port: 39611 } } peers { permanent_uuid: "69d289e13039426dbf125e126371bc31" member_type: VOTER last_known_addr { host: "127.10.214.66" port: 36743 } } peers { permanent_uuid: "7cda3c534c2d44989c96a7d4ab6ddc06" member_type: VOTER last_known_addr { host: "127.10.214.67" port: 37329 } }
I20260709 13:04:34.859901 12394 raft_consensus.cc:385] T 7aa5637396914816a08381db82d28156 P 69d289e13039426dbf125e126371bc31 [term 0 FOLLOWER]: Consensus starting up: Expiring failure detector timer to make a prompt election more likely
I20260709 13:04:34.860152 12394 raft_consensus.cc:740] T 7aa5637396914816a08381db82d28156 P 69d289e13039426dbf125e126371bc31 [term 0 FOLLOWER]: Becoming Follower/Learner. State: Replica: 69d289e13039426dbf125e126371bc31, State: Initialized, Role: FOLLOWER
I20260709 13:04:34.860735 12394 consensus_queue.cc:260] T 7aa5637396914816a08381db82d28156 P 69d289e13039426dbf125e126371bc31 [NON_LEADER]: Queue going to NON_LEADER mode. State: All replicated index: 0, Majority replicated index: 0, Committed index: 0, Last appended: 0.0, Last appended by leader: 0, Current term: 0, Majority size: -1, State: 0, Mode: NON_LEADER, active raft config: opid_index: -1 OBSOLETE_local: false peers { permanent_uuid: "2db2a3d64ed24f2c84c45510a530e63b" member_type: VOTER last_known_addr { host: "127.10.214.65" port: 39611 } } peers { permanent_uuid: "69d289e13039426dbf125e126371bc31" member_type: VOTER last_known_addr { host: "127.10.214.66" port: 36743 } } peers { permanent_uuid: "7cda3c534c2d44989c96a7d4ab6ddc06" member_type: VOTER last_known_addr { host: "127.10.214.67" port: 37329 } }
I20260709 13:04:34.866606 12316 leader_election.cc:304] T 78364480da07456d9159b7aa2324c2fd P 7cda3c534c2d44989c96a7d4ab6ddc06 [CANDIDATE]: Term 1 pre-election: Election decided. Result: candidate won. Election summary: received 3 responses out of 3 voters: 2 yes votes; 1 no votes. yes voters: 69d289e13039426dbf125e126371bc31, 7cda3c534c2d44989c96a7d4ab6ddc06; no voters: 2db2a3d64ed24f2c84c45510a530e63b
I20260709 13:04:34.875818 12394 ts_tablet_manager.cc:1434] T 7aa5637396914816a08381db82d28156 P 69d289e13039426dbf125e126371bc31: Time spent starting tablet: real 0.090s	user 0.006s	sys 0.001s
I20260709 13:04:34.874080 12397 raft_consensus.cc:2804] T 78364480da07456d9159b7aa2324c2fd P 7cda3c534c2d44989c96a7d4ab6ddc06 [term 0 FOLLOWER]: Leader pre-election won for term 1
I20260709 13:04:34.879766 12397 raft_consensus.cc:493] T 78364480da07456d9159b7aa2324c2fd P 7cda3c534c2d44989c96a7d4ab6ddc06 [term 0 FOLLOWER]: Starting leader election (no leader contacted us within the election timeout)
I20260709 13:04:34.880108 12397 raft_consensus.cc:3060] T 78364480da07456d9159b7aa2324c2fd P 7cda3c534c2d44989c96a7d4ab6ddc06 [term 0 FOLLOWER]: Advancing to term 1
I20260709 13:04:34.882025 12394 tablet_bootstrap.cc:492] T 26ae2e00ebe04eba8db6a429cedc9b5f P 69d289e13039426dbf125e126371bc31: Bootstrap starting.
I20260709 13:04:34.859251 12509 consensus_queue.cc:237] T 3467888daea64a019ef03f1d0beb200a P 2db2a3d64ed24f2c84c45510a530e63b [LEADER]: Queue going to LEADER mode. State: All replicated index: 0, Majority replicated index: 0, Committed index: 0, Last appended: 0.0, Last appended by leader: 0, Current term: 1, Majority size: 2, State: 0, Mode: LEADER, active raft config: opid_index: -1 OBSOLETE_local: false peers { permanent_uuid: "2db2a3d64ed24f2c84c45510a530e63b" member_type: VOTER last_known_addr { host: "127.10.214.65" port: 39611 } } peers { permanent_uuid: "69d289e13039426dbf125e126371bc31" member_type: VOTER last_known_addr { host: "127.10.214.66" port: 36743 } } peers { permanent_uuid: "7cda3c534c2d44989c96a7d4ab6ddc06" member_type: VOTER last_known_addr { host: "127.10.214.67" port: 37329 } }
W20260709 13:04:34.903585 12658 log.cc:927] Time spent T 46bcbb71b9324b21b622bf9dddcb7528 P 69d289e13039426dbf125e126371bc31: Append to log took a long time: real 0.091s	user 0.003s	sys 0.000s
I20260709 13:04:34.931631 12567 raft_consensus.cc:515] T db206a234e714e338f5499cd277b909b P 2db2a3d64ed24f2c84c45510a530e63b [term 1 FOLLOWER]: Starting leader election with config: opid_index: -1 OBSOLETE_local: false peers { permanent_uuid: "2db2a3d64ed24f2c84c45510a530e63b" member_type: VOTER last_known_addr { host: "127.10.214.65" port: 39611 } } peers { permanent_uuid: "69d289e13039426dbf125e126371bc31" member_type: VOTER last_known_addr { host: "127.10.214.66" port: 36743 } } peers { permanent_uuid: "7cda3c534c2d44989c96a7d4ab6ddc06" member_type: VOTER last_known_addr { host: "127.10.214.67" port: 37329 } }
I20260709 13:04:34.966305 12392 tablet_bootstrap.cc:492] T 7aa5637396914816a08381db82d28156 P 7cda3c534c2d44989c96a7d4ab6ddc06: No bootstrap required, opened a new log
I20260709 13:04:34.966764 12392 ts_tablet_manager.cc:1403] T 7aa5637396914816a08381db82d28156 P 7cda3c534c2d44989c96a7d4ab6ddc06: Time spent bootstrapping tablet: real 0.340s	user 0.017s	sys 0.005s
W20260709 13:04:34.960660 12618 log.cc:927] Time spent T 5d789f601437429784a1799a4afd8d14 P 7cda3c534c2d44989c96a7d4ab6ddc06: Append to log took a long time: real 0.069s	user 0.004s	sys 0.017s
W20260709 13:04:34.973778 12316 outbound_call.cc:321] RPC callback for RPC call kudu.consensus.ConsensusService.UpdateConsensus -> {remote=127.10.214.65:39611, user_credentials={real_user=slave}} blocked reactor thread for 76597.6us
I20260709 13:04:34.985805 12492 consensus_queue.cc:1048] T 57e75d59604e488b832e02355d87e9fb P 7cda3c534c2d44989c96a7d4ab6ddc06 [LEADER]: Connected to new peer: Peer: permanent_uuid: "69d289e13039426dbf125e126371bc31" member_type: VOTER last_known_addr { host: "127.10.214.66" port: 36743 }, Status: LMP_MISMATCH, Last received: 0.0, Next index: 1, Last known committed idx: 0, Time since last communication: 0.000s
I20260709 13:04:34.986176 12392 raft_consensus.cc:359] T 7aa5637396914816a08381db82d28156 P 7cda3c534c2d44989c96a7d4ab6ddc06 [term 0 FOLLOWER]: Replica starting. Triggering 0 pending ops. Active config: opid_index: -1 OBSOLETE_local: false peers { permanent_uuid: "2db2a3d64ed24f2c84c45510a530e63b" member_type: VOTER last_known_addr { host: "127.10.214.65" port: 39611 } } peers { permanent_uuid: "69d289e13039426dbf125e126371bc31" member_type: VOTER last_known_addr { host: "127.10.214.66" port: 36743 } } peers { permanent_uuid: "7cda3c534c2d44989c96a7d4ab6ddc06" member_type: VOTER last_known_addr { host: "127.10.214.67" port: 37329 } }
I20260709 13:04:34.986860 12392 raft_consensus.cc:385] T 7aa5637396914816a08381db82d28156 P 7cda3c534c2d44989c96a7d4ab6ddc06 [term 0 FOLLOWER]: Consensus starting up: Expiring failure detector timer to make a prompt election more likely
I20260709 13:04:34.987133 12392 raft_consensus.cc:740] T 7aa5637396914816a08381db82d28156 P 7cda3c534c2d44989c96a7d4ab6ddc06 [term 0 FOLLOWER]: Becoming Follower/Learner. State: Replica: 7cda3c534c2d44989c96a7d4ab6ddc06, State: Initialized, Role: FOLLOWER
I20260709 13:04:34.987725 12392 consensus_queue.cc:260] T 7aa5637396914816a08381db82d28156 P 7cda3c534c2d44989c96a7d4ab6ddc06 [NON_LEADER]: Queue going to NON_LEADER mode. State: All replicated index: 0, Majority replicated index: 0, Committed index: 0, Last appended: 0.0, Last appended by leader: 0, Current term: 0, Majority size: -1, State: 0, Mode: NON_LEADER, active raft config: opid_index: -1 OBSOLETE_local: false peers { permanent_uuid: "2db2a3d64ed24f2c84c45510a530e63b" member_type: VOTER last_known_addr { host: "127.10.214.65" port: 39611 } } peers { permanent_uuid: "69d289e13039426dbf125e126371bc31" member_type: VOTER last_known_addr { host: "127.10.214.66" port: 36743 } } peers { permanent_uuid: "7cda3c534c2d44989c96a7d4ab6ddc06" member_type: VOTER last_known_addr { host: "127.10.214.67" port: 37329 } }
I20260709 13:04:34.989176 12392 ts_tablet_manager.cc:1434] T 7aa5637396914816a08381db82d28156 P 7cda3c534c2d44989c96a7d4ab6ddc06: Time spent starting tablet: real 0.022s	user 0.006s	sys 0.000s
I20260709 13:04:34.989768 12392 tablet_bootstrap.cc:492] T 089a82ab5ab4404baa4ba390ad3509fd P 7cda3c534c2d44989c96a7d4ab6ddc06: Bootstrap starting.
I20260709 13:04:34.993988 12397 raft_consensus.cc:515] T 78364480da07456d9159b7aa2324c2fd P 7cda3c534c2d44989c96a7d4ab6ddc06 [term 1 FOLLOWER]: Starting leader election with config: opid_index: -1 OBSOLETE_local: false peers { permanent_uuid: "2db2a3d64ed24f2c84c45510a530e63b" member_type: VOTER last_known_addr { host: "127.10.214.65" port: 39611 } } peers { permanent_uuid: "69d289e13039426dbf125e126371bc31" member_type: VOTER last_known_addr { host: "127.10.214.66" port: 36743 } } peers { permanent_uuid: "7cda3c534c2d44989c96a7d4ab6ddc06" member_type: VOTER last_known_addr { host: "127.10.214.67" port: 37329 } }
I20260709 13:04:35.014456 12397 leader_election.cc:290] T 78364480da07456d9159b7aa2324c2fd P 7cda3c534c2d44989c96a7d4ab6ddc06 [CANDIDATE]: Term 1 election: Requested vote from peers 2db2a3d64ed24f2c84c45510a530e63b (127.10.214.65:39611), 69d289e13039426dbf125e126371bc31 (127.10.214.66:36743)
I20260709 13:04:35.015178 12567 leader_election.cc:290] T db206a234e714e338f5499cd277b909b P 2db2a3d64ed24f2c84c45510a530e63b [CANDIDATE]: Term 1 election: Requested vote from peers 69d289e13039426dbf125e126371bc31 (127.10.214.66:36743), 7cda3c534c2d44989c96a7d4ab6ddc06 (127.10.214.67:37329)
I20260709 13:04:35.017774 12394 tablet_bootstrap.cc:654] T 26ae2e00ebe04eba8db6a429cedc9b5f P 69d289e13039426dbf125e126371bc31: Neither blocks nor log segments found. Creating new log.
I20260709 13:04:35.019098 12393 tablet_bootstrap.cc:492] T 78364480da07456d9159b7aa2324c2fd P 2db2a3d64ed24f2c84c45510a530e63b: No bootstrap required, opened a new log
I20260709 13:04:35.019546 12393 ts_tablet_manager.cc:1403] T 78364480da07456d9159b7aa2324c2fd P 2db2a3d64ed24f2c84c45510a530e63b: Time spent bootstrapping tablet: real 0.290s	user 0.007s	sys 0.024s
I20260709 13:04:35.030481 12196 raft_consensus.cc:3060] T 8cc7df1a131e4d9abe33f11d3f5dfbc0 P 2db2a3d64ed24f2c84c45510a530e63b [term 0 FOLLOWER]: Advancing to term 1
I20260709 13:04:35.041561 12663 consensus_queue.cc:1048] T 8cc7df1a131e4d9abe33f11d3f5dfbc0 P 69d289e13039426dbf125e126371bc31 [LEADER]: Connected to new peer: Peer: permanent_uuid: "2db2a3d64ed24f2c84c45510a530e63b" member_type: VOTER last_known_addr { host: "127.10.214.65" port: 39611 }, Status: LMP_MISMATCH, Last received: 0.0, Next index: 1, Last known committed idx: 0, Time since last communication: 0.001s
I20260709 13:04:35.100584 12573 consensus_queue.cc:1048] T 8cc7df1a131e4d9abe33f11d3f5dfbc0 P 69d289e13039426dbf125e126371bc31 [LEADER]: Connected to new peer: Peer: permanent_uuid: "7cda3c534c2d44989c96a7d4ab6ddc06" member_type: VOTER last_known_addr { host: "127.10.214.67" port: 37329 }, Status: LMP_MISMATCH, Last received: 0.0, Next index: 1, Last known committed idx: 0, Time since last communication: 0.000s
W20260709 13:04:35.103402 12674 log.cc:927] Time spent T 57e75d59604e488b832e02355d87e9fb P 69d289e13039426dbf125e126371bc31: Append to log took a long time: real 0.076s	user 0.001s	sys 0.000s
I20260709 13:04:35.023458 12276 tablet_service.cc:1917] Received RequestConsensusVote() RPC: tablet_id: "db206a234e714e338f5499cd277b909b" candidate_uuid: "2db2a3d64ed24f2c84c45510a530e63b" candidate_term: 1 candidate_status { last_received { term: 0 index: 0 } } ignore_live_leader: false dest_uuid: "69d289e13039426dbf125e126371bc31"
I20260709 13:04:35.107993 12276 raft_consensus.cc:3060] T db206a234e714e338f5499cd277b909b P 69d289e13039426dbf125e126371bc31 [term 0 FOLLOWER]: Advancing to term 1
I20260709 13:04:35.117933 12277 tablet_service.cc:1917] Received RequestConsensusVote() RPC: tablet_id: "78364480da07456d9159b7aa2324c2fd" candidate_uuid: "7cda3c534c2d44989c96a7d4ab6ddc06" candidate_term: 1 candidate_status { last_received { term: 0 index: 0 } } ignore_live_leader: false dest_uuid: "69d289e13039426dbf125e126371bc31"
I20260709 13:04:35.118528 12277 raft_consensus.cc:3060] T 78364480da07456d9159b7aa2324c2fd P 69d289e13039426dbf125e126371bc31 [term 0 FOLLOWER]: Advancing to term 1
I20260709 13:04:35.118742 12393 raft_consensus.cc:359] T 78364480da07456d9159b7aa2324c2fd P 2db2a3d64ed24f2c84c45510a530e63b [term 0 FOLLOWER]: Replica starting. Triggering 0 pending ops. Active config: opid_index: -1 OBSOLETE_local: false peers { permanent_uuid: "2db2a3d64ed24f2c84c45510a530e63b" member_type: VOTER last_known_addr { host: "127.10.214.65" port: 39611 } } peers { permanent_uuid: "69d289e13039426dbf125e126371bc31" member_type: VOTER last_known_addr { host: "127.10.214.66" port: 36743 } } peers { permanent_uuid: "7cda3c534c2d44989c96a7d4ab6ddc06" member_type: VOTER last_known_addr { host: "127.10.214.67" port: 37329 } }
I20260709 13:04:35.119402 12393 raft_consensus.cc:385] T 78364480da07456d9159b7aa2324c2fd P 2db2a3d64ed24f2c84c45510a530e63b [term 0 FOLLOWER]: Consensus starting up: Expiring failure detector timer to make a prompt election more likely
I20260709 13:04:35.119645 12393 raft_consensus.cc:740] T 78364480da07456d9159b7aa2324c2fd P 2db2a3d64ed24f2c84c45510a530e63b [term 0 FOLLOWER]: Becoming Follower/Learner. State: Replica: 2db2a3d64ed24f2c84c45510a530e63b, State: Initialized, Role: FOLLOWER
I20260709 13:04:35.120193 12393 consensus_queue.cc:260] T 78364480da07456d9159b7aa2324c2fd P 2db2a3d64ed24f2c84c45510a530e63b [NON_LEADER]: Queue going to NON_LEADER mode. State: All replicated index: 0, Majority replicated index: 0, Committed index: 0, Last appended: 0.0, Last appended by leader: 0, Current term: 0, Majority size: -1, State: 0, Mode: NON_LEADER, active raft config: opid_index: -1 OBSOLETE_local: false peers { permanent_uuid: "2db2a3d64ed24f2c84c45510a530e63b" member_type: VOTER last_known_addr { host: "127.10.214.65" port: 39611 } } peers { permanent_uuid: "69d289e13039426dbf125e126371bc31" member_type: VOTER last_known_addr { host: "127.10.214.66" port: 36743 } } peers { permanent_uuid: "7cda3c534c2d44989c96a7d4ab6ddc06" member_type: VOTER last_known_addr { host: "127.10.214.67" port: 37329 } }
I20260709 13:04:35.123389 12392 tablet_bootstrap.cc:654] T 089a82ab5ab4404baa4ba390ad3509fd P 7cda3c534c2d44989c96a7d4ab6ddc06: Neither blocks nor log segments found. Creating new log.
I20260709 13:04:35.123626 12393 ts_tablet_manager.cc:1434] T 78364480da07456d9159b7aa2324c2fd P 2db2a3d64ed24f2c84c45510a530e63b: Time spent starting tablet: real 0.104s	user 0.004s	sys 0.002s
I20260709 13:04:35.125015 12393 tablet_bootstrap.cc:492] T 8d0b601060554e3eb5acd5bcd1db9176 P 2db2a3d64ed24f2c84c45510a530e63b: Bootstrap starting.
I20260709 13:04:35.104332 12351 tablet_service.cc:1917] Received RequestConsensusVote() RPC: tablet_id: "db206a234e714e338f5499cd277b909b" candidate_uuid: "2db2a3d64ed24f2c84c45510a530e63b" candidate_term: 1 candidate_status { last_received { term: 0 index: 0 } } ignore_live_leader: false dest_uuid: "7cda3c534c2d44989c96a7d4ab6ddc06"
I20260709 13:04:35.131031 12351 raft_consensus.cc:3060] T db206a234e714e338f5499cd277b909b P 7cda3c534c2d44989c96a7d4ab6ddc06 [term 0 FOLLOWER]: Advancing to term 1
I20260709 13:04:35.144989 12574 raft_consensus.cc:493] T 7aa5637396914816a08381db82d28156 P 7cda3c534c2d44989c96a7d4ab6ddc06 [term 0 FOLLOWER]: Starting pre-election (no leader contacted us within the election timeout)
I20260709 13:04:35.145551 12574 raft_consensus.cc:515] T 7aa5637396914816a08381db82d28156 P 7cda3c534c2d44989c96a7d4ab6ddc06 [term 0 FOLLOWER]: Starting pre-election with config: opid_index: -1 OBSOLETE_local: false peers { permanent_uuid: "2db2a3d64ed24f2c84c45510a530e63b" member_type: VOTER last_known_addr { host: "127.10.214.65" port: 39611 } } peers { permanent_uuid: "69d289e13039426dbf125e126371bc31" member_type: VOTER last_known_addr { host: "127.10.214.66" port: 36743 } } peers { permanent_uuid: "7cda3c534c2d44989c96a7d4ab6ddc06" member_type: VOTER last_known_addr { host: "127.10.214.67" port: 37329 } }
I20260709 13:04:35.149014 12564 consensus_queue.cc:1048] T 71a29d65501c4a7a9d7cde76a0db57a2 P 69d289e13039426dbf125e126371bc31 [LEADER]: Connected to new peer: Peer: permanent_uuid: "7cda3c534c2d44989c96a7d4ab6ddc06" member_type: VOTER last_known_addr { host: "127.10.214.67" port: 37329 }, Status: LMP_MISMATCH, Last received: 0.0, Next index: 1, Last known committed idx: 0, Time since last communication: 0.000s
I20260709 13:04:35.136519 12201 tablet_service.cc:1917] Received RequestConsensusVote() RPC: tablet_id: "78364480da07456d9159b7aa2324c2fd" candidate_uuid: "7cda3c534c2d44989c96a7d4ab6ddc06" candidate_term: 1 candidate_status { last_received { term: 0 index: 0 } } ignore_live_leader: false dest_uuid: "2db2a3d64ed24f2c84c45510a530e63b"
I20260709 13:04:35.182345 12201 raft_consensus.cc:3060] T 78364480da07456d9159b7aa2324c2fd P 2db2a3d64ed24f2c84c45510a530e63b [term 0 FOLLOWER]: Advancing to term 1
I20260709 13:04:35.191679 12276 raft_consensus.cc:2468] T db206a234e714e338f5499cd277b909b P 69d289e13039426dbf125e126371bc31 [term 1 FOLLOWER]: Leader election vote request: Granting yes vote for candidate 2db2a3d64ed24f2c84c45510a530e63b in term 1.
I20260709 13:04:35.217519 12351 raft_consensus.cc:2468] T db206a234e714e338f5499cd277b909b P 7cda3c534c2d44989c96a7d4ab6ddc06 [term 1 FOLLOWER]: Leader election vote request: Granting yes vote for candidate 2db2a3d64ed24f2c84c45510a530e63b in term 1.
I20260709 13:04:35.222570 12647 consensus_queue.cc:1048] T f66404cbd42848dd9869dff315b19bac P 69d289e13039426dbf125e126371bc31 [LEADER]: Connected to new peer: Peer: permanent_uuid: "2db2a3d64ed24f2c84c45510a530e63b" member_type: VOTER last_known_addr { host: "127.10.214.65" port: 39611 }, Status: LMP_MISMATCH, Last received: 0.0, Next index: 1, Last known committed idx: 0, Time since last communication: 0.001s
I20260709 13:04:35.223562 12167 leader_election.cc:304] T db206a234e714e338f5499cd277b909b P 2db2a3d64ed24f2c84c45510a530e63b [CANDIDATE]: Term 1 election: Election decided. Result: candidate won. Election summary: received 2 responses out of 3 voters: 2 yes votes; 0 no votes. yes voters: 2db2a3d64ed24f2c84c45510a530e63b, 7cda3c534c2d44989c96a7d4ab6ddc06; no voters: 
I20260709 13:04:35.227252 12198 tablet_service.cc:1917] Received RequestConsensusVote() RPC: tablet_id: "7aa5637396914816a08381db82d28156" candidate_uuid: "7cda3c534c2d44989c96a7d4ab6ddc06" candidate_term: 1 candidate_status { last_received { term: 0 index: 0 } } ignore_live_leader: false dest_uuid: "2db2a3d64ed24f2c84c45510a530e63b" is_pre_election: true
I20260709 13:04:35.228402 12509 raft_consensus.cc:2804] T db206a234e714e338f5499cd277b909b P 2db2a3d64ed24f2c84c45510a530e63b [term 1 FOLLOWER]: Leader election won for term 1
I20260709 13:04:35.229861 12509 raft_consensus.cc:697] T db206a234e714e338f5499cd277b909b P 2db2a3d64ed24f2c84c45510a530e63b [term 1 LEADER]: Becoming Leader. State: Replica: 2db2a3d64ed24f2c84c45510a530e63b, State: Running, Role: LEADER
I20260709 13:04:35.230655 12509 consensus_queue.cc:237] T db206a234e714e338f5499cd277b909b P 2db2a3d64ed24f2c84c45510a530e63b [LEADER]: Queue going to LEADER mode. State: All replicated index: 0, Majority replicated index: 0, Committed index: 0, Last appended: 0.0, Last appended by leader: 0, Current term: 1, Majority size: 2, State: 0, Mode: LEADER, active raft config: opid_index: -1 OBSOLETE_local: false peers { permanent_uuid: "2db2a3d64ed24f2c84c45510a530e63b" member_type: VOTER last_known_addr { host: "127.10.214.65" port: 39611 } } peers { permanent_uuid: "69d289e13039426dbf125e126371bc31" member_type: VOTER last_known_addr { host: "127.10.214.66" port: 36743 } } peers { permanent_uuid: "7cda3c534c2d44989c96a7d4ab6ddc06" member_type: VOTER last_known_addr { host: "127.10.214.67" port: 37329 } }
I20260709 13:04:35.214229 12277 raft_consensus.cc:2468] T 78364480da07456d9159b7aa2324c2fd P 69d289e13039426dbf125e126371bc31 [term 1 FOLLOWER]: Leader election vote request: Granting yes vote for candidate 7cda3c534c2d44989c96a7d4ab6ddc06 in term 1.
I20260709 13:04:35.232960 12201 raft_consensus.cc:2468] T 78364480da07456d9159b7aa2324c2fd P 2db2a3d64ed24f2c84c45510a530e63b [term 1 FOLLOWER]: Leader election vote request: Granting yes vote for candidate 7cda3c534c2d44989c96a7d4ab6ddc06 in term 1.
W20260709 13:04:35.239898 12316 leader_election.cc:343] T 7aa5637396914816a08381db82d28156 P 7cda3c534c2d44989c96a7d4ab6ddc06 [CANDIDATE]: Term 1 pre-election: Tablet error from VoteRequest() call to peer 2db2a3d64ed24f2c84c45510a530e63b (127.10.214.65:39611): Illegal state: must be running to vote when last-logged opid is not known
I20260709 13:04:35.243981 12394 tablet_bootstrap.cc:492] T 26ae2e00ebe04eba8db6a429cedc9b5f P 69d289e13039426dbf125e126371bc31: No bootstrap required, opened a new log
I20260709 13:04:35.244390 12394 ts_tablet_manager.cc:1403] T 26ae2e00ebe04eba8db6a429cedc9b5f P 69d289e13039426dbf125e126371bc31: Time spent bootstrapping tablet: real 0.363s	user 0.023s	sys 0.028s
I20260709 13:04:35.245433 12316 leader_election.cc:304] T 78364480da07456d9159b7aa2324c2fd P 7cda3c534c2d44989c96a7d4ab6ddc06 [CANDIDATE]: Term 1 election: Election decided. Result: candidate won. Election summary: received 2 responses out of 3 voters: 2 yes votes; 0 no votes. yes voters: 2db2a3d64ed24f2c84c45510a530e63b, 7cda3c534c2d44989c96a7d4ab6ddc06; no voters: 
I20260709 13:04:35.247285 12574 leader_election.cc:290] T 7aa5637396914816a08381db82d28156 P 7cda3c534c2d44989c96a7d4ab6ddc06 [CANDIDATE]: Term 1 pre-election: Requested pre-vote from peers 2db2a3d64ed24f2c84c45510a530e63b (127.10.214.65:39611), 69d289e13039426dbf125e126371bc31 (127.10.214.66:36743)
I20260709 13:04:35.251072 12678 consensus_queue.cc:1048] T 130f91f79acd4c158face4bc8cad181c P 69d289e13039426dbf125e126371bc31 [LEADER]: Connected to new peer: Peer: permanent_uuid: "7cda3c534c2d44989c96a7d4ab6ddc06" member_type: VOTER last_known_addr { host: "127.10.214.67" port: 37329 }, Status: LMP_MISMATCH, Last received: 0.0, Next index: 1, Last known committed idx: 0, Time since last communication: 0.003s
I20260709 13:04:35.242270 12652 consensus_queue.cc:1048] T f66404cbd42848dd9869dff315b19bac P 69d289e13039426dbf125e126371bc31 [LEADER]: Connected to new peer: Peer: permanent_uuid: "7cda3c534c2d44989c96a7d4ab6ddc06" member_type: VOTER last_known_addr { host: "127.10.214.67" port: 37329 }, Status: LMP_MISMATCH, Last received: 0.0, Next index: 1, Last known committed idx: 0, Time since last communication: 0.007s
I20260709 13:04:35.253337 12673 raft_consensus.cc:2804] T 78364480da07456d9159b7aa2324c2fd P 7cda3c534c2d44989c96a7d4ab6ddc06 [term 1 FOLLOWER]: Leader election won for term 1
I20260709 13:04:35.253852 12277 tablet_service.cc:1917] Received RequestConsensusVote() RPC: tablet_id: "7aa5637396914816a08381db82d28156" candidate_uuid: "7cda3c534c2d44989c96a7d4ab6ddc06" candidate_term: 1 candidate_status { last_received { term: 0 index: 0 } } ignore_live_leader: false dest_uuid: "69d289e13039426dbf125e126371bc31" is_pre_election: true
I20260709 13:04:35.263414 12277 raft_consensus.cc:2468] T 7aa5637396914816a08381db82d28156 P 69d289e13039426dbf125e126371bc31 [term 0 FOLLOWER]: Leader pre-election vote request: Granting yes vote for candidate 7cda3c534c2d44989c96a7d4ab6ddc06 in term 0.
I20260709 13:04:35.263322 12673 raft_consensus.cc:697] T 78364480da07456d9159b7aa2324c2fd P 7cda3c534c2d44989c96a7d4ab6ddc06 [term 1 LEADER]: Becoming Leader. State: Replica: 7cda3c534c2d44989c96a7d4ab6ddc06, State: Running, Role: LEADER
I20260709 13:04:35.274353 12676 consensus_queue.cc:1048] T 57e75d59604e488b832e02355d87e9fb P 7cda3c534c2d44989c96a7d4ab6ddc06 [LEADER]: Connected to new peer: Peer: permanent_uuid: "2db2a3d64ed24f2c84c45510a530e63b" member_type: VOTER last_known_addr { host: "127.10.214.65" port: 39611 }, Status: LMP_MISMATCH, Last received: 0.0, Next index: 1, Last known committed idx: 0, Time since last communication: 0.002s
I20260709 13:04:35.286711 12573 consensus_queue.cc:1048] T 130f91f79acd4c158face4bc8cad181c P 69d289e13039426dbf125e126371bc31 [LEADER]: Connected to new peer: Peer: permanent_uuid: "2db2a3d64ed24f2c84c45510a530e63b" member_type: VOTER last_known_addr { host: "127.10.214.65" port: 39611 }, Status: LMP_MISMATCH, Last received: 0.0, Next index: 1, Last known committed idx: 0, Time since last communication: 0.000s
I20260709 13:04:35.275880 12673 consensus_queue.cc:237] T 78364480da07456d9159b7aa2324c2fd P 7cda3c534c2d44989c96a7d4ab6ddc06 [LEADER]: Queue going to LEADER mode. State: All replicated index: 0, Majority replicated index: 0, Committed index: 0, Last appended: 0.0, Last appended by leader: 0, Current term: 1, Majority size: 2, State: 0, Mode: LEADER, active raft config: opid_index: -1 OBSOLETE_local: false peers { permanent_uuid: "2db2a3d64ed24f2c84c45510a530e63b" member_type: VOTER last_known_addr { host: "127.10.214.65" port: 39611 } } peers { permanent_uuid: "69d289e13039426dbf125e126371bc31" member_type: VOTER last_known_addr { host: "127.10.214.66" port: 36743 } } peers { permanent_uuid: "7cda3c534c2d44989c96a7d4ab6ddc06" member_type: VOTER last_known_addr { host: "127.10.214.67" port: 37329 } }
I20260709 13:04:35.301394 12316 leader_election.cc:304] T 7aa5637396914816a08381db82d28156 P 7cda3c534c2d44989c96a7d4ab6ddc06 [CANDIDATE]: Term 1 pre-election: Election decided. Result: candidate won. Election summary: received 3 responses out of 3 voters: 2 yes votes; 1 no votes. yes voters: 69d289e13039426dbf125e126371bc31, 7cda3c534c2d44989c96a7d4ab6ddc06; no voters: 2db2a3d64ed24f2c84c45510a530e63b
I20260709 13:04:35.305202 12394 raft_consensus.cc:359] T 26ae2e00ebe04eba8db6a429cedc9b5f P 69d289e13039426dbf125e126371bc31 [term 0 FOLLOWER]: Replica starting. Triggering 0 pending ops. Active config: opid_index: -1 OBSOLETE_local: false peers { permanent_uuid: "2db2a3d64ed24f2c84c45510a530e63b" member_type: VOTER last_known_addr { host: "127.10.214.65" port: 39611 } } peers { permanent_uuid: "69d289e13039426dbf125e126371bc31" member_type: VOTER last_known_addr { host: "127.10.214.66" port: 36743 } } peers { permanent_uuid: "7cda3c534c2d44989c96a7d4ab6ddc06" member_type: VOTER last_known_addr { host: "127.10.214.67" port: 37329 } }
I20260709 13:04:35.312391 12394 raft_consensus.cc:385] T 26ae2e00ebe04eba8db6a429cedc9b5f P 69d289e13039426dbf125e126371bc31 [term 0 FOLLOWER]: Consensus starting up: Expiring failure detector timer to make a prompt election more likely
I20260709 13:04:35.312690 12394 raft_consensus.cc:740] T 26ae2e00ebe04eba8db6a429cedc9b5f P 69d289e13039426dbf125e126371bc31 [term 0 FOLLOWER]: Becoming Follower/Learner. State: Replica: 69d289e13039426dbf125e126371bc31, State: Initialized, Role: FOLLOWER
I20260709 13:04:35.313321 12394 consensus_queue.cc:260] T 26ae2e00ebe04eba8db6a429cedc9b5f P 69d289e13039426dbf125e126371bc31 [NON_LEADER]: Queue going to NON_LEADER mode. State: All replicated index: 0, Majority replicated index: 0, Committed index: 0, Last appended: 0.0, Last appended by leader: 0, Current term: 0, Majority size: -1, State: 0, Mode: NON_LEADER, active raft config: opid_index: -1 OBSOLETE_local: false peers { permanent_uuid: "2db2a3d64ed24f2c84c45510a530e63b" member_type: VOTER last_known_addr { host: "127.10.214.65" port: 39611 } } peers { permanent_uuid: "69d289e13039426dbf125e126371bc31" member_type: VOTER last_known_addr { host: "127.10.214.66" port: 36743 } } peers { permanent_uuid: "7cda3c534c2d44989c96a7d4ab6ddc06" member_type: VOTER last_known_addr { host: "127.10.214.67" port: 37329 } }
I20260709 13:04:35.327544 12101 catalog_manager.cc:5697] T 130f91f79acd4c158face4bc8cad181c P 69d289e13039426dbf125e126371bc31 reported cstate change: term changed from 0 to 1, leader changed from <none> to 69d289e13039426dbf125e126371bc31 (127.10.214.66). New cstate: current_term: 1 leader_uuid: "69d289e13039426dbf125e126371bc31" committed_config { opid_index: -1 OBSOLETE_local: false peers { permanent_uuid: "2db2a3d64ed24f2c84c45510a530e63b" member_type: VOTER last_known_addr { host: "127.10.214.65" port: 39611 } health_report { overall_health: UNKNOWN } } peers { permanent_uuid: "69d289e13039426dbf125e126371bc31" member_type: VOTER last_known_addr { host: "127.10.214.66" port: 36743 } health_report { overall_health: HEALTHY } } peers { permanent_uuid: "7cda3c534c2d44989c96a7d4ab6ddc06" member_type: VOTER last_known_addr { host: "127.10.214.67" port: 37329 } health_report { overall_health: UNKNOWN } } }
I20260709 13:04:35.315622 12676 raft_consensus.cc:2804] T 7aa5637396914816a08381db82d28156 P 7cda3c534c2d44989c96a7d4ab6ddc06 [term 0 FOLLOWER]: Leader pre-election won for term 1
I20260709 13:04:35.337373 12394 ts_tablet_manager.cc:1434] T 26ae2e00ebe04eba8db6a429cedc9b5f P 69d289e13039426dbf125e126371bc31: Time spent starting tablet: real 0.093s	user 0.002s	sys 0.005s
W20260709 13:04:35.348865 12316 consensus_peers.cc:597] T 8d0b601060554e3eb5acd5bcd1db9176 P 7cda3c534c2d44989c96a7d4ab6ddc06 -> Peer 2db2a3d64ed24f2c84c45510a530e63b (127.10.214.65:39611): Couldn't send request to peer 2db2a3d64ed24f2c84c45510a530e63b. Error code: TABLET_NOT_RUNNING (12). Status: Illegal state: Tablet not RUNNING: BOOTSTRAPPING. This is attempt 1: this message will repeat every 5th retry.
I20260709 13:04:35.335111 12676 raft_consensus.cc:493] T 7aa5637396914816a08381db82d28156 P 7cda3c534c2d44989c96a7d4ab6ddc06 [term 0 FOLLOWER]: Starting leader election (no leader contacted us within the election timeout)
I20260709 13:04:35.350435 12676 raft_consensus.cc:3060] T 7aa5637396914816a08381db82d28156 P 7cda3c534c2d44989c96a7d4ab6ddc06 [term 0 FOLLOWER]: Advancing to term 1
I20260709 13:04:35.351572 12393 tablet_bootstrap.cc:654] T 8d0b601060554e3eb5acd5bcd1db9176 P 2db2a3d64ed24f2c84c45510a530e63b: Neither blocks nor log segments found. Creating new log.
I20260709 13:04:35.379233 12392 tablet_bootstrap.cc:492] T 089a82ab5ab4404baa4ba390ad3509fd P 7cda3c534c2d44989c96a7d4ab6ddc06: No bootstrap required, opened a new log
