I20260709 13:04:31.030566 14121 raft_consensus.cc:359] T 772545e317c14e7e906e73bb8b3e7deb P a9d69c2101634c6190622c1f3254079a [term 0 FOLLOWER]: Replica starting. Triggering 0 pending ops. Active config: opid_index: -1 OBSOLETE_local: false peers { permanent_uuid: "4e5f36e5ac3d4d62a5ad7162d60d7b4f" member_type: VOTER last_known_addr { host: "127.12.129.129" port: 46437 } } peers { permanent_uuid: "a9d69c2101634c6190622c1f3254079a" member_type: VOTER last_known_addr { host: "127.12.129.130" port: 34413 } } peers { permanent_uuid: "f790c3d81255482dbeea1000dc32edb7" member_type: VOTER last_known_addr { host: "127.12.129.131" port: 38897 } }
I20260709 13:04:31.031342 13931 raft_consensus.cc:2468] T 2ef053a62b1a4d60911a0347167b300f P 4e5f36e5ac3d4d62a5ad7162d60d7b4f [term 0 FOLLOWER]: Leader pre-election vote request: Granting yes vote for candidate f790c3d81255482dbeea1000dc32edb7 in term 0.
I20260709 13:04:31.031509 14121 raft_consensus.cc:385] T 772545e317c14e7e906e73bb8b3e7deb P a9d69c2101634c6190622c1f3254079a [term 0 FOLLOWER]: Consensus starting up: Expiring failure detector timer to make a prompt election more likely
I20260709 13:04:31.031599 14006 tablet_service.cc:1917] Received RequestConsensusVote() RPC: tablet_id: "2ef053a62b1a4d60911a0347167b300f" candidate_uuid: "f790c3d81255482dbeea1000dc32edb7" candidate_term: 1 candidate_status { last_received { term: 0 index: 0 } } ignore_live_leader: false dest_uuid: "a9d69c2101634c6190622c1f3254079a" is_pre_election: true
I20260709 13:04:31.032119 14121 raft_consensus.cc:740] T 772545e317c14e7e906e73bb8b3e7deb P a9d69c2101634c6190622c1f3254079a [term 0 FOLLOWER]: Becoming Follower/Learner. State: Replica: a9d69c2101634c6190622c1f3254079a, State: Initialized, Role: FOLLOWER
I20260709 13:04:31.030681 14119 ts_tablet_manager.cc:1434] T 772545e317c14e7e906e73bb8b3e7deb P f790c3d81255482dbeea1000dc32edb7: Time spent starting tablet: real 0.025s	user 0.007s	sys 0.000s
I20260709 13:04:31.032500 14174 raft_consensus.cc:2804] T 4f2b0d6f483b409c8f6aaa0ff2b92ab8 P f790c3d81255482dbeea1000dc32edb7 [term 0 FOLLOWER]: Leader pre-election won for term 1
I20260709 13:04:31.032846 14174 raft_consensus.cc:493] T 4f2b0d6f483b409c8f6aaa0ff2b92ab8 P f790c3d81255482dbeea1000dc32edb7 [term 0 FOLLOWER]: Starting leader election (no leader contacted us within the election timeout)
I20260709 13:04:31.033262 14174 raft_consensus.cc:3060] T 4f2b0d6f483b409c8f6aaa0ff2b92ab8 P f790c3d81255482dbeea1000dc32edb7 [term 0 FOLLOWER]: Advancing to term 1
I20260709 13:04:31.033314 14119 tablet_bootstrap.cc:492] T af9e58699ddb4a4ca2c2ec2e206be7fc P f790c3d81255482dbeea1000dc32edb7: Bootstrap starting.
I20260709 13:04:31.033155 14121 consensus_queue.cc:260] T 772545e317c14e7e906e73bb8b3e7deb P a9d69c2101634c6190622c1f3254079a [NON_LEADER]: Queue going to NON_LEADER mode. State: All replicated index: 0, Majority replicated index: 0, Committed index: 0, Last appended: 0.0, Last appended by leader: 0, Current term: 0, Majority size: -1, State: 0, Mode: NON_LEADER, active raft config: opid_index: -1 OBSOLETE_local: false peers { permanent_uuid: "4e5f36e5ac3d4d62a5ad7162d60d7b4f" member_type: VOTER last_known_addr { host: "127.12.129.129" port: 46437 } } peers { permanent_uuid: "a9d69c2101634c6190622c1f3254079a" member_type: VOTER last_known_addr { host: "127.12.129.130" port: 34413 } } peers { permanent_uuid: "f790c3d81255482dbeea1000dc32edb7" member_type: VOTER last_known_addr { host: "127.12.129.131" port: 38897 } }
I20260709 13:04:31.035954 14121 ts_tablet_manager.cc:1434] T 772545e317c14e7e906e73bb8b3e7deb P a9d69c2101634c6190622c1f3254079a: Time spent starting tablet: real 0.010s	user 0.005s	sys 0.002s
I20260709 13:04:31.037206 14121 tablet_bootstrap.cc:492] T aa7393a5b4c0417790c70a0cf70f577c P a9d69c2101634c6190622c1f3254079a: Bootstrap starting.
I20260709 13:04:31.039827 14119 tablet_bootstrap.cc:654] T af9e58699ddb4a4ca2c2ec2e206be7fc P f790c3d81255482dbeea1000dc32edb7: Neither blocks nor log segments found. Creating new log.
I20260709 13:04:31.040531 14043 leader_election.cc:304] T 0b122ab3a60d4f11862c82cc7b467df5 P f790c3d81255482dbeea1000dc32edb7 [CANDIDATE]: Term 1 pre-election: Election decided. Result: candidate won. Election summary: received 2 responses out of 3 voters: 2 yes votes; 0 no votes. yes voters: 4e5f36e5ac3d4d62a5ad7162d60d7b4f, f790c3d81255482dbeea1000dc32edb7; no voters: 
I20260709 13:04:31.043292 14174 raft_consensus.cc:515] T 4f2b0d6f483b409c8f6aaa0ff2b92ab8 P f790c3d81255482dbeea1000dc32edb7 [term 1 FOLLOWER]: Starting leader election with config: opid_index: -1 OBSOLETE_local: false peers { permanent_uuid: "4e5f36e5ac3d4d62a5ad7162d60d7b4f" member_type: VOTER last_known_addr { host: "127.12.129.129" port: 46437 } } peers { permanent_uuid: "a9d69c2101634c6190622c1f3254079a" member_type: VOTER last_known_addr { host: "127.12.129.130" port: 34413 } } peers { permanent_uuid: "f790c3d81255482dbeea1000dc32edb7" member_type: VOTER last_known_addr { host: "127.12.129.131" port: 38897 } }
I20260709 13:04:31.043821 14121 tablet_bootstrap.cc:654] T aa7393a5b4c0417790c70a0cf70f577c P a9d69c2101634c6190622c1f3254079a: Neither blocks nor log segments found. Creating new log.
I20260709 13:04:31.039928 14120 ts_tablet_manager.cc:1434] T a75d71991c56415091037efb7bbdc97b P 4e5f36e5ac3d4d62a5ad7162d60d7b4f: Time spent starting tablet: real 0.018s	user 0.004s	sys 0.002s
I20260709 13:04:31.045408 14174 leader_election.cc:290] T 4f2b0d6f483b409c8f6aaa0ff2b92ab8 P f790c3d81255482dbeea1000dc32edb7 [CANDIDATE]: Term 1 election: Requested vote from peers 4e5f36e5ac3d4d62a5ad7162d60d7b4f (127.12.129.129:46437), a9d69c2101634c6190622c1f3254079a (127.12.129.130:34413)
I20260709 13:04:31.045704 14120 tablet_bootstrap.cc:492] T abed2fd219d84c1295eb776bab112de0 P 4e5f36e5ac3d4d62a5ad7162d60d7b4f: Bootstrap starting.
I20260709 13:04:31.046005 14176 raft_consensus.cc:2804] T 0b122ab3a60d4f11862c82cc7b467df5 P f790c3d81255482dbeea1000dc32edb7 [term 0 FOLLOWER]: Leader pre-election won for term 1
I20260709 13:04:31.046366 14176 raft_consensus.cc:493] T 0b122ab3a60d4f11862c82cc7b467df5 P f790c3d81255482dbeea1000dc32edb7 [term 0 FOLLOWER]: Starting leader election (no leader contacted us within the election timeout)
I20260709 13:04:31.046716 14176 raft_consensus.cc:3060] T 0b122ab3a60d4f11862c82cc7b467df5 P f790c3d81255482dbeea1000dc32edb7 [term 0 FOLLOWER]: Advancing to term 1
I20260709 13:04:31.051877 14120 tablet_bootstrap.cc:654] T abed2fd219d84c1295eb776bab112de0 P 4e5f36e5ac3d4d62a5ad7162d60d7b4f: Neither blocks nor log segments found. Creating new log.
I20260709 13:04:31.053867 14176 raft_consensus.cc:515] T 0b122ab3a60d4f11862c82cc7b467df5 P f790c3d81255482dbeea1000dc32edb7 [term 1 FOLLOWER]: Starting leader election with config: opid_index: -1 OBSOLETE_local: false peers { permanent_uuid: "4e5f36e5ac3d4d62a5ad7162d60d7b4f" member_type: VOTER last_known_addr { host: "127.12.129.129" port: 46437 } } peers { permanent_uuid: "a9d69c2101634c6190622c1f3254079a" member_type: VOTER last_known_addr { host: "127.12.129.130" port: 34413 } } peers { permanent_uuid: "f790c3d81255482dbeea1000dc32edb7" member_type: VOTER last_known_addr { host: "127.12.129.131" port: 38897 } }
I20260709 13:04:31.056210 14176 leader_election.cc:290] T 0b122ab3a60d4f11862c82cc7b467df5 P f790c3d81255482dbeea1000dc32edb7 [CANDIDATE]: Term 1 election: Requested vote from peers 4e5f36e5ac3d4d62a5ad7162d60d7b4f (127.12.129.129:46437), a9d69c2101634c6190622c1f3254079a (127.12.129.130:34413)
I20260709 13:04:31.057144 14043 leader_election.cc:304] T e356590833fe4e73bbcfa9ea64051666 P f790c3d81255482dbeea1000dc32edb7 [CANDIDATE]: Term 1 pre-election: Election decided. Result: candidate won. Election summary: received 2 responses out of 3 voters: 2 yes votes; 0 no votes. yes voters: 4e5f36e5ac3d4d62a5ad7162d60d7b4f, f790c3d81255482dbeea1000dc32edb7; no voters: 
I20260709 13:04:31.058333 14043 leader_election.cc:304] T 2ef053a62b1a4d60911a0347167b300f P f790c3d81255482dbeea1000dc32edb7 [CANDIDATE]: Term 1 pre-election: Election decided. Result: candidate won. Election summary: received 2 responses out of 3 voters: 2 yes votes; 0 no votes. yes voters: 4e5f36e5ac3d4d62a5ad7162d60d7b4f, f790c3d81255482dbeea1000dc32edb7; no voters: 
I20260709 13:04:31.057613 13826 catalog_manager.cc:5697] T af9e58699ddb4a4ca2c2ec2e206be7fc P 4e5f36e5ac3d4d62a5ad7162d60d7b4f reported cstate change: term changed from 0 to 1, leader changed from <none> to 4e5f36e5ac3d4d62a5ad7162d60d7b4f (127.12.129.129). New cstate: current_term: 1 leader_uuid: "4e5f36e5ac3d4d62a5ad7162d60d7b4f" committed_config { opid_index: -1 OBSOLETE_local: false peers { permanent_uuid: "f790c3d81255482dbeea1000dc32edb7" member_type: VOTER last_known_addr { host: "127.12.129.131" port: 38897 } health_report { overall_health: UNKNOWN } } peers { permanent_uuid: "4e5f36e5ac3d4d62a5ad7162d60d7b4f" member_type: VOTER last_known_addr { host: "127.12.129.129" port: 46437 } health_report { overall_health: HEALTHY } } peers { permanent_uuid: "a9d69c2101634c6190622c1f3254079a" member_type: VOTER last_known_addr { host: "127.12.129.130" port: 34413 } health_report { overall_health: UNKNOWN } } }
I20260709 13:04:31.060029 14128 raft_consensus.cc:2804] T e356590833fe4e73bbcfa9ea64051666 P f790c3d81255482dbeea1000dc32edb7 [term 0 FOLLOWER]: Leader pre-election won for term 1
I20260709 13:04:31.060446 14128 raft_consensus.cc:493] T e356590833fe4e73bbcfa9ea64051666 P f790c3d81255482dbeea1000dc32edb7 [term 0 FOLLOWER]: Starting leader election (no leader contacted us within the election timeout)
I20260709 13:04:31.060803 14128 raft_consensus.cc:3060] T e356590833fe4e73bbcfa9ea64051666 P f790c3d81255482dbeea1000dc32edb7 [term 0 FOLLOWER]: Advancing to term 1
I20260709 13:04:31.068256 14128 raft_consensus.cc:515] T e356590833fe4e73bbcfa9ea64051666 P f790c3d81255482dbeea1000dc32edb7 [term 1 FOLLOWER]: Starting leader election with config: opid_index: -1 OBSOLETE_local: false peers { permanent_uuid: "4e5f36e5ac3d4d62a5ad7162d60d7b4f" member_type: VOTER last_known_addr { host: "127.12.129.129" port: 46437 } } peers { permanent_uuid: "a9d69c2101634c6190622c1f3254079a" member_type: VOTER last_known_addr { host: "127.12.129.130" port: 34413 } } peers { permanent_uuid: "f790c3d81255482dbeea1000dc32edb7" member_type: VOTER last_known_addr { host: "127.12.129.131" port: 38897 } }
I20260709 13:04:31.070879 14176 raft_consensus.cc:2804] T 2ef053a62b1a4d60911a0347167b300f P f790c3d81255482dbeea1000dc32edb7 [term 0 FOLLOWER]: Leader pre-election won for term 1
I20260709 13:04:31.071296 14176 raft_consensus.cc:493] T 2ef053a62b1a4d60911a0347167b300f P f790c3d81255482dbeea1000dc32edb7 [term 0 FOLLOWER]: Starting leader election (no leader contacted us within the election timeout)
I20260709 13:04:31.071642 14176 raft_consensus.cc:3060] T 2ef053a62b1a4d60911a0347167b300f P f790c3d81255482dbeea1000dc32edb7 [term 0 FOLLOWER]: Advancing to term 1
I20260709 13:04:31.070488 14128 leader_election.cc:290] T e356590833fe4e73bbcfa9ea64051666 P f790c3d81255482dbeea1000dc32edb7 [CANDIDATE]: Term 1 election: Requested vote from peers 4e5f36e5ac3d4d62a5ad7162d60d7b4f (127.12.129.129:46437), a9d69c2101634c6190622c1f3254079a (127.12.129.130:34413)
W20260709 13:04:31.075528 14043 leader_election.cc:343] T 4f2b0d6f483b409c8f6aaa0ff2b92ab8 P f790c3d81255482dbeea1000dc32edb7 [CANDIDATE]: Term 1 pre-election: Tablet error from VoteRequest() call to peer a9d69c2101634c6190622c1f3254079a (127.12.129.130:34413): Illegal state: must be running to vote when last-logged opid is not known
W20260709 13:04:31.076645 14043 leader_election.cc:343] T e356590833fe4e73bbcfa9ea64051666 P f790c3d81255482dbeea1000dc32edb7 [CANDIDATE]: Term 1 pre-election: Tablet error from VoteRequest() call to peer a9d69c2101634c6190622c1f3254079a (127.12.129.130:34413): Illegal state: must be running to vote when last-logged opid is not known
I20260709 13:04:31.080590 14125 raft_consensus.cc:493] T aa7393a5b4c0417790c70a0cf70f577c P 4e5f36e5ac3d4d62a5ad7162d60d7b4f [term 0 FOLLOWER]: Starting pre-election (no leader contacted us within the election timeout)
I20260709 13:04:31.081171 14125 raft_consensus.cc:515] T aa7393a5b4c0417790c70a0cf70f577c P 4e5f36e5ac3d4d62a5ad7162d60d7b4f [term 0 FOLLOWER]: Starting pre-election with config: opid_index: -1 OBSOLETE_local: false peers { permanent_uuid: "4e5f36e5ac3d4d62a5ad7162d60d7b4f" member_type: VOTER last_known_addr { host: "127.12.129.129" port: 46437 } } peers { permanent_uuid: "a9d69c2101634c6190622c1f3254079a" member_type: VOTER last_known_addr { host: "127.12.129.130" port: 34413 } } peers { permanent_uuid: "f790c3d81255482dbeea1000dc32edb7" member_type: VOTER last_known_addr { host: "127.12.129.131" port: 38897 } }
I20260709 13:04:31.092432 14125 leader_election.cc:290] T aa7393a5b4c0417790c70a0cf70f577c P 4e5f36e5ac3d4d62a5ad7162d60d7b4f [CANDIDATE]: Term 1 pre-election: Requested pre-vote from peers a9d69c2101634c6190622c1f3254079a (127.12.129.130:34413), f790c3d81255482dbeea1000dc32edb7 (127.12.129.131:38897)
I20260709 13:04:31.093210 14006 tablet_service.cc:1917] Received RequestConsensusVote() RPC: tablet_id: "aa7393a5b4c0417790c70a0cf70f577c" candidate_uuid: "4e5f36e5ac3d4d62a5ad7162d60d7b4f" candidate_term: 1 candidate_status { last_received { term: 0 index: 0 } } ignore_live_leader: false dest_uuid: "a9d69c2101634c6190622c1f3254079a" is_pre_election: true
I20260709 13:04:31.095183 14121 tablet_bootstrap.cc:492] T aa7393a5b4c0417790c70a0cf70f577c P a9d69c2101634c6190622c1f3254079a: No bootstrap required, opened a new log
W20260709 13:04:31.095234 13894 leader_election.cc:343] T aa7393a5b4c0417790c70a0cf70f577c P 4e5f36e5ac3d4d62a5ad7162d60d7b4f [CANDIDATE]: Term 1 pre-election: Tablet error from VoteRequest() call to peer a9d69c2101634c6190622c1f3254079a (127.12.129.130:34413): Illegal state: must be running to vote when last-logged opid is not known
I20260709 13:04:31.095882 14121 ts_tablet_manager.cc:1403] T aa7393a5b4c0417790c70a0cf70f577c P a9d69c2101634c6190622c1f3254079a: Time spent bootstrapping tablet: real 0.059s	user 0.026s	sys 0.028s
W20260709 13:04:31.081166 14043 leader_election.cc:343] T 0b122ab3a60d4f11862c82cc7b467df5 P f790c3d81255482dbeea1000dc32edb7 [CANDIDATE]: Term 1 pre-election: Tablet error from VoteRequest() call to peer a9d69c2101634c6190622c1f3254079a (127.12.129.130:34413): Illegal state: must be running to vote when last-logged opid is not known
W20260709 13:04:31.096875 14043 leader_election.cc:343] T 2ef053a62b1a4d60911a0347167b300f P f790c3d81255482dbeea1000dc32edb7 [CANDIDATE]: Term 1 pre-election: Tablet error from VoteRequest() call to peer a9d69c2101634c6190622c1f3254079a (127.12.129.130:34413): Illegal state: must be running to vote when last-logged opid is not known
I20260709 13:04:31.098233 14080 tablet_service.cc:1917] Received RequestConsensusVote() RPC: tablet_id: "af9e58699ddb4a4ca2c2ec2e206be7fc" candidate_uuid: "4e5f36e5ac3d4d62a5ad7162d60d7b4f" candidate_term: 1 candidate_status { last_received { term: 0 index: 0 } } ignore_live_leader: false dest_uuid: "f790c3d81255482dbeea1000dc32edb7"
I20260709 13:04:31.098529 14079 tablet_service.cc:1917] Received RequestConsensusVote() RPC: tablet_id: "aa7393a5b4c0417790c70a0cf70f577c" candidate_uuid: "4e5f36e5ac3d4d62a5ad7162d60d7b4f" candidate_term: 1 candidate_status { last_received { term: 0 index: 0 } } ignore_live_leader: false dest_uuid: "f790c3d81255482dbeea1000dc32edb7" is_pre_election: true
I20260709 13:04:31.097572 14176 raft_consensus.cc:515] T 2ef053a62b1a4d60911a0347167b300f P f790c3d81255482dbeea1000dc32edb7 [term 1 FOLLOWER]: Starting leader election with config: opid_index: -1 OBSOLETE_local: false peers { permanent_uuid: "4e5f36e5ac3d4d62a5ad7162d60d7b4f" member_type: VOTER last_known_addr { host: "127.12.129.129" port: 46437 } } peers { permanent_uuid: "a9d69c2101634c6190622c1f3254079a" member_type: VOTER last_known_addr { host: "127.12.129.130" port: 34413 } } peers { permanent_uuid: "f790c3d81255482dbeea1000dc32edb7" member_type: VOTER last_known_addr { host: "127.12.129.131" port: 38897 } }
I20260709 13:04:31.099509 13828 catalog_manager.cc:5697] T 3fc8702784b34c65b8222204b7fd9822 P f790c3d81255482dbeea1000dc32edb7 reported cstate change: term changed from 0 to 1, leader changed from <none> to f790c3d81255482dbeea1000dc32edb7 (127.12.129.131). New cstate: current_term: 1 leader_uuid: "f790c3d81255482dbeea1000dc32edb7" committed_config { opid_index: -1 OBSOLETE_local: false peers { permanent_uuid: "4e5f36e5ac3d4d62a5ad7162d60d7b4f" member_type: VOTER last_known_addr { host: "127.12.129.129" port: 46437 } health_report { overall_health: UNKNOWN } } peers { permanent_uuid: "a9d69c2101634c6190622c1f3254079a" member_type: VOTER last_known_addr { host: "127.12.129.130" port: 34413 } health_report { overall_health: UNKNOWN } } peers { permanent_uuid: "f790c3d81255482dbeea1000dc32edb7" member_type: VOTER last_known_addr { host: "127.12.129.131" port: 38897 } health_report { overall_health: HEALTHY } } }
I20260709 13:04:31.100564 14176 leader_election.cc:290] T 2ef053a62b1a4d60911a0347167b300f P f790c3d81255482dbeea1000dc32edb7 [CANDIDATE]: Term 1 election: Requested vote from peers 4e5f36e5ac3d4d62a5ad7162d60d7b4f (127.12.129.129:46437), a9d69c2101634c6190622c1f3254079a (127.12.129.130:34413)
I20260709 13:04:31.100318 14121 raft_consensus.cc:359] T aa7393a5b4c0417790c70a0cf70f577c P a9d69c2101634c6190622c1f3254079a [term 0 FOLLOWER]: Replica starting. Triggering 0 pending ops. Active config: opid_index: -1 OBSOLETE_local: false peers { permanent_uuid: "4e5f36e5ac3d4d62a5ad7162d60d7b4f" member_type: VOTER last_known_addr { host: "127.12.129.129" port: 46437 } } peers { permanent_uuid: "a9d69c2101634c6190622c1f3254079a" member_type: VOTER last_known_addr { host: "127.12.129.130" port: 34413 } } peers { permanent_uuid: "f790c3d81255482dbeea1000dc32edb7" member_type: VOTER last_known_addr { host: "127.12.129.131" port: 38897 } }
I20260709 13:04:31.101259 14121 raft_consensus.cc:385] T aa7393a5b4c0417790c70a0cf70f577c P a9d69c2101634c6190622c1f3254079a [term 0 FOLLOWER]: Consensus starting up: Expiring failure detector timer to make a prompt election more likely
I20260709 13:04:31.101536 14121 raft_consensus.cc:740] T aa7393a5b4c0417790c70a0cf70f577c P a9d69c2101634c6190622c1f3254079a [term 0 FOLLOWER]: Becoming Follower/Learner. State: Replica: a9d69c2101634c6190622c1f3254079a, State: Initialized, Role: FOLLOWER
I20260709 13:04:31.101975 13931 tablet_service.cc:1917] Received RequestConsensusVote() RPC: tablet_id: "4f2b0d6f483b409c8f6aaa0ff2b92ab8" candidate_uuid: "f790c3d81255482dbeea1000dc32edb7" candidate_term: 1 candidate_status { last_received { term: 0 index: 0 } } ignore_live_leader: false dest_uuid: "4e5f36e5ac3d4d62a5ad7162d60d7b4f"
I20260709 13:04:31.102149 14121 consensus_queue.cc:260] T aa7393a5b4c0417790c70a0cf70f577c P a9d69c2101634c6190622c1f3254079a [NON_LEADER]: Queue going to NON_LEADER mode. State: All replicated index: 0, Majority replicated index: 0, Committed index: 0, Last appended: 0.0, Last appended by leader: 0, Current term: 0, Majority size: -1, State: 0, Mode: NON_LEADER, active raft config: opid_index: -1 OBSOLETE_local: false peers { permanent_uuid: "4e5f36e5ac3d4d62a5ad7162d60d7b4f" member_type: VOTER last_known_addr { host: "127.12.129.129" port: 46437 } } peers { permanent_uuid: "a9d69c2101634c6190622c1f3254079a" member_type: VOTER last_known_addr { host: "127.12.129.130" port: 34413 } } peers { permanent_uuid: "f790c3d81255482dbeea1000dc32edb7" member_type: VOTER last_known_addr { host: "127.12.129.131" port: 38897 } }
I20260709 13:04:31.102540 13931 raft_consensus.cc:3060] T 4f2b0d6f483b409c8f6aaa0ff2b92ab8 P 4e5f36e5ac3d4d62a5ad7162d60d7b4f [term 0 FOLLOWER]: Advancing to term 1
I20260709 13:04:31.104326 14121 ts_tablet_manager.cc:1434] T aa7393a5b4c0417790c70a0cf70f577c P a9d69c2101634c6190622c1f3254079a: Time spent starting tablet: real 0.008s	user 0.001s	sys 0.004s
I20260709 13:04:31.105015 14119 tablet_bootstrap.cc:492] T af9e58699ddb4a4ca2c2ec2e206be7fc P f790c3d81255482dbeea1000dc32edb7: No bootstrap required, opened a new log
I20260709 13:04:31.105239 14121 tablet_bootstrap.cc:492] T ac0e7df549ff42ae835163f60f9100cb P a9d69c2101634c6190622c1f3254079a: Bootstrap starting.
I20260709 13:04:31.105445 14119 ts_tablet_manager.cc:1403] T af9e58699ddb4a4ca2c2ec2e206be7fc P f790c3d81255482dbeea1000dc32edb7: Time spent bootstrapping tablet: real 0.072s	user 0.020s	sys 0.011s
I20260709 13:04:31.107996 14119 raft_consensus.cc:359] T af9e58699ddb4a4ca2c2ec2e206be7fc P f790c3d81255482dbeea1000dc32edb7 [term 0 FOLLOWER]: Replica starting. Triggering 0 pending ops. Active config: opid_index: -1 OBSOLETE_local: false peers { permanent_uuid: "f790c3d81255482dbeea1000dc32edb7" member_type: VOTER last_known_addr { host: "127.12.129.131" port: 38897 } } peers { permanent_uuid: "4e5f36e5ac3d4d62a5ad7162d60d7b4f" member_type: VOTER last_known_addr { host: "127.12.129.129" port: 46437 } } peers { permanent_uuid: "a9d69c2101634c6190622c1f3254079a" member_type: VOTER last_known_addr { host: "127.12.129.130" port: 34413 } }
I20260709 13:04:31.108633 14119 raft_consensus.cc:385] T af9e58699ddb4a4ca2c2ec2e206be7fc P f790c3d81255482dbeea1000dc32edb7 [term 0 FOLLOWER]: Consensus starting up: Expiring failure detector timer to make a prompt election more likely
I20260709 13:04:31.108989 14119 raft_consensus.cc:740] T af9e58699ddb4a4ca2c2ec2e206be7fc P f790c3d81255482dbeea1000dc32edb7 [term 0 FOLLOWER]: Becoming Follower/Learner. State: Replica: f790c3d81255482dbeea1000dc32edb7, State: Initialized, Role: FOLLOWER
I20260709 13:04:31.109807 13931 raft_consensus.cc:2468] T 4f2b0d6f483b409c8f6aaa0ff2b92ab8 P 4e5f36e5ac3d4d62a5ad7162d60d7b4f [term 1 FOLLOWER]: Leader election vote request: Granting yes vote for candidate f790c3d81255482dbeea1000dc32edb7 in term 1.
I20260709 13:04:31.109601 14119 consensus_queue.cc:260] T af9e58699ddb4a4ca2c2ec2e206be7fc P f790c3d81255482dbeea1000dc32edb7 [NON_LEADER]: Queue going to NON_LEADER mode. State: All replicated index: 0, Majority replicated index: 0, Committed index: 0, Last appended: 0.0, Last appended by leader: 0, Current term: 0, Majority size: -1, State: 0, Mode: NON_LEADER, active raft config: opid_index: -1 OBSOLETE_local: false peers { permanent_uuid: "f790c3d81255482dbeea1000dc32edb7" member_type: VOTER last_known_addr { host: "127.12.129.131" port: 38897 } } peers { permanent_uuid: "4e5f36e5ac3d4d62a5ad7162d60d7b4f" member_type: VOTER last_known_addr { host: "127.12.129.129" port: 46437 } } peers { permanent_uuid: "a9d69c2101634c6190622c1f3254079a" member_type: VOTER last_known_addr { host: "127.12.129.130" port: 34413 } }
I20260709 13:04:31.100706 14120 tablet_bootstrap.cc:492] T abed2fd219d84c1295eb776bab112de0 P 4e5f36e5ac3d4d62a5ad7162d60d7b4f: No bootstrap required, opened a new log
I20260709 13:04:31.111102 14120 ts_tablet_manager.cc:1403] T abed2fd219d84c1295eb776bab112de0 P 4e5f36e5ac3d4d62a5ad7162d60d7b4f: Time spent bootstrapping tablet: real 0.066s	user 0.014s	sys 0.013s
I20260709 13:04:31.111505 14119 ts_tablet_manager.cc:1434] T af9e58699ddb4a4ca2c2ec2e206be7fc P f790c3d81255482dbeea1000dc32edb7: Time spent starting tablet: real 0.006s	user 0.007s	sys 0.000s
I20260709 13:04:31.111922 14121 tablet_bootstrap.cc:654] T ac0e7df549ff42ae835163f60f9100cb P a9d69c2101634c6190622c1f3254079a: Neither blocks nor log segments found. Creating new log.
I20260709 13:04:31.112401 14119 tablet_bootstrap.cc:492] T a75d71991c56415091037efb7bbdc97b P f790c3d81255482dbeea1000dc32edb7: Bootstrap starting.
I20260709 13:04:31.113283 14006 tablet_service.cc:1917] Received RequestConsensusVote() RPC: tablet_id: "4f2b0d6f483b409c8f6aaa0ff2b92ab8" candidate_uuid: "f790c3d81255482dbeea1000dc32edb7" candidate_term: 1 candidate_status { last_received { term: 0 index: 0 } } ignore_live_leader: false dest_uuid: "a9d69c2101634c6190622c1f3254079a"
I20260709 13:04:31.115406 13931 tablet_service.cc:1917] Received RequestConsensusVote() RPC: tablet_id: "0b122ab3a60d4f11862c82cc7b467df5" candidate_uuid: "f790c3d81255482dbeea1000dc32edb7" candidate_term: 1 candidate_status { last_received { term: 0 index: 0 } } ignore_live_leader: false dest_uuid: "4e5f36e5ac3d4d62a5ad7162d60d7b4f"
I20260709 13:04:31.115999 13931 raft_consensus.cc:3060] T 0b122ab3a60d4f11862c82cc7b467df5 P 4e5f36e5ac3d4d62a5ad7162d60d7b4f [term 0 FOLLOWER]: Advancing to term 1
I20260709 13:04:31.118268 14119 tablet_bootstrap.cc:654] T a75d71991c56415091037efb7bbdc97b P f790c3d81255482dbeea1000dc32edb7: Neither blocks nor log segments found. Creating new log.
I20260709 13:04:31.123926 14006 tablet_service.cc:1917] Received RequestConsensusVote() RPC: tablet_id: "0b122ab3a60d4f11862c82cc7b467df5" candidate_uuid: "f790c3d81255482dbeea1000dc32edb7" candidate_term: 1 candidate_status { last_received { term: 0 index: 0 } } ignore_live_leader: false dest_uuid: "a9d69c2101634c6190622c1f3254079a"
I20260709 13:04:31.126471 13930 tablet_service.cc:1917] Received RequestConsensusVote() RPC: tablet_id: "e356590833fe4e73bbcfa9ea64051666" candidate_uuid: "f790c3d81255482dbeea1000dc32edb7" candidate_term: 1 candidate_status { last_received { term: 0 index: 0 } } ignore_live_leader: false dest_uuid: "4e5f36e5ac3d4d62a5ad7162d60d7b4f"
I20260709 13:04:31.127136 13930 raft_consensus.cc:3060] T e356590833fe4e73bbcfa9ea64051666 P 4e5f36e5ac3d4d62a5ad7162d60d7b4f [term 0 FOLLOWER]: Advancing to term 1
I20260709 13:04:31.129102 14006 tablet_service.cc:1917] Received RequestConsensusVote() RPC: tablet_id: "e356590833fe4e73bbcfa9ea64051666" candidate_uuid: "f790c3d81255482dbeea1000dc32edb7" candidate_term: 1 candidate_status { last_received { term: 0 index: 0 } } ignore_live_leader: false dest_uuid: "a9d69c2101634c6190622c1f3254079a"
W20260709 13:04:31.130854 13896 leader_election.cc:343] T af9e58699ddb4a4ca2c2ec2e206be7fc P 4e5f36e5ac3d4d62a5ad7162d60d7b4f [CANDIDATE]: Term 1 election: Tablet error from VoteRequest() call to peer f790c3d81255482dbeea1000dc32edb7 (127.12.129.131:38897): Illegal state: must be running to vote when last-logged opid is not known
W20260709 13:04:31.132148 13896 leader_election.cc:343] T aa7393a5b4c0417790c70a0cf70f577c P 4e5f36e5ac3d4d62a5ad7162d60d7b4f [CANDIDATE]: Term 1 pre-election: Tablet error from VoteRequest() call to peer f790c3d81255482dbeea1000dc32edb7 (127.12.129.131:38897): Illegal state: must be running to vote when last-logged opid is not known
I20260709 13:04:31.132624 13896 leader_election.cc:304] T aa7393a5b4c0417790c70a0cf70f577c P 4e5f36e5ac3d4d62a5ad7162d60d7b4f [CANDIDATE]: Term 1 pre-election: Election decided. Result: candidate lost. Election summary: received 3 responses out of 3 voters: 1 yes votes; 2 no votes. yes voters: 4e5f36e5ac3d4d62a5ad7162d60d7b4f; no voters: a9d69c2101634c6190622c1f3254079a, f790c3d81255482dbeea1000dc32edb7
I20260709 13:04:31.133395 14125 raft_consensus.cc:2749] T aa7393a5b4c0417790c70a0cf70f577c P 4e5f36e5ac3d4d62a5ad7162d60d7b4f [term 0 FOLLOWER]: Leader pre-election lost for term 1. Reason: could not achieve majority
I20260709 13:04:31.135912 13929 tablet_service.cc:1917] Received RequestConsensusVote() RPC: tablet_id: "2ef053a62b1a4d60911a0347167b300f" candidate_uuid: "f790c3d81255482dbeea1000dc32edb7" candidate_term: 1 candidate_status { last_received { term: 0 index: 0 } } ignore_live_leader: false dest_uuid: "4e5f36e5ac3d4d62a5ad7162d60d7b4f"
I20260709 13:04:31.136436 14006 tablet_service.cc:1917] Received RequestConsensusVote() RPC: tablet_id: "2ef053a62b1a4d60911a0347167b300f" candidate_uuid: "f790c3d81255482dbeea1000dc32edb7" candidate_term: 1 candidate_status { last_received { term: 0 index: 0 } } ignore_live_leader: false dest_uuid: "a9d69c2101634c6190622c1f3254079a"
I20260709 13:04:31.136564 13929 raft_consensus.cc:3060] T 2ef053a62b1a4d60911a0347167b300f P 4e5f36e5ac3d4d62a5ad7162d60d7b4f [term 0 FOLLOWER]: Advancing to term 1
W20260709 13:04:31.138885 14043 leader_election.cc:343] T 4f2b0d6f483b409c8f6aaa0ff2b92ab8 P f790c3d81255482dbeea1000dc32edb7 [CANDIDATE]: Term 1 election: Tablet error from VoteRequest() call to peer a9d69c2101634c6190622c1f3254079a (127.12.129.130:34413): Illegal state: must be running to vote when last-logged opid is not known
W20260709 13:04:31.139591 14043 leader_election.cc:343] T 0b122ab3a60d4f11862c82cc7b467df5 P f790c3d81255482dbeea1000dc32edb7 [CANDIDATE]: Term 1 election: Tablet error from VoteRequest() call to peer a9d69c2101634c6190622c1f3254079a (127.12.129.130:34413): Illegal state: must be running to vote when last-logged opid is not known
W20260709 13:04:31.140232 14043 leader_election.cc:343] T e356590833fe4e73bbcfa9ea64051666 P f790c3d81255482dbeea1000dc32edb7 [CANDIDATE]: Term 1 election: Tablet error from VoteRequest() call to peer a9d69c2101634c6190622c1f3254079a (127.12.129.130:34413): Illegal state: must be running to vote when last-logged opid is not known
W20260709 13:04:31.140877 14043 leader_election.cc:343] T 2ef053a62b1a4d60911a0347167b300f P f790c3d81255482dbeea1000dc32edb7 [CANDIDATE]: Term 1 election: Tablet error from VoteRequest() call to peer a9d69c2101634c6190622c1f3254079a (127.12.129.130:34413): Illegal state: must be running to vote when last-logged opid is not known
I20260709 13:04:31.141537 14043 leader_election.cc:304] T 4f2b0d6f483b409c8f6aaa0ff2b92ab8 P f790c3d81255482dbeea1000dc32edb7 [CANDIDATE]: Term 1 election: Election decided. Result: candidate won. Election summary: received 3 responses out of 3 voters: 2 yes votes; 1 no votes. yes voters: 4e5f36e5ac3d4d62a5ad7162d60d7b4f, f790c3d81255482dbeea1000dc32edb7; no voters: a9d69c2101634c6190622c1f3254079a
I20260709 13:04:31.144238 14120 raft_consensus.cc:359] T abed2fd219d84c1295eb776bab112de0 P 4e5f36e5ac3d4d62a5ad7162d60d7b4f [term 0 FOLLOWER]: Replica starting. Triggering 0 pending ops. Active config: opid_index: -1 OBSOLETE_local: false peers { permanent_uuid: "4e5f36e5ac3d4d62a5ad7162d60d7b4f" member_type: VOTER last_known_addr { host: "127.12.129.129" port: 46437 } } peers { permanent_uuid: "a9d69c2101634c6190622c1f3254079a" member_type: VOTER last_known_addr { host: "127.12.129.130" port: 34413 } } peers { permanent_uuid: "f790c3d81255482dbeea1000dc32edb7" member_type: VOTER last_known_addr { host: "127.12.129.131" port: 38897 } }
I20260709 13:04:31.145013 14120 raft_consensus.cc:385] T abed2fd219d84c1295eb776bab112de0 P 4e5f36e5ac3d4d62a5ad7162d60d7b4f [term 0 FOLLOWER]: Consensus starting up: Expiring failure detector timer to make a prompt election more likely
I20260709 13:04:31.145277 14120 raft_consensus.cc:740] T abed2fd219d84c1295eb776bab112de0 P 4e5f36e5ac3d4d62a5ad7162d60d7b4f [term 0 FOLLOWER]: Becoming Follower/Learner. State: Replica: 4e5f36e5ac3d4d62a5ad7162d60d7b4f, State: Initialized, Role: FOLLOWER
I20260709 13:04:31.146116 14120 consensus_queue.cc:260] T abed2fd219d84c1295eb776bab112de0 P 4e5f36e5ac3d4d62a5ad7162d60d7b4f [NON_LEADER]: Queue going to NON_LEADER mode. State: All replicated index: 0, Majority replicated index: 0, Committed index: 0, Last appended: 0.0, Last appended by leader: 0, Current term: 0, Majority size: -1, State: 0, Mode: NON_LEADER, active raft config: opid_index: -1 OBSOLETE_local: false peers { permanent_uuid: "4e5f36e5ac3d4d62a5ad7162d60d7b4f" member_type: VOTER last_known_addr { host: "127.12.129.129" port: 46437 } } peers { permanent_uuid: "a9d69c2101634c6190622c1f3254079a" member_type: VOTER last_known_addr { host: "127.12.129.130" port: 34413 } } peers { permanent_uuid: "f790c3d81255482dbeea1000dc32edb7" member_type: VOTER last_known_addr { host: "127.12.129.131" port: 38897 } }
I20260709 13:04:31.147086 14176 raft_consensus.cc:2804] T 4f2b0d6f483b409c8f6aaa0ff2b92ab8 P f790c3d81255482dbeea1000dc32edb7 [term 1 FOLLOWER]: Leader election won for term 1
I20260709 13:04:31.147714 14176 raft_consensus.cc:697] T 4f2b0d6f483b409c8f6aaa0ff2b92ab8 P f790c3d81255482dbeea1000dc32edb7 [term 1 LEADER]: Becoming Leader. State: Replica: f790c3d81255482dbeea1000dc32edb7, State: Running, Role: LEADER
I20260709 13:04:31.148656 14176 consensus_queue.cc:237] T 4f2b0d6f483b409c8f6aaa0ff2b92ab8 P f790c3d81255482dbeea1000dc32edb7 [LEADER]: Queue going to LEADER mode. State: All replicated index: 0, Majority replicated index: 0, Committed index: 0, Last appended: 0.0, Last appended by leader: 0, Current term: 1, Majority size: 2, State: 0, Mode: LEADER, active raft config: opid_index: -1 OBSOLETE_local: false peers { permanent_uuid: "4e5f36e5ac3d4d62a5ad7162d60d7b4f" member_type: VOTER last_known_addr { host: "127.12.129.129" port: 46437 } } peers { permanent_uuid: "a9d69c2101634c6190622c1f3254079a" member_type: VOTER last_known_addr { host: "127.12.129.130" port: 34413 } } peers { permanent_uuid: "f790c3d81255482dbeea1000dc32edb7" member_type: VOTER last_known_addr { host: "127.12.129.131" port: 38897 } }
I20260709 13:04:31.153898 13931 raft_consensus.cc:2468] T 0b122ab3a60d4f11862c82cc7b467df5 P 4e5f36e5ac3d4d62a5ad7162d60d7b4f [term 1 FOLLOWER]: Leader election vote request: Granting yes vote for candidate f790c3d81255482dbeea1000dc32edb7 in term 1.
I20260709 13:04:31.156497 14151 consensus_queue.cc:1048] T d55a64d115dc45d4b74bead609a2f05c P f790c3d81255482dbeea1000dc32edb7 [LEADER]: Connected to new peer: Peer: permanent_uuid: "a9d69c2101634c6190622c1f3254079a" member_type: VOTER last_known_addr { host: "127.12.129.130" port: 34413 }, Status: LMP_MISMATCH, Last received: 0.0, Next index: 1, Last known committed idx: 0, Time since last communication: 0.000s
I20260709 13:04:31.157375 14119 tablet_bootstrap.cc:492] T a75d71991c56415091037efb7bbdc97b P f790c3d81255482dbeea1000dc32edb7: No bootstrap required, opened a new log
I20260709 13:04:31.157878 14119 ts_tablet_manager.cc:1403] T a75d71991c56415091037efb7bbdc97b P f790c3d81255482dbeea1000dc32edb7: Time spent bootstrapping tablet: real 0.046s	user 0.017s	sys 0.023s
I20260709 13:04:31.159050 14043 leader_election.cc:304] T 0b122ab3a60d4f11862c82cc7b467df5 P f790c3d81255482dbeea1000dc32edb7 [CANDIDATE]: Term 1 election: Election decided. Result: candidate won. Election summary: received 3 responses out of 3 voters: 2 yes votes; 1 no votes. yes voters: 4e5f36e5ac3d4d62a5ad7162d60d7b4f, f790c3d81255482dbeea1000dc32edb7; no voters: a9d69c2101634c6190622c1f3254079a
I20260709 13:04:31.160259 14151 raft_consensus.cc:2804] T 0b122ab3a60d4f11862c82cc7b467df5 P f790c3d81255482dbeea1000dc32edb7 [term 1 FOLLOWER]: Leader election won for term 1
I20260709 13:04:31.160748 14151 raft_consensus.cc:697] T 0b122ab3a60d4f11862c82cc7b467df5 P f790c3d81255482dbeea1000dc32edb7 [term 1 LEADER]: Becoming Leader. State: Replica: f790c3d81255482dbeea1000dc32edb7, State: Running, Role: LEADER
I20260709 13:04:31.161567 14151 consensus_queue.cc:237] T 0b122ab3a60d4f11862c82cc7b467df5 P f790c3d81255482dbeea1000dc32edb7 [LEADER]: Queue going to LEADER mode. State: All replicated index: 0, Majority replicated index: 0, Committed index: 0, Last appended: 0.0, Last appended by leader: 0, Current term: 1, Majority size: 2, State: 0, Mode: LEADER, active raft config: opid_index: -1 OBSOLETE_local: false peers { permanent_uuid: "4e5f36e5ac3d4d62a5ad7162d60d7b4f" member_type: VOTER last_known_addr { host: "127.12.129.129" port: 46437 } } peers { permanent_uuid: "a9d69c2101634c6190622c1f3254079a" member_type: VOTER last_known_addr { host: "127.12.129.130" port: 34413 } } peers { permanent_uuid: "f790c3d81255482dbeea1000dc32edb7" member_type: VOTER last_known_addr { host: "127.12.129.131" port: 38897 } }
I20260709 13:04:31.162459 14121 tablet_bootstrap.cc:492] T ac0e7df549ff42ae835163f60f9100cb P a9d69c2101634c6190622c1f3254079a: No bootstrap required, opened a new log
I20260709 13:04:31.162961 14121 ts_tablet_manager.cc:1403] T ac0e7df549ff42ae835163f60f9100cb P a9d69c2101634c6190622c1f3254079a: Time spent bootstrapping tablet: real 0.058s	user 0.031s	sys 0.020s
I20260709 13:04:31.165707 14121 raft_consensus.cc:359] T ac0e7df549ff42ae835163f60f9100cb P a9d69c2101634c6190622c1f3254079a [term 0 FOLLOWER]: Replica starting. Triggering 0 pending ops. Active config: opid_index: -1 OBSOLETE_local: false peers { permanent_uuid: "4e5f36e5ac3d4d62a5ad7162d60d7b4f" member_type: VOTER last_known_addr { host: "127.12.129.129" port: 46437 } } peers { permanent_uuid: "a9d69c2101634c6190622c1f3254079a" member_type: VOTER last_known_addr { host: "127.12.129.130" port: 34413 } } peers { permanent_uuid: "f790c3d81255482dbeea1000dc32edb7" member_type: VOTER last_known_addr { host: "127.12.129.131" port: 38897 } }
I20260709 13:04:31.166422 14121 raft_consensus.cc:385] T ac0e7df549ff42ae835163f60f9100cb P a9d69c2101634c6190622c1f3254079a [term 0 FOLLOWER]: Consensus starting up: Expiring failure detector timer to make a prompt election more likely
I20260709 13:04:31.166712 14121 raft_consensus.cc:740] T ac0e7df549ff42ae835163f60f9100cb P a9d69c2101634c6190622c1f3254079a [term 0 FOLLOWER]: Becoming Follower/Learner. State: Replica: a9d69c2101634c6190622c1f3254079a, State: Initialized, Role: FOLLOWER
I20260709 13:04:31.167410 14121 consensus_queue.cc:260] T ac0e7df549ff42ae835163f60f9100cb P a9d69c2101634c6190622c1f3254079a [NON_LEADER]: Queue going to NON_LEADER mode. State: All replicated index: 0, Majority replicated index: 0, Committed index: 0, Last appended: 0.0, Last appended by leader: 0, Current term: 0, Majority size: -1, State: 0, Mode: NON_LEADER, active raft config: opid_index: -1 OBSOLETE_local: false peers { permanent_uuid: "4e5f36e5ac3d4d62a5ad7162d60d7b4f" member_type: VOTER last_known_addr { host: "127.12.129.129" port: 46437 } } peers { permanent_uuid: "a9d69c2101634c6190622c1f3254079a" member_type: VOTER last_known_addr { host: "127.12.129.130" port: 34413 } } peers { permanent_uuid: "f790c3d81255482dbeea1000dc32edb7" member_type: VOTER last_known_addr { host: "127.12.129.131" port: 38897 } }
I20260709 13:04:31.168248 14119 raft_consensus.cc:359] T a75d71991c56415091037efb7bbdc97b P f790c3d81255482dbeea1000dc32edb7 [term 0 FOLLOWER]: Replica starting. Triggering 0 pending ops. Active config: opid_index: -1 OBSOLETE_local: false peers { permanent_uuid: "4e5f36e5ac3d4d62a5ad7162d60d7b4f" member_type: VOTER last_known_addr { host: "127.12.129.129" port: 46437 } } peers { permanent_uuid: "a9d69c2101634c6190622c1f3254079a" member_type: VOTER last_known_addr { host: "127.12.129.130" port: 34413 } } peers { permanent_uuid: "f790c3d81255482dbeea1000dc32edb7" member_type: VOTER last_known_addr { host: "127.12.129.131" port: 38897 } }
I20260709 13:04:31.168895 14119 raft_consensus.cc:385] T a75d71991c56415091037efb7bbdc97b P f790c3d81255482dbeea1000dc32edb7 [term 0 FOLLOWER]: Consensus starting up: Expiring failure detector timer to make a prompt election more likely
I20260709 13:04:31.169152 14119 raft_consensus.cc:740] T a75d71991c56415091037efb7bbdc97b P f790c3d81255482dbeea1000dc32edb7 [term 0 FOLLOWER]: Becoming Follower/Learner. State: Replica: f790c3d81255482dbeea1000dc32edb7, State: Initialized, Role: FOLLOWER
I20260709 13:04:31.169492 14121 ts_tablet_manager.cc:1434] T ac0e7df549ff42ae835163f60f9100cb P a9d69c2101634c6190622c1f3254079a: Time spent starting tablet: real 0.006s	user 0.003s	sys 0.001s
I20260709 13:04:31.170554 14121 tablet_bootstrap.cc:492] T 4f2b0d6f483b409c8f6aaa0ff2b92ab8 P a9d69c2101634c6190622c1f3254079a: Bootstrap starting.
I20260709 13:04:31.171653 14119 consensus_queue.cc:260] T a75d71991c56415091037efb7bbdc97b P f790c3d81255482dbeea1000dc32edb7 [NON_LEADER]: Queue going to NON_LEADER mode. State: All replicated index: 0, Majority replicated index: 0, Committed index: 0, Last appended: 0.0, Last appended by leader: 0, Current term: 0, Majority size: -1, State: 0, Mode: NON_LEADER, active raft config: opid_index: -1 OBSOLETE_local: false peers { permanent_uuid: "4e5f36e5ac3d4d62a5ad7162d60d7b4f" member_type: VOTER last_known_addr { host: "127.12.129.129" port: 46437 } } peers { permanent_uuid: "a9d69c2101634c6190622c1f3254079a" member_type: VOTER last_known_addr { host: "127.12.129.130" port: 34413 } } peers { permanent_uuid: "f790c3d81255482dbeea1000dc32edb7" member_type: VOTER last_known_addr { host: "127.12.129.131" port: 38897 } }
I20260709 13:04:31.174283 13930 raft_consensus.cc:2468] T e356590833fe4e73bbcfa9ea64051666 P 4e5f36e5ac3d4d62a5ad7162d60d7b4f [term 1 FOLLOWER]: Leader election vote request: Granting yes vote for candidate f790c3d81255482dbeea1000dc32edb7 in term 1.
I20260709 13:04:31.175019 14119 ts_tablet_manager.cc:1434] T a75d71991c56415091037efb7bbdc97b P f790c3d81255482dbeea1000dc32edb7: Time spent starting tablet: real 0.017s	user 0.008s	sys 0.000s
I20260709 13:04:31.175590 14043 leader_election.cc:304] T e356590833fe4e73bbcfa9ea64051666 P f790c3d81255482dbeea1000dc32edb7 [CANDIDATE]: Term 1 election: Election decided. Result: candidate won. Election summary: received 3 responses out of 3 voters: 2 yes votes; 1 no votes. yes voters: 4e5f36e5ac3d4d62a5ad7162d60d7b4f, f790c3d81255482dbeea1000dc32edb7; no voters: a9d69c2101634c6190622c1f3254079a
I20260709 13:04:31.175940 14119 tablet_bootstrap.cc:492] T ac0e7df549ff42ae835163f60f9100cb P f790c3d81255482dbeea1000dc32edb7: Bootstrap starting.
I20260709 13:04:31.176373 14174 raft_consensus.cc:2804] T e356590833fe4e73bbcfa9ea64051666 P f790c3d81255482dbeea1000dc32edb7 [term 1 FOLLOWER]: Leader election won for term 1
I20260709 13:04:31.176832 14174 raft_consensus.cc:697] T e356590833fe4e73bbcfa9ea64051666 P f790c3d81255482dbeea1000dc32edb7 [term 1 LEADER]: Becoming Leader. State: Replica: f790c3d81255482dbeea1000dc32edb7, State: Running, Role: LEADER
I20260709 13:04:31.177291 14121 tablet_bootstrap.cc:654] T 4f2b0d6f483b409c8f6aaa0ff2b92ab8 P a9d69c2101634c6190622c1f3254079a: Neither blocks nor log segments found. Creating new log.
I20260709 13:04:31.177596 14174 consensus_queue.cc:237] T e356590833fe4e73bbcfa9ea64051666 P f790c3d81255482dbeea1000dc32edb7 [LEADER]: Queue going to LEADER mode. State: All replicated index: 0, Majority replicated index: 0, Committed index: 0, Last appended: 0.0, Last appended by leader: 0, Current term: 1, Majority size: 2, State: 0, Mode: LEADER, active raft config: opid_index: -1 OBSOLETE_local: false peers { permanent_uuid: "4e5f36e5ac3d4d62a5ad7162d60d7b4f" member_type: VOTER last_known_addr { host: "127.12.129.129" port: 46437 } } peers { permanent_uuid: "a9d69c2101634c6190622c1f3254079a" member_type: VOTER last_known_addr { host: "127.12.129.130" port: 34413 } } peers { permanent_uuid: "f790c3d81255482dbeea1000dc32edb7" member_type: VOTER last_known_addr { host: "127.12.129.131" port: 38897 } }
I20260709 13:04:31.169416 13929 raft_consensus.cc:2468] T 2ef053a62b1a4d60911a0347167b300f P 4e5f36e5ac3d4d62a5ad7162d60d7b4f [term 1 FOLLOWER]: Leader election vote request: Granting yes vote for candidate f790c3d81255482dbeea1000dc32edb7 in term 1.
I20260709 13:04:31.184624 14043 leader_election.cc:304] T 2ef053a62b1a4d60911a0347167b300f P f790c3d81255482dbeea1000dc32edb7 [CANDIDATE]: Term 1 election: Election decided. Result: candidate won. Election summary: received 3 responses out of 3 voters: 2 yes votes; 1 no votes. yes voters: 4e5f36e5ac3d4d62a5ad7162d60d7b4f, f790c3d81255482dbeea1000dc32edb7; no voters: a9d69c2101634c6190622c1f3254079a
I20260709 13:04:31.185768 14174 raft_consensus.cc:2804] T 2ef053a62b1a4d60911a0347167b300f P f790c3d81255482dbeea1000dc32edb7 [term 1 FOLLOWER]: Leader election won for term 1
I20260709 13:04:31.186427 14174 raft_consensus.cc:697] T 2ef053a62b1a4d60911a0347167b300f P f790c3d81255482dbeea1000dc32edb7 [term 1 LEADER]: Becoming Leader. State: Replica: f790c3d81255482dbeea1000dc32edb7, State: Running, Role: LEADER
I20260709 13:04:31.187297 14174 consensus_queue.cc:237] T 2ef053a62b1a4d60911a0347167b300f P f790c3d81255482dbeea1000dc32edb7 [LEADER]: Queue going to LEADER mode. State: All replicated index: 0, Majority replicated index: 0, Committed index: 0, Last appended: 0.0, Last appended by leader: 0, Current term: 1, Majority size: 2, State: 0, Mode: LEADER, active raft config: opid_index: -1 OBSOLETE_local: false peers { permanent_uuid: "4e5f36e5ac3d4d62a5ad7162d60d7b4f" member_type: VOTER last_known_addr { host: "127.12.129.129" port: 46437 } } peers { permanent_uuid: "a9d69c2101634c6190622c1f3254079a" member_type: VOTER last_known_addr { host: "127.12.129.130" port: 34413 } } peers { permanent_uuid: "f790c3d81255482dbeea1000dc32edb7" member_type: VOTER last_known_addr { host: "127.12.129.131" port: 38897 } }
I20260709 13:04:31.189229 14121 tablet_bootstrap.cc:492] T 4f2b0d6f483b409c8f6aaa0ff2b92ab8 P a9d69c2101634c6190622c1f3254079a: No bootstrap required, opened a new log
I20260709 13:04:31.189734 14121 ts_tablet_manager.cc:1403] T 4f2b0d6f483b409c8f6aaa0ff2b92ab8 P a9d69c2101634c6190622c1f3254079a: Time spent bootstrapping tablet: real 0.019s	user 0.014s	sys 0.002s
I20260709 13:04:31.188594 14119 tablet_bootstrap.cc:654] T ac0e7df549ff42ae835163f60f9100cb P f790c3d81255482dbeea1000dc32edb7: Neither blocks nor log segments found. Creating new log.
I20260709 13:04:31.192811 14121 raft_consensus.cc:359] T 4f2b0d6f483b409c8f6aaa0ff2b92ab8 P a9d69c2101634c6190622c1f3254079a [term 0 FOLLOWER]: Replica starting. Triggering 0 pending ops. Active config: opid_index: -1 OBSOLETE_local: false peers { permanent_uuid: "4e5f36e5ac3d4d62a5ad7162d60d7b4f" member_type: VOTER last_known_addr { host: "127.12.129.129" port: 46437 } } peers { permanent_uuid: "a9d69c2101634c6190622c1f3254079a" member_type: VOTER last_known_addr { host: "127.12.129.130" port: 34413 } } peers { permanent_uuid: "f790c3d81255482dbeea1000dc32edb7" member_type: VOTER last_known_addr { host: "127.12.129.131" port: 38897 } }
I20260709 13:04:31.193326 14120 ts_tablet_manager.cc:1434] T abed2fd219d84c1295eb776bab112de0 P 4e5f36e5ac3d4d62a5ad7162d60d7b4f: Time spent starting tablet: real 0.082s	user 0.006s	sys 0.000s
I20260709 13:04:31.193552 14121 raft_consensus.cc:385] T 4f2b0d6f483b409c8f6aaa0ff2b92ab8 P a9d69c2101634c6190622c1f3254079a [term 0 FOLLOWER]: Consensus starting up: Expiring failure detector timer to make a prompt election more likely
I20260709 13:04:31.193874 14121 raft_consensus.cc:740] T 4f2b0d6f483b409c8f6aaa0ff2b92ab8 P a9d69c2101634c6190622c1f3254079a [term 0 FOLLOWER]: Becoming Follower/Learner. State: Replica: a9d69c2101634c6190622c1f3254079a, State: Initialized, Role: FOLLOWER
I20260709 13:04:31.194561 14121 consensus_queue.cc:260] T 4f2b0d6f483b409c8f6aaa0ff2b92ab8 P a9d69c2101634c6190622c1f3254079a [NON_LEADER]: Queue going to NON_LEADER mode. State: All replicated index: 0, Majority replicated index: 0, Committed index: 0, Last appended: 0.0, Last appended by leader: 0, Current term: 0, Majority size: -1, State: 0, Mode: NON_LEADER, active raft config: opid_index: -1 OBSOLETE_local: false peers { permanent_uuid: "4e5f36e5ac3d4d62a5ad7162d60d7b4f" member_type: VOTER last_known_addr { host: "127.12.129.129" port: 46437 } } peers { permanent_uuid: "a9d69c2101634c6190622c1f3254079a" member_type: VOTER last_known_addr { host: "127.12.129.130" port: 34413 } } peers { permanent_uuid: "f790c3d81255482dbeea1000dc32edb7" member_type: VOTER last_known_addr { host: "127.12.129.131" port: 38897 } }
I20260709 13:04:31.196945 14121 ts_tablet_manager.cc:1434] T 4f2b0d6f483b409c8f6aaa0ff2b92ab8 P a9d69c2101634c6190622c1f3254079a: Time spent starting tablet: real 0.007s	user 0.008s	sys 0.000s
I20260709 13:04:31.197930 14121 tablet_bootstrap.cc:492] T e356590833fe4e73bbcfa9ea64051666 P a9d69c2101634c6190622c1f3254079a: Bootstrap starting.
I20260709 13:04:31.204007 14121 tablet_bootstrap.cc:654] T e356590833fe4e73bbcfa9ea64051666 P a9d69c2101634c6190622c1f3254079a: Neither blocks nor log segments found. Creating new log.
I20260709 13:04:31.204602 14120 tablet_bootstrap.cc:492] T e78104ee366646b69076b5e1462b8035 P 4e5f36e5ac3d4d62a5ad7162d60d7b4f: Bootstrap starting.
I20260709 13:04:31.209263 14119 tablet_bootstrap.cc:492] T ac0e7df549ff42ae835163f60f9100cb P f790c3d81255482dbeea1000dc32edb7: No bootstrap required, opened a new log
I20260709 13:04:31.209744 14119 ts_tablet_manager.cc:1403] T ac0e7df549ff42ae835163f60f9100cb P f790c3d81255482dbeea1000dc32edb7: Time spent bootstrapping tablet: real 0.034s	user 0.007s	sys 0.005s
I20260709 13:04:31.210425 14121 tablet_bootstrap.cc:492] T e356590833fe4e73bbcfa9ea64051666 P a9d69c2101634c6190622c1f3254079a: No bootstrap required, opened a new log
I20260709 13:04:31.210959 14121 ts_tablet_manager.cc:1403] T e356590833fe4e73bbcfa9ea64051666 P a9d69c2101634c6190622c1f3254079a: Time spent bootstrapping tablet: real 0.013s	user 0.009s	sys 0.002s
I20260709 13:04:31.217391 14121 raft_consensus.cc:359] T e356590833fe4e73bbcfa9ea64051666 P a9d69c2101634c6190622c1f3254079a [term 0 FOLLOWER]: Replica starting. Triggering 0 pending ops. Active config: opid_index: -1 OBSOLETE_local: false peers { permanent_uuid: "4e5f36e5ac3d4d62a5ad7162d60d7b4f" member_type: VOTER last_known_addr { host: "127.12.129.129" port: 46437 } } peers { permanent_uuid: "a9d69c2101634c6190622c1f3254079a" member_type: VOTER last_known_addr { host: "127.12.129.130" port: 34413 } } peers { permanent_uuid: "f790c3d81255482dbeea1000dc32edb7" member_type: VOTER last_known_addr { host: "127.12.129.131" port: 38897 } }
I20260709 13:04:31.218047 14121 raft_consensus.cc:385] T e356590833fe4e73bbcfa9ea64051666 P a9d69c2101634c6190622c1f3254079a [term 0 FOLLOWER]: Consensus starting up: Expiring failure detector timer to make a prompt election more likely
