I20260709 13:04:20.373567 18599 leader_election.cc:290] T 0bce2cd0b1b5492f860ef64ae773b541 P 776c47d422d04c4890b9930d52f016f4 [CANDIDATE]: Term 2 election: Requested vote from peers b04e7736d0b04939a279fe05188f2c68 (127.17.122.195:39121), 0046c2fa47d24283a3547fc6af0879a1 (127.17.122.193:39197)
I20260709 13:04:20.374596 18672 tablet_service.cc:1917] Received RequestConsensusVote() RPC: tablet_id: "0bce2cd0b1b5492f860ef64ae773b541" candidate_uuid: "776c47d422d04c4890b9930d52f016f4" candidate_term: 2 candidate_status { last_received { term: 1 index: 1 } } ignore_live_leader: true dest_uuid: "b04e7736d0b04939a279fe05188f2c68"
I20260709 13:04:20.374665 18524 tablet_service.cc:1917] Received RequestConsensusVote() RPC: tablet_id: "0bce2cd0b1b5492f860ef64ae773b541" candidate_uuid: "776c47d422d04c4890b9930d52f016f4" candidate_term: 2 candidate_status { last_received { term: 1 index: 1 } } ignore_live_leader: true dest_uuid: "0046c2fa47d24283a3547fc6af0879a1"
I20260709 13:04:20.375346 18672 raft_consensus.cc:3060] T 0bce2cd0b1b5492f860ef64ae773b541 P b04e7736d0b04939a279fe05188f2c68 [term 1 FOLLOWER]: Advancing to term 2
I20260709 13:04:20.375397 18524 raft_consensus.cc:3055] T 0bce2cd0b1b5492f860ef64ae773b541 P 0046c2fa47d24283a3547fc6af0879a1 [term 1 LEADER]: Stepping down as leader of term 1
I20260709 13:04:20.375738 18524 raft_consensus.cc:740] T 0bce2cd0b1b5492f860ef64ae773b541 P 0046c2fa47d24283a3547fc6af0879a1 [term 1 LEADER]: Becoming Follower/Learner. State: Replica: 0046c2fa47d24283a3547fc6af0879a1, State: Running, Role: LEADER
I20260709 13:04:20.376497 18524 consensus_queue.cc:260] T 0bce2cd0b1b5492f860ef64ae773b541 P 0046c2fa47d24283a3547fc6af0879a1 [NON_LEADER]: Queue going to NON_LEADER mode. State: All replicated index: 0, Majority replicated index: 1, Committed index: 1, Last appended: 1.1, Last appended by leader: 1, Current term: 1, Majority size: -1, State: 0, Mode: NON_LEADER, active raft config: opid_index: -1 OBSOLETE_local: false peers { permanent_uuid: "776c47d422d04c4890b9930d52f016f4" member_type: VOTER last_known_addr { host: "127.17.122.194" port: 43843 } } peers { permanent_uuid: "b04e7736d0b04939a279fe05188f2c68" member_type: VOTER last_known_addr { host: "127.17.122.195" port: 39121 } } peers { permanent_uuid: "0046c2fa47d24283a3547fc6af0879a1" member_type: VOTER last_known_addr { host: "127.17.122.193" port: 39197 } }
I20260709 13:04:20.377449 18524 raft_consensus.cc:3060] T 0bce2cd0b1b5492f860ef64ae773b541 P 0046c2fa47d24283a3547fc6af0879a1 [term 1 FOLLOWER]: Advancing to term 2
I20260709 13:04:20.380131 18672 raft_consensus.cc:2468] T 0bce2cd0b1b5492f860ef64ae773b541 P b04e7736d0b04939a279fe05188f2c68 [term 2 FOLLOWER]: Leader election vote request: Granting yes vote for candidate 776c47d422d04c4890b9930d52f016f4 in term 2.
I20260709 13:04:20.381228 18565 leader_election.cc:304] T 0bce2cd0b1b5492f860ef64ae773b541 P 776c47d422d04c4890b9930d52f016f4 [CANDIDATE]: Term 2 election: Election decided. Result: candidate won. Election summary: received 2 responses out of 3 voters: 2 yes votes; 0 no votes. yes voters: 776c47d422d04c4890b9930d52f016f4, b04e7736d0b04939a279fe05188f2c68; no voters: 
I20260709 13:04:20.382056 18748 raft_consensus.cc:2804] T 0bce2cd0b1b5492f860ef64ae773b541 P 776c47d422d04c4890b9930d52f016f4 [term 2 FOLLOWER]: Leader election won for term 2
I20260709 13:04:20.382345 18524 raft_consensus.cc:2468] T 0bce2cd0b1b5492f860ef64ae773b541 P 0046c2fa47d24283a3547fc6af0879a1 [term 2 FOLLOWER]: Leader election vote request: Granting yes vote for candidate 776c47d422d04c4890b9930d52f016f4 in term 2.
I20260709 13:04:20.383082 18748 raft_consensus.cc:697] T 0bce2cd0b1b5492f860ef64ae773b541 P 776c47d422d04c4890b9930d52f016f4 [term 2 LEADER]: Becoming Leader. State: Replica: 776c47d422d04c4890b9930d52f016f4, State: Running, Role: LEADER
I20260709 13:04:20.383980 18748 consensus_queue.cc:237] T 0bce2cd0b1b5492f860ef64ae773b541 P 776c47d422d04c4890b9930d52f016f4 [LEADER]: Queue going to LEADER mode. State: All replicated index: 0, Majority replicated index: 1, Committed index: 1, Last appended: 1.1, Last appended by leader: 1, Current term: 2, Majority size: 2, State: 0, Mode: LEADER, active raft config: opid_index: -1 OBSOLETE_local: false peers { permanent_uuid: "776c47d422d04c4890b9930d52f016f4" member_type: VOTER last_known_addr { host: "127.17.122.194" port: 43843 } } peers { permanent_uuid: "b04e7736d0b04939a279fe05188f2c68" member_type: VOTER last_known_addr { host: "127.17.122.195" port: 39121 } } peers { permanent_uuid: "0046c2fa47d24283a3547fc6af0879a1" member_type: VOTER last_known_addr { host: "127.17.122.193" port: 39197 } }
I20260709 13:04:20.391156 18420 catalog_manager.cc:5697] T 0bce2cd0b1b5492f860ef64ae773b541 P 776c47d422d04c4890b9930d52f016f4 reported cstate change: term changed from 1 to 2, leader changed from 0046c2fa47d24283a3547fc6af0879a1 (127.17.122.193) to 776c47d422d04c4890b9930d52f016f4 (127.17.122.194). New cstate: current_term: 2 leader_uuid: "776c47d422d04c4890b9930d52f016f4" committed_config { opid_index: -1 OBSOLETE_local: false peers { permanent_uuid: "776c47d422d04c4890b9930d52f016f4" member_type: VOTER last_known_addr { host: "127.17.122.194" port: 43843 } health_report { overall_health: HEALTHY } } peers { permanent_uuid: "b04e7736d0b04939a279fe05188f2c68" member_type: VOTER last_known_addr { host: "127.17.122.195" port: 39121 } health_report { overall_health: UNKNOWN } } peers { permanent_uuid: "0046c2fa47d24283a3547fc6af0879a1" member_type: VOTER last_known_addr { host: "127.17.122.193" port: 39197 } health_report { overall_health: UNKNOWN } } }
I20260709 13:04:20.423235 18849 raft_consensus.cc:993] T 317f61625d034507999aeaec47381ccc P 0046c2fa47d24283a3547fc6af0879a1: : Instructing follower b04e7736d0b04939a279fe05188f2c68 to start an election
I20260709 13:04:20.423686 18849 raft_consensus.cc:1081] T 317f61625d034507999aeaec47381ccc P 0046c2fa47d24283a3547fc6af0879a1 [term 3 LEADER]: Signalling peer b04e7736d0b04939a279fe05188f2c68 to start an election
I20260709 13:04:20.425097 18672 tablet_service.cc:2044] Received Run Leader Election RPC: tablet_id: "317f61625d034507999aeaec47381ccc"
dest_uuid: "b04e7736d0b04939a279fe05188f2c68"
 from {username='slave'} at 127.0.0.1:45414
I20260709 13:04:20.425550 18672 raft_consensus.cc:493] T 317f61625d034507999aeaec47381ccc P b04e7736d0b04939a279fe05188f2c68 [term 3 FOLLOWER]: Starting forced leader election (received explicit request)
I20260709 13:04:20.425824 18672 raft_consensus.cc:3060] T 317f61625d034507999aeaec47381ccc P b04e7736d0b04939a279fe05188f2c68 [term 3 FOLLOWER]: Advancing to term 4
I20260709 13:04:20.430171 18672 raft_consensus.cc:515] T 317f61625d034507999aeaec47381ccc P b04e7736d0b04939a279fe05188f2c68 [term 4 FOLLOWER]: Starting forced leader election with config: opid_index: -1 OBSOLETE_local: false peers { permanent_uuid: "0046c2fa47d24283a3547fc6af0879a1" member_type: VOTER last_known_addr { host: "127.17.122.193" port: 39197 } } peers { permanent_uuid: "776c47d422d04c4890b9930d52f016f4" member_type: VOTER last_known_addr { host: "127.17.122.194" port: 43843 } } peers { permanent_uuid: "b04e7736d0b04939a279fe05188f2c68" member_type: VOTER last_known_addr { host: "127.17.122.195" port: 39121 } }
I20260709 13:04:20.431551 18672 leader_election.cc:290] T 317f61625d034507999aeaec47381ccc P b04e7736d0b04939a279fe05188f2c68 [CANDIDATE]: Term 4 election: Requested vote from peers 0046c2fa47d24283a3547fc6af0879a1 (127.17.122.193:39197), 776c47d422d04c4890b9930d52f016f4 (127.17.122.194:43843)
I20260709 13:04:20.432353 18524 tablet_service.cc:1917] Received RequestConsensusVote() RPC: tablet_id: "317f61625d034507999aeaec47381ccc" candidate_uuid: "b04e7736d0b04939a279fe05188f2c68" candidate_term: 4 candidate_status { last_received { term: 3 index: 3 } } ignore_live_leader: true dest_uuid: "0046c2fa47d24283a3547fc6af0879a1"
I20260709 13:04:20.432690 18599 tablet_service.cc:1917] Received RequestConsensusVote() RPC: tablet_id: "317f61625d034507999aeaec47381ccc" candidate_uuid: "b04e7736d0b04939a279fe05188f2c68" candidate_term: 4 candidate_status { last_received { term: 3 index: 3 } } ignore_live_leader: true dest_uuid: "776c47d422d04c4890b9930d52f016f4"
I20260709 13:04:20.432934 18524 raft_consensus.cc:3055] T 317f61625d034507999aeaec47381ccc P 0046c2fa47d24283a3547fc6af0879a1 [term 3 LEADER]: Stepping down as leader of term 3
I20260709 13:04:20.433177 18599 raft_consensus.cc:3060] T 317f61625d034507999aeaec47381ccc P 776c47d422d04c4890b9930d52f016f4 [term 3 FOLLOWER]: Advancing to term 4
I20260709 13:04:20.433276 18524 raft_consensus.cc:740] T 317f61625d034507999aeaec47381ccc P 0046c2fa47d24283a3547fc6af0879a1 [term 3 LEADER]: Becoming Follower/Learner. State: Replica: 0046c2fa47d24283a3547fc6af0879a1, State: Running, Role: LEADER
I20260709 13:04:20.434170 18524 consensus_queue.cc:260] T 317f61625d034507999aeaec47381ccc P 0046c2fa47d24283a3547fc6af0879a1 [NON_LEADER]: Queue going to NON_LEADER mode. State: All replicated index: 0, Majority replicated index: 3, Committed index: 3, Last appended: 3.3, Last appended by leader: 3, Current term: 3, Majority size: -1, State: 0, Mode: NON_LEADER, active raft config: opid_index: -1 OBSOLETE_local: false peers { permanent_uuid: "0046c2fa47d24283a3547fc6af0879a1" member_type: VOTER last_known_addr { host: "127.17.122.193" port: 39197 } } peers { permanent_uuid: "776c47d422d04c4890b9930d52f016f4" member_type: VOTER last_known_addr { host: "127.17.122.194" port: 43843 } } peers { permanent_uuid: "b04e7736d0b04939a279fe05188f2c68" member_type: VOTER last_known_addr { host: "127.17.122.195" port: 39121 } }
I20260709 13:04:20.435003 18524 raft_consensus.cc:3060] T 317f61625d034507999aeaec47381ccc P 0046c2fa47d24283a3547fc6af0879a1 [term 3 FOLLOWER]: Advancing to term 4
I20260709 13:04:20.437526 18599 raft_consensus.cc:2468] T 317f61625d034507999aeaec47381ccc P 776c47d422d04c4890b9930d52f016f4 [term 4 FOLLOWER]: Leader election vote request: Granting yes vote for candidate b04e7736d0b04939a279fe05188f2c68 in term 4.
I20260709 13:04:20.438864 18636 leader_election.cc:304] T 317f61625d034507999aeaec47381ccc P b04e7736d0b04939a279fe05188f2c68 [CANDIDATE]: Term 4 election: Election decided. Result: candidate won. Election summary: received 2 responses out of 3 voters: 2 yes votes; 0 no votes. yes voters: 776c47d422d04c4890b9930d52f016f4, b04e7736d0b04939a279fe05188f2c68; no voters: 
I20260709 13:04:20.439814 18825 raft_consensus.cc:2804] T 317f61625d034507999aeaec47381ccc P b04e7736d0b04939a279fe05188f2c68 [term 4 FOLLOWER]: Leader election won for term 4
I20260709 13:04:20.440825 18524 raft_consensus.cc:2468] T 317f61625d034507999aeaec47381ccc P 0046c2fa47d24283a3547fc6af0879a1 [term 4 FOLLOWER]: Leader election vote request: Granting yes vote for candidate b04e7736d0b04939a279fe05188f2c68 in term 4.
I20260709 13:04:20.440919 18825 raft_consensus.cc:697] T 317f61625d034507999aeaec47381ccc P b04e7736d0b04939a279fe05188f2c68 [term 4 LEADER]: Becoming Leader. State: Replica: b04e7736d0b04939a279fe05188f2c68, State: Running, Role: LEADER
I20260709 13:04:20.441936 18825 consensus_queue.cc:237] T 317f61625d034507999aeaec47381ccc P b04e7736d0b04939a279fe05188f2c68 [LEADER]: Queue going to LEADER mode. State: All replicated index: 0, Majority replicated index: 3, Committed index: 3, Last appended: 3.3, Last appended by leader: 3, Current term: 4, Majority size: 2, State: 0, Mode: LEADER, active raft config: opid_index: -1 OBSOLETE_local: false peers { permanent_uuid: "0046c2fa47d24283a3547fc6af0879a1" member_type: VOTER last_known_addr { host: "127.17.122.193" port: 39197 } } peers { permanent_uuid: "776c47d422d04c4890b9930d52f016f4" member_type: VOTER last_known_addr { host: "127.17.122.194" port: 43843 } } peers { permanent_uuid: "b04e7736d0b04939a279fe05188f2c68" member_type: VOTER last_known_addr { host: "127.17.122.195" port: 39121 } }
I20260709 13:04:20.449281 18420 catalog_manager.cc:5697] T 317f61625d034507999aeaec47381ccc P b04e7736d0b04939a279fe05188f2c68 reported cstate change: term changed from 3 to 4, leader changed from 0046c2fa47d24283a3547fc6af0879a1 (127.17.122.193) to b04e7736d0b04939a279fe05188f2c68 (127.17.122.195). New cstate: current_term: 4 leader_uuid: "b04e7736d0b04939a279fe05188f2c68" committed_config { opid_index: -1 OBSOLETE_local: false peers { permanent_uuid: "0046c2fa47d24283a3547fc6af0879a1" member_type: VOTER last_known_addr { host: "127.17.122.193" port: 39197 } health_report { overall_health: UNKNOWN } } peers { permanent_uuid: "776c47d422d04c4890b9930d52f016f4" member_type: VOTER last_known_addr { host: "127.17.122.194" port: 43843 } health_report { overall_health: UNKNOWN } } peers { permanent_uuid: "b04e7736d0b04939a279fe05188f2c68" member_type: VOTER last_known_addr { host: "127.17.122.195" port: 39121 } health_report { overall_health: HEALTHY } } }
I20260709 13:04:20.617458 18848 raft_consensus.cc:993] T 8e8248758f3d425c8b6464a3660b69e6 P 0046c2fa47d24283a3547fc6af0879a1: : Instructing follower b04e7736d0b04939a279fe05188f2c68 to start an election
I20260709 13:04:20.617901 18849 raft_consensus.cc:1081] T 8e8248758f3d425c8b6464a3660b69e6 P 0046c2fa47d24283a3547fc6af0879a1 [term 4 LEADER]: Signalling peer b04e7736d0b04939a279fe05188f2c68 to start an election
I20260709 13:04:20.619346 18672 tablet_service.cc:2044] Received Run Leader Election RPC: tablet_id: "8e8248758f3d425c8b6464a3660b69e6"
dest_uuid: "b04e7736d0b04939a279fe05188f2c68"
 from {username='slave'} at 127.0.0.1:45414
I20260709 13:04:20.619788 18672 raft_consensus.cc:493] T 8e8248758f3d425c8b6464a3660b69e6 P b04e7736d0b04939a279fe05188f2c68 [term 4 FOLLOWER]: Starting forced leader election (received explicit request)
I20260709 13:04:20.620114 18672 raft_consensus.cc:3060] T 8e8248758f3d425c8b6464a3660b69e6 P b04e7736d0b04939a279fe05188f2c68 [term 4 FOLLOWER]: Advancing to term 5
I20260709 13:04:20.624558 18672 raft_consensus.cc:515] T 8e8248758f3d425c8b6464a3660b69e6 P b04e7736d0b04939a279fe05188f2c68 [term 5 FOLLOWER]: Starting forced leader election with config: opid_index: -1 OBSOLETE_local: false peers { permanent_uuid: "0046c2fa47d24283a3547fc6af0879a1" member_type: VOTER last_known_addr { host: "127.17.122.193" port: 39197 } } peers { permanent_uuid: "776c47d422d04c4890b9930d52f016f4" member_type: VOTER last_known_addr { host: "127.17.122.194" port: 43843 } } peers { permanent_uuid: "b04e7736d0b04939a279fe05188f2c68" member_type: VOTER last_known_addr { host: "127.17.122.195" port: 39121 } }
I20260709 13:04:20.626075 18672 leader_election.cc:290] T 8e8248758f3d425c8b6464a3660b69e6 P b04e7736d0b04939a279fe05188f2c68 [CANDIDATE]: Term 5 election: Requested vote from peers 0046c2fa47d24283a3547fc6af0879a1 (127.17.122.193:39197), 776c47d422d04c4890b9930d52f016f4 (127.17.122.194:43843)
I20260709 13:04:20.626909 18524 tablet_service.cc:1917] Received RequestConsensusVote() RPC: tablet_id: "8e8248758f3d425c8b6464a3660b69e6" candidate_uuid: "b04e7736d0b04939a279fe05188f2c68" candidate_term: 5 candidate_status { last_received { term: 4 index: 4 } } ignore_live_leader: true dest_uuid: "0046c2fa47d24283a3547fc6af0879a1"
I20260709 13:04:20.627071 18599 tablet_service.cc:1917] Received RequestConsensusVote() RPC: tablet_id: "8e8248758f3d425c8b6464a3660b69e6" candidate_uuid: "b04e7736d0b04939a279fe05188f2c68" candidate_term: 5 candidate_status { last_received { term: 4 index: 4 } } ignore_live_leader: true dest_uuid: "776c47d422d04c4890b9930d52f016f4"
I20260709 13:04:20.627426 18524 raft_consensus.cc:3055] T 8e8248758f3d425c8b6464a3660b69e6 P 0046c2fa47d24283a3547fc6af0879a1 [term 4 LEADER]: Stepping down as leader of term 4
I20260709 13:04:20.627652 18599 raft_consensus.cc:3060] T 8e8248758f3d425c8b6464a3660b69e6 P 776c47d422d04c4890b9930d52f016f4 [term 4 FOLLOWER]: Advancing to term 5
I20260709 13:04:20.627759 18524 raft_consensus.cc:740] T 8e8248758f3d425c8b6464a3660b69e6 P 0046c2fa47d24283a3547fc6af0879a1 [term 4 LEADER]: Becoming Follower/Learner. State: Replica: 0046c2fa47d24283a3547fc6af0879a1, State: Running, Role: LEADER
I20260709 13:04:20.628561 18524 consensus_queue.cc:260] T 8e8248758f3d425c8b6464a3660b69e6 P 0046c2fa47d24283a3547fc6af0879a1 [NON_LEADER]: Queue going to NON_LEADER mode. State: All replicated index: 0, Majority replicated index: 4, Committed index: 4, Last appended: 4.4, Last appended by leader: 4, Current term: 4, Majority size: -1, State: 0, Mode: NON_LEADER, active raft config: opid_index: -1 OBSOLETE_local: false peers { permanent_uuid: "0046c2fa47d24283a3547fc6af0879a1" member_type: VOTER last_known_addr { host: "127.17.122.193" port: 39197 } } peers { permanent_uuid: "776c47d422d04c4890b9930d52f016f4" member_type: VOTER last_known_addr { host: "127.17.122.194" port: 43843 } } peers { permanent_uuid: "b04e7736d0b04939a279fe05188f2c68" member_type: VOTER last_known_addr { host: "127.17.122.195" port: 39121 } }
I20260709 13:04:20.629388 18524 raft_consensus.cc:3060] T 8e8248758f3d425c8b6464a3660b69e6 P 0046c2fa47d24283a3547fc6af0879a1 [term 4 FOLLOWER]: Advancing to term 5
I20260709 13:04:20.632404 18599 raft_consensus.cc:2468] T 8e8248758f3d425c8b6464a3660b69e6 P 776c47d422d04c4890b9930d52f016f4 [term 5 FOLLOWER]: Leader election vote request: Granting yes vote for candidate b04e7736d0b04939a279fe05188f2c68 in term 5.
I20260709 13:04:20.633332 18636 leader_election.cc:304] T 8e8248758f3d425c8b6464a3660b69e6 P b04e7736d0b04939a279fe05188f2c68 [CANDIDATE]: Term 5 election: Election decided. Result: candidate won. Election summary: received 2 responses out of 3 voters: 2 yes votes; 0 no votes. yes voters: 776c47d422d04c4890b9930d52f016f4, b04e7736d0b04939a279fe05188f2c68; no voters: 
I20260709 13:04:20.633613 18524 raft_consensus.cc:2468] T 8e8248758f3d425c8b6464a3660b69e6 P 0046c2fa47d24283a3547fc6af0879a1 [term 5 FOLLOWER]: Leader election vote request: Granting yes vote for candidate b04e7736d0b04939a279fe05188f2c68 in term 5.
I20260709 13:04:20.634164 18825 raft_consensus.cc:2804] T 8e8248758f3d425c8b6464a3660b69e6 P b04e7736d0b04939a279fe05188f2c68 [term 5 FOLLOWER]: Leader election won for term 5
I20260709 13:04:20.634604 18825 raft_consensus.cc:697] T 8e8248758f3d425c8b6464a3660b69e6 P b04e7736d0b04939a279fe05188f2c68 [term 5 LEADER]: Becoming Leader. State: Replica: b04e7736d0b04939a279fe05188f2c68, State: Running, Role: LEADER
I20260709 13:04:20.635396 18825 consensus_queue.cc:237] T 8e8248758f3d425c8b6464a3660b69e6 P b04e7736d0b04939a279fe05188f2c68 [LEADER]: Queue going to LEADER mode. State: All replicated index: 0, Majority replicated index: 4, Committed index: 4, Last appended: 4.4, Last appended by leader: 4, Current term: 5, Majority size: 2, State: 0, Mode: LEADER, active raft config: opid_index: -1 OBSOLETE_local: false peers { permanent_uuid: "0046c2fa47d24283a3547fc6af0879a1" member_type: VOTER last_known_addr { host: "127.17.122.193" port: 39197 } } peers { permanent_uuid: "776c47d422d04c4890b9930d52f016f4" member_type: VOTER last_known_addr { host: "127.17.122.194" port: 43843 } } peers { permanent_uuid: "b04e7736d0b04939a279fe05188f2c68" member_type: VOTER last_known_addr { host: "127.17.122.195" port: 39121 } }
I20260709 13:04:20.642113 18420 catalog_manager.cc:5697] T 8e8248758f3d425c8b6464a3660b69e6 P b04e7736d0b04939a279fe05188f2c68 reported cstate change: term changed from 4 to 5, leader changed from 0046c2fa47d24283a3547fc6af0879a1 (127.17.122.193) to b04e7736d0b04939a279fe05188f2c68 (127.17.122.195). New cstate: current_term: 5 leader_uuid: "b04e7736d0b04939a279fe05188f2c68" committed_config { opid_index: -1 OBSOLETE_local: false peers { permanent_uuid: "0046c2fa47d24283a3547fc6af0879a1" member_type: VOTER last_known_addr { host: "127.17.122.193" port: 39197 } health_report { overall_health: UNKNOWN } } peers { permanent_uuid: "776c47d422d04c4890b9930d52f016f4" member_type: VOTER last_known_addr { host: "127.17.122.194" port: 43843 } health_report { overall_health: UNKNOWN } } peers { permanent_uuid: "b04e7736d0b04939a279fe05188f2c68" member_type: VOTER last_known_addr { host: "127.17.122.195" port: 39121 } health_report { overall_health: HEALTHY } } }
I20260709 13:04:20.684132 18848 raft_consensus.cc:993] T 7eeeb4b176364b1fac19129dbaedde90 P 0046c2fa47d24283a3547fc6af0879a1: : Instructing follower 776c47d422d04c4890b9930d52f016f4 to start an election
I20260709 13:04:20.684597 18849 raft_consensus.cc:1081] T 7eeeb4b176364b1fac19129dbaedde90 P 0046c2fa47d24283a3547fc6af0879a1 [term 4 LEADER]: Signalling peer 776c47d422d04c4890b9930d52f016f4 to start an election
I20260709 13:04:20.686017 18599 tablet_service.cc:2044] Received Run Leader Election RPC: tablet_id: "7eeeb4b176364b1fac19129dbaedde90"
dest_uuid: "776c47d422d04c4890b9930d52f016f4"
 from {username='slave'} at 127.0.0.1:41658
I20260709 13:04:20.686440 18599 raft_consensus.cc:493] T 7eeeb4b176364b1fac19129dbaedde90 P 776c47d422d04c4890b9930d52f016f4 [term 4 FOLLOWER]: Starting forced leader election (received explicit request)
I20260709 13:04:20.686677 18599 raft_consensus.cc:3060] T 7eeeb4b176364b1fac19129dbaedde90 P 776c47d422d04c4890b9930d52f016f4 [term 4 FOLLOWER]: Advancing to term 5
I20260709 13:04:20.690619 18599 raft_consensus.cc:515] T 7eeeb4b176364b1fac19129dbaedde90 P 776c47d422d04c4890b9930d52f016f4 [term 5 FOLLOWER]: Starting forced leader election with config: opid_index: -1 OBSOLETE_local: false peers { permanent_uuid: "0046c2fa47d24283a3547fc6af0879a1" member_type: VOTER last_known_addr { host: "127.17.122.193" port: 39197 } } peers { permanent_uuid: "776c47d422d04c4890b9930d52f016f4" member_type: VOTER last_known_addr { host: "127.17.122.194" port: 43843 } } peers { permanent_uuid: "b04e7736d0b04939a279fe05188f2c68" member_type: VOTER last_known_addr { host: "127.17.122.195" port: 39121 } }
I20260709 13:04:20.692111 18599 leader_election.cc:290] T 7eeeb4b176364b1fac19129dbaedde90 P 776c47d422d04c4890b9930d52f016f4 [CANDIDATE]: Term 5 election: Requested vote from peers 0046c2fa47d24283a3547fc6af0879a1 (127.17.122.193:39197), b04e7736d0b04939a279fe05188f2c68 (127.17.122.195:39121)
I20260709 13:04:20.692874 18524 tablet_service.cc:1917] Received RequestConsensusVote() RPC: tablet_id: "7eeeb4b176364b1fac19129dbaedde90" candidate_uuid: "776c47d422d04c4890b9930d52f016f4" candidate_term: 5 candidate_status { last_received { term: 4 index: 4 } } ignore_live_leader: true dest_uuid: "0046c2fa47d24283a3547fc6af0879a1"
I20260709 13:04:20.693145 18672 tablet_service.cc:1917] Received RequestConsensusVote() RPC: tablet_id: "7eeeb4b176364b1fac19129dbaedde90" candidate_uuid: "776c47d422d04c4890b9930d52f016f4" candidate_term: 5 candidate_status { last_received { term: 4 index: 4 } } ignore_live_leader: true dest_uuid: "b04e7736d0b04939a279fe05188f2c68"
I20260709 13:04:20.693359 18524 raft_consensus.cc:3055] T 7eeeb4b176364b1fac19129dbaedde90 P 0046c2fa47d24283a3547fc6af0879a1 [term 4 LEADER]: Stepping down as leader of term 4
I20260709 13:04:20.693662 18672 raft_consensus.cc:3060] T 7eeeb4b176364b1fac19129dbaedde90 P b04e7736d0b04939a279fe05188f2c68 [term 4 FOLLOWER]: Advancing to term 5
I20260709 13:04:20.693686 18524 raft_consensus.cc:740] T 7eeeb4b176364b1fac19129dbaedde90 P 0046c2fa47d24283a3547fc6af0879a1 [term 4 LEADER]: Becoming Follower/Learner. State: Replica: 0046c2fa47d24283a3547fc6af0879a1, State: Running, Role: LEADER
I20260709 13:04:20.694675 18524 consensus_queue.cc:260] T 7eeeb4b176364b1fac19129dbaedde90 P 0046c2fa47d24283a3547fc6af0879a1 [NON_LEADER]: Queue going to NON_LEADER mode. State: All replicated index: 0, Majority replicated index: 4, Committed index: 4, Last appended: 4.4, Last appended by leader: 4, Current term: 4, Majority size: -1, State: 0, Mode: NON_LEADER, active raft config: opid_index: -1 OBSOLETE_local: false peers { permanent_uuid: "0046c2fa47d24283a3547fc6af0879a1" member_type: VOTER last_known_addr { host: "127.17.122.193" port: 39197 } } peers { permanent_uuid: "776c47d422d04c4890b9930d52f016f4" member_type: VOTER last_known_addr { host: "127.17.122.194" port: 43843 } } peers { permanent_uuid: "b04e7736d0b04939a279fe05188f2c68" member_type: VOTER last_known_addr { host: "127.17.122.195" port: 39121 } }
I20260709 13:04:20.695832 18524 raft_consensus.cc:3060] T 7eeeb4b176364b1fac19129dbaedde90 P 0046c2fa47d24283a3547fc6af0879a1 [term 4 FOLLOWER]: Advancing to term 5
I20260709 13:04:20.699160 18672 raft_consensus.cc:2468] T 7eeeb4b176364b1fac19129dbaedde90 P b04e7736d0b04939a279fe05188f2c68 [term 5 FOLLOWER]: Leader election vote request: Granting yes vote for candidate 776c47d422d04c4890b9930d52f016f4 in term 5.
I20260709 13:04:20.700114 18565 leader_election.cc:304] T 7eeeb4b176364b1fac19129dbaedde90 P 776c47d422d04c4890b9930d52f016f4 [CANDIDATE]: Term 5 election: Election decided. Result: candidate won. Election summary: received 2 responses out of 3 voters: 2 yes votes; 0 no votes. yes voters: 776c47d422d04c4890b9930d52f016f4, b04e7736d0b04939a279fe05188f2c68; no voters: 
I20260709 13:04:20.700847 18748 raft_consensus.cc:2804] T 7eeeb4b176364b1fac19129dbaedde90 P 776c47d422d04c4890b9930d52f016f4 [term 5 FOLLOWER]: Leader election won for term 5
I20260709 13:04:20.702093 18748 raft_consensus.cc:697] T 7eeeb4b176364b1fac19129dbaedde90 P 776c47d422d04c4890b9930d52f016f4 [term 5 LEADER]: Becoming Leader. State: Replica: 776c47d422d04c4890b9930d52f016f4, State: Running, Role: LEADER
I20260709 13:04:20.702875 18748 consensus_queue.cc:237] T 7eeeb4b176364b1fac19129dbaedde90 P 776c47d422d04c4890b9930d52f016f4 [LEADER]: Queue going to LEADER mode. State: All replicated index: 0, Majority replicated index: 4, Committed index: 4, Last appended: 4.4, Last appended by leader: 4, Current term: 5, Majority size: 2, State: 0, Mode: LEADER, active raft config: opid_index: -1 OBSOLETE_local: false peers { permanent_uuid: "0046c2fa47d24283a3547fc6af0879a1" member_type: VOTER last_known_addr { host: "127.17.122.193" port: 39197 } } peers { permanent_uuid: "776c47d422d04c4890b9930d52f016f4" member_type: VOTER last_known_addr { host: "127.17.122.194" port: 43843 } } peers { permanent_uuid: "b04e7736d0b04939a279fe05188f2c68" member_type: VOTER last_known_addr { host: "127.17.122.195" port: 39121 } }
I20260709 13:04:20.704321 18524 raft_consensus.cc:2468] T 7eeeb4b176364b1fac19129dbaedde90 P 0046c2fa47d24283a3547fc6af0879a1 [term 5 FOLLOWER]: Leader election vote request: Granting yes vote for candidate 776c47d422d04c4890b9930d52f016f4 in term 5.
I20260709 13:04:20.709559 18420 catalog_manager.cc:5697] T 7eeeb4b176364b1fac19129dbaedde90 P 776c47d422d04c4890b9930d52f016f4 reported cstate change: term changed from 4 to 5, leader changed from 0046c2fa47d24283a3547fc6af0879a1 (127.17.122.193) to 776c47d422d04c4890b9930d52f016f4 (127.17.122.194). New cstate: current_term: 5 leader_uuid: "776c47d422d04c4890b9930d52f016f4" committed_config { opid_index: -1 OBSOLETE_local: false peers { permanent_uuid: "0046c2fa47d24283a3547fc6af0879a1" member_type: VOTER last_known_addr { host: "127.17.122.193" port: 39197 } health_report { overall_health: UNKNOWN } } peers { permanent_uuid: "776c47d422d04c4890b9930d52f016f4" member_type: VOTER last_known_addr { host: "127.17.122.194" port: 43843 } health_report { overall_health: HEALTHY } } peers { permanent_uuid: "b04e7736d0b04939a279fe05188f2c68" member_type: VOTER last_known_addr { host: "127.17.122.195" port: 39121 } health_report { overall_health: UNKNOWN } } }
I20260709 13:04:20.853212 18672 raft_consensus.cc:1275] T 0bce2cd0b1b5492f860ef64ae773b541 P b04e7736d0b04939a279fe05188f2c68 [term 2 FOLLOWER]: Refusing update from remote peer 776c47d422d04c4890b9930d52f016f4: Log matching property violated. Preceding OpId in replica: term: 1 index: 1. Preceding OpId from leader: term: 2 index: 2. (index mismatch)
I20260709 13:04:20.854485 18748 consensus_queue.cc:1048] T 0bce2cd0b1b5492f860ef64ae773b541 P 776c47d422d04c4890b9930d52f016f4 [LEADER]: Connected to new peer: Peer: permanent_uuid: "b04e7736d0b04939a279fe05188f2c68" member_type: VOTER last_known_addr { host: "127.17.122.195" port: 39121 }, Status: LMP_MISMATCH, Last received: 0.0, Next index: 2, Last known committed idx: 1, Time since last communication: 0.000s
I20260709 13:04:20.863811 18524 raft_consensus.cc:1275] T 0bce2cd0b1b5492f860ef64ae773b541 P 0046c2fa47d24283a3547fc6af0879a1 [term 2 FOLLOWER]: Refusing update from remote peer 776c47d422d04c4890b9930d52f016f4: Log matching property violated. Preceding OpId in replica: term: 1 index: 1. Preceding OpId from leader: term: 2 index: 2. (index mismatch)
I20260709 13:04:20.865896 18748 consensus_queue.cc:1048] T 0bce2cd0b1b5492f860ef64ae773b541 P 776c47d422d04c4890b9930d52f016f4 [LEADER]: Connected to new peer: Peer: permanent_uuid: "0046c2fa47d24283a3547fc6af0879a1" member_type: VOTER last_known_addr { host: "127.17.122.193" port: 39197 }, Status: LMP_MISMATCH, Last received: 0.0, Next index: 2, Last known committed idx: 1, Time since last communication: 0.000s
I20260709 13:04:20.908495 18599 raft_consensus.cc:1275] T 317f61625d034507999aeaec47381ccc P 776c47d422d04c4890b9930d52f016f4 [term 4 FOLLOWER]: Refusing update from remote peer b04e7736d0b04939a279fe05188f2c68: Log matching property violated. Preceding OpId in replica: term: 3 index: 3. Preceding OpId from leader: term: 4 index: 4. (index mismatch)
I20260709 13:04:20.909586 18825 consensus_queue.cc:1048] T 317f61625d034507999aeaec47381ccc P b04e7736d0b04939a279fe05188f2c68 [LEADER]: Connected to new peer: Peer: permanent_uuid: "776c47d422d04c4890b9930d52f016f4" member_type: VOTER last_known_addr { host: "127.17.122.194" port: 43843 }, Status: LMP_MISMATCH, Last received: 0.0, Next index: 4, Last known committed idx: 3, Time since last communication: 0.000s
I20260709 13:04:20.918227 18524 raft_consensus.cc:1275] T 317f61625d034507999aeaec47381ccc P 0046c2fa47d24283a3547fc6af0879a1 [term 4 FOLLOWER]: Refusing update from remote peer b04e7736d0b04939a279fe05188f2c68: Log matching property violated. Preceding OpId in replica: term: 3 index: 3. Preceding OpId from leader: term: 4 index: 4. (index mismatch)
I20260709 13:04:20.919891 18856 consensus_queue.cc:1048] T 317f61625d034507999aeaec47381ccc P b04e7736d0b04939a279fe05188f2c68 [LEADER]: Connected to new peer: Peer: permanent_uuid: "0046c2fa47d24283a3547fc6af0879a1" member_type: VOTER last_known_addr { host: "127.17.122.193" port: 39197 }, Status: LMP_MISMATCH, Last received: 0.0, Next index: 4, Last known committed idx: 3, Time since last communication: 0.001s
I20260709 13:04:21.189770 18599 raft_consensus.cc:1275] T 8e8248758f3d425c8b6464a3660b69e6 P 776c47d422d04c4890b9930d52f016f4 [term 5 FOLLOWER]: Refusing update from remote peer b04e7736d0b04939a279fe05188f2c68: Log matching property violated. Preceding OpId in replica: term: 4 index: 4. Preceding OpId from leader: term: 5 index: 5. (index mismatch)
I20260709 13:04:21.190447 18524 raft_consensus.cc:1275] T 8e8248758f3d425c8b6464a3660b69e6 P 0046c2fa47d24283a3547fc6af0879a1 [term 5 FOLLOWER]: Refusing update from remote peer b04e7736d0b04939a279fe05188f2c68: Log matching property violated. Preceding OpId in replica: term: 4 index: 4. Preceding OpId from leader: term: 5 index: 5. (index mismatch)
I20260709 13:04:21.191030 18856 consensus_queue.cc:1048] T 8e8248758f3d425c8b6464a3660b69e6 P b04e7736d0b04939a279fe05188f2c68 [LEADER]: Connected to new peer: Peer: permanent_uuid: "776c47d422d04c4890b9930d52f016f4" member_type: VOTER last_known_addr { host: "127.17.122.194" port: 43843 }, Status: LMP_MISMATCH, Last received: 0.0, Next index: 5, Last known committed idx: 4, Time since last communication: 0.000s
I20260709 13:04:21.191677 18825 consensus_queue.cc:1048] T 8e8248758f3d425c8b6464a3660b69e6 P b04e7736d0b04939a279fe05188f2c68 [LEADER]: Connected to new peer: Peer: permanent_uuid: "0046c2fa47d24283a3547fc6af0879a1" member_type: VOTER last_known_addr { host: "127.17.122.193" port: 39197 }, Status: LMP_MISMATCH, Last received: 0.0, Next index: 5, Last known committed idx: 4, Time since last communication: 0.000s
I20260709 13:04:21.252643 17899 auto_leader_rebalancer.cc:141] leader rebalance for table test-workload
I20260709 13:04:21.258320 17899 tablet_server.cc:179] TabletServer@127.17.122.193:0 shutting down...
I20260709 13:04:21.283953 17899 ts_tablet_manager.cc:1507] Shutting down tablet manager...
I20260709 13:04:21.284890 17899 tablet_replica.cc:333] T 8582731bc624493aba3e284acad797f3 P 0046c2fa47d24283a3547fc6af0879a1: stopping tablet replica
I20260709 13:04:21.285679 17899 raft_consensus.cc:2243] T 8582731bc624493aba3e284acad797f3 P 0046c2fa47d24283a3547fc6af0879a1 [term 2 LEADER]: Raft consensus shutting down.
I20260709 13:04:21.286742 17899 raft_consensus.cc:2272] T 8582731bc624493aba3e284acad797f3 P 0046c2fa47d24283a3547fc6af0879a1 [term 2 FOLLOWER]: Raft consensus is shut down!
W20260709 13:04:21.286753 18562 proxy.cc:239] Call had error, refreshing address and retrying: Remote error: Service unavailable: service kudu.consensus.ConsensusService not registered on TabletServer [suppressed 2 similar messages]
I20260709 13:04:21.288893 17899 tablet_replica.cc:333] T bd431aef11fa495fb86c8604bdea24c5 P 0046c2fa47d24283a3547fc6af0879a1: stopping tablet replica
I20260709 13:04:21.289450 17899 raft_consensus.cc:2243] T bd431aef11fa495fb86c8604bdea24c5 P 0046c2fa47d24283a3547fc6af0879a1 [term 1 FOLLOWER]: Raft consensus shutting down.
W20260709 13:04:21.289755 18562 consensus_peers.cc:597] T 7eeeb4b176364b1fac19129dbaedde90 P 776c47d422d04c4890b9930d52f016f4 -> Peer 0046c2fa47d24283a3547fc6af0879a1 (127.17.122.193:39197): Couldn't send request to peer 0046c2fa47d24283a3547fc6af0879a1. Status: Remote error: Service unavailable: service kudu.consensus.ConsensusService not registered on TabletServer. This is attempt 1: this message will repeat every 5th retry.
I20260709 13:04:21.289893 17899 raft_consensus.cc:2272] T bd431aef11fa495fb86c8604bdea24c5 P 0046c2fa47d24283a3547fc6af0879a1 [term 1 FOLLOWER]: Raft consensus is shut down!
I20260709 13:04:21.291756 17899 tablet_replica.cc:333] T 7eeeb4b176364b1fac19129dbaedde90 P 0046c2fa47d24283a3547fc6af0879a1: stopping tablet replica
I20260709 13:04:21.292342 17899 raft_consensus.cc:2243] T 7eeeb4b176364b1fac19129dbaedde90 P 0046c2fa47d24283a3547fc6af0879a1 [term 5 FOLLOWER]: Raft consensus shutting down.
I20260709 13:04:21.292724 17899 raft_consensus.cc:2272] T 7eeeb4b176364b1fac19129dbaedde90 P 0046c2fa47d24283a3547fc6af0879a1 [term 5 FOLLOWER]: Raft consensus is shut down!
I20260709 13:04:21.294328 17899 tablet_replica.cc:333] T 8e8248758f3d425c8b6464a3660b69e6 P 0046c2fa47d24283a3547fc6af0879a1: stopping tablet replica
I20260709 13:04:21.294811 17899 raft_consensus.cc:2243] T 8e8248758f3d425c8b6464a3660b69e6 P 0046c2fa47d24283a3547fc6af0879a1 [term 5 FOLLOWER]: Raft consensus shutting down.
I20260709 13:04:21.295217 17899 raft_consensus.cc:2272] T 8e8248758f3d425c8b6464a3660b69e6 P 0046c2fa47d24283a3547fc6af0879a1 [term 5 FOLLOWER]: Raft consensus is shut down!
I20260709 13:04:21.297679 17899 tablet_replica.cc:333] T a3caf08510a549a68ad2eef7c14a7452 P 0046c2fa47d24283a3547fc6af0879a1: stopping tablet replica
I20260709 13:04:21.298416 17899 raft_consensus.cc:2243] T a3caf08510a549a68ad2eef7c14a7452 P 0046c2fa47d24283a3547fc6af0879a1 [term 3 LEADER]: Raft consensus shutting down.
W20260709 13:04:21.298954 18562 consensus_peers.cc:597] T 0bce2cd0b1b5492f860ef64ae773b541 P 776c47d422d04c4890b9930d52f016f4 -> Peer 0046c2fa47d24283a3547fc6af0879a1 (127.17.122.193:39197): Couldn't send request to peer 0046c2fa47d24283a3547fc6af0879a1. Status: Remote error: Service unavailable: service kudu.consensus.ConsensusService not registered on TabletServer. This is attempt 1: this message will repeat every 5th retry.
I20260709 13:04:21.299155 17899 raft_consensus.cc:2272] T a3caf08510a549a68ad2eef7c14a7452 P 0046c2fa47d24283a3547fc6af0879a1 [term 3 FOLLOWER]: Raft consensus is shut down!
I20260709 13:04:21.301172 17899 tablet_replica.cc:333] T 317f61625d034507999aeaec47381ccc P 0046c2fa47d24283a3547fc6af0879a1: stopping tablet replica
I20260709 13:04:21.301635 17899 raft_consensus.cc:2243] T 317f61625d034507999aeaec47381ccc P 0046c2fa47d24283a3547fc6af0879a1 [term 4 FOLLOWER]: Raft consensus shutting down.
I20260709 13:04:21.301994 17899 raft_consensus.cc:2272] T 317f61625d034507999aeaec47381ccc P 0046c2fa47d24283a3547fc6af0879a1 [term 4 FOLLOWER]: Raft consensus is shut down!
I20260709 13:04:21.304124 17899 tablet_replica.cc:333] T 8f705165073f4e27b899701ca526a94a P 0046c2fa47d24283a3547fc6af0879a1: stopping tablet replica
I20260709 13:04:21.304596 17899 raft_consensus.cc:2243] T 8f705165073f4e27b899701ca526a94a P 0046c2fa47d24283a3547fc6af0879a1 [term 1 LEADER]: Raft consensus shutting down.
I20260709 13:04:21.305317 17899 raft_consensus.cc:2272] T 8f705165073f4e27b899701ca526a94a P 0046c2fa47d24283a3547fc6af0879a1 [term 1 FOLLOWER]: Raft consensus is shut down!
I20260709 13:04:21.307026 17899 tablet_replica.cc:333] T 56dc5c935c334102aebd0ddfdccff9e1 P 0046c2fa47d24283a3547fc6af0879a1: stopping tablet replica
I20260709 13:04:21.307520 17899 raft_consensus.cc:2243] T 56dc5c935c334102aebd0ddfdccff9e1 P 0046c2fa47d24283a3547fc6af0879a1 [term 2 LEADER]: Raft consensus shutting down.
I20260709 13:04:21.308516 17899 raft_consensus.cc:2272] T 56dc5c935c334102aebd0ddfdccff9e1 P 0046c2fa47d24283a3547fc6af0879a1 [term 2 FOLLOWER]: Raft consensus is shut down!
I20260709 13:04:21.310732 17899 tablet_replica.cc:333] T ecf8cbce20d14d84b37b5273555b9454 P 0046c2fa47d24283a3547fc6af0879a1: stopping tablet replica
I20260709 13:04:21.311303 17899 raft_consensus.cc:2243] T ecf8cbce20d14d84b37b5273555b9454 P 0046c2fa47d24283a3547fc6af0879a1 [term 2 FOLLOWER]: Raft consensus shutting down.
I20260709 13:04:21.311861 17899 raft_consensus.cc:2272] T ecf8cbce20d14d84b37b5273555b9454 P 0046c2fa47d24283a3547fc6af0879a1 [term 2 FOLLOWER]: Raft consensus is shut down!
I20260709 13:04:21.314095 17899 tablet_replica.cc:333] T 0bce2cd0b1b5492f860ef64ae773b541 P 0046c2fa47d24283a3547fc6af0879a1: stopping tablet replica
I20260709 13:04:21.314661 17899 raft_consensus.cc:2243] T 0bce2cd0b1b5492f860ef64ae773b541 P 0046c2fa47d24283a3547fc6af0879a1 [term 2 FOLLOWER]: Raft consensus shutting down.
W20260709 13:04:21.314806 18562 consensus_peers.cc:597] T bd431aef11fa495fb86c8604bdea24c5 P 776c47d422d04c4890b9930d52f016f4 -> Peer 0046c2fa47d24283a3547fc6af0879a1 (127.17.122.193:39197): Couldn't send request to peer 0046c2fa47d24283a3547fc6af0879a1. Status: Remote error: Service unavailable: service kudu.consensus.ConsensusService not registered on TabletServer. This is attempt 1: this message will repeat every 5th retry.
I20260709 13:04:21.315181 17899 raft_consensus.cc:2272] T 0bce2cd0b1b5492f860ef64ae773b541 P 0046c2fa47d24283a3547fc6af0879a1 [term 2 FOLLOWER]: Raft consensus is shut down!
I20260709 13:04:21.318895 18672 raft_consensus.cc:1275] T 7eeeb4b176364b1fac19129dbaedde90 P b04e7736d0b04939a279fe05188f2c68 [term 5 FOLLOWER]: Refusing update from remote peer 776c47d422d04c4890b9930d52f016f4: Log matching property violated. Preceding OpId in replica: term: 4 index: 4. Preceding OpId from leader: term: 5 index: 5. (index mismatch)
I20260709 13:04:21.320122 18748 consensus_queue.cc:1048] T 7eeeb4b176364b1fac19129dbaedde90 P 776c47d422d04c4890b9930d52f016f4 [LEADER]: Connected to new peer: Peer: permanent_uuid: "b04e7736d0b04939a279fe05188f2c68" member_type: VOTER last_known_addr { host: "127.17.122.195" port: 39121 }, Status: LMP_MISMATCH, Last received: 0.0, Next index: 5, Last known committed idx: 4, Time since last communication: 0.000s
I20260709 13:04:21.340492 17899 tablet_server.cc:196] TabletServer@127.17.122.193:0 shutdown complete.
W20260709 13:04:21.358834 18636 consensus_peers.cc:597] T 317f61625d034507999aeaec47381ccc P b04e7736d0b04939a279fe05188f2c68 -> Peer 0046c2fa47d24283a3547fc6af0879a1 (127.17.122.193:39197): Couldn't send request to peer 0046c2fa47d24283a3547fc6af0879a1. Status: Network error: Client connection negotiation failed: client connection to 127.17.122.193:39197: connect: Connection refused (error 111). This is attempt 1: this message will repeat every 5th retry.
I20260709 13:04:21.364219 17899 tablet_server.cc:179] TabletServer@127.17.122.194:0 shutting down...
I20260709 13:04:21.385989 17899 ts_tablet_manager.cc:1507] Shutting down tablet manager...
I20260709 13:04:21.386667 17899 tablet_replica.cc:333] T 8582731bc624493aba3e284acad797f3 P 776c47d422d04c4890b9930d52f016f4: stopping tablet replica
I20260709 13:04:21.387168 17899 raft_consensus.cc:2243] T 8582731bc624493aba3e284acad797f3 P 776c47d422d04c4890b9930d52f016f4 [term 2 FOLLOWER]: Raft consensus shutting down.
I20260709 13:04:21.387565 17899 raft_consensus.cc:2272] T 8582731bc624493aba3e284acad797f3 P 776c47d422d04c4890b9930d52f016f4 [term 2 FOLLOWER]: Raft consensus is shut down!
I20260709 13:04:21.389277 17899 tablet_replica.cc:333] T 8f705165073f4e27b899701ca526a94a P 776c47d422d04c4890b9930d52f016f4: stopping tablet replica
I20260709 13:04:21.389732 17899 raft_consensus.cc:2243] T 8f705165073f4e27b899701ca526a94a P 776c47d422d04c4890b9930d52f016f4 [term 1 FOLLOWER]: Raft consensus shutting down.
I20260709 13:04:21.390148 17899 raft_consensus.cc:2272] T 8f705165073f4e27b899701ca526a94a P 776c47d422d04c4890b9930d52f016f4 [term 1 FOLLOWER]: Raft consensus is shut down!
I20260709 13:04:21.391800 17899 tablet_replica.cc:333] T bd431aef11fa495fb86c8604bdea24c5 P 776c47d422d04c4890b9930d52f016f4: stopping tablet replica
I20260709 13:04:21.392210 17899 raft_consensus.cc:2243] T bd431aef11fa495fb86c8604bdea24c5 P 776c47d422d04c4890b9930d52f016f4 [term 1 LEADER]: Raft consensus shutting down.
I20260709 13:04:21.392900 17899 raft_consensus.cc:2272] T bd431aef11fa495fb86c8604bdea24c5 P 776c47d422d04c4890b9930d52f016f4 [term 1 FOLLOWER]: Raft consensus is shut down!
I20260709 13:04:21.394918 17899 tablet_replica.cc:333] T a3caf08510a549a68ad2eef7c14a7452 P 776c47d422d04c4890b9930d52f016f4: stopping tablet replica
I20260709 13:04:21.395362 17899 raft_consensus.cc:2243] T a3caf08510a549a68ad2eef7c14a7452 P 776c47d422d04c4890b9930d52f016f4 [term 3 FOLLOWER]: Raft consensus shutting down.
I20260709 13:04:21.395714 17899 raft_consensus.cc:2272] T a3caf08510a549a68ad2eef7c14a7452 P 776c47d422d04c4890b9930d52f016f4 [term 3 FOLLOWER]: Raft consensus is shut down!
I20260709 13:04:21.397182 17899 tablet_replica.cc:333] T 8e8248758f3d425c8b6464a3660b69e6 P 776c47d422d04c4890b9930d52f016f4: stopping tablet replica
I20260709 13:04:21.397622 17899 raft_consensus.cc:2243] T 8e8248758f3d425c8b6464a3660b69e6 P 776c47d422d04c4890b9930d52f016f4 [term 5 FOLLOWER]: Raft consensus shutting down.
I20260709 13:04:21.397972 17899 raft_consensus.cc:2272] T 8e8248758f3d425c8b6464a3660b69e6 P 776c47d422d04c4890b9930d52f016f4 [term 5 FOLLOWER]: Raft consensus is shut down!
I20260709 13:04:21.399878 17899 tablet_replica.cc:333] T 7eeeb4b176364b1fac19129dbaedde90 P 776c47d422d04c4890b9930d52f016f4: stopping tablet replica
I20260709 13:04:21.400279 17899 raft_consensus.cc:2243] T 7eeeb4b176364b1fac19129dbaedde90 P 776c47d422d04c4890b9930d52f016f4 [term 5 LEADER]: Raft consensus shutting down.
I20260709 13:04:21.400939 17899 raft_consensus.cc:2272] T 7eeeb4b176364b1fac19129dbaedde90 P 776c47d422d04c4890b9930d52f016f4 [term 5 FOLLOWER]: Raft consensus is shut down!
I20260709 13:04:21.402755 17899 tablet_replica.cc:333] T 317f61625d034507999aeaec47381ccc P 776c47d422d04c4890b9930d52f016f4: stopping tablet replica
I20260709 13:04:21.403177 17899 raft_consensus.cc:2243] T 317f61625d034507999aeaec47381ccc P 776c47d422d04c4890b9930d52f016f4 [term 4 FOLLOWER]: Raft consensus shutting down.
I20260709 13:04:21.403515 17899 raft_consensus.cc:2272] T 317f61625d034507999aeaec47381ccc P 776c47d422d04c4890b9930d52f016f4 [term 4 FOLLOWER]: Raft consensus is shut down!
I20260709 13:04:21.405444 17899 tablet_replica.cc:333] T ecf8cbce20d14d84b37b5273555b9454 P 776c47d422d04c4890b9930d52f016f4: stopping tablet replica
I20260709 13:04:21.405916 17899 raft_consensus.cc:2243] T ecf8cbce20d14d84b37b5273555b9454 P 776c47d422d04c4890b9930d52f016f4 [term 2 FOLLOWER]: Raft consensus shutting down.
I20260709 13:04:21.406352 17899 raft_consensus.cc:2272] T ecf8cbce20d14d84b37b5273555b9454 P 776c47d422d04c4890b9930d52f016f4 [term 2 FOLLOWER]: Raft consensus is shut down!
I20260709 13:04:21.407769 17899 tablet_replica.cc:333] T 56dc5c935c334102aebd0ddfdccff9e1 P 776c47d422d04c4890b9930d52f016f4: stopping tablet replica
I20260709 13:04:21.408245 17899 raft_consensus.cc:2243] T 56dc5c935c334102aebd0ddfdccff9e1 P 776c47d422d04c4890b9930d52f016f4 [term 2 FOLLOWER]: Raft consensus shutting down.
I20260709 13:04:21.408665 17899 raft_consensus.cc:2272] T 56dc5c935c334102aebd0ddfdccff9e1 P 776c47d422d04c4890b9930d52f016f4 [term 2 FOLLOWER]: Raft consensus is shut down!
I20260709 13:04:21.410213 17899 tablet_replica.cc:333] T 0bce2cd0b1b5492f860ef64ae773b541 P 776c47d422d04c4890b9930d52f016f4: stopping tablet replica
I20260709 13:04:21.410624 17899 raft_consensus.cc:2243] T 0bce2cd0b1b5492f860ef64ae773b541 P 776c47d422d04c4890b9930d52f016f4 [term 2 LEADER]: Raft consensus shutting down.
I20260709 13:04:21.411273 17899 raft_consensus.cc:2272] T 0bce2cd0b1b5492f860ef64ae773b541 P 776c47d422d04c4890b9930d52f016f4 [term 2 FOLLOWER]: Raft consensus is shut down!
I20260709 13:04:21.430775 17899 tablet_server.cc:196] TabletServer@127.17.122.194:0 shutdown complete.
I20260709 13:04:21.448201 17899 tablet_server.cc:179] TabletServer@127.17.122.195:0 shutting down...
W20260709 13:04:21.468277 18636 consensus_peers.cc:597] T ecf8cbce20d14d84b37b5273555b9454 P b04e7736d0b04939a279fe05188f2c68 -> Peer 776c47d422d04c4890b9930d52f016f4 (127.17.122.194:43843): Couldn't send request to peer 776c47d422d04c4890b9930d52f016f4. Status: Network error: Client connection negotiation failed: client connection to 127.17.122.194:43843: connect: Connection refused (error 111). This is attempt 1: this message will repeat every 5th retry.
I20260709 13:04:21.470160 17899 ts_tablet_manager.cc:1507] Shutting down tablet manager...
I20260709 13:04:21.470817 17899 tablet_replica.cc:333] T bd431aef11fa495fb86c8604bdea24c5 P b04e7736d0b04939a279fe05188f2c68: stopping tablet replica
I20260709 13:04:21.471349 17899 raft_consensus.cc:2243] T bd431aef11fa495fb86c8604bdea24c5 P b04e7736d0b04939a279fe05188f2c68 [term 1 FOLLOWER]: Raft consensus shutting down.
I20260709 13:04:21.471789 17899 raft_consensus.cc:2272] T bd431aef11fa495fb86c8604bdea24c5 P b04e7736d0b04939a279fe05188f2c68 [term 1 FOLLOWER]: Raft consensus is shut down!
I20260709 13:04:21.473560 17899 tablet_replica.cc:333] T 8582731bc624493aba3e284acad797f3 P b04e7736d0b04939a279fe05188f2c68: stopping tablet replica
I20260709 13:04:21.474156 17899 raft_consensus.cc:2243] T 8582731bc624493aba3e284acad797f3 P b04e7736d0b04939a279fe05188f2c68 [term 2 FOLLOWER]: Raft consensus shutting down.
I20260709 13:04:21.474567 17899 raft_consensus.cc:2272] T 8582731bc624493aba3e284acad797f3 P b04e7736d0b04939a279fe05188f2c68 [term 2 FOLLOWER]: Raft consensus is shut down!
I20260709 13:04:21.476102 17899 tablet_replica.cc:333] T ecf8cbce20d14d84b37b5273555b9454 P b04e7736d0b04939a279fe05188f2c68: stopping tablet replica
I20260709 13:04:21.476598 17899 raft_consensus.cc:2243] T ecf8cbce20d14d84b37b5273555b9454 P b04e7736d0b04939a279fe05188f2c68 [term 2 LEADER]: Raft consensus shutting down.
I20260709 13:04:21.477316 17899 raft_consensus.cc:2272] T ecf8cbce20d14d84b37b5273555b9454 P b04e7736d0b04939a279fe05188f2c68 [term 2 FOLLOWER]: Raft consensus is shut down!
I20260709 13:04:21.479074 17899 tablet_replica.cc:333] T 56dc5c935c334102aebd0ddfdccff9e1 P b04e7736d0b04939a279fe05188f2c68: stopping tablet replica
I20260709 13:04:21.479537 17899 raft_consensus.cc:2243] T 56dc5c935c334102aebd0ddfdccff9e1 P b04e7736d0b04939a279fe05188f2c68 [term 2 FOLLOWER]: Raft consensus shutting down.
I20260709 13:04:21.479933 17899 raft_consensus.cc:2272] T 56dc5c935c334102aebd0ddfdccff9e1 P b04e7736d0b04939a279fe05188f2c68 [term 2 FOLLOWER]: Raft consensus is shut down!
I20260709 13:04:21.481415 17899 tablet_replica.cc:333] T 8f705165073f4e27b899701ca526a94a P b04e7736d0b04939a279fe05188f2c68: stopping tablet replica
I20260709 13:04:21.481899 17899 raft_consensus.cc:2243] T 8f705165073f4e27b899701ca526a94a P b04e7736d0b04939a279fe05188f2c68 [term 1 FOLLOWER]: Raft consensus shutting down.
I20260709 13:04:21.482355 17899 raft_consensus.cc:2272] T 8f705165073f4e27b899701ca526a94a P b04e7736d0b04939a279fe05188f2c68 [term 1 FOLLOWER]: Raft consensus is shut down!
I20260709 13:04:21.483891 17899 tablet_replica.cc:333] T 0bce2cd0b1b5492f860ef64ae773b541 P b04e7736d0b04939a279fe05188f2c68: stopping tablet replica
I20260709 13:04:21.484349 17899 raft_consensus.cc:2243] T 0bce2cd0b1b5492f860ef64ae773b541 P b04e7736d0b04939a279fe05188f2c68 [term 2 FOLLOWER]: Raft consensus shutting down.
I20260709 13:04:21.484747 17899 raft_consensus.cc:2272] T 0bce2cd0b1b5492f860ef64ae773b541 P b04e7736d0b04939a279fe05188f2c68 [term 2 FOLLOWER]: Raft consensus is shut down!
I20260709 13:04:21.486933 17899 tablet_replica.cc:333] T a3caf08510a549a68ad2eef7c14a7452 P b04e7736d0b04939a279fe05188f2c68: stopping tablet replica
I20260709 13:04:21.487437 17899 raft_consensus.cc:2243] T a3caf08510a549a68ad2eef7c14a7452 P b04e7736d0b04939a279fe05188f2c68 [term 3 FOLLOWER]: Raft consensus shutting down.
I20260709 13:04:21.487849 17899 raft_consensus.cc:2272] T a3caf08510a549a68ad2eef7c14a7452 P b04e7736d0b04939a279fe05188f2c68 [term 3 FOLLOWER]: Raft consensus is shut down!
I20260709 13:04:21.489379 17899 tablet_replica.cc:333] T 7eeeb4b176364b1fac19129dbaedde90 P b04e7736d0b04939a279fe05188f2c68: stopping tablet replica
I20260709 13:04:21.489864 17899 raft_consensus.cc:2243] T 7eeeb4b176364b1fac19129dbaedde90 P b04e7736d0b04939a279fe05188f2c68 [term 5 FOLLOWER]: Raft consensus shutting down.
