I20260709 13:03:59.103178 21094 raft_consensus.cc:515] T a39f6d50cfee4a0b82dcbf4aedbd9656 P dc9d63bcaae24177a645c720680e29d2 [term 1 FOLLOWER]: Starting leader election with config: opid_index: -1 OBSOLETE_local: false peers { permanent_uuid: "93d21bc68e3041e3a9100aa37e2fb5f0" member_type: VOTER last_known_addr { host: "127.20.70.1" port: 45929 } } peers { permanent_uuid: "63f9a9ccd95b43c78f642c70f387fe57" member_type: VOTER last_known_addr { host: "127.20.70.2" port: 33849 } } peers { permanent_uuid: "dc9d63bcaae24177a645c720680e29d2" member_type: VOTER last_known_addr { host: "127.20.70.3" port: 35557 } }
I20260709 13:03:59.107501 21087 raft_consensus.cc:359] T e7b00071f646462692a3ffdf74e78b21 P 93d21bc68e3041e3a9100aa37e2fb5f0 [term 0 FOLLOWER]: Replica starting. Triggering 0 pending ops. Active config: opid_index: -1 OBSOLETE_local: false peers { permanent_uuid: "93d21bc68e3041e3a9100aa37e2fb5f0" member_type: VOTER last_known_addr { host: "127.20.70.1" port: 45929 } } peers { permanent_uuid: "63f9a9ccd95b43c78f642c70f387fe57" member_type: VOTER last_known_addr { host: "127.20.70.2" port: 33849 } } peers { permanent_uuid: "dc9d63bcaae24177a645c720680e29d2" member_type: VOTER last_known_addr { host: "127.20.70.3" port: 35557 } }
I20260709 13:03:59.108211 21087 raft_consensus.cc:385] T e7b00071f646462692a3ffdf74e78b21 P 93d21bc68e3041e3a9100aa37e2fb5f0 [term 0 FOLLOWER]: Consensus starting up: Expiring failure detector timer to make a prompt election more likely
I20260709 13:03:59.108529 21087 raft_consensus.cc:740] T e7b00071f646462692a3ffdf74e78b21 P 93d21bc68e3041e3a9100aa37e2fb5f0 [term 0 FOLLOWER]: Becoming Follower/Learner. State: Replica: 93d21bc68e3041e3a9100aa37e2fb5f0, State: Initialized, Role: FOLLOWER
I20260709 13:03:59.108863 21089 raft_consensus.cc:359] T 78633735fb854391937b443c0b6c68af P 63f9a9ccd95b43c78f642c70f387fe57 [term 0 FOLLOWER]: Replica starting. Triggering 0 pending ops. Active config: opid_index: -1 OBSOLETE_local: false peers { permanent_uuid: "93d21bc68e3041e3a9100aa37e2fb5f0" member_type: VOTER last_known_addr { host: "127.20.70.1" port: 45929 } } peers { permanent_uuid: "63f9a9ccd95b43c78f642c70f387fe57" member_type: VOTER last_known_addr { host: "127.20.70.2" port: 33849 } } peers { permanent_uuid: "dc9d63bcaae24177a645c720680e29d2" member_type: VOTER last_known_addr { host: "127.20.70.3" port: 35557 } }
I20260709 13:03:59.109233 21094 leader_election.cc:290] T a39f6d50cfee4a0b82dcbf4aedbd9656 P dc9d63bcaae24177a645c720680e29d2 [CANDIDATE]: Term 1 election: Requested vote from peers 93d21bc68e3041e3a9100aa37e2fb5f0 (127.20.70.1:45929), 63f9a9ccd95b43c78f642c70f387fe57 (127.20.70.2:33849)
I20260709 13:03:59.109534 21089 raft_consensus.cc:385] T 78633735fb854391937b443c0b6c68af P 63f9a9ccd95b43c78f642c70f387fe57 [term 0 FOLLOWER]: Consensus starting up: Expiring failure detector timer to make a prompt election more likely
I20260709 13:03:59.109827 21089 raft_consensus.cc:740] T 78633735fb854391937b443c0b6c68af P 63f9a9ccd95b43c78f642c70f387fe57 [term 0 FOLLOWER]: Becoming Follower/Learner. State: Replica: 63f9a9ccd95b43c78f642c70f387fe57, State: Initialized, Role: FOLLOWER
I20260709 13:03:59.109915 21094 raft_consensus.cc:2804] T 695fbf9b7c1c4e33ae2ab036774253d9 P dc9d63bcaae24177a645c720680e29d2 [term 1 FOLLOWER]: Leader election won for term 1
I20260709 13:03:59.109992 20894 tablet_service.cc:1917] Received RequestConsensusVote() RPC: tablet_id: "a39f6d50cfee4a0b82dcbf4aedbd9656" candidate_uuid: "dc9d63bcaae24177a645c720680e29d2" candidate_term: 1 candidate_status { last_received { term: 0 index: 0 } } ignore_live_leader: false dest_uuid: "93d21bc68e3041e3a9100aa37e2fb5f0"
I20260709 13:03:59.110383 21094 raft_consensus.cc:697] T 695fbf9b7c1c4e33ae2ab036774253d9 P dc9d63bcaae24177a645c720680e29d2 [term 1 LEADER]: Becoming Leader. State: Replica: dc9d63bcaae24177a645c720680e29d2, State: Running, Role: LEADER
I20260709 13:03:59.110656 20894 raft_consensus.cc:3060] T a39f6d50cfee4a0b82dcbf4aedbd9656 P 93d21bc68e3041e3a9100aa37e2fb5f0 [term 0 FOLLOWER]: Advancing to term 1
I20260709 13:03:59.110631 21089 consensus_queue.cc:260] T 78633735fb854391937b443c0b6c68af P 63f9a9ccd95b43c78f642c70f387fe57 [NON_LEADER]: Queue going to NON_LEADER mode. State: All replicated index: 0, Majority replicated index: 0, Committed index: 0, Last appended: 0.0, Last appended by leader: 0, Current term: 0, Majority size: -1, State: 0, Mode: NON_LEADER, active raft config: opid_index: -1 OBSOLETE_local: false peers { permanent_uuid: "93d21bc68e3041e3a9100aa37e2fb5f0" member_type: VOTER last_known_addr { host: "127.20.70.1" port: 45929 } } peers { permanent_uuid: "63f9a9ccd95b43c78f642c70f387fe57" member_type: VOTER last_known_addr { host: "127.20.70.2" port: 33849 } } peers { permanent_uuid: "dc9d63bcaae24177a645c720680e29d2" member_type: VOTER last_known_addr { host: "127.20.70.3" port: 35557 } }
I20260709 13:03:59.115425 21088 ts_tablet_manager.cc:1434] T a9830f8ba7854cd8a5a65a25b8c136c0 P dc9d63bcaae24177a645c720680e29d2: Time spent starting tablet: real 0.026s	user 0.006s	sys 0.005s
I20260709 13:03:59.116357 21088 tablet_bootstrap.cc:492] T 6264ef1d12e1491f934fbb7e094989e5 P dc9d63bcaae24177a645c720680e29d2: Bootstrap starting.
I20260709 13:03:59.117084 20894 raft_consensus.cc:2468] T a39f6d50cfee4a0b82dcbf4aedbd9656 P 93d21bc68e3041e3a9100aa37e2fb5f0 [term 1 FOLLOWER]: Leader election vote request: Granting yes vote for candidate dc9d63bcaae24177a645c720680e29d2 in term 1.
I20260709 13:03:59.118974 21089 ts_tablet_manager.cc:1434] T 78633735fb854391937b443c0b6c68af P 63f9a9ccd95b43c78f642c70f387fe57: Time spent starting tablet: real 0.013s	user 0.006s	sys 0.001s
I20260709 13:03:59.119176 21007 leader_election.cc:304] T a39f6d50cfee4a0b82dcbf4aedbd9656 P dc9d63bcaae24177a645c720680e29d2 [CANDIDATE]: Term 1 election: Election decided. Result: candidate won. Election summary: received 2 responses out of 3 voters: 2 yes votes; 0 no votes. yes voters: 93d21bc68e3041e3a9100aa37e2fb5f0, dc9d63bcaae24177a645c720680e29d2; no voters: 
I20260709 13:03:59.117800 21087 consensus_queue.cc:260] T e7b00071f646462692a3ffdf74e78b21 P 93d21bc68e3041e3a9100aa37e2fb5f0 [NON_LEADER]: Queue going to NON_LEADER mode. State: All replicated index: 0, Majority replicated index: 0, Committed index: 0, Last appended: 0.0, Last appended by leader: 0, Current term: 0, Majority size: -1, State: 0, Mode: NON_LEADER, active raft config: opid_index: -1 OBSOLETE_local: false peers { permanent_uuid: "93d21bc68e3041e3a9100aa37e2fb5f0" member_type: VOTER last_known_addr { host: "127.20.70.1" port: 45929 } } peers { permanent_uuid: "63f9a9ccd95b43c78f642c70f387fe57" member_type: VOTER last_known_addr { host: "127.20.70.2" port: 33849 } } peers { permanent_uuid: "dc9d63bcaae24177a645c720680e29d2" member_type: VOTER last_known_addr { host: "127.20.70.3" port: 35557 } }
I20260709 13:03:59.121619 21087 ts_tablet_manager.cc:1434] T e7b00071f646462692a3ffdf74e78b21 P 93d21bc68e3041e3a9100aa37e2fb5f0: Time spent starting tablet: real 0.017s	user 0.005s	sys 0.000s
I20260709 13:03:59.122522 21087 tablet_bootstrap.cc:492] T 78633735fb854391937b443c0b6c68af P 93d21bc68e3041e3a9100aa37e2fb5f0: Bootstrap starting.
I20260709 13:03:59.125581 21089 tablet_bootstrap.cc:492] T e7b00071f646462692a3ffdf74e78b21 P 63f9a9ccd95b43c78f642c70f387fe57: Bootstrap starting.
I20260709 13:03:59.128557 21087 tablet_bootstrap.cc:654] T 78633735fb854391937b443c0b6c68af P 93d21bc68e3041e3a9100aa37e2fb5f0: Neither blocks nor log segments found. Creating new log.
I20260709 13:03:59.131924 21089 tablet_bootstrap.cc:654] T e7b00071f646462692a3ffdf74e78b21 P 63f9a9ccd95b43c78f642c70f387fe57: Neither blocks nor log segments found. Creating new log.
I20260709 13:03:59.132967 21118 raft_consensus.cc:2804] T a39f6d50cfee4a0b82dcbf4aedbd9656 P dc9d63bcaae24177a645c720680e29d2 [term 1 FOLLOWER]: Leader election won for term 1
I20260709 13:03:59.133471 21118 raft_consensus.cc:697] T a39f6d50cfee4a0b82dcbf4aedbd9656 P dc9d63bcaae24177a645c720680e29d2 [term 1 LEADER]: Becoming Leader. State: Replica: dc9d63bcaae24177a645c720680e29d2, State: Running, Role: LEADER
I20260709 13:03:59.134286 21118 consensus_queue.cc:237] T a39f6d50cfee4a0b82dcbf4aedbd9656 P dc9d63bcaae24177a645c720680e29d2 [LEADER]: Queue going to LEADER mode. State: All replicated index: 0, Majority replicated index: 0, Committed index: 0, Last appended: 0.0, Last appended by leader: 0, Current term: 1, Majority size: 2, State: 0, Mode: LEADER, active raft config: opid_index: -1 OBSOLETE_local: false peers { permanent_uuid: "93d21bc68e3041e3a9100aa37e2fb5f0" member_type: VOTER last_known_addr { host: "127.20.70.1" port: 45929 } } peers { permanent_uuid: "63f9a9ccd95b43c78f642c70f387fe57" member_type: VOTER last_known_addr { host: "127.20.70.2" port: 33849 } } peers { permanent_uuid: "dc9d63bcaae24177a645c720680e29d2" member_type: VOTER last_known_addr { host: "127.20.70.3" port: 35557 } }
I20260709 13:03:59.111176 21094 consensus_queue.cc:237] T 695fbf9b7c1c4e33ae2ab036774253d9 P dc9d63bcaae24177a645c720680e29d2 [LEADER]: Queue going to LEADER mode. State: All replicated index: 0, Majority replicated index: 0, Committed index: 0, Last appended: 0.0, Last appended by leader: 0, Current term: 1, Majority size: 2, State: 0, Mode: LEADER, active raft config: opid_index: -1 OBSOLETE_local: false peers { permanent_uuid: "93d21bc68e3041e3a9100aa37e2fb5f0" member_type: VOTER last_known_addr { host: "127.20.70.1" port: 45929 } } peers { permanent_uuid: "63f9a9ccd95b43c78f642c70f387fe57" member_type: VOTER last_known_addr { host: "127.20.70.2" port: 33849 } } peers { permanent_uuid: "dc9d63bcaae24177a645c720680e29d2" member_type: VOTER last_known_addr { host: "127.20.70.3" port: 35557 } }
W20260709 13:03:59.138263 21009 outbound_call.cc:321] RPC callback for RPC call kudu.consensus.ConsensusService.RequestConsensusVote -> {remote=127.20.70.2:33849, user_credentials={real_user=slave}} blocked reactor thread for 63353.5us
I20260709 13:03:59.139910 20969 tablet_service.cc:1917] Received RequestConsensusVote() RPC: tablet_id: "695fbf9b7c1c4e33ae2ab036774253d9" candidate_uuid: "dc9d63bcaae24177a645c720680e29d2" candidate_term: 1 candidate_status { last_received { term: 0 index: 0 } } ignore_live_leader: false dest_uuid: "63f9a9ccd95b43c78f642c70f387fe57"
I20260709 13:03:59.140487 20969 raft_consensus.cc:3060] T 695fbf9b7c1c4e33ae2ab036774253d9 P 63f9a9ccd95b43c78f642c70f387fe57 [term 0 FOLLOWER]: Advancing to term 1
I20260709 13:03:59.142982 21088 tablet_bootstrap.cc:654] T 6264ef1d12e1491f934fbb7e094989e5 P dc9d63bcaae24177a645c720680e29d2: Neither blocks nor log segments found. Creating new log.
I20260709 13:03:59.147563 20969 raft_consensus.cc:2468] T 695fbf9b7c1c4e33ae2ab036774253d9 P 63f9a9ccd95b43c78f642c70f387fe57 [term 1 FOLLOWER]: Leader election vote request: Granting yes vote for candidate dc9d63bcaae24177a645c720680e29d2 in term 1.
I20260709 13:03:59.153589 20969 tablet_service.cc:1917] Received RequestConsensusVote() RPC: tablet_id: "a39f6d50cfee4a0b82dcbf4aedbd9656" candidate_uuid: "dc9d63bcaae24177a645c720680e29d2" candidate_term: 1 candidate_status { last_received { term: 0 index: 0 } } ignore_live_leader: false dest_uuid: "63f9a9ccd95b43c78f642c70f387fe57"
I20260709 13:03:59.155589 21118 raft_consensus.cc:493] T 1866e4600b9440c39391ca47259de631 P dc9d63bcaae24177a645c720680e29d2 [term 0 FOLLOWER]: Starting pre-election (no leader contacted us within the election timeout)
I20260709 13:03:59.156073 21118 raft_consensus.cc:515] T 1866e4600b9440c39391ca47259de631 P dc9d63bcaae24177a645c720680e29d2 [term 0 FOLLOWER]: Starting pre-election with config: opid_index: -1 OBSOLETE_local: false peers { permanent_uuid: "93d21bc68e3041e3a9100aa37e2fb5f0" member_type: VOTER last_known_addr { host: "127.20.70.1" port: 45929 } } peers { permanent_uuid: "63f9a9ccd95b43c78f642c70f387fe57" member_type: VOTER last_known_addr { host: "127.20.70.2" port: 33849 } } peers { permanent_uuid: "dc9d63bcaae24177a645c720680e29d2" member_type: VOTER last_known_addr { host: "127.20.70.3" port: 35557 } }
I20260709 13:03:59.158663 21088 tablet_bootstrap.cc:492] T 6264ef1d12e1491f934fbb7e094989e5 P dc9d63bcaae24177a645c720680e29d2: No bootstrap required, opened a new log
I20260709 13:03:59.159144 21088 ts_tablet_manager.cc:1403] T 6264ef1d12e1491f934fbb7e094989e5 P dc9d63bcaae24177a645c720680e29d2: Time spent bootstrapping tablet: real 0.043s	user 0.010s	sys 0.000s
I20260709 13:03:59.168499 21092 raft_consensus.cc:493] T 1866e4600b9440c39391ca47259de631 P 93d21bc68e3041e3a9100aa37e2fb5f0 [term 0 FOLLOWER]: Starting pre-election (no leader contacted us within the election timeout)
I20260709 13:03:59.169023 21118 leader_election.cc:290] T 1866e4600b9440c39391ca47259de631 P dc9d63bcaae24177a645c720680e29d2 [CANDIDATE]: Term 1 pre-election: Requested pre-vote from peers 93d21bc68e3041e3a9100aa37e2fb5f0 (127.20.70.1:45929), 63f9a9ccd95b43c78f642c70f387fe57 (127.20.70.2:33849)
I20260709 13:03:59.168933 21092 raft_consensus.cc:515] T 1866e4600b9440c39391ca47259de631 P 93d21bc68e3041e3a9100aa37e2fb5f0 [term 0 FOLLOWER]: Starting pre-election with config: opid_index: -1 OBSOLETE_local: false peers { permanent_uuid: "93d21bc68e3041e3a9100aa37e2fb5f0" member_type: VOTER last_known_addr { host: "127.20.70.1" port: 45929 } } peers { permanent_uuid: "63f9a9ccd95b43c78f642c70f387fe57" member_type: VOTER last_known_addr { host: "127.20.70.2" port: 33849 } } peers { permanent_uuid: "dc9d63bcaae24177a645c720680e29d2" member_type: VOTER last_known_addr { host: "127.20.70.3" port: 35557 } }
I20260709 13:03:59.171391 20894 tablet_service.cc:1917] Received RequestConsensusVote() RPC: tablet_id: "1866e4600b9440c39391ca47259de631" candidate_uuid: "dc9d63bcaae24177a645c720680e29d2" candidate_term: 1 candidate_status { last_received { term: 0 index: 0 } } ignore_live_leader: false dest_uuid: "93d21bc68e3041e3a9100aa37e2fb5f0" is_pre_election: true
I20260709 13:03:59.171820 21044 tablet_service.cc:1917] Received RequestConsensusVote() RPC: tablet_id: "6264ef1d12e1491f934fbb7e094989e5" candidate_uuid: "93d21bc68e3041e3a9100aa37e2fb5f0" candidate_term: 1 candidate_status { last_received { term: 0 index: 0 } } ignore_live_leader: false dest_uuid: "dc9d63bcaae24177a645c720680e29d2" is_pre_election: true
I20260709 13:03:59.172605 20894 raft_consensus.cc:2468] T 1866e4600b9440c39391ca47259de631 P 93d21bc68e3041e3a9100aa37e2fb5f0 [term 0 FOLLOWER]: Leader pre-election vote request: Granting yes vote for candidate dc9d63bcaae24177a645c720680e29d2 in term 0.
I20260709 13:03:59.173655 21092 leader_election.cc:290] T 1866e4600b9440c39391ca47259de631 P 93d21bc68e3041e3a9100aa37e2fb5f0 [CANDIDATE]: Term 1 pre-election: Requested pre-vote from peers 63f9a9ccd95b43c78f642c70f387fe57 (127.20.70.2:33849), dc9d63bcaae24177a645c720680e29d2 (127.20.70.3:35557)
I20260709 13:03:59.173995 21007 leader_election.cc:304] T 1866e4600b9440c39391ca47259de631 P dc9d63bcaae24177a645c720680e29d2 [CANDIDATE]: Term 1 pre-election: Election decided. Result: candidate won. Election summary: received 2 responses out of 3 voters: 2 yes votes; 0 no votes. yes voters: 93d21bc68e3041e3a9100aa37e2fb5f0, dc9d63bcaae24177a645c720680e29d2; no voters: 
I20260709 13:03:59.166425 20969 raft_consensus.cc:3060] T a39f6d50cfee4a0b82dcbf4aedbd9656 P 63f9a9ccd95b43c78f642c70f387fe57 [term 0 FOLLOWER]: Advancing to term 1
I20260709 13:03:59.174711 21118 raft_consensus.cc:2804] T 1866e4600b9440c39391ca47259de631 P dc9d63bcaae24177a645c720680e29d2 [term 0 FOLLOWER]: Leader pre-election won for term 1
I20260709 13:03:59.175969 21118 raft_consensus.cc:493] T 1866e4600b9440c39391ca47259de631 P dc9d63bcaae24177a645c720680e29d2 [term 0 FOLLOWER]: Starting leader election (no leader contacted us within the election timeout)
I20260709 13:03:59.176769 21118 raft_consensus.cc:3060] T 1866e4600b9440c39391ca47259de631 P dc9d63bcaae24177a645c720680e29d2 [term 0 FOLLOWER]: Advancing to term 1
I20260709 13:03:59.176045 21043 tablet_service.cc:1917] Received RequestConsensusVote() RPC: tablet_id: "1866e4600b9440c39391ca47259de631" candidate_uuid: "93d21bc68e3041e3a9100aa37e2fb5f0" candidate_term: 1 candidate_status { last_received { term: 0 index: 0 } } ignore_live_leader: false dest_uuid: "dc9d63bcaae24177a645c720680e29d2" is_pre_election: true
I20260709 13:03:59.175683 21092 raft_consensus.cc:493] T 583a45582b8744df9fe5f9cee39a9a0d P 93d21bc68e3041e3a9100aa37e2fb5f0 [term 0 FOLLOWER]: Starting pre-election (no leader contacted us within the election timeout)
I20260709 13:03:59.182572 21092 raft_consensus.cc:515] T 583a45582b8744df9fe5f9cee39a9a0d P 93d21bc68e3041e3a9100aa37e2fb5f0 [term 0 FOLLOWER]: Starting pre-election with config: opid_index: -1 OBSOLETE_local: false peers { permanent_uuid: "93d21bc68e3041e3a9100aa37e2fb5f0" member_type: VOTER last_known_addr { host: "127.20.70.1" port: 45929 } } peers { permanent_uuid: "63f9a9ccd95b43c78f642c70f387fe57" member_type: VOTER last_known_addr { host: "127.20.70.2" port: 33849 } } peers { permanent_uuid: "dc9d63bcaae24177a645c720680e29d2" member_type: VOTER last_known_addr { host: "127.20.70.3" port: 35557 } }
I20260709 13:03:59.178387 20970 tablet_service.cc:1917] Received RequestConsensusVote() RPC: tablet_id: "1866e4600b9440c39391ca47259de631" candidate_uuid: "dc9d63bcaae24177a645c720680e29d2" candidate_term: 1 candidate_status { last_received { term: 0 index: 0 } } ignore_live_leader: false dest_uuid: "63f9a9ccd95b43c78f642c70f387fe57" is_pre_election: true
I20260709 13:03:59.183553 21118 raft_consensus.cc:515] T 1866e4600b9440c39391ca47259de631 P dc9d63bcaae24177a645c720680e29d2 [term 1 FOLLOWER]: Starting leader election with config: opid_index: -1 OBSOLETE_local: false peers { permanent_uuid: "93d21bc68e3041e3a9100aa37e2fb5f0" member_type: VOTER last_known_addr { host: "127.20.70.1" port: 45929 } } peers { permanent_uuid: "63f9a9ccd95b43c78f642c70f387fe57" member_type: VOTER last_known_addr { host: "127.20.70.2" port: 33849 } } peers { permanent_uuid: "dc9d63bcaae24177a645c720680e29d2" member_type: VOTER last_known_addr { host: "127.20.70.3" port: 35557 } }
I20260709 13:03:59.185387 21118 leader_election.cc:290] T 1866e4600b9440c39391ca47259de631 P dc9d63bcaae24177a645c720680e29d2 [CANDIDATE]: Term 1 election: Requested vote from peers 93d21bc68e3041e3a9100aa37e2fb5f0 (127.20.70.1:45929), 63f9a9ccd95b43c78f642c70f387fe57 (127.20.70.2:33849)
I20260709 13:03:59.186096 21043 raft_consensus.cc:2393] T 1866e4600b9440c39391ca47259de631 P dc9d63bcaae24177a645c720680e29d2 [term 1 FOLLOWER]: Leader pre-election vote request: Denying vote to candidate 93d21bc68e3041e3a9100aa37e2fb5f0 in current term 1: Already voted for candidate dc9d63bcaae24177a645c720680e29d2 in this term.
I20260709 13:03:59.186259 20894 tablet_service.cc:1917] Received RequestConsensusVote() RPC: tablet_id: "1866e4600b9440c39391ca47259de631" candidate_uuid: "dc9d63bcaae24177a645c720680e29d2" candidate_term: 1 candidate_status { last_received { term: 0 index: 0 } } ignore_live_leader: false dest_uuid: "93d21bc68e3041e3a9100aa37e2fb5f0"
I20260709 13:03:59.186772 20894 raft_consensus.cc:3060] T 1866e4600b9440c39391ca47259de631 P 93d21bc68e3041e3a9100aa37e2fb5f0 [term 0 FOLLOWER]: Advancing to term 1
I20260709 13:03:59.189452 21042 tablet_service.cc:1917] Received RequestConsensusVote() RPC: tablet_id: "583a45582b8744df9fe5f9cee39a9a0d" candidate_uuid: "93d21bc68e3041e3a9100aa37e2fb5f0" candidate_term: 1 candidate_status { last_received { term: 0 index: 0 } } ignore_live_leader: false dest_uuid: "dc9d63bcaae24177a645c720680e29d2" is_pre_election: true
W20260709 13:03:59.191167 20861 leader_election.cc:343] T 583a45582b8744df9fe5f9cee39a9a0d P 93d21bc68e3041e3a9100aa37e2fb5f0 [CANDIDATE]: Term 1 pre-election: Tablet error from VoteRequest() call to peer dc9d63bcaae24177a645c720680e29d2 (127.20.70.3:35557): Illegal state: must be running to vote when last-logged opid is not known
I20260709 13:03:59.191805 21092 leader_election.cc:290] T 583a45582b8744df9fe5f9cee39a9a0d P 93d21bc68e3041e3a9100aa37e2fb5f0 [CANDIDATE]: Term 1 pre-election: Requested pre-vote from peers 63f9a9ccd95b43c78f642c70f387fe57 (127.20.70.2:33849), dc9d63bcaae24177a645c720680e29d2 (127.20.70.3:35557)
W20260709 13:03:59.192643 21009 leader_election.cc:343] T 1866e4600b9440c39391ca47259de631 P dc9d63bcaae24177a645c720680e29d2 [CANDIDATE]: Term 1 pre-election: Tablet error from VoteRequest() call to peer 63f9a9ccd95b43c78f642c70f387fe57 (127.20.70.2:33849): Illegal state: must be running to vote when last-logged opid is not known
I20260709 13:03:59.192639 20894 raft_consensus.cc:2468] T 1866e4600b9440c39391ca47259de631 P 93d21bc68e3041e3a9100aa37e2fb5f0 [term 1 FOLLOWER]: Leader election vote request: Granting yes vote for candidate dc9d63bcaae24177a645c720680e29d2 in term 1.
I20260709 13:03:59.193357 20970 tablet_service.cc:1917] Received RequestConsensusVote() RPC: tablet_id: "1866e4600b9440c39391ca47259de631" candidate_uuid: "dc9d63bcaae24177a645c720680e29d2" candidate_term: 1 candidate_status { last_received { term: 0 index: 0 } } ignore_live_leader: false dest_uuid: "63f9a9ccd95b43c78f642c70f387fe57"
W20260709 13:03:59.203887 21009 leader_election.cc:343] T 1866e4600b9440c39391ca47259de631 P dc9d63bcaae24177a645c720680e29d2 [CANDIDATE]: Term 1 election: Tablet error from VoteRequest() call to peer 63f9a9ccd95b43c78f642c70f387fe57 (127.20.70.2:33849): Illegal state: must be running to vote when last-logged opid is not known
I20260709 13:03:59.204548 20968 tablet_service.cc:1917] Received RequestConsensusVote() RPC: tablet_id: "1866e4600b9440c39391ca47259de631" candidate_uuid: "93d21bc68e3041e3a9100aa37e2fb5f0" candidate_term: 1 candidate_status { last_received { term: 0 index: 0 } } ignore_live_leader: false dest_uuid: "63f9a9ccd95b43c78f642c70f387fe57" is_pre_election: true
I20260709 13:03:59.204891 20970 tablet_service.cc:1917] Received RequestConsensusVote() RPC: tablet_id: "6264ef1d12e1491f934fbb7e094989e5" candidate_uuid: "93d21bc68e3041e3a9100aa37e2fb5f0" candidate_term: 1 candidate_status { last_received { term: 0 index: 0 } } ignore_live_leader: false dest_uuid: "63f9a9ccd95b43c78f642c70f387fe57" is_pre_election: true
I20260709 13:03:59.205017 20967 tablet_service.cc:1917] Received RequestConsensusVote() RPC: tablet_id: "583a45582b8744df9fe5f9cee39a9a0d" candidate_uuid: "93d21bc68e3041e3a9100aa37e2fb5f0" candidate_term: 1 candidate_status { last_received { term: 0 index: 0 } } ignore_live_leader: false dest_uuid: "63f9a9ccd95b43c78f642c70f387fe57" is_pre_election: true
I20260709 13:03:59.205693 20967 raft_consensus.cc:2468] T 583a45582b8744df9fe5f9cee39a9a0d P 63f9a9ccd95b43c78f642c70f387fe57 [term 0 FOLLOWER]: Leader pre-election vote request: Granting yes vote for candidate 93d21bc68e3041e3a9100aa37e2fb5f0 in term 0.
W20260709 13:03:59.206358 20860 leader_election.cc:343] T 1866e4600b9440c39391ca47259de631 P 93d21bc68e3041e3a9100aa37e2fb5f0 [CANDIDATE]: Term 1 pre-election: Tablet error from VoteRequest() call to peer 63f9a9ccd95b43c78f642c70f387fe57 (127.20.70.2:33849): Illegal state: must be running to vote when last-logged opid is not known
I20260709 13:03:59.206764 20860 leader_election.cc:304] T 1866e4600b9440c39391ca47259de631 P 93d21bc68e3041e3a9100aa37e2fb5f0 [CANDIDATE]: Term 1 pre-election: Election decided. Result: candidate lost. Election summary: received 3 responses out of 3 voters: 1 yes votes; 2 no votes. yes voters: 93d21bc68e3041e3a9100aa37e2fb5f0; no voters: 63f9a9ccd95b43c78f642c70f387fe57, dc9d63bcaae24177a645c720680e29d2
I20260709 13:03:59.207718 21089 tablet_bootstrap.cc:492] T e7b00071f646462692a3ffdf74e78b21 P 63f9a9ccd95b43c78f642c70f387fe57: No bootstrap required, opened a new log
W20260709 13:03:59.207954 20860 leader_election.cc:343] T 6264ef1d12e1491f934fbb7e094989e5 P 93d21bc68e3041e3a9100aa37e2fb5f0 [CANDIDATE]: Term 1 pre-election: Tablet error from VoteRequest() call to peer 63f9a9ccd95b43c78f642c70f387fe57 (127.20.70.2:33849): Illegal state: must be running to vote when last-logged opid is not known
I20260709 13:03:59.208175 21089 ts_tablet_manager.cc:1403] T e7b00071f646462692a3ffdf74e78b21 P 63f9a9ccd95b43c78f642c70f387fe57: Time spent bootstrapping tablet: real 0.083s	user 0.024s	sys 0.043s
I20260709 13:03:59.208250 21007 leader_election.cc:304] T 1866e4600b9440c39391ca47259de631 P dc9d63bcaae24177a645c720680e29d2 [CANDIDATE]: Term 1 election: Election decided. Result: candidate won. Election summary: received 3 responses out of 3 voters: 2 yes votes; 1 no votes. yes voters: 93d21bc68e3041e3a9100aa37e2fb5f0, dc9d63bcaae24177a645c720680e29d2; no voters: 63f9a9ccd95b43c78f642c70f387fe57
I20260709 13:03:59.209079 21118 raft_consensus.cc:2804] T 1866e4600b9440c39391ca47259de631 P dc9d63bcaae24177a645c720680e29d2 [term 1 FOLLOWER]: Leader election won for term 1
I20260709 13:03:59.209532 21118 raft_consensus.cc:697] T 1866e4600b9440c39391ca47259de631 P dc9d63bcaae24177a645c720680e29d2 [term 1 LEADER]: Becoming Leader. State: Replica: dc9d63bcaae24177a645c720680e29d2, State: Running, Role: LEADER
I20260709 13:03:59.210019 20969 raft_consensus.cc:2468] T a39f6d50cfee4a0b82dcbf4aedbd9656 P 63f9a9ccd95b43c78f642c70f387fe57 [term 1 FOLLOWER]: Leader election vote request: Granting yes vote for candidate dc9d63bcaae24177a645c720680e29d2 in term 1.
I20260709 13:03:59.210284 21118 consensus_queue.cc:237] T 1866e4600b9440c39391ca47259de631 P dc9d63bcaae24177a645c720680e29d2 [LEADER]: Queue going to LEADER mode. State: All replicated index: 0, Majority replicated index: 0, Committed index: 0, Last appended: 0.0, Last appended by leader: 0, Current term: 1, Majority size: 2, State: 0, Mode: LEADER, active raft config: opid_index: -1 OBSOLETE_local: false peers { permanent_uuid: "93d21bc68e3041e3a9100aa37e2fb5f0" member_type: VOTER last_known_addr { host: "127.20.70.1" port: 45929 } } peers { permanent_uuid: "63f9a9ccd95b43c78f642c70f387fe57" member_type: VOTER last_known_addr { host: "127.20.70.2" port: 33849 } } peers { permanent_uuid: "dc9d63bcaae24177a645c720680e29d2" member_type: VOTER last_known_addr { host: "127.20.70.3" port: 35557 } }
W20260709 13:03:59.210999 20861 leader_election.cc:343] T 6264ef1d12e1491f934fbb7e094989e5 P 93d21bc68e3041e3a9100aa37e2fb5f0 [CANDIDATE]: Term 1 pre-election: Tablet error from VoteRequest() call to peer dc9d63bcaae24177a645c720680e29d2 (127.20.70.3:35557): Illegal state: must be running to vote when last-logged opid is not known
I20260709 13:03:59.211179 20860 leader_election.cc:304] T 583a45582b8744df9fe5f9cee39a9a0d P 93d21bc68e3041e3a9100aa37e2fb5f0 [CANDIDATE]: Term 1 pre-election: Election decided. Result: candidate won. Election summary: received 3 responses out of 3 voters: 2 yes votes; 1 no votes. yes voters: 63f9a9ccd95b43c78f642c70f387fe57, 93d21bc68e3041e3a9100aa37e2fb5f0; no voters: dc9d63bcaae24177a645c720680e29d2
I20260709 13:03:59.211395 20861 leader_election.cc:304] T 6264ef1d12e1491f934fbb7e094989e5 P 93d21bc68e3041e3a9100aa37e2fb5f0 [CANDIDATE]: Term 1 pre-election: Election decided. Result: candidate lost. Election summary: received 3 responses out of 3 voters: 1 yes votes; 2 no votes. yes voters: 93d21bc68e3041e3a9100aa37e2fb5f0; no voters: 63f9a9ccd95b43c78f642c70f387fe57, dc9d63bcaae24177a645c720680e29d2
I20260709 13:03:59.214825 21092 raft_consensus.cc:2749] T 1866e4600b9440c39391ca47259de631 P 93d21bc68e3041e3a9100aa37e2fb5f0 [term 1 FOLLOWER]: Leader pre-election lost for term 1. Reason: could not achieve majority
I20260709 13:03:59.215410 21092 raft_consensus.cc:2804] T 583a45582b8744df9fe5f9cee39a9a0d P 93d21bc68e3041e3a9100aa37e2fb5f0 [term 0 FOLLOWER]: Leader pre-election won for term 1
I20260709 13:03:59.215759 21092 raft_consensus.cc:493] T 583a45582b8744df9fe5f9cee39a9a0d P 93d21bc68e3041e3a9100aa37e2fb5f0 [term 0 FOLLOWER]: Starting leader election (no leader contacted us within the election timeout)
I20260709 13:03:59.216084 21092 raft_consensus.cc:3060] T 583a45582b8744df9fe5f9cee39a9a0d P 93d21bc68e3041e3a9100aa37e2fb5f0 [term 0 FOLLOWER]: Advancing to term 1
I20260709 13:03:59.217089 21089 raft_consensus.cc:359] T e7b00071f646462692a3ffdf74e78b21 P 63f9a9ccd95b43c78f642c70f387fe57 [term 0 FOLLOWER]: Replica starting. Triggering 0 pending ops. Active config: opid_index: -1 OBSOLETE_local: false peers { permanent_uuid: "93d21bc68e3041e3a9100aa37e2fb5f0" member_type: VOTER last_known_addr { host: "127.20.70.1" port: 45929 } } peers { permanent_uuid: "63f9a9ccd95b43c78f642c70f387fe57" member_type: VOTER last_known_addr { host: "127.20.70.2" port: 33849 } } peers { permanent_uuid: "dc9d63bcaae24177a645c720680e29d2" member_type: VOTER last_known_addr { host: "127.20.70.3" port: 35557 } }
I20260709 13:03:59.217737 21089 raft_consensus.cc:385] T e7b00071f646462692a3ffdf74e78b21 P 63f9a9ccd95b43c78f642c70f387fe57 [term 0 FOLLOWER]: Consensus starting up: Expiring failure detector timer to make a prompt election more likely
I20260709 13:03:59.218039 21089 raft_consensus.cc:740] T e7b00071f646462692a3ffdf74e78b21 P 63f9a9ccd95b43c78f642c70f387fe57 [term 0 FOLLOWER]: Becoming Follower/Learner. State: Replica: 63f9a9ccd95b43c78f642c70f387fe57, State: Initialized, Role: FOLLOWER
I20260709 13:03:59.218719 21089 consensus_queue.cc:260] T e7b00071f646462692a3ffdf74e78b21 P 63f9a9ccd95b43c78f642c70f387fe57 [NON_LEADER]: Queue going to NON_LEADER mode. State: All replicated index: 0, Majority replicated index: 0, Committed index: 0, Last appended: 0.0, Last appended by leader: 0, Current term: 0, Majority size: -1, State: 0, Mode: NON_LEADER, active raft config: opid_index: -1 OBSOLETE_local: false peers { permanent_uuid: "93d21bc68e3041e3a9100aa37e2fb5f0" member_type: VOTER last_known_addr { host: "127.20.70.1" port: 45929 } } peers { permanent_uuid: "63f9a9ccd95b43c78f642c70f387fe57" member_type: VOTER last_known_addr { host: "127.20.70.2" port: 33849 } } peers { permanent_uuid: "dc9d63bcaae24177a645c720680e29d2" member_type: VOTER last_known_addr { host: "127.20.70.3" port: 35557 } }
I20260709 13:03:59.219133 20792 catalog_manager.cc:5697] T 695fbf9b7c1c4e33ae2ab036774253d9 P dc9d63bcaae24177a645c720680e29d2 reported cstate change: term changed from 0 to 1, leader changed from <none> to dc9d63bcaae24177a645c720680e29d2 (127.20.70.3). New cstate: current_term: 1 leader_uuid: "dc9d63bcaae24177a645c720680e29d2" committed_config { opid_index: -1 OBSOLETE_local: false peers { permanent_uuid: "93d21bc68e3041e3a9100aa37e2fb5f0" member_type: VOTER last_known_addr { host: "127.20.70.1" port: 45929 } health_report { overall_health: UNKNOWN } } peers { permanent_uuid: "63f9a9ccd95b43c78f642c70f387fe57" member_type: VOTER last_known_addr { host: "127.20.70.2" port: 33849 } health_report { overall_health: UNKNOWN } } peers { permanent_uuid: "dc9d63bcaae24177a645c720680e29d2" member_type: VOTER last_known_addr { host: "127.20.70.3" port: 35557 } health_report { overall_health: HEALTHY } } }
I20260709 13:03:59.220960 21088 raft_consensus.cc:359] T 6264ef1d12e1491f934fbb7e094989e5 P dc9d63bcaae24177a645c720680e29d2 [term 0 FOLLOWER]: Replica starting. Triggering 0 pending ops. Active config: opid_index: -1 OBSOLETE_local: false peers { permanent_uuid: "93d21bc68e3041e3a9100aa37e2fb5f0" member_type: VOTER last_known_addr { host: "127.20.70.1" port: 45929 } } peers { permanent_uuid: "63f9a9ccd95b43c78f642c70f387fe57" member_type: VOTER last_known_addr { host: "127.20.70.2" port: 33849 } } peers { permanent_uuid: "dc9d63bcaae24177a645c720680e29d2" member_type: VOTER last_known_addr { host: "127.20.70.3" port: 35557 } }
I20260709 13:03:59.221629 21088 raft_consensus.cc:385] T 6264ef1d12e1491f934fbb7e094989e5 P dc9d63bcaae24177a645c720680e29d2 [term 0 FOLLOWER]: Consensus starting up: Expiring failure detector timer to make a prompt election more likely
I20260709 13:03:59.221920 21088 raft_consensus.cc:740] T 6264ef1d12e1491f934fbb7e094989e5 P dc9d63bcaae24177a645c720680e29d2 [term 0 FOLLOWER]: Becoming Follower/Learner. State: Replica: dc9d63bcaae24177a645c720680e29d2, State: Initialized, Role: FOLLOWER
I20260709 13:03:59.222738 20792 catalog_manager.cc:5697] T a39f6d50cfee4a0b82dcbf4aedbd9656 P dc9d63bcaae24177a645c720680e29d2 reported cstate change: term changed from 0 to 1, leader changed from <none> to dc9d63bcaae24177a645c720680e29d2 (127.20.70.3). New cstate: current_term: 1 leader_uuid: "dc9d63bcaae24177a645c720680e29d2" committed_config { opid_index: -1 OBSOLETE_local: false peers { permanent_uuid: "93d21bc68e3041e3a9100aa37e2fb5f0" member_type: VOTER last_known_addr { host: "127.20.70.1" port: 45929 } health_report { overall_health: UNKNOWN } } peers { permanent_uuid: "63f9a9ccd95b43c78f642c70f387fe57" member_type: VOTER last_known_addr { host: "127.20.70.2" port: 33849 } health_report { overall_health: UNKNOWN } } peers { permanent_uuid: "dc9d63bcaae24177a645c720680e29d2" member_type: VOTER last_known_addr { host: "127.20.70.3" port: 35557 } health_report { overall_health: HEALTHY } } }
I20260709 13:03:59.226840 21092 raft_consensus.cc:515] T 583a45582b8744df9fe5f9cee39a9a0d P 93d21bc68e3041e3a9100aa37e2fb5f0 [term 1 FOLLOWER]: Starting leader election with config: opid_index: -1 OBSOLETE_local: false peers { permanent_uuid: "93d21bc68e3041e3a9100aa37e2fb5f0" member_type: VOTER last_known_addr { host: "127.20.70.1" port: 45929 } } peers { permanent_uuid: "63f9a9ccd95b43c78f642c70f387fe57" member_type: VOTER last_known_addr { host: "127.20.70.2" port: 33849 } } peers { permanent_uuid: "dc9d63bcaae24177a645c720680e29d2" member_type: VOTER last_known_addr { host: "127.20.70.3" port: 35557 } }
I20260709 13:03:59.228834 21092 leader_election.cc:290] T 583a45582b8744df9fe5f9cee39a9a0d P 93d21bc68e3041e3a9100aa37e2fb5f0 [CANDIDATE]: Term 1 election: Requested vote from peers 63f9a9ccd95b43c78f642c70f387fe57 (127.20.70.2:33849), dc9d63bcaae24177a645c720680e29d2 (127.20.70.3:35557)
I20260709 13:03:59.223326 21088 consensus_queue.cc:260] T 6264ef1d12e1491f934fbb7e094989e5 P dc9d63bcaae24177a645c720680e29d2 [NON_LEADER]: Queue going to NON_LEADER mode. State: All replicated index: 0, Majority replicated index: 0, Committed index: 0, Last appended: 0.0, Last appended by leader: 0, Current term: 0, Majority size: -1, State: 0, Mode: NON_LEADER, active raft config: opid_index: -1 OBSOLETE_local: false peers { permanent_uuid: "93d21bc68e3041e3a9100aa37e2fb5f0" member_type: VOTER last_known_addr { host: "127.20.70.1" port: 45929 } } peers { permanent_uuid: "63f9a9ccd95b43c78f642c70f387fe57" member_type: VOTER last_known_addr { host: "127.20.70.2" port: 33849 } } peers { permanent_uuid: "dc9d63bcaae24177a645c720680e29d2" member_type: VOTER last_known_addr { host: "127.20.70.3" port: 35557 } }
I20260709 13:03:59.231109 21088 ts_tablet_manager.cc:1434] T 6264ef1d12e1491f934fbb7e094989e5 P dc9d63bcaae24177a645c720680e29d2: Time spent starting tablet: real 0.072s	user 0.001s	sys 0.006s
I20260709 13:03:59.232062 21088 tablet_bootstrap.cc:492] T 583a45582b8744df9fe5f9cee39a9a0d P dc9d63bcaae24177a645c720680e29d2: Bootstrap starting.
I20260709 13:03:59.232759 21044 tablet_service.cc:1917] Received RequestConsensusVote() RPC: tablet_id: "583a45582b8744df9fe5f9cee39a9a0d" candidate_uuid: "93d21bc68e3041e3a9100aa37e2fb5f0" candidate_term: 1 candidate_status { last_received { term: 0 index: 0 } } ignore_live_leader: false dest_uuid: "dc9d63bcaae24177a645c720680e29d2"
I20260709 13:03:59.233176 21089 ts_tablet_manager.cc:1434] T e7b00071f646462692a3ffdf74e78b21 P 63f9a9ccd95b43c78f642c70f387fe57: Time spent starting tablet: real 0.025s	user 0.006s	sys 0.000s
I20260709 13:03:59.234272 20969 tablet_service.cc:1917] Received RequestConsensusVote() RPC: tablet_id: "583a45582b8744df9fe5f9cee39a9a0d" candidate_uuid: "93d21bc68e3041e3a9100aa37e2fb5f0" candidate_term: 1 candidate_status { last_received { term: 0 index: 0 } } ignore_live_leader: false dest_uuid: "63f9a9ccd95b43c78f642c70f387fe57"
I20260709 13:03:59.234869 20969 raft_consensus.cc:3060] T 583a45582b8744df9fe5f9cee39a9a0d P 63f9a9ccd95b43c78f642c70f387fe57 [term 0 FOLLOWER]: Advancing to term 1
I20260709 13:03:59.237398 21087 tablet_bootstrap.cc:492] T 78633735fb854391937b443c0b6c68af P 93d21bc68e3041e3a9100aa37e2fb5f0: No bootstrap required, opened a new log
W20260709 13:03:59.238050 20861 leader_election.cc:343] T 583a45582b8744df9fe5f9cee39a9a0d P 93d21bc68e3041e3a9100aa37e2fb5f0 [CANDIDATE]: Term 1 election: Tablet error from VoteRequest() call to peer dc9d63bcaae24177a645c720680e29d2 (127.20.70.3:35557): Illegal state: must be running to vote when last-logged opid is not known
I20260709 13:03:59.238236 21087 ts_tablet_manager.cc:1403] T 78633735fb854391937b443c0b6c68af P 93d21bc68e3041e3a9100aa37e2fb5f0: Time spent bootstrapping tablet: real 0.116s	user 0.032s	sys 0.031s
I20260709 13:03:59.240356 21089 tablet_bootstrap.cc:492] T 1866e4600b9440c39391ca47259de631 P 63f9a9ccd95b43c78f642c70f387fe57: Bootstrap starting.
I20260709 13:03:59.241143 21124 raft_consensus.cc:493] T a9830f8ba7854cd8a5a65a25b8c136c0 P 93d21bc68e3041e3a9100aa37e2fb5f0 [term 0 FOLLOWER]: Starting pre-election (no leader contacted us within the election timeout)
I20260709 13:03:59.241652 21124 raft_consensus.cc:515] T a9830f8ba7854cd8a5a65a25b8c136c0 P 93d21bc68e3041e3a9100aa37e2fb5f0 [term 0 FOLLOWER]: Starting pre-election with config: opid_index: -1 OBSOLETE_local: false peers { permanent_uuid: "93d21bc68e3041e3a9100aa37e2fb5f0" member_type: VOTER last_known_addr { host: "127.20.70.1" port: 45929 } } peers { permanent_uuid: "63f9a9ccd95b43c78f642c70f387fe57" member_type: VOTER last_known_addr { host: "127.20.70.2" port: 33849 } } peers { permanent_uuid: "dc9d63bcaae24177a645c720680e29d2" member_type: VOTER last_known_addr { host: "127.20.70.3" port: 35557 } }
I20260709 13:03:59.241904 21087 raft_consensus.cc:359] T 78633735fb854391937b443c0b6c68af P 93d21bc68e3041e3a9100aa37e2fb5f0 [term 0 FOLLOWER]: Replica starting. Triggering 0 pending ops. Active config: opid_index: -1 OBSOLETE_local: false peers { permanent_uuid: "93d21bc68e3041e3a9100aa37e2fb5f0" member_type: VOTER last_known_addr { host: "127.20.70.1" port: 45929 } } peers { permanent_uuid: "63f9a9ccd95b43c78f642c70f387fe57" member_type: VOTER last_known_addr { host: "127.20.70.2" port: 33849 } } peers { permanent_uuid: "dc9d63bcaae24177a645c720680e29d2" member_type: VOTER last_known_addr { host: "127.20.70.3" port: 35557 } }
I20260709 13:03:59.242561 21087 raft_consensus.cc:385] T 78633735fb854391937b443c0b6c68af P 93d21bc68e3041e3a9100aa37e2fb5f0 [term 0 FOLLOWER]: Consensus starting up: Expiring failure detector timer to make a prompt election more likely
I20260709 13:03:59.242831 21087 raft_consensus.cc:740] T 78633735fb854391937b443c0b6c68af P 93d21bc68e3041e3a9100aa37e2fb5f0 [term 0 FOLLOWER]: Becoming Follower/Learner. State: Replica: 93d21bc68e3041e3a9100aa37e2fb5f0, State: Initialized, Role: FOLLOWER
I20260709 13:03:59.243492 21087 consensus_queue.cc:260] T 78633735fb854391937b443c0b6c68af P 93d21bc68e3041e3a9100aa37e2fb5f0 [NON_LEADER]: Queue going to NON_LEADER mode. State: All replicated index: 0, Majority replicated index: 0, Committed index: 0, Last appended: 0.0, Last appended by leader: 0, Current term: 0, Majority size: -1, State: 0, Mode: NON_LEADER, active raft config: opid_index: -1 OBSOLETE_local: false peers { permanent_uuid: "93d21bc68e3041e3a9100aa37e2fb5f0" member_type: VOTER last_known_addr { host: "127.20.70.1" port: 45929 } } peers { permanent_uuid: "63f9a9ccd95b43c78f642c70f387fe57" member_type: VOTER last_known_addr { host: "127.20.70.2" port: 33849 } } peers { permanent_uuid: "dc9d63bcaae24177a645c720680e29d2" member_type: VOTER last_known_addr { host: "127.20.70.3" port: 35557 } }
I20260709 13:03:59.244611 20967 tablet_service.cc:1917] Received RequestConsensusVote() RPC: tablet_id: "a9830f8ba7854cd8a5a65a25b8c136c0" candidate_uuid: "93d21bc68e3041e3a9100aa37e2fb5f0" candidate_term: 1 candidate_status { last_received { term: 0 index: 0 } } ignore_live_leader: false dest_uuid: "63f9a9ccd95b43c78f642c70f387fe57" is_pre_election: true
I20260709 13:03:59.245337 21087 ts_tablet_manager.cc:1434] T 78633735fb854391937b443c0b6c68af P 93d21bc68e3041e3a9100aa37e2fb5f0: Time spent starting tablet: real 0.007s	user 0.004s	sys 0.000s
I20260709 13:03:59.245187 20967 raft_consensus.cc:2468] T a9830f8ba7854cd8a5a65a25b8c136c0 P 63f9a9ccd95b43c78f642c70f387fe57 [term 0 FOLLOWER]: Leader pre-election vote request: Granting yes vote for candidate 93d21bc68e3041e3a9100aa37e2fb5f0 in term 0.
I20260709 13:03:59.229339 21092 raft_consensus.cc:2749] T 6264ef1d12e1491f934fbb7e094989e5 P 93d21bc68e3041e3a9100aa37e2fb5f0 [term 0 FOLLOWER]: Leader pre-election lost for term 1. Reason: could not achieve majority
I20260709 13:03:59.246454 20860 leader_election.cc:304] T a9830f8ba7854cd8a5a65a25b8c136c0 P 93d21bc68e3041e3a9100aa37e2fb5f0 [CANDIDATE]: Term 1 pre-election: Election decided. Result: candidate won. Election summary: received 2 responses out of 3 voters: 2 yes votes; 0 no votes. yes voters: 63f9a9ccd95b43c78f642c70f387fe57, 93d21bc68e3041e3a9100aa37e2fb5f0; no voters: 
I20260709 13:03:59.246704 21089 tablet_bootstrap.cc:654] T 1866e4600b9440c39391ca47259de631 P 63f9a9ccd95b43c78f642c70f387fe57: Neither blocks nor log segments found. Creating new log.
I20260709 13:03:59.247728 21092 raft_consensus.cc:2804] T a9830f8ba7854cd8a5a65a25b8c136c0 P 93d21bc68e3041e3a9100aa37e2fb5f0 [term 0 FOLLOWER]: Leader pre-election won for term 1
I20260709 13:03:59.248068 21092 raft_consensus.cc:493] T a9830f8ba7854cd8a5a65a25b8c136c0 P 93d21bc68e3041e3a9100aa37e2fb5f0 [term 0 FOLLOWER]: Starting leader election (no leader contacted us within the election timeout)
I20260709 13:03:59.248407 21092 raft_consensus.cc:3060] T a9830f8ba7854cd8a5a65a25b8c136c0 P 93d21bc68e3041e3a9100aa37e2fb5f0 [term 0 FOLLOWER]: Advancing to term 1
I20260709 13:03:59.248878 21124 leader_election.cc:290] T a9830f8ba7854cd8a5a65a25b8c136c0 P 93d21bc68e3041e3a9100aa37e2fb5f0 [CANDIDATE]: Term 1 pre-election: Requested pre-vote from peers 63f9a9ccd95b43c78f642c70f387fe57 (127.20.70.2:33849), dc9d63bcaae24177a645c720680e29d2 (127.20.70.3:35557)
I20260709 13:03:59.252359 21044 tablet_service.cc:1917] Received RequestConsensusVote() RPC: tablet_id: "a9830f8ba7854cd8a5a65a25b8c136c0" candidate_uuid: "93d21bc68e3041e3a9100aa37e2fb5f0" candidate_term: 1 candidate_status { last_received { term: 0 index: 0 } } ignore_live_leader: false dest_uuid: "dc9d63bcaae24177a645c720680e29d2" is_pre_election: true
I20260709 13:03:59.252938 21044 raft_consensus.cc:2468] T a9830f8ba7854cd8a5a65a25b8c136c0 P dc9d63bcaae24177a645c720680e29d2 [term 0 FOLLOWER]: Leader pre-election vote request: Granting yes vote for candidate 93d21bc68e3041e3a9100aa37e2fb5f0 in term 0.
I20260709 13:03:59.254438 21088 tablet_bootstrap.cc:654] T 583a45582b8744df9fe5f9cee39a9a0d P dc9d63bcaae24177a645c720680e29d2: Neither blocks nor log segments found. Creating new log.
I20260709 13:03:59.245200 20969 raft_consensus.cc:2468] T 583a45582b8744df9fe5f9cee39a9a0d P 63f9a9ccd95b43c78f642c70f387fe57 [term 1 FOLLOWER]: Leader election vote request: Granting yes vote for candidate 93d21bc68e3041e3a9100aa37e2fb5f0 in term 1.
I20260709 13:03:59.260336 20860 leader_election.cc:304] T 583a45582b8744df9fe5f9cee39a9a0d P 93d21bc68e3041e3a9100aa37e2fb5f0 [CANDIDATE]: Term 1 election: Election decided. Result: candidate won. Election summary: received 3 responses out of 3 voters: 2 yes votes; 1 no votes. yes voters: 63f9a9ccd95b43c78f642c70f387fe57, 93d21bc68e3041e3a9100aa37e2fb5f0; no voters: dc9d63bcaae24177a645c720680e29d2
I20260709 13:03:59.261010 21124 raft_consensus.cc:2804] T 583a45582b8744df9fe5f9cee39a9a0d P 93d21bc68e3041e3a9100aa37e2fb5f0 [term 1 FOLLOWER]: Leader election won for term 1
I20260709 13:03:59.258281 21089 tablet_bootstrap.cc:492] T 1866e4600b9440c39391ca47259de631 P 63f9a9ccd95b43c78f642c70f387fe57: No bootstrap required, opened a new log
I20260709 13:03:59.258025 21092 raft_consensus.cc:515] T a9830f8ba7854cd8a5a65a25b8c136c0 P 93d21bc68e3041e3a9100aa37e2fb5f0 [term 1 FOLLOWER]: Starting leader election with config: opid_index: -1 OBSOLETE_local: false peers { permanent_uuid: "93d21bc68e3041e3a9100aa37e2fb5f0" member_type: VOTER last_known_addr { host: "127.20.70.1" port: 45929 } } peers { permanent_uuid: "63f9a9ccd95b43c78f642c70f387fe57" member_type: VOTER last_known_addr { host: "127.20.70.2" port: 33849 } } peers { permanent_uuid: "dc9d63bcaae24177a645c720680e29d2" member_type: VOTER last_known_addr { host: "127.20.70.3" port: 35557 } }
I20260709 13:03:59.261656 21089 ts_tablet_manager.cc:1403] T 1866e4600b9440c39391ca47259de631 P 63f9a9ccd95b43c78f642c70f387fe57: Time spent bootstrapping tablet: real 0.021s	user 0.006s	sys 0.011s
I20260709 13:03:59.261765 21124 raft_consensus.cc:697] T 583a45582b8744df9fe5f9cee39a9a0d P 93d21bc68e3041e3a9100aa37e2fb5f0 [term 1 LEADER]: Becoming Leader. State: Replica: 93d21bc68e3041e3a9100aa37e2fb5f0, State: Running, Role: LEADER
I20260709 13:03:59.262828 21092 leader_election.cc:290] T a9830f8ba7854cd8a5a65a25b8c136c0 P 93d21bc68e3041e3a9100aa37e2fb5f0 [CANDIDATE]: Term 1 election: Requested vote from peers 63f9a9ccd95b43c78f642c70f387fe57 (127.20.70.2:33849), dc9d63bcaae24177a645c720680e29d2 (127.20.70.3:35557)
I20260709 13:03:59.262586 21124 consensus_queue.cc:237] T 583a45582b8744df9fe5f9cee39a9a0d P 93d21bc68e3041e3a9100aa37e2fb5f0 [LEADER]: Queue going to LEADER mode. State: All replicated index: 0, Majority replicated index: 0, Committed index: 0, Last appended: 0.0, Last appended by leader: 0, Current term: 1, Majority size: 2, State: 0, Mode: LEADER, active raft config: opid_index: -1 OBSOLETE_local: false peers { permanent_uuid: "93d21bc68e3041e3a9100aa37e2fb5f0" member_type: VOTER last_known_addr { host: "127.20.70.1" port: 45929 } } peers { permanent_uuid: "63f9a9ccd95b43c78f642c70f387fe57" member_type: VOTER last_known_addr { host: "127.20.70.2" port: 33849 } } peers { permanent_uuid: "dc9d63bcaae24177a645c720680e29d2" member_type: VOTER last_known_addr { host: "127.20.70.3" port: 35557 } }
I20260709 13:03:59.265359 21089 raft_consensus.cc:359] T 1866e4600b9440c39391ca47259de631 P 63f9a9ccd95b43c78f642c70f387fe57 [term 0 FOLLOWER]: Replica starting. Triggering 0 pending ops. Active config: opid_index: -1 OBSOLETE_local: false peers { permanent_uuid: "93d21bc68e3041e3a9100aa37e2fb5f0" member_type: VOTER last_known_addr { host: "127.20.70.1" port: 45929 } } peers { permanent_uuid: "63f9a9ccd95b43c78f642c70f387fe57" member_type: VOTER last_known_addr { host: "127.20.70.2" port: 33849 } } peers { permanent_uuid: "dc9d63bcaae24177a645c720680e29d2" member_type: VOTER last_known_addr { host: "127.20.70.3" port: 35557 } }
I20260709 13:03:59.266049 21089 raft_consensus.cc:385] T 1866e4600b9440c39391ca47259de631 P 63f9a9ccd95b43c78f642c70f387fe57 [term 0 FOLLOWER]: Consensus starting up: Expiring failure detector timer to make a prompt election more likely
I20260709 13:03:59.266319 21089 raft_consensus.cc:740] T 1866e4600b9440c39391ca47259de631 P 63f9a9ccd95b43c78f642c70f387fe57 [term 0 FOLLOWER]: Becoming Follower/Learner. State: Replica: 63f9a9ccd95b43c78f642c70f387fe57, State: Initialized, Role: FOLLOWER
I20260709 13:03:59.266985 21089 consensus_queue.cc:260] T 1866e4600b9440c39391ca47259de631 P 63f9a9ccd95b43c78f642c70f387fe57 [NON_LEADER]: Queue going to NON_LEADER mode. State: All replicated index: 0, Majority replicated index: 0, Committed index: 0, Last appended: 0.0, Last appended by leader: 0, Current term: 0, Majority size: -1, State: 0, Mode: NON_LEADER, active raft config: opid_index: -1 OBSOLETE_local: false peers { permanent_uuid: "93d21bc68e3041e3a9100aa37e2fb5f0" member_type: VOTER last_known_addr { host: "127.20.70.1" port: 45929 } } peers { permanent_uuid: "63f9a9ccd95b43c78f642c70f387fe57" member_type: VOTER last_known_addr { host: "127.20.70.2" port: 33849 } } peers { permanent_uuid: "dc9d63bcaae24177a645c720680e29d2" member_type: VOTER last_known_addr { host: "127.20.70.3" port: 35557 } }
I20260709 13:03:59.267613 21088 tablet_bootstrap.cc:492] T 583a45582b8744df9fe5f9cee39a9a0d P dc9d63bcaae24177a645c720680e29d2: No bootstrap required, opened a new log
I20260709 13:03:59.268002 20969 tablet_service.cc:1917] Received RequestConsensusVote() RPC: tablet_id: "a9830f8ba7854cd8a5a65a25b8c136c0" candidate_uuid: "93d21bc68e3041e3a9100aa37e2fb5f0" candidate_term: 1 candidate_status { last_received { term: 0 index: 0 } } ignore_live_leader: false dest_uuid: "63f9a9ccd95b43c78f642c70f387fe57"
I20260709 13:03:59.268050 21088 ts_tablet_manager.cc:1403] T 583a45582b8744df9fe5f9cee39a9a0d P dc9d63bcaae24177a645c720680e29d2: Time spent bootstrapping tablet: real 0.036s	user 0.009s	sys 0.007s
I20260709 13:03:59.268067 21044 tablet_service.cc:1917] Received RequestConsensusVote() RPC: tablet_id: "a9830f8ba7854cd8a5a65a25b8c136c0" candidate_uuid: "93d21bc68e3041e3a9100aa37e2fb5f0" candidate_term: 1 candidate_status { last_received { term: 0 index: 0 } } ignore_live_leader: false dest_uuid: "dc9d63bcaae24177a645c720680e29d2"
I20260709 13:03:59.268623 20969 raft_consensus.cc:3060] T a9830f8ba7854cd8a5a65a25b8c136c0 P 63f9a9ccd95b43c78f642c70f387fe57 [term 0 FOLLOWER]: Advancing to term 1
I20260709 13:03:59.268731 21044 raft_consensus.cc:3060] T a9830f8ba7854cd8a5a65a25b8c136c0 P dc9d63bcaae24177a645c720680e29d2 [term 0 FOLLOWER]: Advancing to term 1
