I20260709 13:04:27.211058 21630 raft_consensus.cc:385] T da65f175bafc413dbefea61b58aeaf44 P edf549d33d354b9687e1b54c89f998ca [term 0 FOLLOWER]: Consensus starting up: Expiring failure detector timer to make a prompt election more likely
I20260709 13:04:27.211308 21630 raft_consensus.cc:740] T da65f175bafc413dbefea61b58aeaf44 P edf549d33d354b9687e1b54c89f998ca [term 0 FOLLOWER]: Becoming Follower/Learner. State: Replica: edf549d33d354b9687e1b54c89f998ca, State: Initialized, Role: FOLLOWER
I20260709 13:04:27.212004 21630 consensus_queue.cc:260] T da65f175bafc413dbefea61b58aeaf44 P edf549d33d354b9687e1b54c89f998ca [NON_LEADER]: Queue going to NON_LEADER mode. State: All replicated index: 0, Majority replicated index: 0, Committed index: 0, Last appended: 0.0, Last appended by leader: 0, Current term: 0, Majority size: -1, State: 0, Mode: NON_LEADER, active raft config: opid_index: -1 OBSOLETE_local: false peers { permanent_uuid: "8e1f9fd4a2e44409adb9a55bc2411858" member_type: VOTER last_known_addr { host: "127.19.218.65" port: 42599 } } peers { permanent_uuid: "edf549d33d354b9687e1b54c89f998ca" member_type: VOTER last_known_addr { host: "127.19.218.66" port: 40113 } } peers { permanent_uuid: "d55e72ddbcee4069afe0a9d0af821825" member_type: VOTER last_known_addr { host: "127.19.218.67" port: 40013 } }
I20260709 13:04:27.213754 21632 tablet_bootstrap.cc:654] T a9b6afcad62f4dc59f381097b22295ce P 8e1f9fd4a2e44409adb9a55bc2411858: Neither blocks nor log segments found. Creating new log.
I20260709 13:04:27.214102 21630 ts_tablet_manager.cc:1434] T da65f175bafc413dbefea61b58aeaf44 P edf549d33d354b9687e1b54c89f998ca: Time spent starting tablet: real 0.007s	user 0.005s	sys 0.000s
I20260709 13:04:27.215140 21630 tablet_bootstrap.cc:492] T 67d449947a3a4b68970ac3f2a0f822fd P edf549d33d354b9687e1b54c89f998ca: Bootstrap starting.
I20260709 13:04:27.217828 21894 consensus_queue.cc:1059] T 421a7592c363406988f734df178f42c7 P d55e72ddbcee4069afe0a9d0af821825 [LEADER]: Peer responded invalid term: Peer: permanent_uuid: "8e1f9fd4a2e44409adb9a55bc2411858" member_type: VOTER last_known_addr { host: "127.19.218.65" port: 42599 }, Status: INVALID_TERM, Last received: 0.0, Next index: 1, Last known committed idx: 0, Time since last communication: 0.000s
I20260709 13:04:27.218526 21554 leader_election.cc:304] T 8fcd3c7aa65e46869c61e2e5df59b6dc P d55e72ddbcee4069afe0a9d0af821825 [CANDIDATE]: Term 2 pre-election: Election decided. Result: candidate lost. Election summary: received 3 responses out of 3 voters: 1 yes votes; 2 no votes. yes voters: d55e72ddbcee4069afe0a9d0af821825; no voters: 8e1f9fd4a2e44409adb9a55bc2411858, edf549d33d354b9687e1b54c89f998ca
I20260709 13:04:27.218770 21946 consensus_queue.cc:1059] T 421a7592c363406988f734df178f42c7 P d55e72ddbcee4069afe0a9d0af821825 [LEADER]: Peer responded invalid term: Peer: permanent_uuid: "edf549d33d354b9687e1b54c89f998ca" member_type: VOTER last_known_addr { host: "127.19.218.66" port: 40113 }, Status: INVALID_TERM, Last received: 0.0, Next index: 1, Last known committed idx: 0, Time since last communication: 0.003s
I20260709 13:04:27.221316 21893 raft_consensus.cc:2749] T 8fcd3c7aa65e46869c61e2e5df59b6dc P d55e72ddbcee4069afe0a9d0af821825 [term 1 FOLLOWER]: Leader pre-election lost for term 2. Reason: could not achieve majority
I20260709 13:04:27.221637 21946 consensus_queue.cc:1243] T 421a7592c363406988f734df178f42c7 P d55e72ddbcee4069afe0a9d0af821825 [LEADER]: Peer edf549d33d354b9687e1b54c89f998ca log is divergent from this leader: its last log entry 2.1 is not in this leader's log and it has not received anything from this leader yet. Falling back to committed index 0
I20260709 13:04:27.227011 21631 tablet_bootstrap.cc:492] T 5cad708ce6e347489810b6e5960d254e P d55e72ddbcee4069afe0a9d0af821825: Bootstrap starting.
I20260709 13:04:27.268395 21591 tablet_service.cc:1917] Received RequestConsensusVote() RPC: tablet_id: "898e5f44fa2346719204a2b4b78b62f6" candidate_uuid: "edf549d33d354b9687e1b54c89f998ca" candidate_term: 1 candidate_status { last_received { term: 0 index: 0 } } ignore_live_leader: false dest_uuid: "d55e72ddbcee4069afe0a9d0af821825" is_pre_election: true
I20260709 13:04:27.276510 21630 tablet_bootstrap.cc:654] T 67d449947a3a4b68970ac3f2a0f822fd P edf549d33d354b9687e1b54c89f998ca: Neither blocks nor log segments found. Creating new log.
I20260709 13:04:27.282586 21480 leader_election.cc:304] T 898e5f44fa2346719204a2b4b78b62f6 P edf549d33d354b9687e1b54c89f998ca [CANDIDATE]: Term 1 pre-election: Election decided. Result: candidate lost. Election summary: received 3 responses out of 3 voters: 1 yes votes; 2 no votes. yes voters: edf549d33d354b9687e1b54c89f998ca; no voters: 8e1f9fd4a2e44409adb9a55bc2411858, d55e72ddbcee4069afe0a9d0af821825
I20260709 13:04:27.283713 21886 raft_consensus.cc:3060] T 898e5f44fa2346719204a2b4b78b62f6 P edf549d33d354b9687e1b54c89f998ca [term 0 FOLLOWER]: Advancing to term 1
I20260709 13:04:27.297219 21583 raft_consensus.cc:3060] T 9c664e907a7a41e1b0f23fb99824b331 P d55e72ddbcee4069afe0a9d0af821825 [term 0 FOLLOWER]: Advancing to term 1
W20260709 13:04:27.299223 21405 leader_election.cc:343] T 5cad708ce6e347489810b6e5960d254e P 8e1f9fd4a2e44409adb9a55bc2411858 [CANDIDATE]: Term 1 pre-election: Tablet error from VoteRequest() call to peer d55e72ddbcee4069afe0a9d0af821825 (127.19.218.67:40013): Illegal state: must be running to vote when last-logged opid is not known
I20260709 13:04:27.304420 21405 leader_election.cc:304] T 5cad708ce6e347489810b6e5960d254e P 8e1f9fd4a2e44409adb9a55bc2411858 [CANDIDATE]: Term 1 pre-election: Election decided. Result: candidate lost. Election summary: received 3 responses out of 3 voters: 1 yes votes; 2 no votes. yes voters: 8e1f9fd4a2e44409adb9a55bc2411858; no voters: d55e72ddbcee4069afe0a9d0af821825, edf549d33d354b9687e1b54c89f998ca
I20260709 13:04:27.313560 21731 raft_consensus.cc:2749] T 5cad708ce6e347489810b6e5960d254e P 8e1f9fd4a2e44409adb9a55bc2411858 [term 0 FOLLOWER]: Leader pre-election lost for term 1. Reason: could not achieve majority
I20260709 13:04:27.319505 21631 tablet_bootstrap.cc:654] T 5cad708ce6e347489810b6e5960d254e P d55e72ddbcee4069afe0a9d0af821825: Neither blocks nor log segments found. Creating new log.
I20260709 13:04:27.324769 21730 raft_consensus.cc:493] T fb7180060b5d4837aaea903146f23b7f P 8e1f9fd4a2e44409adb9a55bc2411858 [term 0 FOLLOWER]: Starting pre-election (no leader contacted us within the election timeout)
I20260709 13:04:27.326043 21730 raft_consensus.cc:515] T fb7180060b5d4837aaea903146f23b7f P 8e1f9fd4a2e44409adb9a55bc2411858 [term 0 FOLLOWER]: Starting pre-election with config: opid_index: -1 OBSOLETE_local: false peers { permanent_uuid: "8e1f9fd4a2e44409adb9a55bc2411858" member_type: VOTER last_known_addr { host: "127.19.218.65" port: 42599 } } peers { permanent_uuid: "edf549d33d354b9687e1b54c89f998ca" member_type: VOTER last_known_addr { host: "127.19.218.66" port: 40113 } } peers { permanent_uuid: "d55e72ddbcee4069afe0a9d0af821825" member_type: VOTER last_known_addr { host: "127.19.218.67" port: 40013 } }
W20260709 13:04:27.325477 21988 log.cc:927] Time spent T da65f175bafc413dbefea61b58aeaf44 P d55e72ddbcee4069afe0a9d0af821825: Append to log took a long time: real 0.337s	user 0.006s	sys 0.007s
W20260709 13:04:27.356153 21480 outbound_call.cc:321] RPC callback for RPC call kudu.consensus.ConsensusService.UpdateConsensus -> {remote=127.19.218.67:40013, user_credentials={real_user=slave}} blocked reactor thread for 72418.2us
I20260709 13:04:27.344031 21886 raft_consensus.cc:2749] T 898e5f44fa2346719204a2b4b78b62f6 P edf549d33d354b9687e1b54c89f998ca [term 1 FOLLOWER]: Leader pre-election lost for term 1. Reason: could not achieve majority
I20260709 13:04:27.373271 21632 tablet_bootstrap.cc:492] T a9b6afcad62f4dc59f381097b22295ce P 8e1f9fd4a2e44409adb9a55bc2411858: No bootstrap required, opened a new log
I20260709 13:04:27.373628 21632 ts_tablet_manager.cc:1403] T a9b6afcad62f4dc59f381097b22295ce P 8e1f9fd4a2e44409adb9a55bc2411858: Time spent bootstrapping tablet: real 0.273s	user 0.051s	sys 0.021s
I20260709 13:04:27.378273 21894 raft_consensus.cc:3055] T 421a7592c363406988f734df178f42c7 P d55e72ddbcee4069afe0a9d0af821825 [term 1 LEADER]: Stepping down as leader of term 1
I20260709 13:04:27.378719 21894 raft_consensus.cc:740] T 421a7592c363406988f734df178f42c7 P d55e72ddbcee4069afe0a9d0af821825 [term 1 LEADER]: Becoming Follower/Learner. State: Replica: d55e72ddbcee4069afe0a9d0af821825, State: Running, Role: LEADER
I20260709 13:04:27.378422 21632 raft_consensus.cc:359] T a9b6afcad62f4dc59f381097b22295ce P 8e1f9fd4a2e44409adb9a55bc2411858 [term 0 FOLLOWER]: Replica starting. Triggering 0 pending ops. Active config: opid_index: -1 OBSOLETE_local: false peers { permanent_uuid: "8e1f9fd4a2e44409adb9a55bc2411858" member_type: VOTER last_known_addr { host: "127.19.218.65" port: 42599 } } peers { permanent_uuid: "edf549d33d354b9687e1b54c89f998ca" member_type: VOTER last_known_addr { host: "127.19.218.66" port: 40113 } } peers { permanent_uuid: "d55e72ddbcee4069afe0a9d0af821825" member_type: VOTER last_known_addr { host: "127.19.218.67" port: 40013 } }
I20260709 13:04:27.379252 21632 raft_consensus.cc:385] T a9b6afcad62f4dc59f381097b22295ce P 8e1f9fd4a2e44409adb9a55bc2411858 [term 0 FOLLOWER]: Consensus starting up: Expiring failure detector timer to make a prompt election more likely
I20260709 13:04:27.379523 21632 raft_consensus.cc:740] T a9b6afcad62f4dc59f381097b22295ce P 8e1f9fd4a2e44409adb9a55bc2411858 [term 0 FOLLOWER]: Becoming Follower/Learner. State: Replica: 8e1f9fd4a2e44409adb9a55bc2411858, State: Initialized, Role: FOLLOWER
I20260709 13:04:27.379522 21894 consensus_queue.cc:260] T 421a7592c363406988f734df178f42c7 P d55e72ddbcee4069afe0a9d0af821825 [NON_LEADER]: Queue going to NON_LEADER mode. State: All replicated index: 0, Majority replicated index: 0, Committed index: 0, Last appended: 1.1, Last appended by leader: 1, Current term: 1, Majority size: -1, State: 0, Mode: NON_LEADER, active raft config: opid_index: -1 OBSOLETE_local: false peers { permanent_uuid: "8e1f9fd4a2e44409adb9a55bc2411858" member_type: VOTER last_known_addr { host: "127.19.218.65" port: 42599 } } peers { permanent_uuid: "edf549d33d354b9687e1b54c89f998ca" member_type: VOTER last_known_addr { host: "127.19.218.66" port: 40113 } } peers { permanent_uuid: "d55e72ddbcee4069afe0a9d0af821825" member_type: VOTER last_known_addr { host: "127.19.218.67" port: 40013 } }
I20260709 13:04:27.386633 21632 consensus_queue.cc:260] T a9b6afcad62f4dc59f381097b22295ce P 8e1f9fd4a2e44409adb9a55bc2411858 [NON_LEADER]: Queue going to NON_LEADER mode. State: All replicated index: 0, Majority replicated index: 0, Committed index: 0, Last appended: 0.0, Last appended by leader: 0, Current term: 0, Majority size: -1, State: 0, Mode: NON_LEADER, active raft config: opid_index: -1 OBSOLETE_local: false peers { permanent_uuid: "8e1f9fd4a2e44409adb9a55bc2411858" member_type: VOTER last_known_addr { host: "127.19.218.65" port: 42599 } } peers { permanent_uuid: "edf549d33d354b9687e1b54c89f998ca" member_type: VOTER last_known_addr { host: "127.19.218.66" port: 40113 } } peers { permanent_uuid: "d55e72ddbcee4069afe0a9d0af821825" member_type: VOTER last_known_addr { host: "127.19.218.67" port: 40013 } }
I20260709 13:04:27.389024 21894 raft_consensus.cc:3060] T 421a7592c363406988f734df178f42c7 P d55e72ddbcee4069afe0a9d0af821825 [term 1 FOLLOWER]: Advancing to term 2
I20260709 13:04:27.395738 21631 tablet_bootstrap.cc:492] T 5cad708ce6e347489810b6e5960d254e P d55e72ddbcee4069afe0a9d0af821825: No bootstrap required, opened a new log
I20260709 13:04:27.396497 21631 ts_tablet_manager.cc:1403] T 5cad708ce6e347489810b6e5960d254e P d55e72ddbcee4069afe0a9d0af821825: Time spent bootstrapping tablet: real 0.170s	user 0.023s	sys 0.001s
I20260709 13:04:27.397010 21632 ts_tablet_manager.cc:1434] T a9b6afcad62f4dc59f381097b22295ce P 8e1f9fd4a2e44409adb9a55bc2411858: Time spent starting tablet: real 0.015s	user 0.004s	sys 0.002s
I20260709 13:04:27.398906 21514 tablet_service.cc:1917] Received RequestConsensusVote() RPC: tablet_id: "fb7180060b5d4837aaea903146f23b7f" candidate_uuid: "8e1f9fd4a2e44409adb9a55bc2411858" candidate_term: 1 candidate_status { last_received { term: 0 index: 0 } } ignore_live_leader: false dest_uuid: "edf549d33d354b9687e1b54c89f998ca" is_pre_election: true
I20260709 13:04:27.402371 21630 tablet_bootstrap.cc:492] T 67d449947a3a4b68970ac3f2a0f822fd P edf549d33d354b9687e1b54c89f998ca: No bootstrap required, opened a new log
I20260709 13:04:27.402786 21630 ts_tablet_manager.cc:1403] T 67d449947a3a4b68970ac3f2a0f822fd P edf549d33d354b9687e1b54c89f998ca: Time spent bootstrapping tablet: real 0.188s	user 0.032s	sys 0.028s
W20260709 13:04:27.405719 21405 leader_election.cc:343] T fb7180060b5d4837aaea903146f23b7f P 8e1f9fd4a2e44409adb9a55bc2411858 [CANDIDATE]: Term 1 pre-election: Tablet error from VoteRequest() call to peer edf549d33d354b9687e1b54c89f998ca (127.19.218.66:40113): Illegal state: must be running to vote when last-logged opid is not known
I20260709 13:04:27.410135 21730 leader_election.cc:290] T fb7180060b5d4837aaea903146f23b7f P 8e1f9fd4a2e44409adb9a55bc2411858 [CANDIDATE]: Term 1 pre-election: Requested pre-vote from peers edf549d33d354b9687e1b54c89f998ca (127.19.218.66:40113), d55e72ddbcee4069afe0a9d0af821825 (127.19.218.67:40013)
I20260709 13:04:27.413689 21630 raft_consensus.cc:359] T 67d449947a3a4b68970ac3f2a0f822fd P edf549d33d354b9687e1b54c89f998ca [term 0 FOLLOWER]: Replica starting. Triggering 0 pending ops. Active config: opid_index: -1 OBSOLETE_local: false peers { permanent_uuid: "8e1f9fd4a2e44409adb9a55bc2411858" member_type: VOTER last_known_addr { host: "127.19.218.65" port: 42599 } } peers { permanent_uuid: "edf549d33d354b9687e1b54c89f998ca" member_type: VOTER last_known_addr { host: "127.19.218.66" port: 40113 } } peers { permanent_uuid: "d55e72ddbcee4069afe0a9d0af821825" member_type: VOTER last_known_addr { host: "127.19.218.67" port: 40013 } }
I20260709 13:04:27.414397 21630 raft_consensus.cc:385] T 67d449947a3a4b68970ac3f2a0f822fd P edf549d33d354b9687e1b54c89f998ca [term 0 FOLLOWER]: Consensus starting up: Expiring failure detector timer to make a prompt election more likely
I20260709 13:04:27.414678 21630 raft_consensus.cc:740] T 67d449947a3a4b68970ac3f2a0f822fd P edf549d33d354b9687e1b54c89f998ca [term 0 FOLLOWER]: Becoming Follower/Learner. State: Replica: edf549d33d354b9687e1b54c89f998ca, State: Initialized, Role: FOLLOWER
I20260709 13:04:27.415297 21630 consensus_queue.cc:260] T 67d449947a3a4b68970ac3f2a0f822fd P edf549d33d354b9687e1b54c89f998ca [NON_LEADER]: Queue going to NON_LEADER mode. State: All replicated index: 0, Majority replicated index: 0, Committed index: 0, Last appended: 0.0, Last appended by leader: 0, Current term: 0, Majority size: -1, State: 0, Mode: NON_LEADER, active raft config: opid_index: -1 OBSOLETE_local: false peers { permanent_uuid: "8e1f9fd4a2e44409adb9a55bc2411858" member_type: VOTER last_known_addr { host: "127.19.218.65" port: 42599 } } peers { permanent_uuid: "edf549d33d354b9687e1b54c89f998ca" member_type: VOTER last_known_addr { host: "127.19.218.66" port: 40113 } } peers { permanent_uuid: "d55e72ddbcee4069afe0a9d0af821825" member_type: VOTER last_known_addr { host: "127.19.218.67" port: 40013 } }
I20260709 13:04:27.417266 21630 ts_tablet_manager.cc:1434] T 67d449947a3a4b68970ac3f2a0f822fd P edf549d33d354b9687e1b54c89f998ca: Time spent starting tablet: real 0.014s	user 0.006s	sys 0.001s
I20260709 13:04:27.418216 21630 tablet_bootstrap.cc:492] T 4fe9ba5c4d2f409282f4ed9a19f6dca8 P edf549d33d354b9687e1b54c89f998ca: Bootstrap starting.
I20260709 13:04:27.424435 21632 tablet_bootstrap.cc:492] T 6ee8bb7b33ad450880ba655523038a4f P 8e1f9fd4a2e44409adb9a55bc2411858: Bootstrap starting.
I20260709 13:04:27.428411 21436 raft_consensus.cc:1275] T 421a7592c363406988f734df178f42c7 P 8e1f9fd4a2e44409adb9a55bc2411858 [term 2 FOLLOWER]: Refusing update from remote peer edf549d33d354b9687e1b54c89f998ca: Log matching property violated. Preceding OpId in replica: term: 0 index: 0. Preceding OpId from leader: term: 2 index: 1. (index mismatch)
I20260709 13:04:27.429893 21886 consensus_queue.cc:1048] T 421a7592c363406988f734df178f42c7 P edf549d33d354b9687e1b54c89f998ca [LEADER]: Connected to new peer: Peer: permanent_uuid: "8e1f9fd4a2e44409adb9a55bc2411858" member_type: VOTER last_known_addr { host: "127.19.218.65" port: 42599 }, Status: LMP_MISMATCH, Last received: 0.0, Next index: 1, Last known committed idx: 0, Time since last communication: 0.000s
I20260709 13:04:27.437480 21590 raft_consensus.cc:1275] T 421a7592c363406988f734df178f42c7 P d55e72ddbcee4069afe0a9d0af821825 [term 2 FOLLOWER]: Refusing update from remote peer edf549d33d354b9687e1b54c89f998ca: Log matching property violated. Preceding OpId in replica: term: 1 index: 1. Preceding OpId from leader: term: 2 index: 1. (term mismatch)
I20260709 13:04:27.437829 21590 pending_rounds.cc:85] T 421a7592c363406988f734df178f42c7 P d55e72ddbcee4069afe0a9d0af821825: Aborting all ops after (but not including) 0
I20260709 13:04:27.438060 21590 pending_rounds.cc:107] T 421a7592c363406988f734df178f42c7 P d55e72ddbcee4069afe0a9d0af821825: Aborting uncommitted NO_OP operation due to leader change: 1.1
I20260709 13:04:27.438333 21590 raft_consensus.cc:2889] T 421a7592c363406988f734df178f42c7 P d55e72ddbcee4069afe0a9d0af821825 [term 2 FOLLOWER]: NO_OP replication failed: Aborted: Op aborted by new leader
W20260709 13:04:27.439378 21554 consensus_peers.cc:597] T 4fe9ba5c4d2f409282f4ed9a19f6dca8 P d55e72ddbcee4069afe0a9d0af821825 -> Peer edf549d33d354b9687e1b54c89f998ca (127.19.218.66:40113): Couldn't send request to peer edf549d33d354b9687e1b54c89f998ca. Error code: TABLET_NOT_RUNNING (12). Status: Illegal state: Tablet not RUNNING: INITIALIZED. This is attempt 1: this message will repeat every 5th retry.
I20260709 13:04:27.444449 21585 tablet_service.cc:1917] Received RequestConsensusVote() RPC: tablet_id: "fb7180060b5d4837aaea903146f23b7f" candidate_uuid: "8e1f9fd4a2e44409adb9a55bc2411858" candidate_term: 1 candidate_status { last_received { term: 0 index: 0 } } ignore_live_leader: false dest_uuid: "d55e72ddbcee4069afe0a9d0af821825" is_pre_election: true
I20260709 13:04:27.452001 21950 consensus_queue.cc:1048] T da65f175bafc413dbefea61b58aeaf44 P d55e72ddbcee4069afe0a9d0af821825 [LEADER]: Connected to new peer: Peer: permanent_uuid: "8e1f9fd4a2e44409adb9a55bc2411858" member_type: VOTER last_known_addr { host: "127.19.218.65" port: 42599 }, Status: LMP_MISMATCH, Last received: 0.0, Next index: 1, Last known committed idx: 0, Time since last communication: 0.001s
I20260709 13:04:27.454295 21886 consensus_queue.cc:1048] T 421a7592c363406988f734df178f42c7 P edf549d33d354b9687e1b54c89f998ca [LEADER]: Connected to new peer: Peer: permanent_uuid: "d55e72ddbcee4069afe0a9d0af821825" member_type: VOTER last_known_addr { host: "127.19.218.67" port: 40013 }, Status: LMP_MISMATCH, Last received: 0.0, Next index: 1, Last known committed idx: 0, Time since last communication: 0.000s
I20260709 13:04:27.456759 21630 tablet_bootstrap.cc:654] T 4fe9ba5c4d2f409282f4ed9a19f6dca8 P edf549d33d354b9687e1b54c89f998ca: Neither blocks nor log segments found. Creating new log.
I20260709 13:04:27.456880 21632 tablet_bootstrap.cc:654] T 6ee8bb7b33ad450880ba655523038a4f P 8e1f9fd4a2e44409adb9a55bc2411858: Neither blocks nor log segments found. Creating new log.
I20260709 13:04:27.459299 21952 consensus_queue.cc:1048] T debb2085a6a4466f8b2aeeb91c1710eb P d55e72ddbcee4069afe0a9d0af821825 [LEADER]: Connected to new peer: Peer: permanent_uuid: "edf549d33d354b9687e1b54c89f998ca" member_type: VOTER last_known_addr { host: "127.19.218.66" port: 40113 }, Status: LMP_MISMATCH, Last received: 0.0, Next index: 1, Last known committed idx: 0, Time since last communication: 0.000s
I20260709 13:04:27.462437 21948 raft_consensus.cc:493] T a9b6afcad62f4dc59f381097b22295ce P 8e1f9fd4a2e44409adb9a55bc2411858 [term 0 FOLLOWER]: Starting pre-election (no leader contacted us within the election timeout)
I20260709 13:04:27.462918 21948 raft_consensus.cc:515] T a9b6afcad62f4dc59f381097b22295ce P 8e1f9fd4a2e44409adb9a55bc2411858 [term 0 FOLLOWER]: Starting pre-election with config: opid_index: -1 OBSOLETE_local: false peers { permanent_uuid: "8e1f9fd4a2e44409adb9a55bc2411858" member_type: VOTER last_known_addr { host: "127.19.218.65" port: 42599 } } peers { permanent_uuid: "edf549d33d354b9687e1b54c89f998ca" member_type: VOTER last_known_addr { host: "127.19.218.66" port: 40113 } } peers { permanent_uuid: "d55e72ddbcee4069afe0a9d0af821825" member_type: VOTER last_known_addr { host: "127.19.218.67" port: 40013 } }
I20260709 13:04:27.462667 21337 catalog_manager.cc:5697] T 898e5f44fa2346719204a2b4b78b62f6 P d55e72ddbcee4069afe0a9d0af821825 reported cstate change: term changed from 0 to 1, leader changed from <none> to d55e72ddbcee4069afe0a9d0af821825 (127.19.218.67). New cstate: current_term: 1 leader_uuid: "d55e72ddbcee4069afe0a9d0af821825" committed_config { opid_index: -1 OBSOLETE_local: false peers { permanent_uuid: "8e1f9fd4a2e44409adb9a55bc2411858" member_type: VOTER last_known_addr { host: "127.19.218.65" port: 42599 } health_report { overall_health: UNKNOWN } } peers { permanent_uuid: "edf549d33d354b9687e1b54c89f998ca" member_type: VOTER last_known_addr { host: "127.19.218.66" port: 40113 } health_report { overall_health: UNKNOWN } } peers { permanent_uuid: "d55e72ddbcee4069afe0a9d0af821825" member_type: VOTER last_known_addr { host: "127.19.218.67" port: 40013 } health_report { overall_health: HEALTHY } } }
I20260709 13:04:27.465113 21948 leader_election.cc:290] T a9b6afcad62f4dc59f381097b22295ce P 8e1f9fd4a2e44409adb9a55bc2411858 [CANDIDATE]: Term 1 pre-election: Requested pre-vote from peers edf549d33d354b9687e1b54c89f998ca (127.19.218.66:40113), d55e72ddbcee4069afe0a9d0af821825 (127.19.218.67:40013)
I20260709 13:04:27.472098 21515 raft_consensus.cc:3060] T da65f175bafc413dbefea61b58aeaf44 P edf549d33d354b9687e1b54c89f998ca [term 0 FOLLOWER]: Advancing to term 1
I20260709 13:04:27.473910 21631 raft_consensus.cc:359] T 5cad708ce6e347489810b6e5960d254e P d55e72ddbcee4069afe0a9d0af821825 [term 0 FOLLOWER]: Replica starting. Triggering 0 pending ops. Active config: opid_index: -1 OBSOLETE_local: false peers { permanent_uuid: "8e1f9fd4a2e44409adb9a55bc2411858" member_type: VOTER last_known_addr { host: "127.19.218.65" port: 42599 } } peers { permanent_uuid: "edf549d33d354b9687e1b54c89f998ca" member_type: VOTER last_known_addr { host: "127.19.218.66" port: 40113 } } peers { permanent_uuid: "d55e72ddbcee4069afe0a9d0af821825" member_type: VOTER last_known_addr { host: "127.19.218.67" port: 40013 } }
I20260709 13:04:27.474553 21631 raft_consensus.cc:385] T 5cad708ce6e347489810b6e5960d254e P d55e72ddbcee4069afe0a9d0af821825 [term 0 FOLLOWER]: Consensus starting up: Expiring failure detector timer to make a prompt election more likely
I20260709 13:04:27.474808 21631 raft_consensus.cc:740] T 5cad708ce6e347489810b6e5960d254e P d55e72ddbcee4069afe0a9d0af821825 [term 0 FOLLOWER]: Becoming Follower/Learner. State: Replica: d55e72ddbcee4069afe0a9d0af821825, State: Initialized, Role: FOLLOWER
I20260709 13:04:27.476372 21516 tablet_service.cc:1917] Received RequestConsensusVote() RPC: tablet_id: "a9b6afcad62f4dc59f381097b22295ce" candidate_uuid: "8e1f9fd4a2e44409adb9a55bc2411858" candidate_term: 1 candidate_status { last_received { term: 0 index: 0 } } ignore_live_leader: false dest_uuid: "edf549d33d354b9687e1b54c89f998ca" is_pre_election: true
W20260709 13:04:27.478413 21405 leader_election.cc:343] T fb7180060b5d4837aaea903146f23b7f P 8e1f9fd4a2e44409adb9a55bc2411858 [CANDIDATE]: Term 1 pre-election: Tablet error from VoteRequest() call to peer d55e72ddbcee4069afe0a9d0af821825 (127.19.218.67:40013): Illegal state: must be running to vote when last-logged opid is not known
I20260709 13:04:27.478842 21405 leader_election.cc:304] T fb7180060b5d4837aaea903146f23b7f P 8e1f9fd4a2e44409adb9a55bc2411858 [CANDIDATE]: Term 1 pre-election: Election decided. Result: candidate lost. Election summary: received 3 responses out of 3 voters: 1 yes votes; 2 no votes. yes voters: 8e1f9fd4a2e44409adb9a55bc2411858; no voters: d55e72ddbcee4069afe0a9d0af821825, edf549d33d354b9687e1b54c89f998ca
I20260709 13:04:27.485183 21583 tablet_service.cc:1917] Received RequestConsensusVote() RPC: tablet_id: "a9b6afcad62f4dc59f381097b22295ce" candidate_uuid: "8e1f9fd4a2e44409adb9a55bc2411858" candidate_term: 1 candidate_status { last_received { term: 0 index: 0 } } ignore_live_leader: false dest_uuid: "d55e72ddbcee4069afe0a9d0af821825" is_pre_election: true
I20260709 13:04:27.486196 21631 consensus_queue.cc:260] T 5cad708ce6e347489810b6e5960d254e P d55e72ddbcee4069afe0a9d0af821825 [NON_LEADER]: Queue going to NON_LEADER mode. State: All replicated index: 0, Majority replicated index: 0, Committed index: 0, Last appended: 0.0, Last appended by leader: 0, Current term: 0, Majority size: -1, State: 0, Mode: NON_LEADER, active raft config: opid_index: -1 OBSOLETE_local: false peers { permanent_uuid: "8e1f9fd4a2e44409adb9a55bc2411858" member_type: VOTER last_known_addr { host: "127.19.218.65" port: 42599 } } peers { permanent_uuid: "edf549d33d354b9687e1b54c89f998ca" member_type: VOTER last_known_addr { host: "127.19.218.66" port: 40113 } } peers { permanent_uuid: "d55e72ddbcee4069afe0a9d0af821825" member_type: VOTER last_known_addr { host: "127.19.218.67" port: 40013 } }
I20260709 13:04:27.488169 21731 raft_consensus.cc:2749] T fb7180060b5d4837aaea903146f23b7f P 8e1f9fd4a2e44409adb9a55bc2411858 [term 0 FOLLOWER]: Leader pre-election lost for term 1. Reason: could not achieve majority
I20260709 13:04:27.486125 21516 raft_consensus.cc:2468] T a9b6afcad62f4dc59f381097b22295ce P edf549d33d354b9687e1b54c89f998ca [term 0 FOLLOWER]: Leader pre-election vote request: Granting yes vote for candidate 8e1f9fd4a2e44409adb9a55bc2411858 in term 0.
I20260709 13:04:27.491600 21952 consensus_queue.cc:1048] T da65f175bafc413dbefea61b58aeaf44 P d55e72ddbcee4069afe0a9d0af821825 [LEADER]: Connected to new peer: Peer: permanent_uuid: "edf549d33d354b9687e1b54c89f998ca" member_type: VOTER last_known_addr { host: "127.19.218.66" port: 40113 }, Status: LMP_MISMATCH, Last received: 0.0, Next index: 1, Last known committed idx: 0, Time since last communication: 0.004s
I20260709 13:04:27.504026 21630 tablet_bootstrap.cc:492] T 4fe9ba5c4d2f409282f4ed9a19f6dca8 P edf549d33d354b9687e1b54c89f998ca: No bootstrap required, opened a new log
I20260709 13:04:27.504441 21630 ts_tablet_manager.cc:1403] T 4fe9ba5c4d2f409282f4ed9a19f6dca8 P edf549d33d354b9687e1b54c89f998ca: Time spent bootstrapping tablet: real 0.086s	user 0.007s	sys 0.012s
I20260709 13:04:27.505000 21405 leader_election.cc:304] T a9b6afcad62f4dc59f381097b22295ce P 8e1f9fd4a2e44409adb9a55bc2411858 [CANDIDATE]: Term 1 pre-election: Election decided. Result: candidate won. Election summary: received 2 responses out of 3 voters: 2 yes votes; 0 no votes. yes voters: 8e1f9fd4a2e44409adb9a55bc2411858, edf549d33d354b9687e1b54c89f998ca; no voters: 
I20260709 13:04:27.505570 21730 raft_consensus.cc:2804] T a9b6afcad62f4dc59f381097b22295ce P 8e1f9fd4a2e44409adb9a55bc2411858 [term 0 FOLLOWER]: Leader pre-election won for term 1
I20260709 13:04:27.505919 21730 raft_consensus.cc:493] T a9b6afcad62f4dc59f381097b22295ce P 8e1f9fd4a2e44409adb9a55bc2411858 [term 0 FOLLOWER]: Starting leader election (no leader contacted us within the election timeout)
I20260709 13:04:27.506206 21730 raft_consensus.cc:3060] T a9b6afcad62f4dc59f381097b22295ce P 8e1f9fd4a2e44409adb9a55bc2411858 [term 0 FOLLOWER]: Advancing to term 1
W20260709 13:04:27.506891 21405 leader_election.cc:343] T a9b6afcad62f4dc59f381097b22295ce P 8e1f9fd4a2e44409adb9a55bc2411858 [CANDIDATE]: Term 1 pre-election: Tablet error from VoteRequest() call to peer d55e72ddbcee4069afe0a9d0af821825 (127.19.218.67:40013): Illegal state: must be running to vote when last-logged opid is not known
I20260709 13:04:27.512844 21631 ts_tablet_manager.cc:1434] T 5cad708ce6e347489810b6e5960d254e P d55e72ddbcee4069afe0a9d0af821825: Time spent starting tablet: real 0.116s	user 0.006s	sys 0.001s
I20260709 13:04:27.513770 21950 consensus_queue.cc:1048] T debb2085a6a4466f8b2aeeb91c1710eb P d55e72ddbcee4069afe0a9d0af821825 [LEADER]: Connected to new peer: Peer: permanent_uuid: "8e1f9fd4a2e44409adb9a55bc2411858" member_type: VOTER last_known_addr { host: "127.19.218.65" port: 42599 }, Status: LMP_MISMATCH, Last received: 0.0, Next index: 1, Last known committed idx: 0, Time since last communication: 0.000s
I20260709 13:04:27.514400 21631 tablet_bootstrap.cc:492] T 67d449947a3a4b68970ac3f2a0f822fd P d55e72ddbcee4069afe0a9d0af821825: Bootstrap starting.
I20260709 13:04:27.514690 21630 raft_consensus.cc:359] T 4fe9ba5c4d2f409282f4ed9a19f6dca8 P edf549d33d354b9687e1b54c89f998ca [term 0 FOLLOWER]: Replica starting. Triggering 0 pending ops. Active config: opid_index: -1 OBSOLETE_local: false peers { permanent_uuid: "8e1f9fd4a2e44409adb9a55bc2411858" member_type: VOTER last_known_addr { host: "127.19.218.65" port: 42599 } } peers { permanent_uuid: "edf549d33d354b9687e1b54c89f998ca" member_type: VOTER last_known_addr { host: "127.19.218.66" port: 40113 } } peers { permanent_uuid: "d55e72ddbcee4069afe0a9d0af821825" member_type: VOTER last_known_addr { host: "127.19.218.67" port: 40013 } }
I20260709 13:04:27.515326 21630 raft_consensus.cc:385] T 4fe9ba5c4d2f409282f4ed9a19f6dca8 P edf549d33d354b9687e1b54c89f998ca [term 0 FOLLOWER]: Consensus starting up: Expiring failure detector timer to make a prompt election more likely
I20260709 13:04:27.515583 21630 raft_consensus.cc:740] T 4fe9ba5c4d2f409282f4ed9a19f6dca8 P edf549d33d354b9687e1b54c89f998ca [term 0 FOLLOWER]: Becoming Follower/Learner. State: Replica: edf549d33d354b9687e1b54c89f998ca, State: Initialized, Role: FOLLOWER
I20260709 13:04:27.527706 21630 consensus_queue.cc:260] T 4fe9ba5c4d2f409282f4ed9a19f6dca8 P edf549d33d354b9687e1b54c89f998ca [NON_LEADER]: Queue going to NON_LEADER mode. State: All replicated index: 0, Majority replicated index: 0, Committed index: 0, Last appended: 0.0, Last appended by leader: 0, Current term: 0, Majority size: -1, State: 0, Mode: NON_LEADER, active raft config: opid_index: -1 OBSOLETE_local: false peers { permanent_uuid: "8e1f9fd4a2e44409adb9a55bc2411858" member_type: VOTER last_known_addr { host: "127.19.218.65" port: 42599 } } peers { permanent_uuid: "edf549d33d354b9687e1b54c89f998ca" member_type: VOTER last_known_addr { host: "127.19.218.66" port: 40113 } } peers { permanent_uuid: "d55e72ddbcee4069afe0a9d0af821825" member_type: VOTER last_known_addr { host: "127.19.218.67" port: 40013 } }
I20260709 13:04:27.554236 21632 tablet_bootstrap.cc:492] T 6ee8bb7b33ad450880ba655523038a4f P 8e1f9fd4a2e44409adb9a55bc2411858: No bootstrap required, opened a new log
I20260709 13:04:27.554723 21632 ts_tablet_manager.cc:1403] T 6ee8bb7b33ad450880ba655523038a4f P 8e1f9fd4a2e44409adb9a55bc2411858: Time spent bootstrapping tablet: real 0.131s	user 0.015s	sys 0.010s
I20260709 13:04:27.559298 21730 raft_consensus.cc:515] T a9b6afcad62f4dc59f381097b22295ce P 8e1f9fd4a2e44409adb9a55bc2411858 [term 1 FOLLOWER]: Starting leader election with config: opid_index: -1 OBSOLETE_local: false peers { permanent_uuid: "8e1f9fd4a2e44409adb9a55bc2411858" member_type: VOTER last_known_addr { host: "127.19.218.65" port: 42599 } } peers { permanent_uuid: "edf549d33d354b9687e1b54c89f998ca" member_type: VOTER last_known_addr { host: "127.19.218.66" port: 40113 } } peers { permanent_uuid: "d55e72ddbcee4069afe0a9d0af821825" member_type: VOTER last_known_addr { host: "127.19.218.67" port: 40013 } }
I20260709 13:04:27.563202 21730 leader_election.cc:290] T a9b6afcad62f4dc59f381097b22295ce P 8e1f9fd4a2e44409adb9a55bc2411858 [CANDIDATE]: Term 1 election: Requested vote from peers edf549d33d354b9687e1b54c89f998ca (127.19.218.66:40113), d55e72ddbcee4069afe0a9d0af821825 (127.19.218.67:40013)
I20260709 13:04:27.563282 21630 ts_tablet_manager.cc:1434] T 4fe9ba5c4d2f409282f4ed9a19f6dca8 P edf549d33d354b9687e1b54c89f998ca: Time spent starting tablet: real 0.059s	user 0.008s	sys 0.000s
I20260709 13:04:27.565032 21735 raft_consensus.cc:493] T 67d449947a3a4b68970ac3f2a0f822fd P edf549d33d354b9687e1b54c89f998ca [term 0 FOLLOWER]: Starting pre-election (no leader contacted us within the election timeout)
I20260709 13:04:27.568079 21735 raft_consensus.cc:515] T 67d449947a3a4b68970ac3f2a0f822fd P edf549d33d354b9687e1b54c89f998ca [term 0 FOLLOWER]: Starting pre-election with config: opid_index: -1 OBSOLETE_local: false peers { permanent_uuid: "8e1f9fd4a2e44409adb9a55bc2411858" member_type: VOTER last_known_addr { host: "127.19.218.65" port: 42599 } } peers { permanent_uuid: "edf549d33d354b9687e1b54c89f998ca" member_type: VOTER last_known_addr { host: "127.19.218.66" port: 40113 } } peers { permanent_uuid: "d55e72ddbcee4069afe0a9d0af821825" member_type: VOTER last_known_addr { host: "127.19.218.67" port: 40013 } }
I20260709 13:04:27.569995 21735 leader_election.cc:290] T 67d449947a3a4b68970ac3f2a0f822fd P edf549d33d354b9687e1b54c89f998ca [CANDIDATE]: Term 1 pre-election: Requested pre-vote from peers 8e1f9fd4a2e44409adb9a55bc2411858 (127.19.218.65:42599), d55e72ddbcee4069afe0a9d0af821825 (127.19.218.67:40013)
I20260709 13:04:27.571278 21587 tablet_service.cc:1917] Received RequestConsensusVote() RPC: tablet_id: "a9b6afcad62f4dc59f381097b22295ce" candidate_uuid: "8e1f9fd4a2e44409adb9a55bc2411858" candidate_term: 1 candidate_status { last_received { term: 0 index: 0 } } ignore_live_leader: false dest_uuid: "d55e72ddbcee4069afe0a9d0af821825"
I20260709 13:04:27.573083 21517 tablet_service.cc:1917] Received RequestConsensusVote() RPC: tablet_id: "a9b6afcad62f4dc59f381097b22295ce" candidate_uuid: "8e1f9fd4a2e44409adb9a55bc2411858" candidate_term: 1 candidate_status { last_received { term: 0 index: 0 } } ignore_live_leader: false dest_uuid: "edf549d33d354b9687e1b54c89f998ca"
I20260709 13:04:27.573588 21517 raft_consensus.cc:3060] T a9b6afcad62f4dc59f381097b22295ce P edf549d33d354b9687e1b54c89f998ca [term 0 FOLLOWER]: Advancing to term 1
W20260709 13:04:27.576893 21405 leader_election.cc:343] T a9b6afcad62f4dc59f381097b22295ce P 8e1f9fd4a2e44409adb9a55bc2411858 [CANDIDATE]: Term 1 election: Tablet error from VoteRequest() call to peer d55e72ddbcee4069afe0a9d0af821825 (127.19.218.67:40013): Illegal state: must be running to vote when last-logged opid is not known
I20260709 13:04:27.579044 21632 raft_consensus.cc:359] T 6ee8bb7b33ad450880ba655523038a4f P 8e1f9fd4a2e44409adb9a55bc2411858 [term 0 FOLLOWER]: Replica starting. Triggering 0 pending ops. Active config: opid_index: -1 OBSOLETE_local: false peers { permanent_uuid: "8e1f9fd4a2e44409adb9a55bc2411858" member_type: VOTER last_known_addr { host: "127.19.218.65" port: 42599 } } peers { permanent_uuid: "edf549d33d354b9687e1b54c89f998ca" member_type: VOTER last_known_addr { host: "127.19.218.66" port: 40113 } } peers { permanent_uuid: "d55e72ddbcee4069afe0a9d0af821825" member_type: VOTER last_known_addr { host: "127.19.218.67" port: 40013 } }
I20260709 13:04:27.579677 21632 raft_consensus.cc:385] T 6ee8bb7b33ad450880ba655523038a4f P 8e1f9fd4a2e44409adb9a55bc2411858 [term 0 FOLLOWER]: Consensus starting up: Expiring failure detector timer to make a prompt election more likely
I20260709 13:04:27.579943 21632 raft_consensus.cc:740] T 6ee8bb7b33ad450880ba655523038a4f P 8e1f9fd4a2e44409adb9a55bc2411858 [term 0 FOLLOWER]: Becoming Follower/Learner. State: Replica: 8e1f9fd4a2e44409adb9a55bc2411858, State: Initialized, Role: FOLLOWER
I20260709 13:04:27.580549 21632 consensus_queue.cc:260] T 6ee8bb7b33ad450880ba655523038a4f P 8e1f9fd4a2e44409adb9a55bc2411858 [NON_LEADER]: Queue going to NON_LEADER mode. State: All replicated index: 0, Majority replicated index: 0, Committed index: 0, Last appended: 0.0, Last appended by leader: 0, Current term: 0, Majority size: -1, State: 0, Mode: NON_LEADER, active raft config: opid_index: -1 OBSOLETE_local: false peers { permanent_uuid: "8e1f9fd4a2e44409adb9a55bc2411858" member_type: VOTER last_known_addr { host: "127.19.218.65" port: 42599 } } peers { permanent_uuid: "edf549d33d354b9687e1b54c89f998ca" member_type: VOTER last_known_addr { host: "127.19.218.66" port: 40113 } } peers { permanent_uuid: "d55e72ddbcee4069afe0a9d0af821825" member_type: VOTER last_known_addr { host: "127.19.218.67" port: 40013 } }
I20260709 13:04:27.583110 21632 ts_tablet_manager.cc:1434] T 6ee8bb7b33ad450880ba655523038a4f P 8e1f9fd4a2e44409adb9a55bc2411858: Time spent starting tablet: real 0.028s	user 0.005s	sys 0.001s
I20260709 13:04:27.584380 21632 tablet_bootstrap.cc:492] T 616c049ea7eb42dda36163c59a8f573b P 8e1f9fd4a2e44409adb9a55bc2411858: Bootstrap starting.
I20260709 13:04:27.590616 21630 tablet_bootstrap.cc:492] T 5cad708ce6e347489810b6e5960d254e P edf549d33d354b9687e1b54c89f998ca: Bootstrap starting.
I20260709 13:04:27.595757 21439 tablet_service.cc:1917] Received RequestConsensusVote() RPC: tablet_id: "67d449947a3a4b68970ac3f2a0f822fd" candidate_uuid: "edf549d33d354b9687e1b54c89f998ca" candidate_term: 1 candidate_status { last_received { term: 0 index: 0 } } ignore_live_leader: false dest_uuid: "8e1f9fd4a2e44409adb9a55bc2411858" is_pre_election: true
I20260709 13:04:27.597920 21590 tablet_service.cc:1917] Received RequestConsensusVote() RPC: tablet_id: "67d449947a3a4b68970ac3f2a0f822fd" candidate_uuid: "edf549d33d354b9687e1b54c89f998ca" candidate_term: 1 candidate_status { last_received { term: 0 index: 0 } } ignore_live_leader: false dest_uuid: "d55e72ddbcee4069afe0a9d0af821825" is_pre_election: true
W20260709 13:04:27.599042 21480 leader_election.cc:343] T 67d449947a3a4b68970ac3f2a0f822fd P edf549d33d354b9687e1b54c89f998ca [CANDIDATE]: Term 1 pre-election: Tablet error from VoteRequest() call to peer 8e1f9fd4a2e44409adb9a55bc2411858 (127.19.218.65:42599): Illegal state: must be running to vote when last-logged opid is not known
I20260709 13:04:27.601255 21711 raft_consensus.cc:493] T 5cad708ce6e347489810b6e5960d254e P d55e72ddbcee4069afe0a9d0af821825 [term 0 FOLLOWER]: Starting pre-election (no leader contacted us within the election timeout)
W20260709 13:04:27.601567 21480 leader_election.cc:343] T 67d449947a3a4b68970ac3f2a0f822fd P edf549d33d354b9687e1b54c89f998ca [CANDIDATE]: Term 1 pre-election: Tablet error from VoteRequest() call to peer d55e72ddbcee4069afe0a9d0af821825 (127.19.218.67:40013): Illegal state: must be running to vote when last-logged opid is not known
I20260709 13:04:27.601665 21711 raft_consensus.cc:515] T 5cad708ce6e347489810b6e5960d254e P d55e72ddbcee4069afe0a9d0af821825 [term 0 FOLLOWER]: Starting pre-election with config: opid_index: -1 OBSOLETE_local: false peers { permanent_uuid: "8e1f9fd4a2e44409adb9a55bc2411858" member_type: VOTER last_known_addr { host: "127.19.218.65" port: 42599 } } peers { permanent_uuid: "edf549d33d354b9687e1b54c89f998ca" member_type: VOTER last_known_addr { host: "127.19.218.66" port: 40113 } } peers { permanent_uuid: "d55e72ddbcee4069afe0a9d0af821825" member_type: VOTER last_known_addr { host: "127.19.218.67" port: 40013 } }
I20260709 13:04:27.601951 21480 leader_election.cc:304] T 67d449947a3a4b68970ac3f2a0f822fd P edf549d33d354b9687e1b54c89f998ca [CANDIDATE]: Term 1 pre-election: Election decided. Result: candidate lost. Election summary: received 3 responses out of 3 voters: 1 yes votes; 2 no votes. yes voters: edf549d33d354b9687e1b54c89f998ca; no voters: 8e1f9fd4a2e44409adb9a55bc2411858, d55e72ddbcee4069afe0a9d0af821825
I20260709 13:04:27.602658 21631 tablet_bootstrap.cc:654] T 67d449947a3a4b68970ac3f2a0f822fd P d55e72ddbcee4069afe0a9d0af821825: Neither blocks nor log segments found. Creating new log.
I20260709 13:04:27.604723 21517 raft_consensus.cc:2468] T a9b6afcad62f4dc59f381097b22295ce P edf549d33d354b9687e1b54c89f998ca [term 1 FOLLOWER]: Leader election vote request: Granting yes vote for candidate 8e1f9fd4a2e44409adb9a55bc2411858 in term 1.
I20260709 13:04:27.603380 21711 leader_election.cc:290] T 5cad708ce6e347489810b6e5960d254e P d55e72ddbcee4069afe0a9d0af821825 [CANDIDATE]: Term 1 pre-election: Requested pre-vote from peers 8e1f9fd4a2e44409adb9a55bc2411858 (127.19.218.65:42599), edf549d33d354b9687e1b54c89f998ca (127.19.218.66:40113)
I20260709 13:04:27.609088 21405 leader_election.cc:304] T a9b6afcad62f4dc59f381097b22295ce P 8e1f9fd4a2e44409adb9a55bc2411858 [CANDIDATE]: Term 1 election: Election decided. Result: candidate won. Election summary: received 3 responses out of 3 voters: 2 yes votes; 1 no votes. yes voters: 8e1f9fd4a2e44409adb9a55bc2411858, edf549d33d354b9687e1b54c89f998ca; no voters: d55e72ddbcee4069afe0a9d0af821825
I20260709 13:04:27.609709 21730 raft_consensus.cc:2804] T a9b6afcad62f4dc59f381097b22295ce P 8e1f9fd4a2e44409adb9a55bc2411858 [term 1 FOLLOWER]: Leader election won for term 1
I20260709 13:04:27.608515 21436 tablet_service.cc:1917] Received RequestConsensusVote() RPC: tablet_id: "5cad708ce6e347489810b6e5960d254e" candidate_uuid: "d55e72ddbcee4069afe0a9d0af821825" candidate_term: 1 candidate_status { last_received { term: 0 index: 0 } } ignore_live_leader: false dest_uuid: "8e1f9fd4a2e44409adb9a55bc2411858" is_pre_election: true
I20260709 13:04:27.610121 21730 raft_consensus.cc:697] T a9b6afcad62f4dc59f381097b22295ce P 8e1f9fd4a2e44409adb9a55bc2411858 [term 1 LEADER]: Becoming Leader. State: Replica: 8e1f9fd4a2e44409adb9a55bc2411858, State: Running, Role: LEADER
I20260709 13:04:27.610306 21436 raft_consensus.cc:2468] T 5cad708ce6e347489810b6e5960d254e P 8e1f9fd4a2e44409adb9a55bc2411858 [term 0 FOLLOWER]: Leader pre-election vote request: Granting yes vote for candidate d55e72ddbcee4069afe0a9d0af821825 in term 0.
I20260709 13:04:27.610852 21730 consensus_queue.cc:237] T a9b6afcad62f4dc59f381097b22295ce P 8e1f9fd4a2e44409adb9a55bc2411858 [LEADER]: Queue going to LEADER mode. State: All replicated index: 0, Majority replicated index: 0, Committed index: 0, Last appended: 0.0, Last appended by leader: 0, Current term: 1, Majority size: 2, State: 0, Mode: LEADER, active raft config: opid_index: -1 OBSOLETE_local: false peers { permanent_uuid: "8e1f9fd4a2e44409adb9a55bc2411858" member_type: VOTER last_known_addr { host: "127.19.218.65" port: 42599 } } peers { permanent_uuid: "edf549d33d354b9687e1b54c89f998ca" member_type: VOTER last_known_addr { host: "127.19.218.66" port: 40113 } } peers { permanent_uuid: "d55e72ddbcee4069afe0a9d0af821825" member_type: VOTER last_known_addr { host: "127.19.218.67" port: 40013 } }
I20260709 13:04:27.604260 21735 raft_consensus.cc:2749] T 67d449947a3a4b68970ac3f2a0f822fd P edf549d33d354b9687e1b54c89f998ca [term 0 FOLLOWER]: Leader pre-election lost for term 1. Reason: could not achieve majority
I20260709 13:04:27.613760 21515 tablet_service.cc:1917] Received RequestConsensusVote() RPC: tablet_id: "5cad708ce6e347489810b6e5960d254e" candidate_uuid: "d55e72ddbcee4069afe0a9d0af821825" candidate_term: 1 candidate_status { last_received { term: 0 index: 0 } } ignore_live_leader: false dest_uuid: "edf549d33d354b9687e1b54c89f998ca" is_pre_election: true
W20260709 13:04:27.616878 21554 leader_election.cc:343] T 5cad708ce6e347489810b6e5960d254e P d55e72ddbcee4069afe0a9d0af821825 [CANDIDATE]: Term 1 pre-election: Tablet error from VoteRequest() call to peer edf549d33d354b9687e1b54c89f998ca (127.19.218.66:40113): Illegal state: must be running to vote when last-logged opid is not known
I20260709 13:04:27.617497 21554 leader_election.cc:304] T 5cad708ce6e347489810b6e5960d254e P d55e72ddbcee4069afe0a9d0af821825 [CANDIDATE]: Term 1 pre-election: Election decided. Result: candidate won. Election summary: received 3 responses out of 3 voters: 2 yes votes; 1 no votes. yes voters: 8e1f9fd4a2e44409adb9a55bc2411858, d55e72ddbcee4069afe0a9d0af821825; no voters: edf549d33d354b9687e1b54c89f998ca
I20260709 13:04:27.618188 21711 raft_consensus.cc:2804] T 5cad708ce6e347489810b6e5960d254e P d55e72ddbcee4069afe0a9d0af821825 [term 0 FOLLOWER]: Leader pre-election won for term 1
I20260709 13:04:27.618533 21711 raft_consensus.cc:493] T 5cad708ce6e347489810b6e5960d254e P d55e72ddbcee4069afe0a9d0af821825 [term 0 FOLLOWER]: Starting leader election (no leader contacted us within the election timeout)
I20260709 13:04:27.618813 21711 raft_consensus.cc:3060] T 5cad708ce6e347489810b6e5960d254e P d55e72ddbcee4069afe0a9d0af821825 [term 0 FOLLOWER]: Advancing to term 1
I20260709 13:04:27.637744 21630 tablet_bootstrap.cc:654] T 5cad708ce6e347489810b6e5960d254e P edf549d33d354b9687e1b54c89f998ca: Neither blocks nor log segments found. Creating new log.
I20260709 13:04:27.642495 21711 raft_consensus.cc:515] T 5cad708ce6e347489810b6e5960d254e P d55e72ddbcee4069afe0a9d0af821825 [term 1 FOLLOWER]: Starting leader election with config: opid_index: -1 OBSOLETE_local: false peers { permanent_uuid: "8e1f9fd4a2e44409adb9a55bc2411858" member_type: VOTER last_known_addr { host: "127.19.218.65" port: 42599 } } peers { permanent_uuid: "edf549d33d354b9687e1b54c89f998ca" member_type: VOTER last_known_addr { host: "127.19.218.66" port: 40113 } } peers { permanent_uuid: "d55e72ddbcee4069afe0a9d0af821825" member_type: VOTER last_known_addr { host: "127.19.218.67" port: 40013 } }
I20260709 13:04:27.644403 21711 leader_election.cc:290] T 5cad708ce6e347489810b6e5960d254e P d55e72ddbcee4069afe0a9d0af821825 [CANDIDATE]: Term 1 election: Requested vote from peers 8e1f9fd4a2e44409adb9a55bc2411858 (127.19.218.65:42599), edf549d33d354b9687e1b54c89f998ca (127.19.218.66:40113)
I20260709 13:04:27.648696 21436 tablet_service.cc:1917] Received RequestConsensusVote() RPC: tablet_id: "5cad708ce6e347489810b6e5960d254e" candidate_uuid: "d55e72ddbcee4069afe0a9d0af821825" candidate_term: 1 candidate_status { last_received { term: 0 index: 0 } } ignore_live_leader: false dest_uuid: "8e1f9fd4a2e44409adb9a55bc2411858"
I20260709 13:04:27.649276 21436 raft_consensus.cc:3060] T 5cad708ce6e347489810b6e5960d254e P 8e1f9fd4a2e44409adb9a55bc2411858 [term 0 FOLLOWER]: Advancing to term 1
I20260709 13:04:27.650664 21631 tablet_bootstrap.cc:492] T 67d449947a3a4b68970ac3f2a0f822fd P d55e72ddbcee4069afe0a9d0af821825: No bootstrap required, opened a new log
I20260709 13:04:27.651115 21631 ts_tablet_manager.cc:1403] T 67d449947a3a4b68970ac3f2a0f822fd P d55e72ddbcee4069afe0a9d0af821825: Time spent bootstrapping tablet: real 0.137s	user 0.012s	sys 0.000s
I20260709 13:04:27.653860 21632 tablet_bootstrap.cc:654] T 616c049ea7eb42dda36163c59a8f573b P 8e1f9fd4a2e44409adb9a55bc2411858: Neither blocks nor log segments found. Creating new log.
I20260709 13:04:27.654397 21631 raft_consensus.cc:359] T 67d449947a3a4b68970ac3f2a0f822fd P d55e72ddbcee4069afe0a9d0af821825 [term 0 FOLLOWER]: Replica starting. Triggering 0 pending ops. Active config: opid_index: -1 OBSOLETE_local: false peers { permanent_uuid: "8e1f9fd4a2e44409adb9a55bc2411858" member_type: VOTER last_known_addr { host: "127.19.218.65" port: 42599 } } peers { permanent_uuid: "edf549d33d354b9687e1b54c89f998ca" member_type: VOTER last_known_addr { host: "127.19.218.66" port: 40113 } } peers { permanent_uuid: "d55e72ddbcee4069afe0a9d0af821825" member_type: VOTER last_known_addr { host: "127.19.218.67" port: 40013 } }
I20260709 13:04:27.662827 21631 raft_consensus.cc:385] T 67d449947a3a4b68970ac3f2a0f822fd P d55e72ddbcee4069afe0a9d0af821825 [term 0 FOLLOWER]: Consensus starting up: Expiring failure detector timer to make a prompt election more likely
I20260709 13:04:27.663107 21631 raft_consensus.cc:740] T 67d449947a3a4b68970ac3f2a0f822fd P d55e72ddbcee4069afe0a9d0af821825 [term 0 FOLLOWER]: Becoming Follower/Learner. State: Replica: d55e72ddbcee4069afe0a9d0af821825, State: Initialized, Role: FOLLOWER
I20260709 13:04:27.663697 21631 consensus_queue.cc:260] T 67d449947a3a4b68970ac3f2a0f822fd P d55e72ddbcee4069afe0a9d0af821825 [NON_LEADER]: Queue going to NON_LEADER mode. State: All replicated index: 0, Majority replicated index: 0, Committed index: 0, Last appended: 0.0, Last appended by leader: 0, Current term: 0, Majority size: -1, State: 0, Mode: NON_LEADER, active raft config: opid_index: -1 OBSOLETE_local: false peers { permanent_uuid: "8e1f9fd4a2e44409adb9a55bc2411858" member_type: VOTER last_known_addr { host: "127.19.218.65" port: 42599 } } peers { permanent_uuid: "edf549d33d354b9687e1b54c89f998ca" member_type: VOTER last_known_addr { host: "127.19.218.66" port: 40113 } } peers { permanent_uuid: "d55e72ddbcee4069afe0a9d0af821825" member_type: VOTER last_known_addr { host: "127.19.218.67" port: 40013 } }
I20260709 13:04:27.665786 21631 ts_tablet_manager.cc:1434] T 67d449947a3a4b68970ac3f2a0f822fd P d55e72ddbcee4069afe0a9d0af821825: Time spent starting tablet: real 0.014s	user 0.005s	sys 0.000s
I20260709 13:04:27.666718 21631 tablet_bootstrap.cc:492] T a9b6afcad62f4dc59f381097b22295ce P d55e72ddbcee4069afe0a9d0af821825: Bootstrap starting.
I20260709 13:04:27.650667 21630 tablet_bootstrap.cc:492] T 5cad708ce6e347489810b6e5960d254e P edf549d33d354b9687e1b54c89f998ca: No bootstrap required, opened a new log
I20260709 13:04:27.669076 21630 ts_tablet_manager.cc:1403] T 5cad708ce6e347489810b6e5960d254e P edf549d33d354b9687e1b54c89f998ca: Time spent bootstrapping tablet: real 0.079s	user 0.008s	sys 0.004s
I20260709 13:04:27.671690 21630 raft_consensus.cc:359] T 5cad708ce6e347489810b6e5960d254e P edf549d33d354b9687e1b54c89f998ca [term 0 FOLLOWER]: Replica starting. Triggering 0 pending ops. Active config: opid_index: -1 OBSOLETE_local: false peers { permanent_uuid: "8e1f9fd4a2e44409adb9a55bc2411858" member_type: VOTER last_known_addr { host: "127.19.218.65" port: 42599 } } peers { permanent_uuid: "edf549d33d354b9687e1b54c89f998ca" member_type: VOTER last_known_addr { host: "127.19.218.66" port: 40113 } } peers { permanent_uuid: "d55e72ddbcee4069afe0a9d0af821825" member_type: VOTER last_known_addr { host: "127.19.218.67" port: 40013 } }
