I20260709 13:04:14.687320 15244 ts_tablet_manager.cc:1403] T acff7f31b34548298fec869197a6d7c0 P c193eda61d1f4284aa78de9c368807c7: Time spent bootstrapping tablet: real 0.181s	user 0.024s	sys 0.010s
I20260709 13:04:14.699815 15246 tablet_bootstrap.cc:492] T c0dafc57b0a947c0b6085486c20f4517 P 7038425c168a456ba7391e5bfedf67d5: No bootstrap required, opened a new log
I20260709 13:04:14.701051 15246 ts_tablet_manager.cc:1403] T c0dafc57b0a947c0b6085486c20f4517 P 7038425c168a456ba7391e5bfedf67d5: Time spent bootstrapping tablet: real 0.227s	user 0.012s	sys 0.007s
I20260709 13:04:14.705636 15246 raft_consensus.cc:359] T c0dafc57b0a947c0b6085486c20f4517 P 7038425c168a456ba7391e5bfedf67d5 [term 0 FOLLOWER]: Replica starting. Triggering 0 pending ops. Active config: opid_index: -1 OBSOLETE_local: false peers { permanent_uuid: "c193eda61d1f4284aa78de9c368807c7" member_type: VOTER last_known_addr { host: "127.13.148.129" port: 37023 } } peers { permanent_uuid: "7038425c168a456ba7391e5bfedf67d5" member_type: VOTER last_known_addr { host: "127.13.148.130" port: 33329 } } peers { permanent_uuid: "8fd649d80b0c4282a33efeafdb84c1b9" member_type: VOTER last_known_addr { host: "127.13.148.131" port: 44443 } }
I20260709 13:04:14.706578 15246 raft_consensus.cc:385] T c0dafc57b0a947c0b6085486c20f4517 P 7038425c168a456ba7391e5bfedf67d5 [term 0 FOLLOWER]: Consensus starting up: Expiring failure detector timer to make a prompt election more likely
I20260709 13:04:14.706882 15246 raft_consensus.cc:740] T c0dafc57b0a947c0b6085486c20f4517 P 7038425c168a456ba7391e5bfedf67d5 [term 0 FOLLOWER]: Becoming Follower/Learner. State: Replica: 7038425c168a456ba7391e5bfedf67d5, State: Initialized, Role: FOLLOWER
I20260709 13:04:14.712548 15299 consensus_queue.cc:1048] T 11ac392c7bd04229a10407db1868d689 P c193eda61d1f4284aa78de9c368807c7 [LEADER]: Connected to new peer: Peer: permanent_uuid: "7038425c168a456ba7391e5bfedf67d5" member_type: VOTER last_known_addr { host: "127.13.148.130" port: 33329 }, Status: LMP_MISMATCH, Last received: 0.0, Next index: 1, Last known committed idx: 0, Time since last communication: 0.002s
I20260709 13:04:14.714680 15244 raft_consensus.cc:359] T acff7f31b34548298fec869197a6d7c0 P c193eda61d1f4284aa78de9c368807c7 [term 0 FOLLOWER]: Replica starting. Triggering 0 pending ops. Active config: opid_index: -1 OBSOLETE_local: false peers { permanent_uuid: "c193eda61d1f4284aa78de9c368807c7" member_type: VOTER last_known_addr { host: "127.13.148.129" port: 37023 } } peers { permanent_uuid: "7038425c168a456ba7391e5bfedf67d5" member_type: VOTER last_known_addr { host: "127.13.148.130" port: 33329 } } peers { permanent_uuid: "8fd649d80b0c4282a33efeafdb84c1b9" member_type: VOTER last_known_addr { host: "127.13.148.131" port: 44443 } }
I20260709 13:04:14.715358 15244 raft_consensus.cc:385] T acff7f31b34548298fec869197a6d7c0 P c193eda61d1f4284aa78de9c368807c7 [term 0 FOLLOWER]: Consensus starting up: Expiring failure detector timer to make a prompt election more likely
I20260709 13:04:14.715663 15244 raft_consensus.cc:740] T acff7f31b34548298fec869197a6d7c0 P c193eda61d1f4284aa78de9c368807c7 [term 0 FOLLOWER]: Becoming Follower/Learner. State: Replica: c193eda61d1f4284aa78de9c368807c7, State: Initialized, Role: FOLLOWER
I20260709 13:04:14.716506 15244 consensus_queue.cc:260] T acff7f31b34548298fec869197a6d7c0 P c193eda61d1f4284aa78de9c368807c7 [NON_LEADER]: Queue going to NON_LEADER mode. State: All replicated index: 0, Majority replicated index: 0, Committed index: 0, Last appended: 0.0, Last appended by leader: 0, Current term: 0, Majority size: -1, State: 0, Mode: NON_LEADER, active raft config: opid_index: -1 OBSOLETE_local: false peers { permanent_uuid: "c193eda61d1f4284aa78de9c368807c7" member_type: VOTER last_known_addr { host: "127.13.148.129" port: 37023 } } peers { permanent_uuid: "7038425c168a456ba7391e5bfedf67d5" member_type: VOTER last_known_addr { host: "127.13.148.130" port: 33329 } } peers { permanent_uuid: "8fd649d80b0c4282a33efeafdb84c1b9" member_type: VOTER last_known_addr { host: "127.13.148.131" port: 44443 } }
I20260709 13:04:14.719002 15244 ts_tablet_manager.cc:1434] T acff7f31b34548298fec869197a6d7c0 P c193eda61d1f4284aa78de9c368807c7: Time spent starting tablet: real 0.031s	user 0.004s	sys 0.002s
I20260709 13:04:14.727752 15246 consensus_queue.cc:260] T c0dafc57b0a947c0b6085486c20f4517 P 7038425c168a456ba7391e5bfedf67d5 [NON_LEADER]: Queue going to NON_LEADER mode. State: All replicated index: 0, Majority replicated index: 0, Committed index: 0, Last appended: 0.0, Last appended by leader: 0, Current term: 0, Majority size: -1, State: 0, Mode: NON_LEADER, active raft config: opid_index: -1 OBSOLETE_local: false peers { permanent_uuid: "c193eda61d1f4284aa78de9c368807c7" member_type: VOTER last_known_addr { host: "127.13.148.129" port: 37023 } } peers { permanent_uuid: "7038425c168a456ba7391e5bfedf67d5" member_type: VOTER last_known_addr { host: "127.13.148.130" port: 33329 } } peers { permanent_uuid: "8fd649d80b0c4282a33efeafdb84c1b9" member_type: VOTER last_known_addr { host: "127.13.148.131" port: 44443 } }
I20260709 13:04:14.730520 15244 tablet_bootstrap.cc:492] T 966048bace8545bc88c13bc2b9359d23 P c193eda61d1f4284aa78de9c368807c7: Bootstrap starting.
I20260709 13:04:14.716804 15297 raft_consensus.cc:697] T af7e79c02e5844d6a3e7added1c1b288 P c193eda61d1f4284aa78de9c368807c7 [term 1 LEADER]: Becoming Leader. State: Replica: c193eda61d1f4284aa78de9c368807c7, State: Running, Role: LEADER
I20260709 13:04:14.733700 15243 tablet_bootstrap.cc:492] T 53061aa498154882b328fb127631c5df P 8fd649d80b0c4282a33efeafdb84c1b9: No bootstrap required, opened a new log
I20260709 13:04:14.734411 15243 ts_tablet_manager.cc:1403] T 53061aa498154882b328fb127631c5df P 8fd649d80b0c4282a33efeafdb84c1b9: Time spent bootstrapping tablet: real 0.213s	user 0.013s	sys 0.018s
I20260709 13:04:14.738300 15246 ts_tablet_manager.cc:1434] T c0dafc57b0a947c0b6085486c20f4517 P 7038425c168a456ba7391e5bfedf67d5: Time spent starting tablet: real 0.037s	user 0.009s	sys 0.000s
I20260709 13:04:14.739528 15246 tablet_bootstrap.cc:492] T fd36de8771a340fe82f90c80c8a91217 P 7038425c168a456ba7391e5bfedf67d5: Bootstrap starting.
I20260709 13:04:14.742331 15369 consensus_queue.cc:1048] T 78a8be82f8394b78b2b3adfc9d769e29 P c193eda61d1f4284aa78de9c368807c7 [LEADER]: Connected to new peer: Peer: permanent_uuid: "8fd649d80b0c4282a33efeafdb84c1b9" member_type: VOTER last_known_addr { host: "127.13.148.131" port: 44443 }, Status: LMP_MISMATCH, Last received: 0.0, Next index: 1, Last known committed idx: 0, Time since last communication: 0.001s
I20260709 13:04:14.743383 15198 raft_consensus.cc:2468] T 911aae01d69f4076b7eacbbdaa0fb458 P 8fd649d80b0c4282a33efeafdb84c1b9 [term 1 FOLLOWER]: Leader election vote request: Granting yes vote for candidate 7038425c168a456ba7391e5bfedf67d5 in term 1.
W20260709 13:04:14.736465 15020 outbound_call.cc:321] RPC callback for RPC call kudu.consensus.ConsensusService.UpdateConsensus -> {remote=127.13.148.130:33329, user_credentials={real_user=slave}} blocked reactor thread for 46048.8us
I20260709 13:04:14.765394 15315 raft_consensus.cc:493] T 67fa24b90538468c99f813f236413ebc P 7038425c168a456ba7391e5bfedf67d5 [term 0 FOLLOWER]: Starting pre-election (no leader contacted us within the election timeout)
I20260709 13:04:14.773623 15315 raft_consensus.cc:515] T 67fa24b90538468c99f813f236413ebc P 7038425c168a456ba7391e5bfedf67d5 [term 0 FOLLOWER]: Starting pre-election with config: opid_index: -1 OBSOLETE_local: false peers { permanent_uuid: "c193eda61d1f4284aa78de9c368807c7" member_type: VOTER last_known_addr { host: "127.13.148.129" port: 37023 } } peers { permanent_uuid: "7038425c168a456ba7391e5bfedf67d5" member_type: VOTER last_known_addr { host: "127.13.148.130" port: 33329 } } peers { permanent_uuid: "8fd649d80b0c4282a33efeafdb84c1b9" member_type: VOTER last_known_addr { host: "127.13.148.131" port: 44443 } }
I20260709 13:04:14.781034 15315 leader_election.cc:290] T 67fa24b90538468c99f813f236413ebc P 7038425c168a456ba7391e5bfedf67d5 [CANDIDATE]: Term 1 pre-election: Requested pre-vote from peers c193eda61d1f4284aa78de9c368807c7 (127.13.148.129:37023), 8fd649d80b0c4282a33efeafdb84c1b9 (127.13.148.131:44443)
I20260709 13:04:14.782889 15203 tablet_service.cc:1917] Received RequestConsensusVote() RPC: tablet_id: "67fa24b90538468c99f813f236413ebc" candidate_uuid: "7038425c168a456ba7391e5bfedf67d5" candidate_term: 1 candidate_status { last_received { term: 0 index: 0 } } ignore_live_leader: false dest_uuid: "8fd649d80b0c4282a33efeafdb84c1b9" is_pre_election: true
I20260709 13:04:14.782974 15372 consensus_queue.cc:1048] T a70380f370a84cf9973d4e263a04b064 P 8fd649d80b0c4282a33efeafdb84c1b9 [LEADER]: Connected to new peer: Peer: permanent_uuid: "7038425c168a456ba7391e5bfedf67d5" member_type: VOTER last_known_addr { host: "127.13.148.130" port: 33329 }, Status: LMP_MISMATCH, Last received: 0.0, Next index: 1, Last known committed idx: 0, Time since last communication: 0.001s
I20260709 13:04:14.783725 15203 raft_consensus.cc:2468] T 67fa24b90538468c99f813f236413ebc P 8fd649d80b0c4282a33efeafdb84c1b9 [term 0 FOLLOWER]: Leader pre-election vote request: Granting yes vote for candidate 7038425c168a456ba7391e5bfedf67d5 in term 0.
I20260709 13:04:14.785092 15093 leader_election.cc:304] T 67fa24b90538468c99f813f236413ebc P 7038425c168a456ba7391e5bfedf67d5 [CANDIDATE]: Term 1 pre-election: Election decided. Result: candidate won. Election summary: received 2 responses out of 3 voters: 2 yes votes; 0 no votes. yes voters: 7038425c168a456ba7391e5bfedf67d5, 8fd649d80b0c4282a33efeafdb84c1b9; no voters: 
I20260709 13:04:14.758747 15297 consensus_queue.cc:237] T af7e79c02e5844d6a3e7added1c1b288 P c193eda61d1f4284aa78de9c368807c7 [LEADER]: Queue going to LEADER mode. State: All replicated index: 0, Majority replicated index: 0, Committed index: 0, Last appended: 0.0, Last appended by leader: 0, Current term: 1, Majority size: 2, State: 0, Mode: LEADER, active raft config: opid_index: -1 OBSOLETE_local: false peers { permanent_uuid: "c193eda61d1f4284aa78de9c368807c7" member_type: VOTER last_known_addr { host: "127.13.148.129" port: 37023 } } peers { permanent_uuid: "7038425c168a456ba7391e5bfedf67d5" member_type: VOTER last_known_addr { host: "127.13.148.130" port: 33329 } } peers { permanent_uuid: "8fd649d80b0c4282a33efeafdb84c1b9" member_type: VOTER last_known_addr { host: "127.13.148.131" port: 44443 } }
I20260709 13:04:14.787456 15315 raft_consensus.cc:2804] T 67fa24b90538468c99f813f236413ebc P 7038425c168a456ba7391e5bfedf67d5 [term 0 FOLLOWER]: Leader pre-election won for term 1
I20260709 13:04:14.788028 15315 raft_consensus.cc:493] T 67fa24b90538468c99f813f236413ebc P 7038425c168a456ba7391e5bfedf67d5 [term 0 FOLLOWER]: Starting leader election (no leader contacted us within the election timeout)
I20260709 13:04:14.794723 15315 raft_consensus.cc:3060] T 67fa24b90538468c99f813f236413ebc P 7038425c168a456ba7391e5bfedf67d5 [term 0 FOLLOWER]: Advancing to term 1
I20260709 13:04:14.805940 15244 tablet_bootstrap.cc:654] T 966048bace8545bc88c13bc2b9359d23 P c193eda61d1f4284aa78de9c368807c7: Neither blocks nor log segments found. Creating new log.
I20260709 13:04:14.807240 15243 raft_consensus.cc:359] T 53061aa498154882b328fb127631c5df P 8fd649d80b0c4282a33efeafdb84c1b9 [term 0 FOLLOWER]: Replica starting. Triggering 0 pending ops. Active config: opid_index: -1 OBSOLETE_local: false peers { permanent_uuid: "c193eda61d1f4284aa78de9c368807c7" member_type: VOTER last_known_addr { host: "127.13.148.129" port: 37023 } } peers { permanent_uuid: "7038425c168a456ba7391e5bfedf67d5" member_type: VOTER last_known_addr { host: "127.13.148.130" port: 33329 } } peers { permanent_uuid: "8fd649d80b0c4282a33efeafdb84c1b9" member_type: VOTER last_known_addr { host: "127.13.148.131" port: 44443 } }
I20260709 13:04:14.808162 15243 raft_consensus.cc:385] T 53061aa498154882b328fb127631c5df P 8fd649d80b0c4282a33efeafdb84c1b9 [term 0 FOLLOWER]: Consensus starting up: Expiring failure detector timer to make a prompt election more likely
I20260709 13:04:14.808523 15243 raft_consensus.cc:740] T 53061aa498154882b328fb127631c5df P 8fd649d80b0c4282a33efeafdb84c1b9 [term 0 FOLLOWER]: Becoming Follower/Learner. State: Replica: 8fd649d80b0c4282a33efeafdb84c1b9, State: Initialized, Role: FOLLOWER
I20260709 13:04:14.804507 14951 catalog_manager.cc:5697] T fd36de8771a340fe82f90c80c8a91217 P c193eda61d1f4284aa78de9c368807c7 reported cstate change: term changed from 0 to 1, leader changed from <none> to c193eda61d1f4284aa78de9c368807c7 (127.13.148.129). New cstate: current_term: 1 leader_uuid: "c193eda61d1f4284aa78de9c368807c7" committed_config { opid_index: -1 OBSOLETE_local: false peers { permanent_uuid: "c193eda61d1f4284aa78de9c368807c7" member_type: VOTER last_known_addr { host: "127.13.148.129" port: 37023 } health_report { overall_health: HEALTHY } } peers { permanent_uuid: "7038425c168a456ba7391e5bfedf67d5" member_type: VOTER last_known_addr { host: "127.13.148.130" port: 33329 } health_report { overall_health: UNKNOWN } } peers { permanent_uuid: "8fd649d80b0c4282a33efeafdb84c1b9" member_type: VOTER last_known_addr { host: "127.13.148.131" port: 44443 } health_report { overall_health: UNKNOWN } } }
I20260709 13:04:14.818953 15243 consensus_queue.cc:260] T 53061aa498154882b328fb127631c5df P 8fd649d80b0c4282a33efeafdb84c1b9 [NON_LEADER]: Queue going to NON_LEADER mode. State: All replicated index: 0, Majority replicated index: 0, Committed index: 0, Last appended: 0.0, Last appended by leader: 0, Current term: 0, Majority size: -1, State: 0, Mode: NON_LEADER, active raft config: opid_index: -1 OBSOLETE_local: false peers { permanent_uuid: "c193eda61d1f4284aa78de9c368807c7" member_type: VOTER last_known_addr { host: "127.13.148.129" port: 37023 } } peers { permanent_uuid: "7038425c168a456ba7391e5bfedf67d5" member_type: VOTER last_known_addr { host: "127.13.148.130" port: 33329 } } peers { permanent_uuid: "8fd649d80b0c4282a33efeafdb84c1b9" member_type: VOTER last_known_addr { host: "127.13.148.131" port: 44443 } }
I20260709 13:04:14.822994 14948 catalog_manager.cc:5697] T 911aae01d69f4076b7eacbbdaa0fb458 P 7038425c168a456ba7391e5bfedf67d5 reported cstate change: term changed from 0 to 1, leader changed from <none> to 7038425c168a456ba7391e5bfedf67d5 (127.13.148.130). New cstate: current_term: 1 leader_uuid: "7038425c168a456ba7391e5bfedf67d5" committed_config { opid_index: -1 OBSOLETE_local: false peers { permanent_uuid: "c193eda61d1f4284aa78de9c368807c7" member_type: VOTER last_known_addr { host: "127.13.148.129" port: 37023 } health_report { overall_health: UNKNOWN } } peers { permanent_uuid: "7038425c168a456ba7391e5bfedf67d5" member_type: VOTER last_known_addr { host: "127.13.148.130" port: 33329 } health_report { overall_health: HEALTHY } } peers { permanent_uuid: "8fd649d80b0c4282a33efeafdb84c1b9" member_type: VOTER last_known_addr { host: "127.13.148.131" port: 44443 } health_report { overall_health: UNKNOWN } } }
I20260709 13:04:14.826351 15243 ts_tablet_manager.cc:1434] T 53061aa498154882b328fb127631c5df P 8fd649d80b0c4282a33efeafdb84c1b9: Time spent starting tablet: real 0.090s	user 0.007s	sys 0.000s
I20260709 13:04:14.827649 15243 tablet_bootstrap.cc:492] T acff7f31b34548298fec869197a6d7c0 P 8fd649d80b0c4282a33efeafdb84c1b9: Bootstrap starting.
I20260709 13:04:14.838231 15052 tablet_service.cc:1917] Received RequestConsensusVote() RPC: tablet_id: "67fa24b90538468c99f813f236413ebc" candidate_uuid: "7038425c168a456ba7391e5bfedf67d5" candidate_term: 1 candidate_status { last_received { term: 0 index: 0 } } ignore_live_leader: false dest_uuid: "c193eda61d1f4284aa78de9c368807c7" is_pre_election: true
I20260709 13:04:14.840190 15372 consensus_queue.cc:1048] T a70380f370a84cf9973d4e263a04b064 P 8fd649d80b0c4282a33efeafdb84c1b9 [LEADER]: Connected to new peer: Peer: permanent_uuid: "c193eda61d1f4284aa78de9c368807c7" member_type: VOTER last_known_addr { host: "127.13.148.129" port: 37023 }, Status: LMP_MISMATCH, Last received: 0.0, Next index: 1, Last known committed idx: 0, Time since last communication: 0.000s
I20260709 13:04:14.854708 15372 raft_consensus.cc:493] T 378556f182114dcfbe70009f46f9a39e P 8fd649d80b0c4282a33efeafdb84c1b9 [term 0 FOLLOWER]: Starting pre-election (no leader contacted us within the election timeout)
I20260709 13:04:14.855502 15372 raft_consensus.cc:515] T 378556f182114dcfbe70009f46f9a39e P 8fd649d80b0c4282a33efeafdb84c1b9 [term 0 FOLLOWER]: Starting pre-election with config: opid_index: -1 OBSOLETE_local: false peers { permanent_uuid: "c193eda61d1f4284aa78de9c368807c7" member_type: VOTER last_known_addr { host: "127.13.148.129" port: 37023 } } peers { permanent_uuid: "7038425c168a456ba7391e5bfedf67d5" member_type: VOTER last_known_addr { host: "127.13.148.130" port: 33329 } } peers { permanent_uuid: "8fd649d80b0c4282a33efeafdb84c1b9" member_type: VOTER last_known_addr { host: "127.13.148.131" port: 44443 } }
I20260709 13:04:14.857455 15371 consensus_queue.cc:1048] T e444cb7f64ef4ab992b1bee07141d51f P c193eda61d1f4284aa78de9c368807c7 [LEADER]: Connected to new peer: Peer: permanent_uuid: "8fd649d80b0c4282a33efeafdb84c1b9" member_type: VOTER last_known_addr { host: "127.13.148.131" port: 44443 }, Status: LMP_MISMATCH, Last received: 0.0, Next index: 1, Last known committed idx: 0, Time since last communication: 0.002s
I20260709 13:04:14.860205 15372 leader_election.cc:290] T 378556f182114dcfbe70009f46f9a39e P 8fd649d80b0c4282a33efeafdb84c1b9 [CANDIDATE]: Term 1 pre-election: Requested pre-vote from peers c193eda61d1f4284aa78de9c368807c7 (127.13.148.129:37023), 7038425c168a456ba7391e5bfedf67d5 (127.13.148.130:33329)
I20260709 13:04:14.862139 15126 tablet_service.cc:1917] Received RequestConsensusVote() RPC: tablet_id: "378556f182114dcfbe70009f46f9a39e" candidate_uuid: "8fd649d80b0c4282a33efeafdb84c1b9" candidate_term: 1 candidate_status { last_received { term: 0 index: 0 } } ignore_live_leader: false dest_uuid: "7038425c168a456ba7391e5bfedf67d5" is_pre_election: true
W20260709 13:04:14.865694 15169 leader_election.cc:343] T 378556f182114dcfbe70009f46f9a39e P 8fd649d80b0c4282a33efeafdb84c1b9 [CANDIDATE]: Term 1 pre-election: Tablet error from VoteRequest() call to peer 7038425c168a456ba7391e5bfedf67d5 (127.13.148.130:33329): Illegal state: must be running to vote when last-logged opid is not known
I20260709 13:04:14.865710 15244 tablet_bootstrap.cc:492] T 966048bace8545bc88c13bc2b9359d23 P c193eda61d1f4284aa78de9c368807c7: No bootstrap required, opened a new log
I20260709 13:04:14.866871 15244 ts_tablet_manager.cc:1403] T 966048bace8545bc88c13bc2b9359d23 P c193eda61d1f4284aa78de9c368807c7: Time spent bootstrapping tablet: real 0.137s	user 0.004s	sys 0.023s
I20260709 13:04:14.860623 15297 consensus_queue.cc:1048] T 78a8be82f8394b78b2b3adfc9d769e29 P c193eda61d1f4284aa78de9c368807c7 [LEADER]: Connected to new peer: Peer: permanent_uuid: "7038425c168a456ba7391e5bfedf67d5" member_type: VOTER last_known_addr { host: "127.13.148.130" port: 33329 }, Status: LMP_MISMATCH, Last received: 0.0, Next index: 1, Last known committed idx: 0, Time since last communication: 0.001s
I20260709 13:04:14.858978 15315 raft_consensus.cc:515] T 67fa24b90538468c99f813f236413ebc P 7038425c168a456ba7391e5bfedf67d5 [term 1 FOLLOWER]: Starting leader election with config: opid_index: -1 OBSOLETE_local: false peers { permanent_uuid: "c193eda61d1f4284aa78de9c368807c7" member_type: VOTER last_known_addr { host: "127.13.148.129" port: 37023 } } peers { permanent_uuid: "7038425c168a456ba7391e5bfedf67d5" member_type: VOTER last_known_addr { host: "127.13.148.130" port: 33329 } } peers { permanent_uuid: "8fd649d80b0c4282a33efeafdb84c1b9" member_type: VOTER last_known_addr { host: "127.13.148.131" port: 44443 } }
I20260709 13:04:14.873168 15246 tablet_bootstrap.cc:654] T fd36de8771a340fe82f90c80c8a91217 P 7038425c168a456ba7391e5bfedf67d5: Neither blocks nor log segments found. Creating new log.
W20260709 13:04:14.869230 15020 consensus_peers.cc:597] T 008012f751c14227b826d903bf5ffc8c P c193eda61d1f4284aa78de9c368807c7 -> Peer 7038425c168a456ba7391e5bfedf67d5 (127.13.148.130:33329): Couldn't send request to peer 7038425c168a456ba7391e5bfedf67d5. Error code: TABLET_NOT_RUNNING (12). Status: Illegal state: Tablet not RUNNING: INITIALIZED. This is attempt 1: this message will repeat every 5th retry.
I20260709 13:04:14.877075 15371 consensus_queue.cc:1048] T e444cb7f64ef4ab992b1bee07141d51f P c193eda61d1f4284aa78de9c368807c7 [LEADER]: Connected to new peer: Peer: permanent_uuid: "7038425c168a456ba7391e5bfedf67d5" member_type: VOTER last_known_addr { host: "127.13.148.130" port: 33329 }, Status: LMP_MISMATCH, Last received: 0.0, Next index: 1, Last known committed idx: 0, Time since last communication: 0.000s
I20260709 13:04:14.881500 15315 leader_election.cc:290] T 67fa24b90538468c99f813f236413ebc P 7038425c168a456ba7391e5bfedf67d5 [CANDIDATE]: Term 1 election: Requested vote from peers c193eda61d1f4284aa78de9c368807c7 (127.13.148.129:37023), 8fd649d80b0c4282a33efeafdb84c1b9 (127.13.148.131:44443)
I20260709 13:04:14.882325 15201 tablet_service.cc:1917] Received RequestConsensusVote() RPC: tablet_id: "67fa24b90538468c99f813f236413ebc" candidate_uuid: "7038425c168a456ba7391e5bfedf67d5" candidate_term: 1 candidate_status { last_received { term: 0 index: 0 } } ignore_live_leader: false dest_uuid: "8fd649d80b0c4282a33efeafdb84c1b9"
I20260709 13:04:14.883116 15201 raft_consensus.cc:3060] T 67fa24b90538468c99f813f236413ebc P 8fd649d80b0c4282a33efeafdb84c1b9 [term 0 FOLLOWER]: Advancing to term 1
W20260709 13:04:14.885934 15092 leader_election.cc:343] T 67fa24b90538468c99f813f236413ebc P 7038425c168a456ba7391e5bfedf67d5 [CANDIDATE]: Term 1 pre-election: Tablet error from VoteRequest() call to peer c193eda61d1f4284aa78de9c368807c7 (127.13.148.129:37023): Illegal state: must be running to vote when last-logged opid is not known
I20260709 13:04:14.892961 15201 raft_consensus.cc:2468] T 67fa24b90538468c99f813f236413ebc P 8fd649d80b0c4282a33efeafdb84c1b9 [term 1 FOLLOWER]: Leader election vote request: Granting yes vote for candidate 7038425c168a456ba7391e5bfedf67d5 in term 1.
I20260709 13:04:14.894987 15243 tablet_bootstrap.cc:654] T acff7f31b34548298fec869197a6d7c0 P 8fd649d80b0c4282a33efeafdb84c1b9: Neither blocks nor log segments found. Creating new log.
I20260709 13:04:14.894871 15093 leader_election.cc:304] T 67fa24b90538468c99f813f236413ebc P 7038425c168a456ba7391e5bfedf67d5 [CANDIDATE]: Term 1 election: Election decided. Result: candidate won. Election summary: received 2 responses out of 3 voters: 2 yes votes; 0 no votes. yes voters: 7038425c168a456ba7391e5bfedf67d5, 8fd649d80b0c4282a33efeafdb84c1b9; no voters: 
I20260709 13:04:14.896068 15315 raft_consensus.cc:2804] T 67fa24b90538468c99f813f236413ebc P 7038425c168a456ba7391e5bfedf67d5 [term 1 FOLLOWER]: Leader election won for term 1
I20260709 13:04:14.895799 15244 raft_consensus.cc:359] T 966048bace8545bc88c13bc2b9359d23 P c193eda61d1f4284aa78de9c368807c7 [term 0 FOLLOWER]: Replica starting. Triggering 0 pending ops. Active config: opid_index: -1 OBSOLETE_local: false peers { permanent_uuid: "c193eda61d1f4284aa78de9c368807c7" member_type: VOTER last_known_addr { host: "127.13.148.129" port: 37023 } } peers { permanent_uuid: "7038425c168a456ba7391e5bfedf67d5" member_type: VOTER last_known_addr { host: "127.13.148.130" port: 33329 } } peers { permanent_uuid: "8fd649d80b0c4282a33efeafdb84c1b9" member_type: VOTER last_known_addr { host: "127.13.148.131" port: 44443 } }
I20260709 13:04:14.897732 15244 raft_consensus.cc:385] T 966048bace8545bc88c13bc2b9359d23 P c193eda61d1f4284aa78de9c368807c7 [term 0 FOLLOWER]: Consensus starting up: Expiring failure detector timer to make a prompt election more likely
I20260709 13:04:14.898026 15244 raft_consensus.cc:740] T 966048bace8545bc88c13bc2b9359d23 P c193eda61d1f4284aa78de9c368807c7 [term 0 FOLLOWER]: Becoming Follower/Learner. State: Replica: c193eda61d1f4284aa78de9c368807c7, State: Initialized, Role: FOLLOWER
I20260709 13:04:14.898658 15244 consensus_queue.cc:260] T 966048bace8545bc88c13bc2b9359d23 P c193eda61d1f4284aa78de9c368807c7 [NON_LEADER]: Queue going to NON_LEADER mode. State: All replicated index: 0, Majority replicated index: 0, Committed index: 0, Last appended: 0.0, Last appended by leader: 0, Current term: 0, Majority size: -1, State: 0, Mode: NON_LEADER, active raft config: opid_index: -1 OBSOLETE_local: false peers { permanent_uuid: "c193eda61d1f4284aa78de9c368807c7" member_type: VOTER last_known_addr { host: "127.13.148.129" port: 37023 } } peers { permanent_uuid: "7038425c168a456ba7391e5bfedf67d5" member_type: VOTER last_known_addr { host: "127.13.148.130" port: 33329 } } peers { permanent_uuid: "8fd649d80b0c4282a33efeafdb84c1b9" member_type: VOTER last_known_addr { host: "127.13.148.131" port: 44443 } }
I20260709 13:04:14.896749 15315 raft_consensus.cc:697] T 67fa24b90538468c99f813f236413ebc P 7038425c168a456ba7391e5bfedf67d5 [term 1 LEADER]: Becoming Leader. State: Replica: 7038425c168a456ba7391e5bfedf67d5, State: Running, Role: LEADER
I20260709 13:04:14.900382 15315 consensus_queue.cc:237] T 67fa24b90538468c99f813f236413ebc P 7038425c168a456ba7391e5bfedf67d5 [LEADER]: Queue going to LEADER mode. State: All replicated index: 0, Majority replicated index: 0, Committed index: 0, Last appended: 0.0, Last appended by leader: 0, Current term: 1, Majority size: 2, State: 0, Mode: LEADER, active raft config: opid_index: -1 OBSOLETE_local: false peers { permanent_uuid: "c193eda61d1f4284aa78de9c368807c7" member_type: VOTER last_known_addr { host: "127.13.148.129" port: 37023 } } peers { permanent_uuid: "7038425c168a456ba7391e5bfedf67d5" member_type: VOTER last_known_addr { host: "127.13.148.130" port: 33329 } } peers { permanent_uuid: "8fd649d80b0c4282a33efeafdb84c1b9" member_type: VOTER last_known_addr { host: "127.13.148.131" port: 44443 } }
I20260709 13:04:14.904589 14949 catalog_manager.cc:5697] T af7e79c02e5844d6a3e7added1c1b288 P c193eda61d1f4284aa78de9c368807c7 reported cstate change: term changed from 0 to 1, leader changed from <none> to c193eda61d1f4284aa78de9c368807c7 (127.13.148.129). New cstate: current_term: 1 leader_uuid: "c193eda61d1f4284aa78de9c368807c7" committed_config { opid_index: -1 OBSOLETE_local: false peers { permanent_uuid: "c193eda61d1f4284aa78de9c368807c7" member_type: VOTER last_known_addr { host: "127.13.148.129" port: 37023 } health_report { overall_health: HEALTHY } } peers { permanent_uuid: "7038425c168a456ba7391e5bfedf67d5" member_type: VOTER last_known_addr { host: "127.13.148.130" port: 33329 } health_report { overall_health: UNKNOWN } } peers { permanent_uuid: "8fd649d80b0c4282a33efeafdb84c1b9" member_type: VOTER last_known_addr { host: "127.13.148.131" port: 44443 } health_report { overall_health: UNKNOWN } } }
I20260709 13:04:14.907949 15371 consensus_queue.cc:1048] T 008012f751c14227b826d903bf5ffc8c P c193eda61d1f4284aa78de9c368807c7 [LEADER]: Connected to new peer: Peer: permanent_uuid: "8fd649d80b0c4282a33efeafdb84c1b9" member_type: VOTER last_known_addr { host: "127.13.148.131" port: 44443 }, Status: LMP_MISMATCH, Last received: 0.0, Next index: 1, Last known committed idx: 0, Time since last communication: 0.001s
I20260709 13:04:14.909571 15053 tablet_service.cc:1917] Received RequestConsensusVote() RPC: tablet_id: "378556f182114dcfbe70009f46f9a39e" candidate_uuid: "8fd649d80b0c4282a33efeafdb84c1b9" candidate_term: 1 candidate_status { last_received { term: 0 index: 0 } } ignore_live_leader: false dest_uuid: "c193eda61d1f4284aa78de9c368807c7" is_pre_election: true
I20260709 13:04:14.909192 15369 raft_consensus.cc:493] T c0dafc57b0a947c0b6085486c20f4517 P c193eda61d1f4284aa78de9c368807c7 [term 0 FOLLOWER]: Starting pre-election (no leader contacted us within the election timeout)
I20260709 13:04:14.911057 15244 ts_tablet_manager.cc:1434] T 966048bace8545bc88c13bc2b9359d23 P c193eda61d1f4284aa78de9c368807c7: Time spent starting tablet: real 0.044s	user 0.008s	sys 0.000s
I20260709 13:04:14.912458 15244 tablet_bootstrap.cc:492] T 67fa24b90538468c99f813f236413ebc P c193eda61d1f4284aa78de9c368807c7: Bootstrap starting.
I20260709 13:04:14.912773 15369 raft_consensus.cc:515] T c0dafc57b0a947c0b6085486c20f4517 P c193eda61d1f4284aa78de9c368807c7 [term 0 FOLLOWER]: Starting pre-election with config: opid_index: -1 OBSOLETE_local: false peers { permanent_uuid: "c193eda61d1f4284aa78de9c368807c7" member_type: VOTER last_known_addr { host: "127.13.148.129" port: 37023 } } peers { permanent_uuid: "7038425c168a456ba7391e5bfedf67d5" member_type: VOTER last_known_addr { host: "127.13.148.130" port: 33329 } } peers { permanent_uuid: "8fd649d80b0c4282a33efeafdb84c1b9" member_type: VOTER last_known_addr { host: "127.13.148.131" port: 44443 } }
I20260709 13:04:14.920920 15369 leader_election.cc:290] T c0dafc57b0a947c0b6085486c20f4517 P c193eda61d1f4284aa78de9c368807c7 [CANDIDATE]: Term 1 pre-election: Requested pre-vote from peers 7038425c168a456ba7391e5bfedf67d5 (127.13.148.130:33329), 8fd649d80b0c4282a33efeafdb84c1b9 (127.13.148.131:44443)
I20260709 13:04:14.922873 15243 tablet_bootstrap.cc:492] T acff7f31b34548298fec869197a6d7c0 P 8fd649d80b0c4282a33efeafdb84c1b9: No bootstrap required, opened a new log
I20260709 13:04:14.922813 15198 tablet_service.cc:1917] Received RequestConsensusVote() RPC: tablet_id: "c0dafc57b0a947c0b6085486c20f4517" candidate_uuid: "c193eda61d1f4284aa78de9c368807c7" candidate_term: 1 candidate_status { last_received { term: 0 index: 0 } } ignore_live_leader: false dest_uuid: "8fd649d80b0c4282a33efeafdb84c1b9" is_pre_election: true
I20260709 13:04:14.923534 15243 ts_tablet_manager.cc:1403] T acff7f31b34548298fec869197a6d7c0 P 8fd649d80b0c4282a33efeafdb84c1b9: Time spent bootstrapping tablet: real 0.096s	user 0.005s	sys 0.009s
I20260709 13:04:14.923609 15198 raft_consensus.cc:2468] T c0dafc57b0a947c0b6085486c20f4517 P 8fd649d80b0c4282a33efeafdb84c1b9 [term 0 FOLLOWER]: Leader pre-election vote request: Granting yes vote for candidate c193eda61d1f4284aa78de9c368807c7 in term 0.
I20260709 13:04:14.925184 15018 leader_election.cc:304] T c0dafc57b0a947c0b6085486c20f4517 P c193eda61d1f4284aa78de9c368807c7 [CANDIDATE]: Term 1 pre-election: Election decided. Result: candidate won. Election summary: received 2 responses out of 3 voters: 2 yes votes; 0 no votes. yes voters: 8fd649d80b0c4282a33efeafdb84c1b9, c193eda61d1f4284aa78de9c368807c7; no voters: 
I20260709 13:04:14.926075 15369 raft_consensus.cc:2804] T c0dafc57b0a947c0b6085486c20f4517 P c193eda61d1f4284aa78de9c368807c7 [term 0 FOLLOWER]: Leader pre-election won for term 1
I20260709 13:04:14.926465 15369 raft_consensus.cc:493] T c0dafc57b0a947c0b6085486c20f4517 P c193eda61d1f4284aa78de9c368807c7 [term 0 FOLLOWER]: Starting leader election (no leader contacted us within the election timeout)
I20260709 13:04:14.926852 15369 raft_consensus.cc:3060] T c0dafc57b0a947c0b6085486c20f4517 P c193eda61d1f4284aa78de9c368807c7 [term 0 FOLLOWER]: Advancing to term 1
I20260709 13:04:14.927006 15243 raft_consensus.cc:359] T acff7f31b34548298fec869197a6d7c0 P 8fd649d80b0c4282a33efeafdb84c1b9 [term 0 FOLLOWER]: Replica starting. Triggering 0 pending ops. Active config: opid_index: -1 OBSOLETE_local: false peers { permanent_uuid: "c193eda61d1f4284aa78de9c368807c7" member_type: VOTER last_known_addr { host: "127.13.148.129" port: 37023 } } peers { permanent_uuid: "7038425c168a456ba7391e5bfedf67d5" member_type: VOTER last_known_addr { host: "127.13.148.130" port: 33329 } } peers { permanent_uuid: "8fd649d80b0c4282a33efeafdb84c1b9" member_type: VOTER last_known_addr { host: "127.13.148.131" port: 44443 } }
I20260709 13:04:14.927855 15054 tablet_service.cc:1917] Received RequestConsensusVote() RPC: tablet_id: "67fa24b90538468c99f813f236413ebc" candidate_uuid: "7038425c168a456ba7391e5bfedf67d5" candidate_term: 1 candidate_status { last_received { term: 0 index: 0 } } ignore_live_leader: false dest_uuid: "c193eda61d1f4284aa78de9c368807c7"
W20260709 13:04:14.930461 15166 leader_election.cc:343] T 378556f182114dcfbe70009f46f9a39e P 8fd649d80b0c4282a33efeafdb84c1b9 [CANDIDATE]: Term 1 pre-election: Tablet error from VoteRequest() call to peer c193eda61d1f4284aa78de9c368807c7 (127.13.148.129:37023): Illegal state: must be running to vote when last-logged opid is not known
I20260709 13:04:14.927963 15243 raft_consensus.cc:385] T acff7f31b34548298fec869197a6d7c0 P 8fd649d80b0c4282a33efeafdb84c1b9 [term 0 FOLLOWER]: Consensus starting up: Expiring failure detector timer to make a prompt election more likely
I20260709 13:04:14.931011 15166 leader_election.cc:304] T 378556f182114dcfbe70009f46f9a39e P 8fd649d80b0c4282a33efeafdb84c1b9 [CANDIDATE]: Term 1 pre-election: Election decided. Result: candidate lost. Election summary: received 3 responses out of 3 voters: 1 yes votes; 2 no votes. yes voters: 8fd649d80b0c4282a33efeafdb84c1b9; no voters: 7038425c168a456ba7391e5bfedf67d5, c193eda61d1f4284aa78de9c368807c7
I20260709 13:04:14.931460 15243 raft_consensus.cc:740] T acff7f31b34548298fec869197a6d7c0 P 8fd649d80b0c4282a33efeafdb84c1b9 [term 0 FOLLOWER]: Becoming Follower/Learner. State: Replica: 8fd649d80b0c4282a33efeafdb84c1b9, State: Initialized, Role: FOLLOWER
I20260709 13:04:14.932577 15243 consensus_queue.cc:260] T acff7f31b34548298fec869197a6d7c0 P 8fd649d80b0c4282a33efeafdb84c1b9 [NON_LEADER]: Queue going to NON_LEADER mode. State: All replicated index: 0, Majority replicated index: 0, Committed index: 0, Last appended: 0.0, Last appended by leader: 0, Current term: 0, Majority size: -1, State: 0, Mode: NON_LEADER, active raft config: opid_index: -1 OBSOLETE_local: false peers { permanent_uuid: "c193eda61d1f4284aa78de9c368807c7" member_type: VOTER last_known_addr { host: "127.13.148.129" port: 37023 } } peers { permanent_uuid: "7038425c168a456ba7391e5bfedf67d5" member_type: VOTER last_known_addr { host: "127.13.148.130" port: 33329 } } peers { permanent_uuid: "8fd649d80b0c4282a33efeafdb84c1b9" member_type: VOTER last_known_addr { host: "127.13.148.131" port: 44443 } }
I20260709 13:04:14.942406 15378 raft_consensus.cc:2749] T 378556f182114dcfbe70009f46f9a39e P 8fd649d80b0c4282a33efeafdb84c1b9 [term 0 FOLLOWER]: Leader pre-election lost for term 1. Reason: could not achieve majority
I20260709 13:04:14.957024 15126 tablet_service.cc:1917] Received RequestConsensusVote() RPC: tablet_id: "c0dafc57b0a947c0b6085486c20f4517" candidate_uuid: "c193eda61d1f4284aa78de9c368807c7" candidate_term: 1 candidate_status { last_received { term: 0 index: 0 } } ignore_live_leader: false dest_uuid: "7038425c168a456ba7391e5bfedf67d5" is_pre_election: true
I20260709 13:04:14.958065 15126 raft_consensus.cc:2468] T c0dafc57b0a947c0b6085486c20f4517 P 7038425c168a456ba7391e5bfedf67d5 [term 0 FOLLOWER]: Leader pre-election vote request: Granting yes vote for candidate c193eda61d1f4284aa78de9c368807c7 in term 0.
I20260709 13:04:14.962992 15243 ts_tablet_manager.cc:1434] T acff7f31b34548298fec869197a6d7c0 P 8fd649d80b0c4282a33efeafdb84c1b9: Time spent starting tablet: real 0.039s	user 0.006s	sys 0.004s
I20260709 13:04:14.966796 15243 tablet_bootstrap.cc:492] T 966048bace8545bc88c13bc2b9359d23 P 8fd649d80b0c4282a33efeafdb84c1b9: Bootstrap starting.
W20260709 13:04:14.959352 15092 leader_election.cc:343] T 67fa24b90538468c99f813f236413ebc P 7038425c168a456ba7391e5bfedf67d5 [CANDIDATE]: Term 1 election: Tablet error from VoteRequest() call to peer c193eda61d1f4284aa78de9c368807c7 (127.13.148.129:37023): Illegal state: must be running to vote when last-logged opid is not known
I20260709 13:04:14.972117 15244 tablet_bootstrap.cc:654] T 67fa24b90538468c99f813f236413ebc P c193eda61d1f4284aa78de9c368807c7: Neither blocks nor log segments found. Creating new log.
I20260709 13:04:14.976840 15329 raft_consensus.cc:493] T 87f2c8632a9d47fd97b2d138af705f4f P 8fd649d80b0c4282a33efeafdb84c1b9 [term 0 FOLLOWER]: Starting pre-election (no leader contacted us within the election timeout)
I20260709 13:04:14.983374 15369 raft_consensus.cc:515] T c0dafc57b0a947c0b6085486c20f4517 P c193eda61d1f4284aa78de9c368807c7 [term 1 FOLLOWER]: Starting leader election with config: opid_index: -1 OBSOLETE_local: false peers { permanent_uuid: "c193eda61d1f4284aa78de9c368807c7" member_type: VOTER last_known_addr { host: "127.13.148.129" port: 37023 } } peers { permanent_uuid: "7038425c168a456ba7391e5bfedf67d5" member_type: VOTER last_known_addr { host: "127.13.148.130" port: 33329 } } peers { permanent_uuid: "8fd649d80b0c4282a33efeafdb84c1b9" member_type: VOTER last_known_addr { host: "127.13.148.131" port: 44443 } }
I20260709 13:04:14.986305 15353 raft_consensus.cc:493] T 966048bace8545bc88c13bc2b9359d23 P c193eda61d1f4284aa78de9c368807c7 [term 0 FOLLOWER]: Starting pre-election (no leader contacted us within the election timeout)
I20260709 13:04:14.991549 15246 tablet_bootstrap.cc:492] T fd36de8771a340fe82f90c80c8a91217 P 7038425c168a456ba7391e5bfedf67d5: No bootstrap required, opened a new log
I20260709 13:04:14.992093 15246 ts_tablet_manager.cc:1403] T fd36de8771a340fe82f90c80c8a91217 P 7038425c168a456ba7391e5bfedf67d5: Time spent bootstrapping tablet: real 0.253s	user 0.025s	sys 0.017s
I20260709 13:04:14.990520 15353 raft_consensus.cc:515] T 966048bace8545bc88c13bc2b9359d23 P c193eda61d1f4284aa78de9c368807c7 [term 0 FOLLOWER]: Starting pre-election with config: opid_index: -1 OBSOLETE_local: false peers { permanent_uuid: "c193eda61d1f4284aa78de9c368807c7" member_type: VOTER last_known_addr { host: "127.13.148.129" port: 37023 } } peers { permanent_uuid: "7038425c168a456ba7391e5bfedf67d5" member_type: VOTER last_known_addr { host: "127.13.148.130" port: 33329 } } peers { permanent_uuid: "8fd649d80b0c4282a33efeafdb84c1b9" member_type: VOTER last_known_addr { host: "127.13.148.131" port: 44443 } }
I20260709 13:04:14.995651 15246 raft_consensus.cc:359] T fd36de8771a340fe82f90c80c8a91217 P 7038425c168a456ba7391e5bfedf67d5 [term 0 FOLLOWER]: Replica starting. Triggering 0 pending ops. Active config: opid_index: -1 OBSOLETE_local: false peers { permanent_uuid: "c193eda61d1f4284aa78de9c368807c7" member_type: VOTER last_known_addr { host: "127.13.148.129" port: 37023 } } peers { permanent_uuid: "7038425c168a456ba7391e5bfedf67d5" member_type: VOTER last_known_addr { host: "127.13.148.130" port: 33329 } } peers { permanent_uuid: "8fd649d80b0c4282a33efeafdb84c1b9" member_type: VOTER last_known_addr { host: "127.13.148.131" port: 44443 } }
I20260709 13:04:14.996789 15246 raft_consensus.cc:385] T fd36de8771a340fe82f90c80c8a91217 P 7038425c168a456ba7391e5bfedf67d5 [term 0 FOLLOWER]: Consensus starting up: Expiring failure detector timer to make a prompt election more likely
I20260709 13:04:14.997140 15246 raft_consensus.cc:740] T fd36de8771a340fe82f90c80c8a91217 P 7038425c168a456ba7391e5bfedf67d5 [term 0 FOLLOWER]: Becoming Follower/Learner. State: Replica: 7038425c168a456ba7391e5bfedf67d5, State: Initialized, Role: FOLLOWER
I20260709 13:04:14.997942 15246 consensus_queue.cc:260] T fd36de8771a340fe82f90c80c8a91217 P 7038425c168a456ba7391e5bfedf67d5 [NON_LEADER]: Queue going to NON_LEADER mode. State: All replicated index: 0, Majority replicated index: 0, Committed index: 0, Last appended: 0.0, Last appended by leader: 0, Current term: 0, Majority size: -1, State: 0, Mode: NON_LEADER, active raft config: opid_index: -1 OBSOLETE_local: false peers { permanent_uuid: "c193eda61d1f4284aa78de9c368807c7" member_type: VOTER last_known_addr { host: "127.13.148.129" port: 37023 } } peers { permanent_uuid: "7038425c168a456ba7391e5bfedf67d5" member_type: VOTER last_known_addr { host: "127.13.148.130" port: 33329 } } peers { permanent_uuid: "8fd649d80b0c4282a33efeafdb84c1b9" member_type: VOTER last_known_addr { host: "127.13.148.131" port: 44443 } }
I20260709 13:04:14.998934 15353 leader_election.cc:290] T 966048bace8545bc88c13bc2b9359d23 P c193eda61d1f4284aa78de9c368807c7 [CANDIDATE]: Term 1 pre-election: Requested pre-vote from peers 7038425c168a456ba7391e5bfedf67d5 (127.13.148.130:33329), 8fd649d80b0c4282a33efeafdb84c1b9 (127.13.148.131:44443)
I20260709 13:04:15.000516 15201 tablet_service.cc:1917] Received RequestConsensusVote() RPC: tablet_id: "966048bace8545bc88c13bc2b9359d23" candidate_uuid: "c193eda61d1f4284aa78de9c368807c7" candidate_term: 1 candidate_status { last_received { term: 0 index: 0 } } ignore_live_leader: false dest_uuid: "8fd649d80b0c4282a33efeafdb84c1b9" is_pre_election: true
I20260709 13:04:15.002161 15246 ts_tablet_manager.cc:1434] T fd36de8771a340fe82f90c80c8a91217 P 7038425c168a456ba7391e5bfedf67d5: Time spent starting tablet: real 0.010s	user 0.009s	sys 0.000s
I20260709 13:04:14.978039 15329 raft_consensus.cc:515] T 87f2c8632a9d47fd97b2d138af705f4f P 8fd649d80b0c4282a33efeafdb84c1b9 [term 0 FOLLOWER]: Starting pre-election with config: opid_index: -1 OBSOLETE_local: false peers { permanent_uuid: "c193eda61d1f4284aa78de9c368807c7" member_type: VOTER last_known_addr { host: "127.13.148.129" port: 37023 } } peers { permanent_uuid: "7038425c168a456ba7391e5bfedf67d5" member_type: VOTER last_known_addr { host: "127.13.148.130" port: 33329 } } peers { permanent_uuid: "8fd649d80b0c4282a33efeafdb84c1b9" member_type: VOTER last_known_addr { host: "127.13.148.131" port: 44443 } }
I20260709 13:04:15.004638 14950 catalog_manager.cc:5697] T 67fa24b90538468c99f813f236413ebc P 7038425c168a456ba7391e5bfedf67d5 reported cstate change: term changed from 0 to 1, leader changed from <none> to 7038425c168a456ba7391e5bfedf67d5 (127.13.148.130). New cstate: current_term: 1 leader_uuid: "7038425c168a456ba7391e5bfedf67d5" committed_config { opid_index: -1 OBSOLETE_local: false peers { permanent_uuid: "c193eda61d1f4284aa78de9c368807c7" member_type: VOTER last_known_addr { host: "127.13.148.129" port: 37023 } health_report { overall_health: UNKNOWN } } peers { permanent_uuid: "7038425c168a456ba7391e5bfedf67d5" member_type: VOTER last_known_addr { host: "127.13.148.130" port: 33329 } health_report { overall_health: HEALTHY } } peers { permanent_uuid: "8fd649d80b0c4282a33efeafdb84c1b9" member_type: VOTER last_known_addr { host: "127.13.148.131" port: 44443 } health_report { overall_health: UNKNOWN } } }
I20260709 13:04:15.006167 15246 tablet_bootstrap.cc:492] T 966048bace8545bc88c13bc2b9359d23 P 7038425c168a456ba7391e5bfedf67d5: Bootstrap starting.
W20260709 13:04:15.007892 15018 leader_election.cc:343] T 966048bace8545bc88c13bc2b9359d23 P c193eda61d1f4284aa78de9c368807c7 [CANDIDATE]: Term 1 pre-election: Tablet error from VoteRequest() call to peer 8fd649d80b0c4282a33efeafdb84c1b9 (127.13.148.131:44443): Illegal state: must be running to vote when last-logged opid is not known
I20260709 13:04:15.009312 15243 tablet_bootstrap.cc:654] T 966048bace8545bc88c13bc2b9359d23 P 8fd649d80b0c4282a33efeafdb84c1b9: Neither blocks nor log segments found. Creating new log.
I20260709 13:04:15.005262 15329 leader_election.cc:290] T 87f2c8632a9d47fd97b2d138af705f4f P 8fd649d80b0c4282a33efeafdb84c1b9 [CANDIDATE]: Term 1 pre-election: Requested pre-vote from peers c193eda61d1f4284aa78de9c368807c7 (127.13.148.129:37023), 7038425c168a456ba7391e5bfedf67d5 (127.13.148.130:33329)
I20260709 13:04:15.011415 15129 tablet_service.cc:1917] Received RequestConsensusVote() RPC: tablet_id: "966048bace8545bc88c13bc2b9359d23" candidate_uuid: "c193eda61d1f4284aa78de9c368807c7" candidate_term: 1 candidate_status { last_received { term: 0 index: 0 } } ignore_live_leader: false dest_uuid: "7038425c168a456ba7391e5bfedf67d5" is_pre_election: true
I20260709 13:04:15.014540 15126 tablet_service.cc:1917] Received RequestConsensusVote() RPC: tablet_id: "87f2c8632a9d47fd97b2d138af705f4f" candidate_uuid: "8fd649d80b0c4282a33efeafdb84c1b9" candidate_term: 1 candidate_status { last_received { term: 0 index: 0 } } ignore_live_leader: false dest_uuid: "7038425c168a456ba7391e5bfedf67d5" is_pre_election: true
W20260709 13:04:15.018213 15169 leader_election.cc:343] T 87f2c8632a9d47fd97b2d138af705f4f P 8fd649d80b0c4282a33efeafdb84c1b9 [CANDIDATE]: Term 1 pre-election: Tablet error from VoteRequest() call to peer 7038425c168a456ba7391e5bfedf67d5 (127.13.148.130:33329): Illegal state: must be running to vote when last-logged opid is not known
I20260709 13:04:15.019254 15369 leader_election.cc:290] T c0dafc57b0a947c0b6085486c20f4517 P c193eda61d1f4284aa78de9c368807c7 [CANDIDATE]: Term 1 election: Requested vote from peers 7038425c168a456ba7391e5bfedf67d5 (127.13.148.130:33329), 8fd649d80b0c4282a33efeafdb84c1b9 (127.13.148.131:44443)
I20260709 13:04:15.020115 15054 tablet_service.cc:1917] Received RequestConsensusVote() RPC: tablet_id: "87f2c8632a9d47fd97b2d138af705f4f" candidate_uuid: "8fd649d80b0c4282a33efeafdb84c1b9" candidate_term: 1 candidate_status { last_received { term: 0 index: 0 } } ignore_live_leader: false dest_uuid: "c193eda61d1f4284aa78de9c368807c7" is_pre_election: true
I20260709 13:04:15.020738 15054 raft_consensus.cc:2468] T 87f2c8632a9d47fd97b2d138af705f4f P c193eda61d1f4284aa78de9c368807c7 [term 0 FOLLOWER]: Leader pre-election vote request: Granting yes vote for candidate 8fd649d80b0c4282a33efeafdb84c1b9 in term 0.
I20260709 13:04:15.021155 15201 tablet_service.cc:1917] Received RequestConsensusVote() RPC: tablet_id: "c0dafc57b0a947c0b6085486c20f4517" candidate_uuid: "c193eda61d1f4284aa78de9c368807c7" candidate_term: 1 candidate_status { last_received { term: 0 index: 0 } } ignore_live_leader: false dest_uuid: "8fd649d80b0c4282a33efeafdb84c1b9"
I20260709 13:04:15.021713 15201 raft_consensus.cc:3060] T c0dafc57b0a947c0b6085486c20f4517 P 8fd649d80b0c4282a33efeafdb84c1b9 [term 0 FOLLOWER]: Advancing to term 1
I20260709 13:04:15.022975 15126 tablet_service.cc:1917] Received RequestConsensusVote() RPC: tablet_id: "c0dafc57b0a947c0b6085486c20f4517" candidate_uuid: "c193eda61d1f4284aa78de9c368807c7" candidate_term: 1 candidate_status { last_received { term: 0 index: 0 } } ignore_live_leader: false dest_uuid: "7038425c168a456ba7391e5bfedf67d5"
I20260709 13:04:15.023540 15126 raft_consensus.cc:3060] T c0dafc57b0a947c0b6085486c20f4517 P 7038425c168a456ba7391e5bfedf67d5 [term 0 FOLLOWER]: Advancing to term 1
I20260709 13:04:15.026073 15166 leader_election.cc:304] T 87f2c8632a9d47fd97b2d138af705f4f P 8fd649d80b0c4282a33efeafdb84c1b9 [CANDIDATE]: Term 1 pre-election: Election decided. Result: candidate won. Election summary: received 3 responses out of 3 voters: 2 yes votes; 1 no votes. yes voters: 8fd649d80b0c4282a33efeafdb84c1b9, c193eda61d1f4284aa78de9c368807c7; no voters: 7038425c168a456ba7391e5bfedf67d5
W20260709 13:04:15.029016 15020 leader_election.cc:343] T 966048bace8545bc88c13bc2b9359d23 P c193eda61d1f4284aa78de9c368807c7 [CANDIDATE]: Term 1 pre-election: Tablet error from VoteRequest() call to peer 7038425c168a456ba7391e5bfedf67d5 (127.13.148.130:33329): Illegal state: must be running to vote when last-logged opid is not known
I20260709 13:04:15.033962 15020 leader_election.cc:304] T 966048bace8545bc88c13bc2b9359d23 P c193eda61d1f4284aa78de9c368807c7 [CANDIDATE]: Term 1 pre-election: Election decided. Result: candidate lost. Election summary: received 3 responses out of 3 voters: 1 yes votes; 2 no votes. yes voters: c193eda61d1f4284aa78de9c368807c7; no voters: 7038425c168a456ba7391e5bfedf67d5, 8fd649d80b0c4282a33efeafdb84c1b9
I20260709 13:04:15.032021 15329 raft_consensus.cc:2804] T 87f2c8632a9d47fd97b2d138af705f4f P 8fd649d80b0c4282a33efeafdb84c1b9 [term 0 FOLLOWER]: Leader pre-election won for term 1
I20260709 13:04:15.038075 15369 raft_consensus.cc:2749] T 966048bace8545bc88c13bc2b9359d23 P c193eda61d1f4284aa78de9c368807c7 [term 0 FOLLOWER]: Leader pre-election lost for term 1. Reason: could not achieve majority
I20260709 13:04:15.037559 15126 raft_consensus.cc:2468] T c0dafc57b0a947c0b6085486c20f4517 P 7038425c168a456ba7391e5bfedf67d5 [term 1 FOLLOWER]: Leader election vote request: Granting yes vote for candidate c193eda61d1f4284aa78de9c368807c7 in term 1.
I20260709 13:04:15.044646 15201 raft_consensus.cc:2468] T c0dafc57b0a947c0b6085486c20f4517 P 8fd649d80b0c4282a33efeafdb84c1b9 [term 1 FOLLOWER]: Leader election vote request: Granting yes vote for candidate c193eda61d1f4284aa78de9c368807c7 in term 1.
I20260709 13:04:15.040201 15329 raft_consensus.cc:493] T 87f2c8632a9d47fd97b2d138af705f4f P 8fd649d80b0c4282a33efeafdb84c1b9 [term 0 FOLLOWER]: Starting leader election (no leader contacted us within the election timeout)
I20260709 13:04:15.046321 15018 leader_election.cc:304] T c0dafc57b0a947c0b6085486c20f4517 P c193eda61d1f4284aa78de9c368807c7 [CANDIDATE]: Term 1 election: Election decided. Result: candidate won. Election summary: received 2 responses out of 3 voters: 2 yes votes; 0 no votes. yes voters: 8fd649d80b0c4282a33efeafdb84c1b9, c193eda61d1f4284aa78de9c368807c7; no voters: 
I20260709 13:04:15.046425 15329 raft_consensus.cc:3060] T 87f2c8632a9d47fd97b2d138af705f4f P 8fd649d80b0c4282a33efeafdb84c1b9 [term 0 FOLLOWER]: Advancing to term 1
I20260709 13:04:15.048599 15243 tablet_bootstrap.cc:492] T 966048bace8545bc88c13bc2b9359d23 P 8fd649d80b0c4282a33efeafdb84c1b9: No bootstrap required, opened a new log
I20260709 13:04:15.048991 15243 ts_tablet_manager.cc:1403] T 966048bace8545bc88c13bc2b9359d23 P 8fd649d80b0c4282a33efeafdb84c1b9: Time spent bootstrapping tablet: real 0.085s	user 0.015s	sys 0.004s
I20260709 13:04:15.049489 15369 raft_consensus.cc:2804] T c0dafc57b0a947c0b6085486c20f4517 P c193eda61d1f4284aa78de9c368807c7 [term 1 FOLLOWER]: Leader election won for term 1
I20260709 13:04:15.050920 15369 raft_consensus.cc:697] T c0dafc57b0a947c0b6085486c20f4517 P c193eda61d1f4284aa78de9c368807c7 [term 1 LEADER]: Becoming Leader. State: Replica: c193eda61d1f4284aa78de9c368807c7, State: Running, Role: LEADER
