I20260709 13:03:46.617138 12887 catalog_manager.cc:5697] T 43f9adaa3e454caeb4cc405c51372db7 P fa7038878d4045c997a4c180e0f47305 reported cstate change: term changed from 0 to 1, leader changed from <none> to fa7038878d4045c997a4c180e0f47305 (127.12.12.129). New cstate: current_term: 1 leader_uuid: "fa7038878d4045c997a4c180e0f47305" committed_config { opid_index: -1 OBSOLETE_local: false peers { permanent_uuid: "fa7038878d4045c997a4c180e0f47305" member_type: VOTER last_known_addr { host: "127.12.12.129" port: 32939 } health_report { overall_health: HEALTHY } } peers { permanent_uuid: "15dfa0162251448f9f2137dab114abce" member_type: VOTER last_known_addr { host: "127.12.12.130" port: 35713 } health_report { overall_health: UNKNOWN } } peers { permanent_uuid: "8c9ed830a9924b0b8474ac025be74783" member_type: VOTER last_known_addr { host: "127.12.12.131" port: 41677 } health_report { overall_health: UNKNOWN } } }
I20260709 13:03:46.620028 13181 tablet_bootstrap.cc:492] T 02fa2927a169430192df32e498d9f05e P fa7038878d4045c997a4c180e0f47305: No bootstrap required, opened a new log
I20260709 13:03:46.620642 13181 ts_tablet_manager.cc:1403] T 02fa2927a169430192df32e498d9f05e P fa7038878d4045c997a4c180e0f47305: Time spent bootstrapping tablet: real 0.033s	user 0.018s	sys 0.006s
I20260709 13:03:46.620911 13184 tablet_bootstrap.cc:492] T 6492221adbbe4f20aed0edb838db7900 P 8c9ed830a9924b0b8474ac025be74783: No bootstrap required, opened a new log
I20260709 13:03:46.621397 13184 ts_tablet_manager.cc:1403] T 6492221adbbe4f20aed0edb838db7900 P 8c9ed830a9924b0b8474ac025be74783: Time spent bootstrapping tablet: real 0.041s	user 0.011s	sys 0.003s
I20260709 13:03:46.623517 13181 raft_consensus.cc:359] T 02fa2927a169430192df32e498d9f05e P fa7038878d4045c997a4c180e0f47305 [term 0 FOLLOWER]: Replica starting. Triggering 0 pending ops. Active config: opid_index: -1 OBSOLETE_local: false peers { permanent_uuid: "fa7038878d4045c997a4c180e0f47305" member_type: VOTER last_known_addr { host: "127.12.12.129" port: 32939 } } peers { permanent_uuid: "15dfa0162251448f9f2137dab114abce" member_type: VOTER last_known_addr { host: "127.12.12.130" port: 35713 } } peers { permanent_uuid: "8c9ed830a9924b0b8474ac025be74783" member_type: VOTER last_known_addr { host: "127.12.12.131" port: 41677 } }
I20260709 13:03:46.624334 13181 raft_consensus.cc:385] T 02fa2927a169430192df32e498d9f05e P fa7038878d4045c997a4c180e0f47305 [term 0 FOLLOWER]: Consensus starting up: Expiring failure detector timer to make a prompt election more likely
I20260709 13:03:46.624703 13181 raft_consensus.cc:740] T 02fa2927a169430192df32e498d9f05e P fa7038878d4045c997a4c180e0f47305 [term 0 FOLLOWER]: Becoming Follower/Learner. State: Replica: fa7038878d4045c997a4c180e0f47305, State: Initialized, Role: FOLLOWER
I20260709 13:03:46.625394 13181 consensus_queue.cc:260] T 02fa2927a169430192df32e498d9f05e P fa7038878d4045c997a4c180e0f47305 [NON_LEADER]: Queue going to NON_LEADER mode. State: All replicated index: 0, Majority replicated index: 0, Committed index: 0, Last appended: 0.0, Last appended by leader: 0, Current term: 0, Majority size: -1, State: 0, Mode: NON_LEADER, active raft config: opid_index: -1 OBSOLETE_local: false peers { permanent_uuid: "fa7038878d4045c997a4c180e0f47305" member_type: VOTER last_known_addr { host: "127.12.12.129" port: 32939 } } peers { permanent_uuid: "15dfa0162251448f9f2137dab114abce" member_type: VOTER last_known_addr { host: "127.12.12.130" port: 35713 } } peers { permanent_uuid: "8c9ed830a9924b0b8474ac025be74783" member_type: VOTER last_known_addr { host: "127.12.12.131" port: 41677 } }
I20260709 13:03:46.624050 13184 raft_consensus.cc:359] T 6492221adbbe4f20aed0edb838db7900 P 8c9ed830a9924b0b8474ac025be74783 [term 0 FOLLOWER]: Replica starting. Triggering 0 pending ops. Active config: opid_index: -1 OBSOLETE_local: false peers { permanent_uuid: "fa7038878d4045c997a4c180e0f47305" member_type: VOTER last_known_addr { host: "127.12.12.129" port: 32939 } } peers { permanent_uuid: "15dfa0162251448f9f2137dab114abce" member_type: VOTER last_known_addr { host: "127.12.12.130" port: 35713 } } peers { permanent_uuid: "8c9ed830a9924b0b8474ac025be74783" member_type: VOTER last_known_addr { host: "127.12.12.131" port: 41677 } }
I20260709 13:03:46.627029 13182 tablet_bootstrap.cc:492] T 6492221adbbe4f20aed0edb838db7900 P 15dfa0162251448f9f2137dab114abce: No bootstrap required, opened a new log
I20260709 13:03:46.627319 13184 raft_consensus.cc:385] T 6492221adbbe4f20aed0edb838db7900 P 8c9ed830a9924b0b8474ac025be74783 [term 0 FOLLOWER]: Consensus starting up: Expiring failure detector timer to make a prompt election more likely
I20260709 13:03:46.627543 13182 ts_tablet_manager.cc:1403] T 6492221adbbe4f20aed0edb838db7900 P 15dfa0162251448f9f2137dab114abce: Time spent bootstrapping tablet: real 0.039s	user 0.022s	sys 0.016s
I20260709 13:03:46.627800 13181 ts_tablet_manager.cc:1434] T 02fa2927a169430192df32e498d9f05e P fa7038878d4045c997a4c180e0f47305: Time spent starting tablet: real 0.006s	user 0.004s	sys 0.000s
I20260709 13:03:46.628643 13181 tablet_bootstrap.cc:492] T e5ed346d52c4451a9741d3e9c2ff950b P fa7038878d4045c997a4c180e0f47305: Bootstrap starting.
I20260709 13:03:46.629644 13182 raft_consensus.cc:359] T 6492221adbbe4f20aed0edb838db7900 P 15dfa0162251448f9f2137dab114abce [term 0 FOLLOWER]: Replica starting. Triggering 0 pending ops. Active config: opid_index: -1 OBSOLETE_local: false peers { permanent_uuid: "fa7038878d4045c997a4c180e0f47305" member_type: VOTER last_known_addr { host: "127.12.12.129" port: 32939 } } peers { permanent_uuid: "15dfa0162251448f9f2137dab114abce" member_type: VOTER last_known_addr { host: "127.12.12.130" port: 35713 } } peers { permanent_uuid: "8c9ed830a9924b0b8474ac025be74783" member_type: VOTER last_known_addr { host: "127.12.12.131" port: 41677 } }
I20260709 13:03:46.630062 13182 raft_consensus.cc:385] T 6492221adbbe4f20aed0edb838db7900 P 15dfa0162251448f9f2137dab114abce [term 0 FOLLOWER]: Consensus starting up: Expiring failure detector timer to make a prompt election more likely
I20260709 13:03:46.630211 13182 raft_consensus.cc:740] T 6492221adbbe4f20aed0edb838db7900 P 15dfa0162251448f9f2137dab114abce [term 0 FOLLOWER]: Becoming Follower/Learner. State: Replica: 15dfa0162251448f9f2137dab114abce, State: Initialized, Role: FOLLOWER
I20260709 13:03:46.630753 13182 consensus_queue.cc:260] T 6492221adbbe4f20aed0edb838db7900 P 15dfa0162251448f9f2137dab114abce [NON_LEADER]: Queue going to NON_LEADER mode. State: All replicated index: 0, Majority replicated index: 0, Committed index: 0, Last appended: 0.0, Last appended by leader: 0, Current term: 0, Majority size: -1, State: 0, Mode: NON_LEADER, active raft config: opid_index: -1 OBSOLETE_local: false peers { permanent_uuid: "fa7038878d4045c997a4c180e0f47305" member_type: VOTER last_known_addr { host: "127.12.12.129" port: 32939 } } peers { permanent_uuid: "15dfa0162251448f9f2137dab114abce" member_type: VOTER last_known_addr { host: "127.12.12.130" port: 35713 } } peers { permanent_uuid: "8c9ed830a9924b0b8474ac025be74783" member_type: VOTER last_known_addr { host: "127.12.12.131" port: 41677 } }
I20260709 13:03:46.632625 13182 ts_tablet_manager.cc:1434] T 6492221adbbe4f20aed0edb838db7900 P 15dfa0162251448f9f2137dab114abce: Time spent starting tablet: real 0.005s	user 0.004s	sys 0.000s
I20260709 13:03:46.633455 13182 tablet_bootstrap.cc:492] T 422ee0b5f9414b8284e3410f14dbbb54 P 15dfa0162251448f9f2137dab114abce: Bootstrap starting.
I20260709 13:03:46.634162 13181 tablet_bootstrap.cc:654] T e5ed346d52c4451a9741d3e9c2ff950b P fa7038878d4045c997a4c180e0f47305: Neither blocks nor log segments found. Creating new log.
I20260709 13:03:46.627588 13184 raft_consensus.cc:740] T 6492221adbbe4f20aed0edb838db7900 P 8c9ed830a9924b0b8474ac025be74783 [term 0 FOLLOWER]: Becoming Follower/Learner. State: Replica: 8c9ed830a9924b0b8474ac025be74783, State: Initialized, Role: FOLLOWER
I20260709 13:03:46.635637 13184 consensus_queue.cc:260] T 6492221adbbe4f20aed0edb838db7900 P 8c9ed830a9924b0b8474ac025be74783 [NON_LEADER]: Queue going to NON_LEADER mode. State: All replicated index: 0, Majority replicated index: 0, Committed index: 0, Last appended: 0.0, Last appended by leader: 0, Current term: 0, Majority size: -1, State: 0, Mode: NON_LEADER, active raft config: opid_index: -1 OBSOLETE_local: false peers { permanent_uuid: "fa7038878d4045c997a4c180e0f47305" member_type: VOTER last_known_addr { host: "127.12.12.129" port: 32939 } } peers { permanent_uuid: "15dfa0162251448f9f2137dab114abce" member_type: VOTER last_known_addr { host: "127.12.12.130" port: 35713 } } peers { permanent_uuid: "8c9ed830a9924b0b8474ac025be74783" member_type: VOTER last_known_addr { host: "127.12.12.131" port: 41677 } }
I20260709 13:03:46.637362 13184 ts_tablet_manager.cc:1434] T 6492221adbbe4f20aed0edb838db7900 P 8c9ed830a9924b0b8474ac025be74783: Time spent starting tablet: real 0.016s	user 0.007s	sys 0.000s
I20260709 13:03:46.638331 13184 tablet_bootstrap.cc:492] T d838569d0d814c99bfee4431f5a7dd24 P 8c9ed830a9924b0b8474ac025be74783: Bootstrap starting.
I20260709 13:03:46.638536 13182 tablet_bootstrap.cc:654] T 422ee0b5f9414b8284e3410f14dbbb54 P 15dfa0162251448f9f2137dab114abce: Neither blocks nor log segments found. Creating new log.
I20260709 13:03:46.644686 13184 tablet_bootstrap.cc:654] T d838569d0d814c99bfee4431f5a7dd24 P 8c9ed830a9924b0b8474ac025be74783: Neither blocks nor log segments found. Creating new log.
I20260709 13:03:46.670994 13182 tablet_bootstrap.cc:492] T 422ee0b5f9414b8284e3410f14dbbb54 P 15dfa0162251448f9f2137dab114abce: No bootstrap required, opened a new log
I20260709 13:03:46.671351 13182 ts_tablet_manager.cc:1403] T 422ee0b5f9414b8284e3410f14dbbb54 P 15dfa0162251448f9f2137dab114abce: Time spent bootstrapping tablet: real 0.038s	user 0.024s	sys 0.011s
I20260709 13:03:46.671772 13184 tablet_bootstrap.cc:492] T d838569d0d814c99bfee4431f5a7dd24 P 8c9ed830a9924b0b8474ac025be74783: No bootstrap required, opened a new log
I20260709 13:03:46.672140 13184 ts_tablet_manager.cc:1403] T d838569d0d814c99bfee4431f5a7dd24 P 8c9ed830a9924b0b8474ac025be74783: Time spent bootstrapping tablet: real 0.034s	user 0.024s	sys 0.009s
I20260709 13:03:46.672672 13181 tablet_bootstrap.cc:492] T e5ed346d52c4451a9741d3e9c2ff950b P fa7038878d4045c997a4c180e0f47305: No bootstrap required, opened a new log
I20260709 13:03:46.673099 13181 ts_tablet_manager.cc:1403] T e5ed346d52c4451a9741d3e9c2ff950b P fa7038878d4045c997a4c180e0f47305: Time spent bootstrapping tablet: real 0.045s	user 0.016s	sys 0.022s
I20260709 13:03:46.674031 13194 raft_consensus.cc:493] T 6492221adbbe4f20aed0edb838db7900 P 8c9ed830a9924b0b8474ac025be74783 [term 0 FOLLOWER]: Starting pre-election (no leader contacted us within the election timeout)
I20260709 13:03:46.673832 13182 raft_consensus.cc:359] T 422ee0b5f9414b8284e3410f14dbbb54 P 15dfa0162251448f9f2137dab114abce [term 0 FOLLOWER]: Replica starting. Triggering 0 pending ops. Active config: opid_index: -1 OBSOLETE_local: false peers { permanent_uuid: "fa7038878d4045c997a4c180e0f47305" member_type: VOTER last_known_addr { host: "127.12.12.129" port: 32939 } } peers { permanent_uuid: "15dfa0162251448f9f2137dab114abce" member_type: VOTER last_known_addr { host: "127.12.12.130" port: 35713 } } peers { permanent_uuid: "8c9ed830a9924b0b8474ac025be74783" member_type: VOTER last_known_addr { host: "127.12.12.131" port: 41677 } }
I20260709 13:03:46.674093 13184 raft_consensus.cc:359] T d838569d0d814c99bfee4431f5a7dd24 P 8c9ed830a9924b0b8474ac025be74783 [term 0 FOLLOWER]: Replica starting. Triggering 0 pending ops. Active config: opid_index: -1 OBSOLETE_local: false peers { permanent_uuid: "fa7038878d4045c997a4c180e0f47305" member_type: VOTER last_known_addr { host: "127.12.12.129" port: 32939 } } peers { permanent_uuid: "15dfa0162251448f9f2137dab114abce" member_type: VOTER last_known_addr { host: "127.12.12.130" port: 35713 } } peers { permanent_uuid: "8c9ed830a9924b0b8474ac025be74783" member_type: VOTER last_known_addr { host: "127.12.12.131" port: 41677 } }
I20260709 13:03:46.674618 13182 raft_consensus.cc:385] T 422ee0b5f9414b8284e3410f14dbbb54 P 15dfa0162251448f9f2137dab114abce [term 0 FOLLOWER]: Consensus starting up: Expiring failure detector timer to make a prompt election more likely
I20260709 13:03:46.674800 13184 raft_consensus.cc:385] T d838569d0d814c99bfee4431f5a7dd24 P 8c9ed830a9924b0b8474ac025be74783 [term 0 FOLLOWER]: Consensus starting up: Expiring failure detector timer to make a prompt election more likely
I20260709 13:03:46.675068 13182 raft_consensus.cc:740] T 422ee0b5f9414b8284e3410f14dbbb54 P 15dfa0162251448f9f2137dab114abce [term 0 FOLLOWER]: Becoming Follower/Learner. State: Replica: 15dfa0162251448f9f2137dab114abce, State: Initialized, Role: FOLLOWER
I20260709 13:03:46.675172 13184 raft_consensus.cc:740] T d838569d0d814c99bfee4431f5a7dd24 P 8c9ed830a9924b0b8474ac025be74783 [term 0 FOLLOWER]: Becoming Follower/Learner. State: Replica: 8c9ed830a9924b0b8474ac025be74783, State: Initialized, Role: FOLLOWER
I20260709 13:03:46.674609 13194 raft_consensus.cc:515] T 6492221adbbe4f20aed0edb838db7900 P 8c9ed830a9924b0b8474ac025be74783 [term 0 FOLLOWER]: Starting pre-election with config: opid_index: -1 OBSOLETE_local: false peers { permanent_uuid: "fa7038878d4045c997a4c180e0f47305" member_type: VOTER last_known_addr { host: "127.12.12.129" port: 32939 } } peers { permanent_uuid: "15dfa0162251448f9f2137dab114abce" member_type: VOTER last_known_addr { host: "127.12.12.130" port: 35713 } } peers { permanent_uuid: "8c9ed830a9924b0b8474ac025be74783" member_type: VOTER last_known_addr { host: "127.12.12.131" port: 41677 } }
I20260709 13:03:46.675511 13181 raft_consensus.cc:359] T e5ed346d52c4451a9741d3e9c2ff950b P fa7038878d4045c997a4c180e0f47305 [term 0 FOLLOWER]: Replica starting. Triggering 0 pending ops. Active config: opid_index: -1 OBSOLETE_local: false peers { permanent_uuid: "fa7038878d4045c997a4c180e0f47305" member_type: VOTER last_known_addr { host: "127.12.12.129" port: 32939 } } peers { permanent_uuid: "15dfa0162251448f9f2137dab114abce" member_type: VOTER last_known_addr { host: "127.12.12.130" port: 35713 } } peers { permanent_uuid: "8c9ed830a9924b0b8474ac025be74783" member_type: VOTER last_known_addr { host: "127.12.12.131" port: 41677 } }
I20260709 13:03:46.676152 13181 raft_consensus.cc:385] T e5ed346d52c4451a9741d3e9c2ff950b P fa7038878d4045c997a4c180e0f47305 [term 0 FOLLOWER]: Consensus starting up: Expiring failure detector timer to make a prompt election more likely
I20260709 13:03:46.675923 13184 consensus_queue.cc:260] T d838569d0d814c99bfee4431f5a7dd24 P 8c9ed830a9924b0b8474ac025be74783 [NON_LEADER]: Queue going to NON_LEADER mode. State: All replicated index: 0, Majority replicated index: 0, Committed index: 0, Last appended: 0.0, Last appended by leader: 0, Current term: 0, Majority size: -1, State: 0, Mode: NON_LEADER, active raft config: opid_index: -1 OBSOLETE_local: false peers { permanent_uuid: "fa7038878d4045c997a4c180e0f47305" member_type: VOTER last_known_addr { host: "127.12.12.129" port: 32939 } } peers { permanent_uuid: "15dfa0162251448f9f2137dab114abce" member_type: VOTER last_known_addr { host: "127.12.12.130" port: 35713 } } peers { permanent_uuid: "8c9ed830a9924b0b8474ac025be74783" member_type: VOTER last_known_addr { host: "127.12.12.131" port: 41677 } }
I20260709 13:03:46.676414 13181 raft_consensus.cc:740] T e5ed346d52c4451a9741d3e9c2ff950b P fa7038878d4045c997a4c180e0f47305 [term 0 FOLLOWER]: Becoming Follower/Learner. State: Replica: fa7038878d4045c997a4c180e0f47305, State: Initialized, Role: FOLLOWER
I20260709 13:03:46.676026 13182 consensus_queue.cc:260] T 422ee0b5f9414b8284e3410f14dbbb54 P 15dfa0162251448f9f2137dab114abce [NON_LEADER]: Queue going to NON_LEADER mode. State: All replicated index: 0, Majority replicated index: 0, Committed index: 0, Last appended: 0.0, Last appended by leader: 0, Current term: 0, Majority size: -1, State: 0, Mode: NON_LEADER, active raft config: opid_index: -1 OBSOLETE_local: false peers { permanent_uuid: "fa7038878d4045c997a4c180e0f47305" member_type: VOTER last_known_addr { host: "127.12.12.129" port: 32939 } } peers { permanent_uuid: "15dfa0162251448f9f2137dab114abce" member_type: VOTER last_known_addr { host: "127.12.12.130" port: 35713 } } peers { permanent_uuid: "8c9ed830a9924b0b8474ac025be74783" member_type: VOTER last_known_addr { host: "127.12.12.131" port: 41677 } }
I20260709 13:03:46.677192 13181 consensus_queue.cc:260] T e5ed346d52c4451a9741d3e9c2ff950b P fa7038878d4045c997a4c180e0f47305 [NON_LEADER]: Queue going to NON_LEADER mode. State: All replicated index: 0, Majority replicated index: 0, Committed index: 0, Last appended: 0.0, Last appended by leader: 0, Current term: 0, Majority size: -1, State: 0, Mode: NON_LEADER, active raft config: opid_index: -1 OBSOLETE_local: false peers { permanent_uuid: "fa7038878d4045c997a4c180e0f47305" member_type: VOTER last_known_addr { host: "127.12.12.129" port: 32939 } } peers { permanent_uuid: "15dfa0162251448f9f2137dab114abce" member_type: VOTER last_known_addr { host: "127.12.12.130" port: 35713 } } peers { permanent_uuid: "8c9ed830a9924b0b8474ac025be74783" member_type: VOTER last_known_addr { host: "127.12.12.131" port: 41677 } }
I20260709 13:03:46.678357 13182 ts_tablet_manager.cc:1434] T 422ee0b5f9414b8284e3410f14dbbb54 P 15dfa0162251448f9f2137dab114abce: Time spent starting tablet: real 0.007s	user 0.007s	sys 0.000s
I20260709 13:03:46.679162 13182 tablet_bootstrap.cc:492] T 43f9adaa3e454caeb4cc405c51372db7 P 15dfa0162251448f9f2137dab114abce: Bootstrap starting.
I20260709 13:03:46.679275 13181 ts_tablet_manager.cc:1434] T e5ed346d52c4451a9741d3e9c2ff950b P fa7038878d4045c997a4c180e0f47305: Time spent starting tablet: real 0.006s	user 0.006s	sys 0.000s
I20260709 13:03:46.682292 13221 raft_consensus.cc:493] T 422ee0b5f9414b8284e3410f14dbbb54 P fa7038878d4045c997a4c180e0f47305 [term 0 FOLLOWER]: Starting pre-election (no leader contacted us within the election timeout)
I20260709 13:03:46.682511 13194 leader_election.cc:290] T 6492221adbbe4f20aed0edb838db7900 P 8c9ed830a9924b0b8474ac025be74783 [CANDIDATE]: Term 1 pre-election: Requested pre-vote from peers fa7038878d4045c997a4c180e0f47305 (127.12.12.129:32939), 15dfa0162251448f9f2137dab114abce (127.12.12.130:35713)
I20260709 13:03:46.682754 13221 raft_consensus.cc:515] T 422ee0b5f9414b8284e3410f14dbbb54 P fa7038878d4045c997a4c180e0f47305 [term 0 FOLLOWER]: Starting pre-election with config: opid_index: -1 OBSOLETE_local: false peers { permanent_uuid: "fa7038878d4045c997a4c180e0f47305" member_type: VOTER last_known_addr { host: "127.12.12.129" port: 32939 } } peers { permanent_uuid: "15dfa0162251448f9f2137dab114abce" member_type: VOTER last_known_addr { host: "127.12.12.130" port: 35713 } } peers { permanent_uuid: "8c9ed830a9924b0b8474ac025be74783" member_type: VOTER last_known_addr { host: "127.12.12.131" port: 41677 } }
I20260709 13:03:46.685039 13221 leader_election.cc:290] T 422ee0b5f9414b8284e3410f14dbbb54 P fa7038878d4045c997a4c180e0f47305 [CANDIDATE]: Term 1 pre-election: Requested pre-vote from peers 15dfa0162251448f9f2137dab114abce (127.12.12.130:35713), 8c9ed830a9924b0b8474ac025be74783 (127.12.12.131:41677)
I20260709 13:03:46.688409 13140 tablet_service.cc:1917] Received RequestConsensusVote() RPC: tablet_id: "422ee0b5f9414b8284e3410f14dbbb54" candidate_uuid: "fa7038878d4045c997a4c180e0f47305" candidate_term: 1 candidate_status { last_received { term: 0 index: 0 } } ignore_live_leader: false dest_uuid: "8c9ed830a9924b0b8474ac025be74783" is_pre_election: true
I20260709 13:03:46.689085 13140 raft_consensus.cc:2468] T 422ee0b5f9414b8284e3410f14dbbb54 P 8c9ed830a9924b0b8474ac025be74783 [term 0 FOLLOWER]: Leader pre-election vote request: Granting yes vote for candidate fa7038878d4045c997a4c180e0f47305 in term 0.
I20260709 13:03:46.690186 13182 tablet_bootstrap.cc:654] T 43f9adaa3e454caeb4cc405c51372db7 P 15dfa0162251448f9f2137dab114abce: Neither blocks nor log segments found. Creating new log.
I20260709 13:03:46.694408 13221 raft_consensus.cc:493] T 37aa54403c5242d9af610ed7eca8a39a P fa7038878d4045c997a4c180e0f47305 [term 0 FOLLOWER]: Starting pre-election (no leader contacted us within the election timeout)
I20260709 13:03:46.694664 13067 tablet_service.cc:1917] Received RequestConsensusVote() RPC: tablet_id: "422ee0b5f9414b8284e3410f14dbbb54" candidate_uuid: "fa7038878d4045c997a4c180e0f47305" candidate_term: 1 candidate_status { last_received { term: 0 index: 0 } } ignore_live_leader: false dest_uuid: "15dfa0162251448f9f2137dab114abce" is_pre_election: true
I20260709 13:03:46.695098 13184 ts_tablet_manager.cc:1434] T d838569d0d814c99bfee4431f5a7dd24 P 8c9ed830a9924b0b8474ac025be74783: Time spent starting tablet: real 0.023s	user 0.021s	sys 0.000s
I20260709 13:03:46.694849 13221 raft_consensus.cc:515] T 37aa54403c5242d9af610ed7eca8a39a P fa7038878d4045c997a4c180e0f47305 [term 0 FOLLOWER]: Starting pre-election with config: opid_index: -1 OBSOLETE_local: false peers { permanent_uuid: "fa7038878d4045c997a4c180e0f47305" member_type: VOTER last_known_addr { host: "127.12.12.129" port: 32939 } } peers { permanent_uuid: "15dfa0162251448f9f2137dab114abce" member_type: VOTER last_known_addr { host: "127.12.12.130" port: 35713 } } peers { permanent_uuid: "8c9ed830a9924b0b8474ac025be74783" member_type: VOTER last_known_addr { host: "127.12.12.131" port: 41677 } }
I20260709 13:03:46.695287 13067 raft_consensus.cc:2468] T 422ee0b5f9414b8284e3410f14dbbb54 P 15dfa0162251448f9f2137dab114abce [term 0 FOLLOWER]: Leader pre-election vote request: Granting yes vote for candidate fa7038878d4045c997a4c180e0f47305 in term 0.
I20260709 13:03:46.695982 13184 tablet_bootstrap.cc:492] T 02fa2927a169430192df32e498d9f05e P 8c9ed830a9924b0b8474ac025be74783: Bootstrap starting.
I20260709 13:03:46.696453 12957 leader_election.cc:304] T 422ee0b5f9414b8284e3410f14dbbb54 P fa7038878d4045c997a4c180e0f47305 [CANDIDATE]: Term 1 pre-election: Election decided. Result: candidate won. Election summary: received 2 responses out of 3 voters: 2 yes votes; 0 no votes. yes voters: 15dfa0162251448f9f2137dab114abce, fa7038878d4045c997a4c180e0f47305; no voters: 
I20260709 13:03:46.696862 13221 leader_election.cc:290] T 37aa54403c5242d9af610ed7eca8a39a P fa7038878d4045c997a4c180e0f47305 [CANDIDATE]: Term 1 pre-election: Requested pre-vote from peers 15dfa0162251448f9f2137dab114abce (127.12.12.130:35713), 8c9ed830a9924b0b8474ac025be74783 (127.12.12.131:41677)
I20260709 13:03:46.697345 13221 raft_consensus.cc:2804] T 422ee0b5f9414b8284e3410f14dbbb54 P fa7038878d4045c997a4c180e0f47305 [term 0 FOLLOWER]: Leader pre-election won for term 1
I20260709 13:03:46.697650 13221 raft_consensus.cc:493] T 422ee0b5f9414b8284e3410f14dbbb54 P fa7038878d4045c997a4c180e0f47305 [term 0 FOLLOWER]: Starting leader election (no leader contacted us within the election timeout)
I20260709 13:03:46.697944 13221 raft_consensus.cc:3060] T 422ee0b5f9414b8284e3410f14dbbb54 P fa7038878d4045c997a4c180e0f47305 [term 0 FOLLOWER]: Advancing to term 1
I20260709 13:03:46.698194 13067 tablet_service.cc:1917] Received RequestConsensusVote() RPC: tablet_id: "37aa54403c5242d9af610ed7eca8a39a" candidate_uuid: "fa7038878d4045c997a4c180e0f47305" candidate_term: 1 candidate_status { last_received { term: 0 index: 0 } } ignore_live_leader: false dest_uuid: "15dfa0162251448f9f2137dab114abce" is_pre_election: true
I20260709 13:03:46.698776 13067 raft_consensus.cc:2468] T 37aa54403c5242d9af610ed7eca8a39a P 15dfa0162251448f9f2137dab114abce [term 0 FOLLOWER]: Leader pre-election vote request: Granting yes vote for candidate fa7038878d4045c997a4c180e0f47305 in term 0.
I20260709 13:03:46.699671 13208 raft_consensus.cc:493] T d838569d0d814c99bfee4431f5a7dd24 P 15dfa0162251448f9f2137dab114abce [term 0 FOLLOWER]: Starting pre-election (no leader contacted us within the election timeout)
I20260709 13:03:46.699994 12957 leader_election.cc:304] T 37aa54403c5242d9af610ed7eca8a39a P fa7038878d4045c997a4c180e0f47305 [CANDIDATE]: Term 1 pre-election: Election decided. Result: candidate won. Election summary: received 2 responses out of 3 voters: 2 yes votes; 0 no votes. yes voters: 15dfa0162251448f9f2137dab114abce, fa7038878d4045c997a4c180e0f47305; no voters: 
I20260709 13:03:46.700120 13208 raft_consensus.cc:515] T d838569d0d814c99bfee4431f5a7dd24 P 15dfa0162251448f9f2137dab114abce [term 0 FOLLOWER]: Starting pre-election with config: opid_index: -1 OBSOLETE_local: false peers { permanent_uuid: "fa7038878d4045c997a4c180e0f47305" member_type: VOTER last_known_addr { host: "127.12.12.129" port: 32939 } } peers { permanent_uuid: "15dfa0162251448f9f2137dab114abce" member_type: VOTER last_known_addr { host: "127.12.12.130" port: 35713 } } peers { permanent_uuid: "8c9ed830a9924b0b8474ac025be74783" member_type: VOTER last_known_addr { host: "127.12.12.131" port: 41677 } }
I20260709 13:03:46.702188 13184 tablet_bootstrap.cc:654] T 02fa2927a169430192df32e498d9f05e P 8c9ed830a9924b0b8474ac025be74783: Neither blocks nor log segments found. Creating new log.
I20260709 13:03:46.704268 13185 raft_consensus.cc:2804] T 37aa54403c5242d9af610ed7eca8a39a P fa7038878d4045c997a4c180e0f47305 [term 0 FOLLOWER]: Leader pre-election won for term 1
I20260709 13:03:46.704632 13185 raft_consensus.cc:493] T 37aa54403c5242d9af610ed7eca8a39a P fa7038878d4045c997a4c180e0f47305 [term 0 FOLLOWER]: Starting leader election (no leader contacted us within the election timeout)
I20260709 13:03:46.705008 13185 raft_consensus.cc:3060] T 37aa54403c5242d9af610ed7eca8a39a P fa7038878d4045c997a4c180e0f47305 [term 0 FOLLOWER]: Advancing to term 1
I20260709 13:03:46.702173 13208 leader_election.cc:290] T d838569d0d814c99bfee4431f5a7dd24 P 15dfa0162251448f9f2137dab114abce [CANDIDATE]: Term 1 pre-election: Requested pre-vote from peers fa7038878d4045c997a4c180e0f47305 (127.12.12.129:32939), 8c9ed830a9924b0b8474ac025be74783 (127.12.12.131:41677)
I20260709 13:03:46.708573 13141 tablet_service.cc:1917] Received RequestConsensusVote() RPC: tablet_id: "d838569d0d814c99bfee4431f5a7dd24" candidate_uuid: "15dfa0162251448f9f2137dab114abce" candidate_term: 1 candidate_status { last_received { term: 0 index: 0 } } ignore_live_leader: false dest_uuid: "8c9ed830a9924b0b8474ac025be74783" is_pre_election: true
I20260709 13:03:46.709234 13141 raft_consensus.cc:2468] T d838569d0d814c99bfee4431f5a7dd24 P 8c9ed830a9924b0b8474ac025be74783 [term 0 FOLLOWER]: Leader pre-election vote request: Granting yes vote for candidate 15dfa0162251448f9f2137dab114abce in term 0.
I20260709 13:03:46.710556 13208 raft_consensus.cc:493] T 981508e5ea4a4cc2a69b835c21d559a9 P 15dfa0162251448f9f2137dab114abce [term 0 FOLLOWER]: Starting pre-election (no leader contacted us within the election timeout)
I20260709 13:03:46.710719 13033 leader_election.cc:304] T d838569d0d814c99bfee4431f5a7dd24 P 15dfa0162251448f9f2137dab114abce [CANDIDATE]: Term 1 pre-election: Election decided. Result: candidate won. Election summary: received 2 responses out of 3 voters: 2 yes votes; 0 no votes. yes voters: 15dfa0162251448f9f2137dab114abce, 8c9ed830a9924b0b8474ac025be74783; no voters: 
I20260709 13:03:46.711011 13208 raft_consensus.cc:515] T 981508e5ea4a4cc2a69b835c21d559a9 P 15dfa0162251448f9f2137dab114abce [term 0 FOLLOWER]: Starting pre-election with config: opid_index: -1 OBSOLETE_local: false peers { permanent_uuid: "fa7038878d4045c997a4c180e0f47305" member_type: VOTER last_known_addr { host: "127.12.12.129" port: 32939 } } peers { permanent_uuid: "15dfa0162251448f9f2137dab114abce" member_type: VOTER last_known_addr { host: "127.12.12.130" port: 35713 } } peers { permanent_uuid: "8c9ed830a9924b0b8474ac025be74783" member_type: VOTER last_known_addr { host: "127.12.12.131" port: 41677 } }
I20260709 13:03:46.711663 13212 raft_consensus.cc:2804] T d838569d0d814c99bfee4431f5a7dd24 P 15dfa0162251448f9f2137dab114abce [term 0 FOLLOWER]: Leader pre-election won for term 1
I20260709 13:03:46.712075 13212 raft_consensus.cc:493] T d838569d0d814c99bfee4431f5a7dd24 P 15dfa0162251448f9f2137dab114abce [term 0 FOLLOWER]: Starting leader election (no leader contacted us within the election timeout)
I20260709 13:03:46.712214 13140 tablet_service.cc:1917] Received RequestConsensusVote() RPC: tablet_id: "37aa54403c5242d9af610ed7eca8a39a" candidate_uuid: "fa7038878d4045c997a4c180e0f47305" candidate_term: 1 candidate_status { last_received { term: 0 index: 0 } } ignore_live_leader: false dest_uuid: "8c9ed830a9924b0b8474ac025be74783" is_pre_election: true
I20260709 13:03:46.712416 13212 raft_consensus.cc:3060] T d838569d0d814c99bfee4431f5a7dd24 P 15dfa0162251448f9f2137dab114abce [term 0 FOLLOWER]: Advancing to term 1
I20260709 13:03:46.713591 13184 tablet_bootstrap.cc:492] T 02fa2927a169430192df32e498d9f05e P 8c9ed830a9924b0b8474ac025be74783: No bootstrap required, opened a new log
I20260709 13:03:46.713753 12992 tablet_service.cc:1917] Received RequestConsensusVote() RPC: tablet_id: "d838569d0d814c99bfee4431f5a7dd24" candidate_uuid: "15dfa0162251448f9f2137dab114abce" candidate_term: 1 candidate_status { last_received { term: 0 index: 0 } } ignore_live_leader: false dest_uuid: "fa7038878d4045c997a4c180e0f47305" is_pre_election: true
I20260709 13:03:46.714715 12992 raft_consensus.cc:2468] T d838569d0d814c99bfee4431f5a7dd24 P fa7038878d4045c997a4c180e0f47305 [term 0 FOLLOWER]: Leader pre-election vote request: Granting yes vote for candidate 15dfa0162251448f9f2137dab114abce in term 0.
I20260709 13:03:46.714072 12991 tablet_service.cc:1917] Received RequestConsensusVote() RPC: tablet_id: "981508e5ea4a4cc2a69b835c21d559a9" candidate_uuid: "15dfa0162251448f9f2137dab114abce" candidate_term: 1 candidate_status { last_received { term: 0 index: 0 } } ignore_live_leader: false dest_uuid: "fa7038878d4045c997a4c180e0f47305" is_pre_election: true
I20260709 13:03:46.714982 13208 leader_election.cc:290] T 981508e5ea4a4cc2a69b835c21d559a9 P 15dfa0162251448f9f2137dab114abce [CANDIDATE]: Term 1 pre-election: Requested pre-vote from peers fa7038878d4045c997a4c180e0f47305 (127.12.12.129:32939), 8c9ed830a9924b0b8474ac025be74783 (127.12.12.131:41677)
I20260709 13:03:46.710242 13221 raft_consensus.cc:515] T 422ee0b5f9414b8284e3410f14dbbb54 P fa7038878d4045c997a4c180e0f47305 [term 1 FOLLOWER]: Starting leader election with config: opid_index: -1 OBSOLETE_local: false peers { permanent_uuid: "fa7038878d4045c997a4c180e0f47305" member_type: VOTER last_known_addr { host: "127.12.12.129" port: 32939 } } peers { permanent_uuid: "15dfa0162251448f9f2137dab114abce" member_type: VOTER last_known_addr { host: "127.12.12.130" port: 35713 } } peers { permanent_uuid: "8c9ed830a9924b0b8474ac025be74783" member_type: VOTER last_known_addr { host: "127.12.12.131" port: 41677 } }
I20260709 13:03:46.715615 12991 raft_consensus.cc:2468] T 981508e5ea4a4cc2a69b835c21d559a9 P fa7038878d4045c997a4c180e0f47305 [term 0 FOLLOWER]: Leader pre-election vote request: Granting yes vote for candidate 15dfa0162251448f9f2137dab114abce in term 0.
I20260709 13:03:46.716478 13184 ts_tablet_manager.cc:1403] T 02fa2927a169430192df32e498d9f05e P 8c9ed830a9924b0b8474ac025be74783: Time spent bootstrapping tablet: real 0.021s	user 0.012s	sys 0.005s
W20260709 13:03:46.716670 12958 leader_election.cc:343] T 37aa54403c5242d9af610ed7eca8a39a P fa7038878d4045c997a4c180e0f47305 [CANDIDATE]: Term 1 pre-election: Tablet error from VoteRequest() call to peer 8c9ed830a9924b0b8474ac025be74783 (127.12.12.131:41677): Illegal state: must be running to vote when last-logged opid is not known
I20260709 13:03:46.717226 13221 leader_election.cc:290] T 422ee0b5f9414b8284e3410f14dbbb54 P fa7038878d4045c997a4c180e0f47305 [CANDIDATE]: Term 1 election: Requested vote from peers 15dfa0162251448f9f2137dab114abce (127.12.12.130:35713), 8c9ed830a9924b0b8474ac025be74783 (127.12.12.131:41677)
I20260709 13:03:46.719053 13184 raft_consensus.cc:359] T 02fa2927a169430192df32e498d9f05e P 8c9ed830a9924b0b8474ac025be74783 [term 0 FOLLOWER]: Replica starting. Triggering 0 pending ops. Active config: opid_index: -1 OBSOLETE_local: false peers { permanent_uuid: "fa7038878d4045c997a4c180e0f47305" member_type: VOTER last_known_addr { host: "127.12.12.129" port: 32939 } } peers { permanent_uuid: "15dfa0162251448f9f2137dab114abce" member_type: VOTER last_known_addr { host: "127.12.12.130" port: 35713 } } peers { permanent_uuid: "8c9ed830a9924b0b8474ac025be74783" member_type: VOTER last_known_addr { host: "127.12.12.131" port: 41677 } }
I20260709 13:03:46.719400 13141 tablet_service.cc:1917] Received RequestConsensusVote() RPC: tablet_id: "422ee0b5f9414b8284e3410f14dbbb54" candidate_uuid: "fa7038878d4045c997a4c180e0f47305" candidate_term: 1 candidate_status { last_received { term: 0 index: 0 } } ignore_live_leader: false dest_uuid: "8c9ed830a9924b0b8474ac025be74783"
I20260709 13:03:46.719713 13184 raft_consensus.cc:385] T 02fa2927a169430192df32e498d9f05e P 8c9ed830a9924b0b8474ac025be74783 [term 0 FOLLOWER]: Consensus starting up: Expiring failure detector timer to make a prompt election more likely
I20260709 13:03:46.719964 13141 raft_consensus.cc:3060] T 422ee0b5f9414b8284e3410f14dbbb54 P 8c9ed830a9924b0b8474ac025be74783 [term 0 FOLLOWER]: Advancing to term 1
I20260709 13:03:46.720014 13184 raft_consensus.cc:740] T 02fa2927a169430192df32e498d9f05e P 8c9ed830a9924b0b8474ac025be74783 [term 0 FOLLOWER]: Becoming Follower/Learner. State: Replica: 8c9ed830a9924b0b8474ac025be74783, State: Initialized, Role: FOLLOWER
I20260709 13:03:46.720929 13184 consensus_queue.cc:260] T 02fa2927a169430192df32e498d9f05e P 8c9ed830a9924b0b8474ac025be74783 [NON_LEADER]: Queue going to NON_LEADER mode. State: All replicated index: 0, Majority replicated index: 0, Committed index: 0, Last appended: 0.0, Last appended by leader: 0, Current term: 0, Majority size: -1, State: 0, Mode: NON_LEADER, active raft config: opid_index: -1 OBSOLETE_local: false peers { permanent_uuid: "fa7038878d4045c997a4c180e0f47305" member_type: VOTER last_known_addr { host: "127.12.12.129" port: 32939 } } peers { permanent_uuid: "15dfa0162251448f9f2137dab114abce" member_type: VOTER last_known_addr { host: "127.12.12.130" port: 35713 } } peers { permanent_uuid: "8c9ed830a9924b0b8474ac025be74783" member_type: VOTER last_known_addr { host: "127.12.12.131" port: 41677 } }
I20260709 13:03:46.722867 13184 ts_tablet_manager.cc:1434] T 02fa2927a169430192df32e498d9f05e P 8c9ed830a9924b0b8474ac025be74783: Time spent starting tablet: real 0.006s	user 0.000s	sys 0.004s
I20260709 13:03:46.722890 13212 raft_consensus.cc:515] T d838569d0d814c99bfee4431f5a7dd24 P 15dfa0162251448f9f2137dab114abce [term 1 FOLLOWER]: Starting leader election with config: opid_index: -1 OBSOLETE_local: false peers { permanent_uuid: "fa7038878d4045c997a4c180e0f47305" member_type: VOTER last_known_addr { host: "127.12.12.129" port: 32939 } } peers { permanent_uuid: "15dfa0162251448f9f2137dab114abce" member_type: VOTER last_known_addr { host: "127.12.12.130" port: 35713 } } peers { permanent_uuid: "8c9ed830a9924b0b8474ac025be74783" member_type: VOTER last_known_addr { host: "127.12.12.131" port: 41677 } }
I20260709 13:03:46.724195 13140 tablet_service.cc:1917] Received RequestConsensusVote() RPC: tablet_id: "981508e5ea4a4cc2a69b835c21d559a9" candidate_uuid: "15dfa0162251448f9f2137dab114abce" candidate_term: 1 candidate_status { last_received { term: 0 index: 0 } } ignore_live_leader: false dest_uuid: "8c9ed830a9924b0b8474ac025be74783" is_pre_election: true
I20260709 13:03:46.727612 13140 raft_consensus.cc:2468] T 981508e5ea4a4cc2a69b835c21d559a9 P 8c9ed830a9924b0b8474ac025be74783 [term 0 FOLLOWER]: Leader pre-election vote request: Granting yes vote for candidate 15dfa0162251448f9f2137dab114abce in term 0.
I20260709 13:03:46.728349 13212 leader_election.cc:290] T d838569d0d814c99bfee4431f5a7dd24 P 15dfa0162251448f9f2137dab114abce [CANDIDATE]: Term 1 election: Requested vote from peers fa7038878d4045c997a4c180e0f47305 (127.12.12.129:32939), 8c9ed830a9924b0b8474ac025be74783 (127.12.12.131:41677)
I20260709 13:03:46.726220 13030 leader_election.cc:304] T 981508e5ea4a4cc2a69b835c21d559a9 P 15dfa0162251448f9f2137dab114abce [CANDIDATE]: Term 1 pre-election: Election decided. Result: candidate won. Election summary: received 2 responses out of 3 voters: 2 yes votes; 0 no votes. yes voters: 15dfa0162251448f9f2137dab114abce, fa7038878d4045c997a4c180e0f47305; no voters: 
I20260709 13:03:46.730232 13139 tablet_service.cc:1917] Received RequestConsensusVote() RPC: tablet_id: "d838569d0d814c99bfee4431f5a7dd24" candidate_uuid: "15dfa0162251448f9f2137dab114abce" candidate_term: 1 candidate_status { last_received { term: 0 index: 0 } } ignore_live_leader: false dest_uuid: "8c9ed830a9924b0b8474ac025be74783"
I20260709 13:03:46.730849 13139 raft_consensus.cc:3060] T d838569d0d814c99bfee4431f5a7dd24 P 8c9ed830a9924b0b8474ac025be74783 [term 0 FOLLOWER]: Advancing to term 1
I20260709 13:03:46.732141 13212 raft_consensus.cc:2804] T 981508e5ea4a4cc2a69b835c21d559a9 P 15dfa0162251448f9f2137dab114abce [term 0 FOLLOWER]: Leader pre-election won for term 1
I20260709 13:03:46.732489 13212 raft_consensus.cc:493] T 981508e5ea4a4cc2a69b835c21d559a9 P 15dfa0162251448f9f2137dab114abce [term 0 FOLLOWER]: Starting leader election (no leader contacted us within the election timeout)
I20260709 13:03:46.732797 13212 raft_consensus.cc:3060] T 981508e5ea4a4cc2a69b835c21d559a9 P 15dfa0162251448f9f2137dab114abce [term 0 FOLLOWER]: Advancing to term 1
I20260709 13:03:46.726466 13184 tablet_bootstrap.cc:492] T 37aa54403c5242d9af610ed7eca8a39a P 8c9ed830a9924b0b8474ac025be74783: Bootstrap starting.
I20260709 13:03:46.726580 13067 tablet_service.cc:1917] Received RequestConsensusVote() RPC: tablet_id: "422ee0b5f9414b8284e3410f14dbbb54" candidate_uuid: "fa7038878d4045c997a4c180e0f47305" candidate_term: 1 candidate_status { last_received { term: 0 index: 0 } } ignore_live_leader: false dest_uuid: "15dfa0162251448f9f2137dab114abce"
I20260709 13:03:46.744128 13066 tablet_service.cc:1917] Received RequestConsensusVote() RPC: tablet_id: "6492221adbbe4f20aed0edb838db7900" candidate_uuid: "8c9ed830a9924b0b8474ac025be74783" candidate_term: 1 candidate_status { last_received { term: 0 index: 0 } } ignore_live_leader: false dest_uuid: "15dfa0162251448f9f2137dab114abce" is_pre_election: true
I20260709 13:03:46.744808 13066 raft_consensus.cc:2468] T 6492221adbbe4f20aed0edb838db7900 P 15dfa0162251448f9f2137dab114abce [term 0 FOLLOWER]: Leader pre-election vote request: Granting yes vote for candidate 8c9ed830a9924b0b8474ac025be74783 in term 0.
I20260709 13:03:46.746078 13106 leader_election.cc:304] T 6492221adbbe4f20aed0edb838db7900 P 8c9ed830a9924b0b8474ac025be74783 [CANDIDATE]: Term 1 pre-election: Election decided. Result: candidate won. Election summary: received 2 responses out of 3 voters: 2 yes votes; 0 no votes. yes voters: 15dfa0162251448f9f2137dab114abce, 8c9ed830a9924b0b8474ac025be74783; no voters: 
I20260709 13:03:46.748075 13229 raft_consensus.cc:2804] T 6492221adbbe4f20aed0edb838db7900 P 8c9ed830a9924b0b8474ac025be74783 [term 0 FOLLOWER]: Leader pre-election won for term 1
I20260709 13:03:46.748478 13229 raft_consensus.cc:493] T 6492221adbbe4f20aed0edb838db7900 P 8c9ed830a9924b0b8474ac025be74783 [term 0 FOLLOWER]: Starting leader election (no leader contacted us within the election timeout)
I20260709 13:03:46.748795 13229 raft_consensus.cc:3060] T 6492221adbbe4f20aed0edb838db7900 P 8c9ed830a9924b0b8474ac025be74783 [term 0 FOLLOWER]: Advancing to term 1
I20260709 13:03:46.748102 13067 raft_consensus.cc:3060] T 422ee0b5f9414b8284e3410f14dbbb54 P 15dfa0162251448f9f2137dab114abce [term 0 FOLLOWER]: Advancing to term 1
I20260709 13:03:46.749321 12991 tablet_service.cc:1917] Received RequestConsensusVote() RPC: tablet_id: "d838569d0d814c99bfee4431f5a7dd24" candidate_uuid: "15dfa0162251448f9f2137dab114abce" candidate_term: 1 candidate_status { last_received { term: 0 index: 0 } } ignore_live_leader: false dest_uuid: "fa7038878d4045c997a4c180e0f47305"
I20260709 13:03:46.753283 12991 raft_consensus.cc:3060] T d838569d0d814c99bfee4431f5a7dd24 P fa7038878d4045c997a4c180e0f47305 [term 0 FOLLOWER]: Advancing to term 1
I20260709 13:03:46.755653 13141 raft_consensus.cc:2468] T 422ee0b5f9414b8284e3410f14dbbb54 P 8c9ed830a9924b0b8474ac025be74783 [term 1 FOLLOWER]: Leader election vote request: Granting yes vote for candidate fa7038878d4045c997a4c180e0f47305 in term 1.
I20260709 13:03:46.756876 12958 leader_election.cc:304] T 422ee0b5f9414b8284e3410f14dbbb54 P fa7038878d4045c997a4c180e0f47305 [CANDIDATE]: Term 1 election: Election decided. Result: candidate won. Election summary: received 2 responses out of 3 voters: 2 yes votes; 0 no votes. yes voters: 8c9ed830a9924b0b8474ac025be74783, fa7038878d4045c997a4c180e0f47305; no voters: 
I20260709 13:03:46.757682 13221 raft_consensus.cc:2804] T 422ee0b5f9414b8284e3410f14dbbb54 P fa7038878d4045c997a4c180e0f47305 [term 1 FOLLOWER]: Leader election won for term 1
I20260709 13:03:46.760655 13221 raft_consensus.cc:697] T 422ee0b5f9414b8284e3410f14dbbb54 P fa7038878d4045c997a4c180e0f47305 [term 1 LEADER]: Becoming Leader. State: Replica: fa7038878d4045c997a4c180e0f47305, State: Running, Role: LEADER
I20260709 13:03:46.761514 13221 consensus_queue.cc:237] T 422ee0b5f9414b8284e3410f14dbbb54 P fa7038878d4045c997a4c180e0f47305 [LEADER]: Queue going to LEADER mode. State: All replicated index: 0, Majority replicated index: 0, Committed index: 0, Last appended: 0.0, Last appended by leader: 0, Current term: 1, Majority size: 2, State: 0, Mode: LEADER, active raft config: opid_index: -1 OBSOLETE_local: false peers { permanent_uuid: "fa7038878d4045c997a4c180e0f47305" member_type: VOTER last_known_addr { host: "127.12.12.129" port: 32939 } } peers { permanent_uuid: "15dfa0162251448f9f2137dab114abce" member_type: VOTER last_known_addr { host: "127.12.12.130" port: 35713 } } peers { permanent_uuid: "8c9ed830a9924b0b8474ac025be74783" member_type: VOTER last_known_addr { host: "127.12.12.131" port: 41677 } }
I20260709 13:03:46.762975 13067 raft_consensus.cc:2468] T 422ee0b5f9414b8284e3410f14dbbb54 P 15dfa0162251448f9f2137dab114abce [term 1 FOLLOWER]: Leader election vote request: Granting yes vote for candidate fa7038878d4045c997a4c180e0f47305 in term 1.
I20260709 13:03:46.766176 13185 raft_consensus.cc:515] T 37aa54403c5242d9af610ed7eca8a39a P fa7038878d4045c997a4c180e0f47305 [term 1 FOLLOWER]: Starting leader election with config: opid_index: -1 OBSOLETE_local: false peers { permanent_uuid: "fa7038878d4045c997a4c180e0f47305" member_type: VOTER last_known_addr { host: "127.12.12.129" port: 32939 } } peers { permanent_uuid: "15dfa0162251448f9f2137dab114abce" member_type: VOTER last_known_addr { host: "127.12.12.130" port: 35713 } } peers { permanent_uuid: "8c9ed830a9924b0b8474ac025be74783" member_type: VOTER last_known_addr { host: "127.12.12.131" port: 41677 } }
I20260709 13:03:46.752637 13139 raft_consensus.cc:2468] T d838569d0d814c99bfee4431f5a7dd24 P 8c9ed830a9924b0b8474ac025be74783 [term 1 FOLLOWER]: Leader election vote request: Granting yes vote for candidate 15dfa0162251448f9f2137dab114abce in term 1.
I20260709 13:03:46.772773 13033 leader_election.cc:304] T d838569d0d814c99bfee4431f5a7dd24 P 15dfa0162251448f9f2137dab114abce [CANDIDATE]: Term 1 election: Election decided. Result: candidate won. Election summary: received 2 responses out of 3 voters: 2 yes votes; 0 no votes. yes voters: 15dfa0162251448f9f2137dab114abce, 8c9ed830a9924b0b8474ac025be74783; no voters: 
I20260709 13:03:46.773592 13208 raft_consensus.cc:2804] T d838569d0d814c99bfee4431f5a7dd24 P 15dfa0162251448f9f2137dab114abce [term 1 FOLLOWER]: Leader election won for term 1
I20260709 13:03:46.774044 13208 raft_consensus.cc:697] T d838569d0d814c99bfee4431f5a7dd24 P 15dfa0162251448f9f2137dab114abce [term 1 LEADER]: Becoming Leader. State: Replica: 15dfa0162251448f9f2137dab114abce, State: Running, Role: LEADER
I20260709 13:03:46.774556 13184 tablet_bootstrap.cc:654] T 37aa54403c5242d9af610ed7eca8a39a P 8c9ed830a9924b0b8474ac025be74783: Neither blocks nor log segments found. Creating new log.
I20260709 13:03:46.774819 13208 consensus_queue.cc:237] T d838569d0d814c99bfee4431f5a7dd24 P 15dfa0162251448f9f2137dab114abce [LEADER]: Queue going to LEADER mode. State: All replicated index: 0, Majority replicated index: 0, Committed index: 0, Last appended: 0.0, Last appended by leader: 0, Current term: 1, Majority size: 2, State: 0, Mode: LEADER, active raft config: opid_index: -1 OBSOLETE_local: false peers { permanent_uuid: "fa7038878d4045c997a4c180e0f47305" member_type: VOTER last_known_addr { host: "127.12.12.129" port: 32939 } } peers { permanent_uuid: "15dfa0162251448f9f2137dab114abce" member_type: VOTER last_known_addr { host: "127.12.12.130" port: 35713 } } peers { permanent_uuid: "8c9ed830a9924b0b8474ac025be74783" member_type: VOTER last_known_addr { host: "127.12.12.131" port: 41677 } }
I20260709 13:03:46.777855 12991 raft_consensus.cc:2468] T d838569d0d814c99bfee4431f5a7dd24 P fa7038878d4045c997a4c180e0f47305 [term 1 FOLLOWER]: Leader election vote request: Granting yes vote for candidate 15dfa0162251448f9f2137dab114abce in term 1.
I20260709 13:03:46.781605 13139 tablet_service.cc:1917] Received RequestConsensusVote() RPC: tablet_id: "37aa54403c5242d9af610ed7eca8a39a" candidate_uuid: "fa7038878d4045c997a4c180e0f47305" candidate_term: 1 candidate_status { last_received { term: 0 index: 0 } } ignore_live_leader: false dest_uuid: "8c9ed830a9924b0b8474ac025be74783"
W20260709 13:03:46.783409 12958 leader_election.cc:343] T 37aa54403c5242d9af610ed7eca8a39a P fa7038878d4045c997a4c180e0f47305 [CANDIDATE]: Term 1 election: Tablet error from VoteRequest() call to peer 8c9ed830a9924b0b8474ac025be74783 (127.12.12.131:41677): Illegal state: must be running to vote when last-logged opid is not known
I20260709 13:03:46.776716 13212 raft_consensus.cc:515] T 981508e5ea4a4cc2a69b835c21d559a9 P 15dfa0162251448f9f2137dab114abce [term 1 FOLLOWER]: Starting leader election with config: opid_index: -1 OBSOLETE_local: false peers { permanent_uuid: "fa7038878d4045c997a4c180e0f47305" member_type: VOTER last_known_addr { host: "127.12.12.129" port: 32939 } } peers { permanent_uuid: "15dfa0162251448f9f2137dab114abce" member_type: VOTER last_known_addr { host: "127.12.12.130" port: 35713 } } peers { permanent_uuid: "8c9ed830a9924b0b8474ac025be74783" member_type: VOTER last_known_addr { host: "127.12.12.131" port: 41677 } }
I20260709 13:03:46.783106 13185 leader_election.cc:290] T 37aa54403c5242d9af610ed7eca8a39a P fa7038878d4045c997a4c180e0f47305 [CANDIDATE]: Term 1 election: Requested vote from peers 15dfa0162251448f9f2137dab114abce (127.12.12.130:35713), 8c9ed830a9924b0b8474ac025be74783 (127.12.12.131:41677)
I20260709 13:03:46.785598 13067 tablet_service.cc:1917] Received RequestConsensusVote() RPC: tablet_id: "37aa54403c5242d9af610ed7eca8a39a" candidate_uuid: "fa7038878d4045c997a4c180e0f47305" candidate_term: 1 candidate_status { last_received { term: 0 index: 0 } } ignore_live_leader: false dest_uuid: "15dfa0162251448f9f2137dab114abce"
I20260709 13:03:46.785578 12991 tablet_service.cc:1917] Received RequestConsensusVote() RPC: tablet_id: "6492221adbbe4f20aed0edb838db7900" candidate_uuid: "8c9ed830a9924b0b8474ac025be74783" candidate_term: 1 candidate_status { last_received { term: 0 index: 0 } } ignore_live_leader: false dest_uuid: "fa7038878d4045c997a4c180e0f47305" is_pre_election: true
I20260709 13:03:46.789320 13067 raft_consensus.cc:3060] T 37aa54403c5242d9af610ed7eca8a39a P 15dfa0162251448f9f2137dab114abce [term 0 FOLLOWER]: Advancing to term 1
I20260709 13:03:46.792233 12991 raft_consensus.cc:2468] T 6492221adbbe4f20aed0edb838db7900 P fa7038878d4045c997a4c180e0f47305 [term 0 FOLLOWER]: Leader pre-election vote request: Granting yes vote for candidate 8c9ed830a9924b0b8474ac025be74783 in term 0.
I20260709 13:03:46.792824 13229 raft_consensus.cc:515] T 6492221adbbe4f20aed0edb838db7900 P 8c9ed830a9924b0b8474ac025be74783 [term 1 FOLLOWER]: Starting leader election with config: opid_index: -1 OBSOLETE_local: false peers { permanent_uuid: "fa7038878d4045c997a4c180e0f47305" member_type: VOTER last_known_addr { host: "127.12.12.129" port: 32939 } } peers { permanent_uuid: "15dfa0162251448f9f2137dab114abce" member_type: VOTER last_known_addr { host: "127.12.12.130" port: 35713 } } peers { permanent_uuid: "8c9ed830a9924b0b8474ac025be74783" member_type: VOTER last_known_addr { host: "127.12.12.131" port: 41677 } }
I20260709 13:03:46.798954 13229 leader_election.cc:290] T 6492221adbbe4f20aed0edb838db7900 P 8c9ed830a9924b0b8474ac025be74783 [CANDIDATE]: Term 1 election: Requested vote from peers fa7038878d4045c997a4c180e0f47305 (127.12.12.129:32939), 15dfa0162251448f9f2137dab114abce (127.12.12.130:35713)
I20260709 13:03:46.801852 13212 leader_election.cc:290] T 981508e5ea4a4cc2a69b835c21d559a9 P 15dfa0162251448f9f2137dab114abce [CANDIDATE]: Term 1 election: Requested vote from peers fa7038878d4045c997a4c180e0f47305 (127.12.12.129:32939), 8c9ed830a9924b0b8474ac025be74783 (127.12.12.131:41677)
I20260709 13:03:46.802345 13139 tablet_service.cc:1917] Received RequestConsensusVote() RPC: tablet_id: "981508e5ea4a4cc2a69b835c21d559a9" candidate_uuid: "15dfa0162251448f9f2137dab114abce" candidate_term: 1 candidate_status { last_received { term: 0 index: 0 } } ignore_live_leader: false dest_uuid: "8c9ed830a9924b0b8474ac025be74783"
I20260709 13:03:46.802938 13139 raft_consensus.cc:3060] T 981508e5ea4a4cc2a69b835c21d559a9 P 8c9ed830a9924b0b8474ac025be74783 [term 0 FOLLOWER]: Advancing to term 1
I20260709 13:03:46.804006 13182 tablet_bootstrap.cc:492] T 43f9adaa3e454caeb4cc405c51372db7 P 15dfa0162251448f9f2137dab114abce: No bootstrap required, opened a new log
I20260709 13:03:46.804450 13182 ts_tablet_manager.cc:1403] T 43f9adaa3e454caeb4cc405c51372db7 P 15dfa0162251448f9f2137dab114abce: Time spent bootstrapping tablet: real 0.125s	user 0.047s	sys 0.039s
