I20260709 12:57:20.384474  1814 consensus_queue.cc:237] T 21ad9615c9d248b6853dd25b27424b16 P adae7f28424f4b6da3318a0bc8835cd1 [LEADER]: Queue going to LEADER mode. State: All replicated index: 0, Majority replicated index: 0, Committed index: 0, Last appended: 0.0, Last appended by leader: 0, Current term: 1, Majority size: 2, State: 0, Mode: LEADER, active raft config: opid_index: -1 OBSOLETE_local: false peers { permanent_uuid: "3ce3aca087924d1f9360d62ab30f3b5b" member_type: VOTER last_known_addr { host: "127.0.107.193" port: 41891 } } peers { permanent_uuid: "4401e944da91494aabeef5c7e63c0a33" member_type: VOTER last_known_addr { host: "127.0.107.194" port: 35981 } } peers { permanent_uuid: "adae7f28424f4b6da3318a0bc8835cd1" member_type: VOTER last_known_addr { host: "127.0.107.195" port: 37769 } }
I20260709 12:57:20.480394  1756 tablet_bootstrap.cc:492] T 38270f5e29cd4be98481bec7b13294b0 P adae7f28424f4b6da3318a0bc8835cd1: No bootstrap required, opened a new log
I20260709 12:57:20.480863  1756 ts_tablet_manager.cc:1403] T 38270f5e29cd4be98481bec7b13294b0 P adae7f28424f4b6da3318a0bc8835cd1: Time spent bootstrapping tablet: real 0.255s	user 0.032s	sys 0.030s
I20260709 12:57:20.480394  1754 tablet_bootstrap.cc:654] T f30280341bf84986a8697aca51a6bba7 P 4401e944da91494aabeef5c7e63c0a33: Neither blocks nor log segments found. Creating new log.
I20260709 12:57:20.485126  1756 raft_consensus.cc:359] T 38270f5e29cd4be98481bec7b13294b0 P adae7f28424f4b6da3318a0bc8835cd1 [term 0 FOLLOWER]: Replica starting. Triggering 0 pending ops. Active config: opid_index: -1 OBSOLETE_local: false peers { permanent_uuid: "3ce3aca087924d1f9360d62ab30f3b5b" member_type: VOTER last_known_addr { host: "127.0.107.193" port: 41891 } } peers { permanent_uuid: "4401e944da91494aabeef5c7e63c0a33" member_type: VOTER last_known_addr { host: "127.0.107.194" port: 35981 } } peers { permanent_uuid: "adae7f28424f4b6da3318a0bc8835cd1" member_type: VOTER last_known_addr { host: "127.0.107.195" port: 37769 } }
I20260709 12:57:20.485771  1756 raft_consensus.cc:385] T 38270f5e29cd4be98481bec7b13294b0 P adae7f28424f4b6da3318a0bc8835cd1 [term 0 FOLLOWER]: Consensus starting up: Expiring failure detector timer to make a prompt election more likely
I20260709 12:57:20.485939  1756 raft_consensus.cc:740] T 38270f5e29cd4be98481bec7b13294b0 P adae7f28424f4b6da3318a0bc8835cd1 [term 0 FOLLOWER]: Becoming Follower/Learner. State: Replica: adae7f28424f4b6da3318a0bc8835cd1, State: Initialized, Role: FOLLOWER
I20260709 12:57:20.486418  1756 consensus_queue.cc:260] T 38270f5e29cd4be98481bec7b13294b0 P adae7f28424f4b6da3318a0bc8835cd1 [NON_LEADER]: Queue going to NON_LEADER mode. State: All replicated index: 0, Majority replicated index: 0, Committed index: 0, Last appended: 0.0, Last appended by leader: 0, Current term: 0, Majority size: -1, State: 0, Mode: NON_LEADER, active raft config: opid_index: -1 OBSOLETE_local: false peers { permanent_uuid: "3ce3aca087924d1f9360d62ab30f3b5b" member_type: VOTER last_known_addr { host: "127.0.107.193" port: 41891 } } peers { permanent_uuid: "4401e944da91494aabeef5c7e63c0a33" member_type: VOTER last_known_addr { host: "127.0.107.194" port: 35981 } } peers { permanent_uuid: "adae7f28424f4b6da3318a0bc8835cd1" member_type: VOTER last_known_addr { host: "127.0.107.195" port: 37769 } }
I20260709 12:57:20.497812  1816 consensus_queue.cc:1048] T aed3adf21f0e408293c37dbbb22bf35d P 4401e944da91494aabeef5c7e63c0a33 [LEADER]: Connected to new peer: Peer: permanent_uuid: "3ce3aca087924d1f9360d62ab30f3b5b" member_type: VOTER last_known_addr { host: "127.0.107.193" port: 41891 }, Status: LMP_MISMATCH, Last received: 0.0, Next index: 1, Last known committed idx: 0, Time since last communication: 0.002s
I20260709 12:57:20.519296  1754 tablet_bootstrap.cc:492] T f30280341bf84986a8697aca51a6bba7 P 4401e944da91494aabeef5c7e63c0a33: No bootstrap required, opened a new log
I20260709 12:57:20.519832  1754 ts_tablet_manager.cc:1403] T f30280341bf84986a8697aca51a6bba7 P 4401e944da91494aabeef5c7e63c0a33: Time spent bootstrapping tablet: real 0.138s	user 0.013s	sys 0.020s
I20260709 12:57:20.522374  1756 ts_tablet_manager.cc:1434] T 38270f5e29cd4be98481bec7b13294b0 P adae7f28424f4b6da3318a0bc8835cd1: Time spent starting tablet: real 0.041s	user 0.012s	sys 0.022s
I20260709 12:57:20.524250  1756 tablet_bootstrap.cc:492] T b5d11d9937ed4a96ab0ab6e335f482f5 P adae7f28424f4b6da3318a0bc8835cd1: Bootstrap starting.
I20260709 12:57:20.576720  1754 raft_consensus.cc:359] T f30280341bf84986a8697aca51a6bba7 P 4401e944da91494aabeef5c7e63c0a33 [term 0 FOLLOWER]: Replica starting. Triggering 0 pending ops. Active config: opid_index: -1 OBSOLETE_local: false peers { permanent_uuid: "3ce3aca087924d1f9360d62ab30f3b5b" member_type: VOTER last_known_addr { host: "127.0.107.193" port: 41891 } } peers { permanent_uuid: "4401e944da91494aabeef5c7e63c0a33" member_type: VOTER last_known_addr { host: "127.0.107.194" port: 35981 } } peers { permanent_uuid: "adae7f28424f4b6da3318a0bc8835cd1" member_type: VOTER last_known_addr { host: "127.0.107.195" port: 37769 } }
I20260709 12:57:20.583299  1756 tablet_bootstrap.cc:654] T b5d11d9937ed4a96ab0ab6e335f482f5 P adae7f28424f4b6da3318a0bc8835cd1: Neither blocks nor log segments found. Creating new log.
I20260709 12:57:20.588259  1757 raft_consensus.cc:493] T f2cc0841b2364d20a7ff5ad75648a502 P 3ce3aca087924d1f9360d62ab30f3b5b [term 0 FOLLOWER]: Starting pre-election (no leader contacted us within the election timeout)
I20260709 12:57:20.589176  1757 raft_consensus.cc:515] T f2cc0841b2364d20a7ff5ad75648a502 P 3ce3aca087924d1f9360d62ab30f3b5b [term 0 FOLLOWER]: Starting pre-election with config: opid_index: -1 OBSOLETE_local: false peers { permanent_uuid: "3ce3aca087924d1f9360d62ab30f3b5b" member_type: VOTER last_known_addr { host: "127.0.107.193" port: 41891 } } peers { permanent_uuid: "4401e944da91494aabeef5c7e63c0a33" member_type: VOTER last_known_addr { host: "127.0.107.194" port: 35981 } } peers { permanent_uuid: "adae7f28424f4b6da3318a0bc8835cd1" member_type: VOTER last_known_addr { host: "127.0.107.195" port: 37769 } }
I20260709 12:57:20.594456  1636 tablet_service.cc:1917] Received RequestConsensusVote() RPC: tablet_id: "f2cc0841b2364d20a7ff5ad75648a502" candidate_uuid: "3ce3aca087924d1f9360d62ab30f3b5b" candidate_term: 1 candidate_status { last_received { term: 0 index: 0 } } ignore_live_leader: false dest_uuid: "4401e944da91494aabeef5c7e63c0a33" is_pre_election: true
I20260709 12:57:20.578845  1754 raft_consensus.cc:385] T f30280341bf84986a8697aca51a6bba7 P 4401e944da91494aabeef5c7e63c0a33 [term 0 FOLLOWER]: Consensus starting up: Expiring failure detector timer to make a prompt election more likely
I20260709 12:57:20.611709  1754 raft_consensus.cc:740] T f30280341bf84986a8697aca51a6bba7 P 4401e944da91494aabeef5c7e63c0a33 [term 0 FOLLOWER]: Becoming Follower/Learner. State: Replica: 4401e944da91494aabeef5c7e63c0a33, State: Initialized, Role: FOLLOWER
I20260709 12:57:20.614050  1754 consensus_queue.cc:260] T f30280341bf84986a8697aca51a6bba7 P 4401e944da91494aabeef5c7e63c0a33 [NON_LEADER]: Queue going to NON_LEADER mode. State: All replicated index: 0, Majority replicated index: 0, Committed index: 0, Last appended: 0.0, Last appended by leader: 0, Current term: 0, Majority size: -1, State: 0, Mode: NON_LEADER, active raft config: opid_index: -1 OBSOLETE_local: false peers { permanent_uuid: "3ce3aca087924d1f9360d62ab30f3b5b" member_type: VOTER last_known_addr { host: "127.0.107.193" port: 41891 } } peers { permanent_uuid: "4401e944da91494aabeef5c7e63c0a33" member_type: VOTER last_known_addr { host: "127.0.107.194" port: 35981 } } peers { permanent_uuid: "adae7f28424f4b6da3318a0bc8835cd1" member_type: VOTER last_known_addr { host: "127.0.107.195" port: 37769 } }
I20260709 12:57:20.607120  1757 leader_election.cc:290] T f2cc0841b2364d20a7ff5ad75648a502 P 3ce3aca087924d1f9360d62ab30f3b5b [CANDIDATE]: Term 1 pre-election: Requested pre-vote from peers 4401e944da91494aabeef5c7e63c0a33 (127.0.107.194:35981), adae7f28424f4b6da3318a0bc8835cd1 (127.0.107.195:37769)
I20260709 12:57:20.618682  1754 ts_tablet_manager.cc:1434] T f30280341bf84986a8697aca51a6bba7 P 4401e944da91494aabeef5c7e63c0a33: Time spent starting tablet: real 0.098s	user 0.009s	sys 0.003s
I20260709 12:57:20.619428  1713 tablet_service.cc:1917] Received RequestConsensusVote() RPC: tablet_id: "f2cc0841b2364d20a7ff5ad75648a502" candidate_uuid: "3ce3aca087924d1f9360d62ab30f3b5b" candidate_term: 1 candidate_status { last_received { term: 0 index: 0 } } ignore_live_leader: false dest_uuid: "adae7f28424f4b6da3318a0bc8835cd1" is_pre_election: true
I20260709 12:57:20.620574  1713 raft_consensus.cc:2393] T f2cc0841b2364d20a7ff5ad75648a502 P adae7f28424f4b6da3318a0bc8835cd1 [term 1 FOLLOWER]: Leader pre-election vote request: Denying vote to candidate 3ce3aca087924d1f9360d62ab30f3b5b in current term 1: Already voted for candidate 4401e944da91494aabeef5c7e63c0a33 in this term.
I20260709 12:57:20.620576  1754 tablet_bootstrap.cc:492] T 40f7345038604b4da8802efa035923d9 P 4401e944da91494aabeef5c7e63c0a33: Bootstrap starting.
I20260709 12:57:20.623538  1527 leader_election.cc:304] T f2cc0841b2364d20a7ff5ad75648a502 P 3ce3aca087924d1f9360d62ab30f3b5b [CANDIDATE]: Term 1 pre-election: Election decided. Result: candidate lost. Election summary: received 3 responses out of 3 voters: 1 yes votes; 2 no votes. yes voters: 3ce3aca087924d1f9360d62ab30f3b5b; no voters: 4401e944da91494aabeef5c7e63c0a33, adae7f28424f4b6da3318a0bc8835cd1
I20260709 12:57:20.625810  1757 raft_consensus.cc:3060] T f2cc0841b2364d20a7ff5ad75648a502 P 3ce3aca087924d1f9360d62ab30f3b5b [term 0 FOLLOWER]: Advancing to term 1
I20260709 12:57:20.632771  1756 tablet_bootstrap.cc:492] T b5d11d9937ed4a96ab0ab6e335f482f5 P adae7f28424f4b6da3318a0bc8835cd1: No bootstrap required, opened a new log
I20260709 12:57:20.634750  1816 consensus_queue.cc:1048] T f2cc0841b2364d20a7ff5ad75648a502 P 4401e944da91494aabeef5c7e63c0a33 [LEADER]: Connected to new peer: Peer: permanent_uuid: "adae7f28424f4b6da3318a0bc8835cd1" member_type: VOTER last_known_addr { host: "127.0.107.195" port: 37769 }, Status: LMP_MISMATCH, Last received: 0.0, Next index: 1, Last known committed idx: 0, Time since last communication: 0.001s
I20260709 12:57:20.644044  1816 raft_consensus.cc:493] T f30280341bf84986a8697aca51a6bba7 P 4401e944da91494aabeef5c7e63c0a33 [term 0 FOLLOWER]: Starting pre-election (no leader contacted us within the election timeout)
I20260709 12:57:20.649303  1816 raft_consensus.cc:515] T f30280341bf84986a8697aca51a6bba7 P 4401e944da91494aabeef5c7e63c0a33 [term 0 FOLLOWER]: Starting pre-election with config: opid_index: -1 OBSOLETE_local: false peers { permanent_uuid: "3ce3aca087924d1f9360d62ab30f3b5b" member_type: VOTER last_known_addr { host: "127.0.107.193" port: 41891 } } peers { permanent_uuid: "4401e944da91494aabeef5c7e63c0a33" member_type: VOTER last_known_addr { host: "127.0.107.194" port: 35981 } } peers { permanent_uuid: "adae7f28424f4b6da3318a0bc8835cd1" member_type: VOTER last_known_addr { host: "127.0.107.195" port: 37769 } }
I20260709 12:57:20.641716  1753 tablet_bootstrap.cc:492] T f30280341bf84986a8697aca51a6bba7 P 3ce3aca087924d1f9360d62ab30f3b5b: No bootstrap required, opened a new log
I20260709 12:57:20.644157  1756 ts_tablet_manager.cc:1403] T b5d11d9937ed4a96ab0ab6e335f482f5 P adae7f28424f4b6da3318a0bc8835cd1: Time spent bootstrapping tablet: real 0.121s	user 0.006s	sys 0.012s
I20260709 12:57:20.652254  1753 ts_tablet_manager.cc:1403] T f30280341bf84986a8697aca51a6bba7 P 3ce3aca087924d1f9360d62ab30f3b5b: Time spent bootstrapping tablet: real 0.294s	user 0.025s	sys 0.010s
I20260709 12:57:20.655680  1757 raft_consensus.cc:2749] T f2cc0841b2364d20a7ff5ad75648a502 P 3ce3aca087924d1f9360d62ab30f3b5b [term 1 FOLLOWER]: Leader pre-election lost for term 1. Reason: could not achieve majority
I20260709 12:57:20.656270  1754 tablet_bootstrap.cc:654] T 40f7345038604b4da8802efa035923d9 P 4401e944da91494aabeef5c7e63c0a33: Neither blocks nor log segments found. Creating new log.
I20260709 12:57:20.661082  1756 raft_consensus.cc:359] T b5d11d9937ed4a96ab0ab6e335f482f5 P adae7f28424f4b6da3318a0bc8835cd1 [term 0 FOLLOWER]: Replica starting. Triggering 0 pending ops. Active config: opid_index: -1 OBSOLETE_local: false peers { permanent_uuid: "3ce3aca087924d1f9360d62ab30f3b5b" member_type: VOTER last_known_addr { host: "127.0.107.193" port: 41891 } } peers { permanent_uuid: "4401e944da91494aabeef5c7e63c0a33" member_type: VOTER last_known_addr { host: "127.0.107.194" port: 35981 } } peers { permanent_uuid: "adae7f28424f4b6da3318a0bc8835cd1" member_type: VOTER last_known_addr { host: "127.0.107.195" port: 37769 } }
I20260709 12:57:20.662487  1713 tablet_service.cc:1917] Received RequestConsensusVote() RPC: tablet_id: "f30280341bf84986a8697aca51a6bba7" candidate_uuid: "4401e944da91494aabeef5c7e63c0a33" candidate_term: 1 candidate_status { last_received { term: 0 index: 0 } } ignore_live_leader: false dest_uuid: "adae7f28424f4b6da3318a0bc8835cd1" is_pre_election: true
I20260709 12:57:20.663676  1756 raft_consensus.cc:385] T b5d11d9937ed4a96ab0ab6e335f482f5 P adae7f28424f4b6da3318a0bc8835cd1 [term 0 FOLLOWER]: Consensus starting up: Expiring failure detector timer to make a prompt election more likely
I20260709 12:57:20.663938  1713 raft_consensus.cc:2468] T f30280341bf84986a8697aca51a6bba7 P adae7f28424f4b6da3318a0bc8835cd1 [term 0 FOLLOWER]: Leader pre-election vote request: Granting yes vote for candidate 4401e944da91494aabeef5c7e63c0a33 in term 0.
I20260709 12:57:20.664077  1756 raft_consensus.cc:740] T b5d11d9937ed4a96ab0ab6e335f482f5 P adae7f28424f4b6da3318a0bc8835cd1 [term 0 FOLLOWER]: Becoming Follower/Learner. State: Replica: adae7f28424f4b6da3318a0bc8835cd1, State: Initialized, Role: FOLLOWER
I20260709 12:57:20.662632  1753 raft_consensus.cc:359] T f30280341bf84986a8697aca51a6bba7 P 3ce3aca087924d1f9360d62ab30f3b5b [term 0 FOLLOWER]: Replica starting. Triggering 0 pending ops. Active config: opid_index: -1 OBSOLETE_local: false peers { permanent_uuid: "3ce3aca087924d1f9360d62ab30f3b5b" member_type: VOTER last_known_addr { host: "127.0.107.193" port: 41891 } } peers { permanent_uuid: "4401e944da91494aabeef5c7e63c0a33" member_type: VOTER last_known_addr { host: "127.0.107.194" port: 35981 } } peers { permanent_uuid: "adae7f28424f4b6da3318a0bc8835cd1" member_type: VOTER last_known_addr { host: "127.0.107.195" port: 37769 } }
I20260709 12:57:20.665663  1753 raft_consensus.cc:385] T f30280341bf84986a8697aca51a6bba7 P 3ce3aca087924d1f9360d62ab30f3b5b [term 0 FOLLOWER]: Consensus starting up: Expiring failure detector timer to make a prompt election more likely
I20260709 12:57:20.665956  1753 raft_consensus.cc:740] T f30280341bf84986a8697aca51a6bba7 P 3ce3aca087924d1f9360d62ab30f3b5b [term 0 FOLLOWER]: Becoming Follower/Learner. State: Replica: 3ce3aca087924d1f9360d62ab30f3b5b, State: Initialized, Role: FOLLOWER
I20260709 12:57:20.665040  1756 consensus_queue.cc:260] T b5d11d9937ed4a96ab0ab6e335f482f5 P adae7f28424f4b6da3318a0bc8835cd1 [NON_LEADER]: Queue going to NON_LEADER mode. State: All replicated index: 0, Majority replicated index: 0, Committed index: 0, Last appended: 0.0, Last appended by leader: 0, Current term: 0, Majority size: -1, State: 0, Mode: NON_LEADER, active raft config: opid_index: -1 OBSOLETE_local: false peers { permanent_uuid: "3ce3aca087924d1f9360d62ab30f3b5b" member_type: VOTER last_known_addr { host: "127.0.107.193" port: 41891 } } peers { permanent_uuid: "4401e944da91494aabeef5c7e63c0a33" member_type: VOTER last_known_addr { host: "127.0.107.194" port: 35981 } } peers { permanent_uuid: "adae7f28424f4b6da3318a0bc8835cd1" member_type: VOTER last_known_addr { host: "127.0.107.195" port: 37769 } }
I20260709 12:57:20.670092  1753 consensus_queue.cc:260] T f30280341bf84986a8697aca51a6bba7 P 3ce3aca087924d1f9360d62ab30f3b5b [NON_LEADER]: Queue going to NON_LEADER mode. State: All replicated index: 0, Majority replicated index: 0, Committed index: 0, Last appended: 0.0, Last appended by leader: 0, Current term: 0, Majority size: -1, State: 0, Mode: NON_LEADER, active raft config: opid_index: -1 OBSOLETE_local: false peers { permanent_uuid: "3ce3aca087924d1f9360d62ab30f3b5b" member_type: VOTER last_known_addr { host: "127.0.107.193" port: 41891 } } peers { permanent_uuid: "4401e944da91494aabeef5c7e63c0a33" member_type: VOTER last_known_addr { host: "127.0.107.194" port: 35981 } } peers { permanent_uuid: "adae7f28424f4b6da3318a0bc8835cd1" member_type: VOTER last_known_addr { host: "127.0.107.195" port: 37769 } }
I20260709 12:57:20.667912  1816 leader_election.cc:290] T f30280341bf84986a8697aca51a6bba7 P 4401e944da91494aabeef5c7e63c0a33 [CANDIDATE]: Term 1 pre-election: Requested pre-vote from peers 3ce3aca087924d1f9360d62ab30f3b5b (127.0.107.193:41891), adae7f28424f4b6da3318a0bc8835cd1 (127.0.107.195:37769)
I20260709 12:57:20.672739  1563 tablet_service.cc:1917] Received RequestConsensusVote() RPC: tablet_id: "f30280341bf84986a8697aca51a6bba7" candidate_uuid: "4401e944da91494aabeef5c7e63c0a33" candidate_term: 1 candidate_status { last_received { term: 0 index: 0 } } ignore_live_leader: false dest_uuid: "3ce3aca087924d1f9360d62ab30f3b5b" is_pre_election: true
I20260709 12:57:20.673537  1563 raft_consensus.cc:2468] T f30280341bf84986a8697aca51a6bba7 P 3ce3aca087924d1f9360d62ab30f3b5b [term 0 FOLLOWER]: Leader pre-election vote request: Granting yes vote for candidate 4401e944da91494aabeef5c7e63c0a33 in term 0.
I20260709 12:57:20.673907  1602 leader_election.cc:304] T f30280341bf84986a8697aca51a6bba7 P 4401e944da91494aabeef5c7e63c0a33 [CANDIDATE]: Term 1 pre-election: Election decided. Result: candidate won. Election summary: received 2 responses out of 3 voters: 2 yes votes; 0 no votes. yes voters: 4401e944da91494aabeef5c7e63c0a33, adae7f28424f4b6da3318a0bc8835cd1; no voters: 
I20260709 12:57:20.676723  1781 raft_consensus.cc:2804] T f30280341bf84986a8697aca51a6bba7 P 4401e944da91494aabeef5c7e63c0a33 [term 0 FOLLOWER]: Leader pre-election won for term 1
I20260709 12:57:20.677093  1781 raft_consensus.cc:493] T f30280341bf84986a8697aca51a6bba7 P 4401e944da91494aabeef5c7e63c0a33 [term 0 FOLLOWER]: Starting leader election (no leader contacted us within the election timeout)
I20260709 12:57:20.677415  1781 raft_consensus.cc:3060] T f30280341bf84986a8697aca51a6bba7 P 4401e944da91494aabeef5c7e63c0a33 [term 0 FOLLOWER]: Advancing to term 1
I20260709 12:57:20.678102  1816 consensus_queue.cc:1048] T f2cc0841b2364d20a7ff5ad75648a502 P 4401e944da91494aabeef5c7e63c0a33 [LEADER]: Connected to new peer: Peer: permanent_uuid: "3ce3aca087924d1f9360d62ab30f3b5b" member_type: VOTER last_known_addr { host: "127.0.107.193" port: 41891 }, Status: LMP_MISMATCH, Last received: 0.0, Next index: 1, Last known committed idx: 0, Time since last communication: 0.000s
I20260709 12:57:20.685096  1756 ts_tablet_manager.cc:1434] T b5d11d9937ed4a96ab0ab6e335f482f5 P adae7f28424f4b6da3318a0bc8835cd1: Time spent starting tablet: real 0.034s	user 0.005s	sys 0.002s
I20260709 12:57:20.686424  1756 tablet_bootstrap.cc:492] T 40f7345038604b4da8802efa035923d9 P adae7f28424f4b6da3318a0bc8835cd1: Bootstrap starting.
I20260709 12:57:20.687558  1781 raft_consensus.cc:515] T f30280341bf84986a8697aca51a6bba7 P 4401e944da91494aabeef5c7e63c0a33 [term 1 FOLLOWER]: Starting leader election with config: opid_index: -1 OBSOLETE_local: false peers { permanent_uuid: "3ce3aca087924d1f9360d62ab30f3b5b" member_type: VOTER last_known_addr { host: "127.0.107.193" port: 41891 } } peers { permanent_uuid: "4401e944da91494aabeef5c7e63c0a33" member_type: VOTER last_known_addr { host: "127.0.107.194" port: 35981 } } peers { permanent_uuid: "adae7f28424f4b6da3318a0bc8835cd1" member_type: VOTER last_known_addr { host: "127.0.107.195" port: 37769 } }
I20260709 12:57:20.690968  1754 tablet_bootstrap.cc:492] T 40f7345038604b4da8802efa035923d9 P 4401e944da91494aabeef5c7e63c0a33: No bootstrap required, opened a new log
I20260709 12:57:20.691421  1754 ts_tablet_manager.cc:1403] T 40f7345038604b4da8802efa035923d9 P 4401e944da91494aabeef5c7e63c0a33: Time spent bootstrapping tablet: real 0.071s	user 0.004s	sys 0.013s
I20260709 12:57:20.694334  1754 raft_consensus.cc:359] T 40f7345038604b4da8802efa035923d9 P 4401e944da91494aabeef5c7e63c0a33 [term 0 FOLLOWER]: Replica starting. Triggering 0 pending ops. Active config: opid_index: -1 OBSOLETE_local: false peers { permanent_uuid: "3ce3aca087924d1f9360d62ab30f3b5b" member_type: VOTER last_known_addr { host: "127.0.107.193" port: 41891 } } peers { permanent_uuid: "4401e944da91494aabeef5c7e63c0a33" member_type: VOTER last_known_addr { host: "127.0.107.194" port: 35981 } } peers { permanent_uuid: "adae7f28424f4b6da3318a0bc8835cd1" member_type: VOTER last_known_addr { host: "127.0.107.195" port: 37769 } }
I20260709 12:57:20.695015  1754 raft_consensus.cc:385] T 40f7345038604b4da8802efa035923d9 P 4401e944da91494aabeef5c7e63c0a33 [term 0 FOLLOWER]: Consensus starting up: Expiring failure detector timer to make a prompt election more likely
I20260709 12:57:20.695307  1754 raft_consensus.cc:740] T 40f7345038604b4da8802efa035923d9 P 4401e944da91494aabeef5c7e63c0a33 [term 0 FOLLOWER]: Becoming Follower/Learner. State: Replica: 4401e944da91494aabeef5c7e63c0a33, State: Initialized, Role: FOLLOWER
I20260709 12:57:20.695686  1462 catalog_manager.cc:5697] T 21ad9615c9d248b6853dd25b27424b16 P adae7f28424f4b6da3318a0bc8835cd1 reported cstate change: term changed from 0 to 1, leader changed from <none> to adae7f28424f4b6da3318a0bc8835cd1 (127.0.107.195). New cstate: current_term: 1 leader_uuid: "adae7f28424f4b6da3318a0bc8835cd1" committed_config { opid_index: -1 OBSOLETE_local: false peers { permanent_uuid: "3ce3aca087924d1f9360d62ab30f3b5b" member_type: VOTER last_known_addr { host: "127.0.107.193" port: 41891 } health_report { overall_health: UNKNOWN } } peers { permanent_uuid: "4401e944da91494aabeef5c7e63c0a33" member_type: VOTER last_known_addr { host: "127.0.107.194" port: 35981 } health_report { overall_health: UNKNOWN } } peers { permanent_uuid: "adae7f28424f4b6da3318a0bc8835cd1" member_type: VOTER last_known_addr { host: "127.0.107.195" port: 37769 } health_report { overall_health: HEALTHY } } }
I20260709 12:57:20.696058  1754 consensus_queue.cc:260] T 40f7345038604b4da8802efa035923d9 P 4401e944da91494aabeef5c7e63c0a33 [NON_LEADER]: Queue going to NON_LEADER mode. State: All replicated index: 0, Majority replicated index: 0, Committed index: 0, Last appended: 0.0, Last appended by leader: 0, Current term: 0, Majority size: -1, State: 0, Mode: NON_LEADER, active raft config: opid_index: -1 OBSOLETE_local: false peers { permanent_uuid: "3ce3aca087924d1f9360d62ab30f3b5b" member_type: VOTER last_known_addr { host: "127.0.107.193" port: 41891 } } peers { permanent_uuid: "4401e944da91494aabeef5c7e63c0a33" member_type: VOTER last_known_addr { host: "127.0.107.194" port: 35981 } } peers { permanent_uuid: "adae7f28424f4b6da3318a0bc8835cd1" member_type: VOTER last_known_addr { host: "127.0.107.195" port: 37769 } }
I20260709 12:57:20.704294  1754 ts_tablet_manager.cc:1434] T 40f7345038604b4da8802efa035923d9 P 4401e944da91494aabeef5c7e63c0a33: Time spent starting tablet: real 0.013s	user 0.006s	sys 0.000s
I20260709 12:57:20.705375  1754 tablet_bootstrap.cc:492] T 08e07e3ab571490ab2d2f8392a199144 P 4401e944da91494aabeef5c7e63c0a33: Bootstrap starting.
I20260709 12:57:20.710357  1753 ts_tablet_manager.cc:1434] T f30280341bf84986a8697aca51a6bba7 P 3ce3aca087924d1f9360d62ab30f3b5b: Time spent starting tablet: real 0.057s	user 0.008s	sys 0.001s
I20260709 12:57:20.710283  1563 tablet_service.cc:1917] Received RequestConsensusVote() RPC: tablet_id: "f30280341bf84986a8697aca51a6bba7" candidate_uuid: "4401e944da91494aabeef5c7e63c0a33" candidate_term: 1 candidate_status { last_received { term: 0 index: 0 } } ignore_live_leader: false dest_uuid: "3ce3aca087924d1f9360d62ab30f3b5b"
I20260709 12:57:20.711133  1563 raft_consensus.cc:3060] T f30280341bf84986a8697aca51a6bba7 P 3ce3aca087924d1f9360d62ab30f3b5b [term 0 FOLLOWER]: Advancing to term 1
I20260709 12:57:20.711767  1753 tablet_bootstrap.cc:492] T 08e07e3ab571490ab2d2f8392a199144 P 3ce3aca087924d1f9360d62ab30f3b5b: Bootstrap starting.
I20260709 12:57:20.715575  1781 leader_election.cc:290] T f30280341bf84986a8697aca51a6bba7 P 4401e944da91494aabeef5c7e63c0a33 [CANDIDATE]: Term 1 election: Requested vote from peers 3ce3aca087924d1f9360d62ab30f3b5b (127.0.107.193:41891), adae7f28424f4b6da3318a0bc8835cd1 (127.0.107.195:37769)
I20260709 12:57:20.719437  1713 tablet_service.cc:1917] Received RequestConsensusVote() RPC: tablet_id: "f30280341bf84986a8697aca51a6bba7" candidate_uuid: "4401e944da91494aabeef5c7e63c0a33" candidate_term: 1 candidate_status { last_received { term: 0 index: 0 } } ignore_live_leader: false dest_uuid: "adae7f28424f4b6da3318a0bc8835cd1"
I20260709 12:57:20.720940  1713 raft_consensus.cc:3060] T f30280341bf84986a8697aca51a6bba7 P adae7f28424f4b6da3318a0bc8835cd1 [term 0 FOLLOWER]: Advancing to term 1
I20260709 12:57:20.724082  1754 tablet_bootstrap.cc:654] T 08e07e3ab571490ab2d2f8392a199144 P 4401e944da91494aabeef5c7e63c0a33: Neither blocks nor log segments found. Creating new log.
I20260709 12:57:20.725536  1462 catalog_manager.cc:5697] T 659efb741e034443b062f1d4ee3b8420 P adae7f28424f4b6da3318a0bc8835cd1 reported cstate change: term changed from 0 to 1, leader changed from <none> to adae7f28424f4b6da3318a0bc8835cd1 (127.0.107.195). New cstate: current_term: 1 leader_uuid: "adae7f28424f4b6da3318a0bc8835cd1" committed_config { opid_index: -1 OBSOLETE_local: false peers { permanent_uuid: "3ce3aca087924d1f9360d62ab30f3b5b" member_type: VOTER last_known_addr { host: "127.0.107.193" port: 41891 } health_report { overall_health: UNKNOWN } } peers { permanent_uuid: "4401e944da91494aabeef5c7e63c0a33" member_type: VOTER last_known_addr { host: "127.0.107.194" port: 35981 } health_report { overall_health: UNKNOWN } } peers { permanent_uuid: "adae7f28424f4b6da3318a0bc8835cd1" member_type: VOTER last_known_addr { host: "127.0.107.195" port: 37769 } health_report { overall_health: HEALTHY } } }
I20260709 12:57:20.730137  1756 tablet_bootstrap.cc:654] T 40f7345038604b4da8802efa035923d9 P adae7f28424f4b6da3318a0bc8835cd1: Neither blocks nor log segments found. Creating new log.
I20260709 12:57:20.731007  1563 raft_consensus.cc:2468] T f30280341bf84986a8697aca51a6bba7 P 3ce3aca087924d1f9360d62ab30f3b5b [term 1 FOLLOWER]: Leader election vote request: Granting yes vote for candidate 4401e944da91494aabeef5c7e63c0a33 in term 1.
I20260709 12:57:20.734696  1605 leader_election.cc:304] T f30280341bf84986a8697aca51a6bba7 P 4401e944da91494aabeef5c7e63c0a33 [CANDIDATE]: Term 1 election: Election decided. Result: candidate won. Election summary: received 2 responses out of 3 voters: 2 yes votes; 0 no votes. yes voters: 3ce3aca087924d1f9360d62ab30f3b5b, 4401e944da91494aabeef5c7e63c0a33; no voters: 
I20260709 12:57:20.735746  1781 raft_consensus.cc:2804] T f30280341bf84986a8697aca51a6bba7 P 4401e944da91494aabeef5c7e63c0a33 [term 1 FOLLOWER]: Leader election won for term 1
I20260709 12:57:20.735870  1754 tablet_bootstrap.cc:492] T 08e07e3ab571490ab2d2f8392a199144 P 4401e944da91494aabeef5c7e63c0a33: No bootstrap required, opened a new log
I20260709 12:57:20.736371  1754 ts_tablet_manager.cc:1403] T 08e07e3ab571490ab2d2f8392a199144 P 4401e944da91494aabeef5c7e63c0a33: Time spent bootstrapping tablet: real 0.031s	user 0.011s	sys 0.002s
I20260709 12:57:20.738330  1753 tablet_bootstrap.cc:654] T 08e07e3ab571490ab2d2f8392a199144 P 3ce3aca087924d1f9360d62ab30f3b5b: Neither blocks nor log segments found. Creating new log.
I20260709 12:57:20.736268  1781 raft_consensus.cc:697] T f30280341bf84986a8697aca51a6bba7 P 4401e944da91494aabeef5c7e63c0a33 [term 1 LEADER]: Becoming Leader. State: Replica: 4401e944da91494aabeef5c7e63c0a33, State: Running, Role: LEADER
I20260709 12:57:20.743202  1781 consensus_queue.cc:237] T f30280341bf84986a8697aca51a6bba7 P 4401e944da91494aabeef5c7e63c0a33 [LEADER]: Queue going to LEADER mode. State: All replicated index: 0, Majority replicated index: 0, Committed index: 0, Last appended: 0.0, Last appended by leader: 0, Current term: 1, Majority size: 2, State: 0, Mode: LEADER, active raft config: opid_index: -1 OBSOLETE_local: false peers { permanent_uuid: "3ce3aca087924d1f9360d62ab30f3b5b" member_type: VOTER last_known_addr { host: "127.0.107.193" port: 41891 } } peers { permanent_uuid: "4401e944da91494aabeef5c7e63c0a33" member_type: VOTER last_known_addr { host: "127.0.107.194" port: 35981 } } peers { permanent_uuid: "adae7f28424f4b6da3318a0bc8835cd1" member_type: VOTER last_known_addr { host: "127.0.107.195" port: 37769 } }
I20260709 12:57:20.747426  1713 raft_consensus.cc:2468] T f30280341bf84986a8697aca51a6bba7 P adae7f28424f4b6da3318a0bc8835cd1 [term 1 FOLLOWER]: Leader election vote request: Granting yes vote for candidate 4401e944da91494aabeef5c7e63c0a33 in term 1.
I20260709 12:57:20.739367  1754 raft_consensus.cc:359] T 08e07e3ab571490ab2d2f8392a199144 P 4401e944da91494aabeef5c7e63c0a33 [term 0 FOLLOWER]: Replica starting. Triggering 0 pending ops. Active config: opid_index: -1 OBSOLETE_local: false peers { permanent_uuid: "3ce3aca087924d1f9360d62ab30f3b5b" member_type: VOTER last_known_addr { host: "127.0.107.193" port: 41891 } } peers { permanent_uuid: "4401e944da91494aabeef5c7e63c0a33" member_type: VOTER last_known_addr { host: "127.0.107.194" port: 35981 } } peers { permanent_uuid: "adae7f28424f4b6da3318a0bc8835cd1" member_type: VOTER last_known_addr { host: "127.0.107.195" port: 37769 } }
I20260709 12:57:20.750608  1754 raft_consensus.cc:385] T 08e07e3ab571490ab2d2f8392a199144 P 4401e944da91494aabeef5c7e63c0a33 [term 0 FOLLOWER]: Consensus starting up: Expiring failure detector timer to make a prompt election more likely
I20260709 12:57:20.751011  1754 raft_consensus.cc:740] T 08e07e3ab571490ab2d2f8392a199144 P 4401e944da91494aabeef5c7e63c0a33 [term 0 FOLLOWER]: Becoming Follower/Learner. State: Replica: 4401e944da91494aabeef5c7e63c0a33, State: Initialized, Role: FOLLOWER
I20260709 12:57:20.757980  1754 consensus_queue.cc:260] T 08e07e3ab571490ab2d2f8392a199144 P 4401e944da91494aabeef5c7e63c0a33 [NON_LEADER]: Queue going to NON_LEADER mode. State: All replicated index: 0, Majority replicated index: 0, Committed index: 0, Last appended: 0.0, Last appended by leader: 0, Current term: 0, Majority size: -1, State: 0, Mode: NON_LEADER, active raft config: opid_index: -1 OBSOLETE_local: false peers { permanent_uuid: "3ce3aca087924d1f9360d62ab30f3b5b" member_type: VOTER last_known_addr { host: "127.0.107.193" port: 41891 } } peers { permanent_uuid: "4401e944da91494aabeef5c7e63c0a33" member_type: VOTER last_known_addr { host: "127.0.107.194" port: 35981 } } peers { permanent_uuid: "adae7f28424f4b6da3318a0bc8835cd1" member_type: VOTER last_known_addr { host: "127.0.107.195" port: 37769 } }
I20260709 12:57:20.788010  1754 ts_tablet_manager.cc:1434] T 08e07e3ab571490ab2d2f8392a199144 P 4401e944da91494aabeef5c7e63c0a33: Time spent starting tablet: real 0.051s	user 0.014s	sys 0.005s
I20260709 12:57:20.788597  1756 tablet_bootstrap.cc:492] T 40f7345038604b4da8802efa035923d9 P adae7f28424f4b6da3318a0bc8835cd1: No bootstrap required, opened a new log
I20260709 12:57:20.788945  1754 tablet_bootstrap.cc:492] T 2667580c78c747d297240bf1713e7771 P 4401e944da91494aabeef5c7e63c0a33: Bootstrap starting.
I20260709 12:57:20.789074  1756 ts_tablet_manager.cc:1403] T 40f7345038604b4da8802efa035923d9 P adae7f28424f4b6da3318a0bc8835cd1: Time spent bootstrapping tablet: real 0.103s	user 0.018s	sys 0.022s
I20260709 12:57:20.791823  1753 tablet_bootstrap.cc:492] T 08e07e3ab571490ab2d2f8392a199144 P 3ce3aca087924d1f9360d62ab30f3b5b: No bootstrap required, opened a new log
I20260709 12:57:20.792388  1753 ts_tablet_manager.cc:1403] T 08e07e3ab571490ab2d2f8392a199144 P 3ce3aca087924d1f9360d62ab30f3b5b: Time spent bootstrapping tablet: real 0.081s	user 0.009s	sys 0.009s
I20260709 12:57:20.794016  1754 tablet_bootstrap.cc:654] T 2667580c78c747d297240bf1713e7771 P 4401e944da91494aabeef5c7e63c0a33: Neither blocks nor log segments found. Creating new log.
I20260709 12:57:20.795084  1753 raft_consensus.cc:359] T 08e07e3ab571490ab2d2f8392a199144 P 3ce3aca087924d1f9360d62ab30f3b5b [term 0 FOLLOWER]: Replica starting. Triggering 0 pending ops. Active config: opid_index: -1 OBSOLETE_local: false peers { permanent_uuid: "3ce3aca087924d1f9360d62ab30f3b5b" member_type: VOTER last_known_addr { host: "127.0.107.193" port: 41891 } } peers { permanent_uuid: "4401e944da91494aabeef5c7e63c0a33" member_type: VOTER last_known_addr { host: "127.0.107.194" port: 35981 } } peers { permanent_uuid: "adae7f28424f4b6da3318a0bc8835cd1" member_type: VOTER last_known_addr { host: "127.0.107.195" port: 37769 } }
I20260709 12:57:20.795814  1753 raft_consensus.cc:385] T 08e07e3ab571490ab2d2f8392a199144 P 3ce3aca087924d1f9360d62ab30f3b5b [term 0 FOLLOWER]: Consensus starting up: Expiring failure detector timer to make a prompt election more likely
I20260709 12:57:20.796115  1753 raft_consensus.cc:740] T 08e07e3ab571490ab2d2f8392a199144 P 3ce3aca087924d1f9360d62ab30f3b5b [term 0 FOLLOWER]: Becoming Follower/Learner. State: Replica: 3ce3aca087924d1f9360d62ab30f3b5b, State: Initialized, Role: FOLLOWER
I20260709 12:57:20.796918  1753 consensus_queue.cc:260] T 08e07e3ab571490ab2d2f8392a199144 P 3ce3aca087924d1f9360d62ab30f3b5b [NON_LEADER]: Queue going to NON_LEADER mode. State: All replicated index: 0, Majority replicated index: 0, Committed index: 0, Last appended: 0.0, Last appended by leader: 0, Current term: 0, Majority size: -1, State: 0, Mode: NON_LEADER, active raft config: opid_index: -1 OBSOLETE_local: false peers { permanent_uuid: "3ce3aca087924d1f9360d62ab30f3b5b" member_type: VOTER last_known_addr { host: "127.0.107.193" port: 41891 } } peers { permanent_uuid: "4401e944da91494aabeef5c7e63c0a33" member_type: VOTER last_known_addr { host: "127.0.107.194" port: 35981 } } peers { permanent_uuid: "adae7f28424f4b6da3318a0bc8835cd1" member_type: VOTER last_known_addr { host: "127.0.107.195" port: 37769 } }
I20260709 12:57:20.793941  1756 raft_consensus.cc:359] T 40f7345038604b4da8802efa035923d9 P adae7f28424f4b6da3318a0bc8835cd1 [term 0 FOLLOWER]: Replica starting. Triggering 0 pending ops. Active config: opid_index: -1 OBSOLETE_local: false peers { permanent_uuid: "3ce3aca087924d1f9360d62ab30f3b5b" member_type: VOTER last_known_addr { host: "127.0.107.193" port: 41891 } } peers { permanent_uuid: "4401e944da91494aabeef5c7e63c0a33" member_type: VOTER last_known_addr { host: "127.0.107.194" port: 35981 } } peers { permanent_uuid: "adae7f28424f4b6da3318a0bc8835cd1" member_type: VOTER last_known_addr { host: "127.0.107.195" port: 37769 } }
I20260709 12:57:20.798424  1756 raft_consensus.cc:385] T 40f7345038604b4da8802efa035923d9 P adae7f28424f4b6da3318a0bc8835cd1 [term 0 FOLLOWER]: Consensus starting up: Expiring failure detector timer to make a prompt election more likely
I20260709 12:57:20.798692  1756 raft_consensus.cc:740] T 40f7345038604b4da8802efa035923d9 P adae7f28424f4b6da3318a0bc8835cd1 [term 0 FOLLOWER]: Becoming Follower/Learner. State: Replica: adae7f28424f4b6da3318a0bc8835cd1, State: Initialized, Role: FOLLOWER
I20260709 12:57:20.799247  1753 ts_tablet_manager.cc:1434] T 08e07e3ab571490ab2d2f8392a199144 P 3ce3aca087924d1f9360d62ab30f3b5b: Time spent starting tablet: real 0.007s	user 0.008s	sys 0.000s
I20260709 12:57:20.799547  1756 consensus_queue.cc:260] T 40f7345038604b4da8802efa035923d9 P adae7f28424f4b6da3318a0bc8835cd1 [NON_LEADER]: Queue going to NON_LEADER mode. State: All replicated index: 0, Majority replicated index: 0, Committed index: 0, Last appended: 0.0, Last appended by leader: 0, Current term: 0, Majority size: -1, State: 0, Mode: NON_LEADER, active raft config: opid_index: -1 OBSOLETE_local: false peers { permanent_uuid: "3ce3aca087924d1f9360d62ab30f3b5b" member_type: VOTER last_known_addr { host: "127.0.107.193" port: 41891 } } peers { permanent_uuid: "4401e944da91494aabeef5c7e63c0a33" member_type: VOTER last_known_addr { host: "127.0.107.194" port: 35981 } } peers { permanent_uuid: "adae7f28424f4b6da3318a0bc8835cd1" member_type: VOTER last_known_addr { host: "127.0.107.195" port: 37769 } }
I20260709 12:57:20.800603  1753 tablet_bootstrap.cc:492] T b5d11d9937ed4a96ab0ab6e335f482f5 P 3ce3aca087924d1f9360d62ab30f3b5b: Bootstrap starting.
I20260709 12:57:20.802263  1756 ts_tablet_manager.cc:1434] T 40f7345038604b4da8802efa035923d9 P adae7f28424f4b6da3318a0bc8835cd1: Time spent starting tablet: real 0.013s	user 0.004s	sys 0.004s
I20260709 12:57:20.803295  1756 tablet_bootstrap.cc:492] T 2667580c78c747d297240bf1713e7771 P adae7f28424f4b6da3318a0bc8835cd1: Bootstrap starting.
I20260709 12:57:20.806967  1753 tablet_bootstrap.cc:654] T b5d11d9937ed4a96ab0ab6e335f482f5 P 3ce3aca087924d1f9360d62ab30f3b5b: Neither blocks nor log segments found. Creating new log.
I20260709 12:57:20.809154  1756 tablet_bootstrap.cc:654] T 2667580c78c747d297240bf1713e7771 P adae7f28424f4b6da3318a0bc8835cd1: Neither blocks nor log segments found. Creating new log.
I20260709 12:57:20.808290  1460 catalog_manager.cc:5697] T f30280341bf84986a8697aca51a6bba7 P 4401e944da91494aabeef5c7e63c0a33 reported cstate change: term changed from 0 to 1, leader changed from <none> to 4401e944da91494aabeef5c7e63c0a33 (127.0.107.194). New cstate: current_term: 1 leader_uuid: "4401e944da91494aabeef5c7e63c0a33" committed_config { opid_index: -1 OBSOLETE_local: false peers { permanent_uuid: "3ce3aca087924d1f9360d62ab30f3b5b" member_type: VOTER last_known_addr { host: "127.0.107.193" port: 41891 } health_report { overall_health: UNKNOWN } } peers { permanent_uuid: "4401e944da91494aabeef5c7e63c0a33" member_type: VOTER last_known_addr { host: "127.0.107.194" port: 35981 } health_report { overall_health: HEALTHY } } peers { permanent_uuid: "adae7f28424f4b6da3318a0bc8835cd1" member_type: VOTER last_known_addr { host: "127.0.107.195" port: 37769 } health_report { overall_health: UNKNOWN } } }
I20260709 12:57:20.817564  1812 raft_consensus.cc:493] T 38270f5e29cd4be98481bec7b13294b0 P adae7f28424f4b6da3318a0bc8835cd1 [term 0 FOLLOWER]: Starting pre-election (no leader contacted us within the election timeout)
I20260709 12:57:20.818035  1812 raft_consensus.cc:515] T 38270f5e29cd4be98481bec7b13294b0 P adae7f28424f4b6da3318a0bc8835cd1 [term 0 FOLLOWER]: Starting pre-election with config: opid_index: -1 OBSOLETE_local: false peers { permanent_uuid: "3ce3aca087924d1f9360d62ab30f3b5b" member_type: VOTER last_known_addr { host: "127.0.107.193" port: 41891 } } peers { permanent_uuid: "4401e944da91494aabeef5c7e63c0a33" member_type: VOTER last_known_addr { host: "127.0.107.194" port: 35981 } } peers { permanent_uuid: "adae7f28424f4b6da3318a0bc8835cd1" member_type: VOTER last_known_addr { host: "127.0.107.195" port: 37769 } }
I20260709 12:57:20.820339  1812 leader_election.cc:290] T 38270f5e29cd4be98481bec7b13294b0 P adae7f28424f4b6da3318a0bc8835cd1 [CANDIDATE]: Term 1 pre-election: Requested pre-vote from peers 3ce3aca087924d1f9360d62ab30f3b5b (127.0.107.193:41891), 4401e944da91494aabeef5c7e63c0a33 (127.0.107.194:35981)
I20260709 12:57:20.821394  1563 tablet_service.cc:1917] Received RequestConsensusVote() RPC: tablet_id: "38270f5e29cd4be98481bec7b13294b0" candidate_uuid: "adae7f28424f4b6da3318a0bc8835cd1" candidate_term: 1 candidate_status { last_received { term: 0 index: 0 } } ignore_live_leader: false dest_uuid: "3ce3aca087924d1f9360d62ab30f3b5b" is_pre_election: true
I20260709 12:57:20.821834  1636 tablet_service.cc:1917] Received RequestConsensusVote() RPC: tablet_id: "38270f5e29cd4be98481bec7b13294b0" candidate_uuid: "adae7f28424f4b6da3318a0bc8835cd1" candidate_term: 1 candidate_status { last_received { term: 0 index: 0 } } ignore_live_leader: false dest_uuid: "4401e944da91494aabeef5c7e63c0a33" is_pre_election: true
W20260709 12:57:20.823457  1677 leader_election.cc:343] T 38270f5e29cd4be98481bec7b13294b0 P adae7f28424f4b6da3318a0bc8835cd1 [CANDIDATE]: Term 1 pre-election: Tablet error from VoteRequest() call to peer 4401e944da91494aabeef5c7e63c0a33 (127.0.107.194:35981): Illegal state: must be running to vote when last-logged opid is not known
W20260709 12:57:20.824172  1679 leader_election.cc:343] T 38270f5e29cd4be98481bec7b13294b0 P adae7f28424f4b6da3318a0bc8835cd1 [CANDIDATE]: Term 1 pre-election: Tablet error from VoteRequest() call to peer 3ce3aca087924d1f9360d62ab30f3b5b (127.0.107.193:41891): Illegal state: must be running to vote when last-logged opid is not known
I20260709 12:57:20.824759  1679 leader_election.cc:304] T 38270f5e29cd4be98481bec7b13294b0 P adae7f28424f4b6da3318a0bc8835cd1 [CANDIDATE]: Term 1 pre-election: Election decided. Result: candidate lost. Election summary: received 3 responses out of 3 voters: 1 yes votes; 2 no votes. yes voters: adae7f28424f4b6da3318a0bc8835cd1; no voters: 3ce3aca087924d1f9360d62ab30f3b5b, 4401e944da91494aabeef5c7e63c0a33
I20260709 12:57:20.826251  1812 raft_consensus.cc:2749] T 38270f5e29cd4be98481bec7b13294b0 P adae7f28424f4b6da3318a0bc8835cd1 [term 0 FOLLOWER]: Leader pre-election lost for term 1. Reason: could not achieve majority
I20260709 12:57:20.828085  1754 tablet_bootstrap.cc:492] T 2667580c78c747d297240bf1713e7771 P 4401e944da91494aabeef5c7e63c0a33: No bootstrap required, opened a new log
I20260709 12:57:20.828584  1754 ts_tablet_manager.cc:1403] T 2667580c78c747d297240bf1713e7771 P 4401e944da91494aabeef5c7e63c0a33: Time spent bootstrapping tablet: real 0.040s	user 0.008s	sys 0.002s
I20260709 12:57:20.832461  1756 tablet_bootstrap.cc:492] T 2667580c78c747d297240bf1713e7771 P adae7f28424f4b6da3318a0bc8835cd1: No bootstrap required, opened a new log
I20260709 12:57:20.832180  1754 raft_consensus.cc:359] T 2667580c78c747d297240bf1713e7771 P 4401e944da91494aabeef5c7e63c0a33 [term 0 FOLLOWER]: Replica starting. Triggering 0 pending ops. Active config: opid_index: -1 OBSOLETE_local: false peers { permanent_uuid: "3ce3aca087924d1f9360d62ab30f3b5b" member_type: VOTER last_known_addr { host: "127.0.107.193" port: 41891 } } peers { permanent_uuid: "4401e944da91494aabeef5c7e63c0a33" member_type: VOTER last_known_addr { host: "127.0.107.194" port: 35981 } } peers { permanent_uuid: "adae7f28424f4b6da3318a0bc8835cd1" member_type: VOTER last_known_addr { host: "127.0.107.195" port: 37769 } }
I20260709 12:57:20.833029  1754 raft_consensus.cc:385] T 2667580c78c747d297240bf1713e7771 P 4401e944da91494aabeef5c7e63c0a33 [term 0 FOLLOWER]: Consensus starting up: Expiring failure detector timer to make a prompt election more likely
I20260709 12:57:20.833395  1754 raft_consensus.cc:740] T 2667580c78c747d297240bf1713e7771 P 4401e944da91494aabeef5c7e63c0a33 [term 0 FOLLOWER]: Becoming Follower/Learner. State: Replica: 4401e944da91494aabeef5c7e63c0a33, State: Initialized, Role: FOLLOWER
I20260709 12:57:20.833523  1756 ts_tablet_manager.cc:1403] T 2667580c78c747d297240bf1713e7771 P adae7f28424f4b6da3318a0bc8835cd1: Time spent bootstrapping tablet: real 0.030s	user 0.008s	sys 0.018s
I20260709 12:57:20.834172  1754 consensus_queue.cc:260] T 2667580c78c747d297240bf1713e7771 P 4401e944da91494aabeef5c7e63c0a33 [NON_LEADER]: Queue going to NON_LEADER mode. State: All replicated index: 0, Majority replicated index: 0, Committed index: 0, Last appended: 0.0, Last appended by leader: 0, Current term: 0, Majority size: -1, State: 0, Mode: NON_LEADER, active raft config: opid_index: -1 OBSOLETE_local: false peers { permanent_uuid: "3ce3aca087924d1f9360d62ab30f3b5b" member_type: VOTER last_known_addr { host: "127.0.107.193" port: 41891 } } peers { permanent_uuid: "4401e944da91494aabeef5c7e63c0a33" member_type: VOTER last_known_addr { host: "127.0.107.194" port: 35981 } } peers { permanent_uuid: "adae7f28424f4b6da3318a0bc8835cd1" member_type: VOTER last_known_addr { host: "127.0.107.195" port: 37769 } }
I20260709 12:57:20.836249  1756 raft_consensus.cc:359] T 2667580c78c747d297240bf1713e7771 P adae7f28424f4b6da3318a0bc8835cd1 [term 0 FOLLOWER]: Replica starting. Triggering 0 pending ops. Active config: opid_index: -1 OBSOLETE_local: false peers { permanent_uuid: "3ce3aca087924d1f9360d62ab30f3b5b" member_type: VOTER last_known_addr { host: "127.0.107.193" port: 41891 } } peers { permanent_uuid: "4401e944da91494aabeef5c7e63c0a33" member_type: VOTER last_known_addr { host: "127.0.107.194" port: 35981 } } peers { permanent_uuid: "adae7f28424f4b6da3318a0bc8835cd1" member_type: VOTER last_known_addr { host: "127.0.107.195" port: 37769 } }
I20260709 12:57:20.836901  1754 ts_tablet_manager.cc:1434] T 2667580c78c747d297240bf1713e7771 P 4401e944da91494aabeef5c7e63c0a33: Time spent starting tablet: real 0.008s	user 0.006s	sys 0.000s
I20260709 12:57:20.838364  1754 tablet_bootstrap.cc:492] T b5d11d9937ed4a96ab0ab6e335f482f5 P 4401e944da91494aabeef5c7e63c0a33: Bootstrap starting.
I20260709 12:57:20.839069  1753 tablet_bootstrap.cc:492] T b5d11d9937ed4a96ab0ab6e335f482f5 P 3ce3aca087924d1f9360d62ab30f3b5b: No bootstrap required, opened a new log
I20260709 12:57:20.836920  1756 raft_consensus.cc:385] T 2667580c78c747d297240bf1713e7771 P adae7f28424f4b6da3318a0bc8835cd1 [term 0 FOLLOWER]: Consensus starting up: Expiring failure detector timer to make a prompt election more likely
I20260709 12:57:20.839496  1753 ts_tablet_manager.cc:1403] T b5d11d9937ed4a96ab0ab6e335f482f5 P 3ce3aca087924d1f9360d62ab30f3b5b: Time spent bootstrapping tablet: real 0.039s	user 0.019s	sys 0.004s
I20260709 12:57:20.839427  1756 raft_consensus.cc:740] T 2667580c78c747d297240bf1713e7771 P adae7f28424f4b6da3318a0bc8835cd1 [term 0 FOLLOWER]: Becoming Follower/Learner. State: Replica: adae7f28424f4b6da3318a0bc8835cd1, State: Initialized, Role: FOLLOWER
I20260709 12:57:20.842375  1753 raft_consensus.cc:359] T b5d11d9937ed4a96ab0ab6e335f482f5 P 3ce3aca087924d1f9360d62ab30f3b5b [term 0 FOLLOWER]: Replica starting. Triggering 0 pending ops. Active config: opid_index: -1 OBSOLETE_local: false peers { permanent_uuid: "3ce3aca087924d1f9360d62ab30f3b5b" member_type: VOTER last_known_addr { host: "127.0.107.193" port: 41891 } } peers { permanent_uuid: "4401e944da91494aabeef5c7e63c0a33" member_type: VOTER last_known_addr { host: "127.0.107.194" port: 35981 } } peers { permanent_uuid: "adae7f28424f4b6da3318a0bc8835cd1" member_type: VOTER last_known_addr { host: "127.0.107.195" port: 37769 } }
I20260709 12:57:20.843077  1753 raft_consensus.cc:385] T b5d11d9937ed4a96ab0ab6e335f482f5 P 3ce3aca087924d1f9360d62ab30f3b5b [term 0 FOLLOWER]: Consensus starting up: Expiring failure detector timer to make a prompt election more likely
I20260709 12:57:20.843420  1753 raft_consensus.cc:740] T b5d11d9937ed4a96ab0ab6e335f482f5 P 3ce3aca087924d1f9360d62ab30f3b5b [term 0 FOLLOWER]: Becoming Follower/Learner. State: Replica: 3ce3aca087924d1f9360d62ab30f3b5b, State: Initialized, Role: FOLLOWER
I20260709 12:57:20.843117  1756 consensus_queue.cc:260] T 2667580c78c747d297240bf1713e7771 P adae7f28424f4b6da3318a0bc8835cd1 [NON_LEADER]: Queue going to NON_LEADER mode. State: All replicated index: 0, Majority replicated index: 0, Committed index: 0, Last appended: 0.0, Last appended by leader: 0, Current term: 0, Majority size: -1, State: 0, Mode: NON_LEADER, active raft config: opid_index: -1 OBSOLETE_local: false peers { permanent_uuid: "3ce3aca087924d1f9360d62ab30f3b5b" member_type: VOTER last_known_addr { host: "127.0.107.193" port: 41891 } } peers { permanent_uuid: "4401e944da91494aabeef5c7e63c0a33" member_type: VOTER last_known_addr { host: "127.0.107.194" port: 35981 } } peers { permanent_uuid: "adae7f28424f4b6da3318a0bc8835cd1" member_type: VOTER last_known_addr { host: "127.0.107.195" port: 37769 } }
I20260709 12:57:20.844172  1753 consensus_queue.cc:260] T b5d11d9937ed4a96ab0ab6e335f482f5 P 3ce3aca087924d1f9360d62ab30f3b5b [NON_LEADER]: Queue going to NON_LEADER mode. State: All replicated index: 0, Majority replicated index: 0, Committed index: 0, Last appended: 0.0, Last appended by leader: 0, Current term: 0, Majority size: -1, State: 0, Mode: NON_LEADER, active raft config: opid_index: -1 OBSOLETE_local: false peers { permanent_uuid: "3ce3aca087924d1f9360d62ab30f3b5b" member_type: VOTER last_known_addr { host: "127.0.107.193" port: 41891 } } peers { permanent_uuid: "4401e944da91494aabeef5c7e63c0a33" member_type: VOTER last_known_addr { host: "127.0.107.194" port: 35981 } } peers { permanent_uuid: "adae7f28424f4b6da3318a0bc8835cd1" member_type: VOTER last_known_addr { host: "127.0.107.195" port: 37769 } }
I20260709 12:57:20.844843  1754 tablet_bootstrap.cc:654] T b5d11d9937ed4a96ab0ab6e335f482f5 P 4401e944da91494aabeef5c7e63c0a33: Neither blocks nor log segments found. Creating new log.
I20260709 12:57:20.847338  1753 ts_tablet_manager.cc:1434] T b5d11d9937ed4a96ab0ab6e335f482f5 P 3ce3aca087924d1f9360d62ab30f3b5b: Time spent starting tablet: real 0.008s	user 0.006s	sys 0.000s
I20260709 12:57:20.850028  1753 tablet_bootstrap.cc:492] T 809806c8387c48869ee392bcafdd1148 P 3ce3aca087924d1f9360d62ab30f3b5b: Bootstrap starting.
I20260709 12:57:20.848901  1756 ts_tablet_manager.cc:1434] T 2667580c78c747d297240bf1713e7771 P adae7f28424f4b6da3318a0bc8835cd1: Time spent starting tablet: real 0.015s	user 0.003s	sys 0.003s
I20260709 12:57:20.851455  1754 tablet_bootstrap.cc:492] T b5d11d9937ed4a96ab0ab6e335f482f5 P 4401e944da91494aabeef5c7e63c0a33: No bootstrap required, opened a new log
I20260709 12:57:20.851897  1754 ts_tablet_manager.cc:1403] T b5d11d9937ed4a96ab0ab6e335f482f5 P 4401e944da91494aabeef5c7e63c0a33: Time spent bootstrapping tablet: real 0.014s	user 0.010s	sys 0.000s
I20260709 12:57:20.851933  1756 tablet_bootstrap.cc:492] T 809806c8387c48869ee392bcafdd1148 P adae7f28424f4b6da3318a0bc8835cd1: Bootstrap starting.
