I20260709 13:03:30.816354 16931 consensus_queue.cc:1048] T f7d1af9d1a0249e7b2c55c61048d94ce P 9c9135ef4ff1448ab3bcee5c382e2dcf [LEADER]: Connected to new peer: Peer: permanent_uuid: "cf6fd3f5cd04476eb327844f25f3250a" member_type: VOTER last_known_addr { host: "127.16.23.131" port: 44845 }, Status: LMP_MISMATCH, Last received: 0.0, Next index: 4, Last known committed idx: 3, Time since last communication: 0.000s
I20260709 13:03:30.824013 16612 raft_consensus.cc:1275] T f7d1af9d1a0249e7b2c55c61048d94ce P 73106097d1874ad5a310055c501c48cc [term 4 FOLLOWER]: Refusing update from remote peer 9c9135ef4ff1448ab3bcee5c382e2dcf: Log matching property violated. Preceding OpId in replica: term: 3 index: 3. Preceding OpId from leader: term: 4 index: 4. (index mismatch)
I20260709 13:03:30.825373 16934 consensus_queue.cc:1048] T f7d1af9d1a0249e7b2c55c61048d94ce P 9c9135ef4ff1448ab3bcee5c382e2dcf [LEADER]: Connected to new peer: Peer: permanent_uuid: "73106097d1874ad5a310055c501c48cc" member_type: VOTER last_known_addr { host: "127.16.23.129" port: 44361 }, Status: LMP_MISMATCH, Last received: 0.0, Next index: 4, Last known committed idx: 3, Time since last communication: 0.000s
I20260709 13:03:30.829439 16760 raft_consensus.cc:1275] T b6de44cef98448049ded28386e771704 P cf6fd3f5cd04476eb327844f25f3250a [term 3 FOLLOWER]: Refusing update from remote peer 9c9135ef4ff1448ab3bcee5c382e2dcf: Log matching property violated. Preceding OpId in replica: term: 2 index: 2. Preceding OpId from leader: term: 3 index: 3. (index mismatch)
I20260709 13:03:30.832674 16934 consensus_queue.cc:1048] T b6de44cef98448049ded28386e771704 P 9c9135ef4ff1448ab3bcee5c382e2dcf [LEADER]: Connected to new peer: Peer: permanent_uuid: "cf6fd3f5cd04476eb327844f25f3250a" member_type: VOTER last_known_addr { host: "127.16.23.131" port: 44845 }, Status: LMP_MISMATCH, Last received: 0.0, Next index: 3, Last known committed idx: 2, Time since last communication: 0.000s
I20260709 13:03:30.848219 16613 raft_consensus.cc:1275] T b6de44cef98448049ded28386e771704 P 73106097d1874ad5a310055c501c48cc [term 3 FOLLOWER]: Refusing update from remote peer 9c9135ef4ff1448ab3bcee5c382e2dcf: Log matching property violated. Preceding OpId in replica: term: 2 index: 2. Preceding OpId from leader: term: 3 index: 3. (index mismatch)
I20260709 13:03:30.849833 16919 consensus_queue.cc:1048] T b6de44cef98448049ded28386e771704 P 9c9135ef4ff1448ab3bcee5c382e2dcf [LEADER]: Connected to new peer: Peer: permanent_uuid: "73106097d1874ad5a310055c501c48cc" member_type: VOTER last_known_addr { host: "127.16.23.129" port: 44361 }, Status: LMP_MISMATCH, Last received: 0.0, Next index: 3, Last known committed idx: 2, Time since last communication: 0.000s
I20260709 13:03:32.915372 16478 auto_leader_rebalancer.cc:141] leader rebalance for table test-workload
I20260709 13:03:32.922895 16687 tablet_service.cc:2072] Received LeaderStepDown RPC: tablet_id: "43080b22cedc411f8735330afd38f9c1"
dest_uuid: "9c9135ef4ff1448ab3bcee5c382e2dcf"
mode: GRACEFUL
new_leader_uuid: "cf6fd3f5cd04476eb327844f25f3250a"
 from {username='slave'} at 127.0.0.1:49240
I20260709 13:03:32.923580 16687 raft_consensus.cc:606] T 43080b22cedc411f8735330afd38f9c1 P 9c9135ef4ff1448ab3bcee5c382e2dcf [term 2 LEADER]: Received request to transfer leadership to TS cf6fd3f5cd04476eb327844f25f3250a
I20260709 13:03:32.925978 16687 tablet_service.cc:2072] Received LeaderStepDown RPC: tablet_id: "a326c369eb164cf2aa5931b370e3e20e"
dest_uuid: "9c9135ef4ff1448ab3bcee5c382e2dcf"
mode: GRACEFUL
new_leader_uuid: "73106097d1874ad5a310055c501c48cc"
 from {username='slave'} at 127.0.0.1:49240
I20260709 13:03:32.926390 16687 raft_consensus.cc:606] T a326c369eb164cf2aa5931b370e3e20e P 9c9135ef4ff1448ab3bcee5c382e2dcf [term 4 LEADER]: Received request to transfer leadership to TS 73106097d1874ad5a310055c501c48cc
I20260709 13:03:32.928504 16687 tablet_service.cc:2072] Received LeaderStepDown RPC: tablet_id: "b6de44cef98448049ded28386e771704"
dest_uuid: "9c9135ef4ff1448ab3bcee5c382e2dcf"
mode: GRACEFUL
new_leader_uuid: "73106097d1874ad5a310055c501c48cc"
 from {username='slave'} at 127.0.0.1:49240
I20260709 13:03:32.928894 16687 raft_consensus.cc:606] T b6de44cef98448049ded28386e771704 P 9c9135ef4ff1448ab3bcee5c382e2dcf [term 3 LEADER]: Received request to transfer leadership to TS 73106097d1874ad5a310055c501c48cc
I20260709 13:03:32.930933 16687 tablet_service.cc:2072] Received LeaderStepDown RPC: tablet_id: "f39e25e97a2b479dae2e78e21e970b46"
dest_uuid: "9c9135ef4ff1448ab3bcee5c382e2dcf"
mode: GRACEFUL
new_leader_uuid: "73106097d1874ad5a310055c501c48cc"
 from {username='slave'} at 127.0.0.1:49240
I20260709 13:03:32.931388 16687 raft_consensus.cc:606] T f39e25e97a2b479dae2e78e21e970b46 P 9c9135ef4ff1448ab3bcee5c382e2dcf [term 2 LEADER]: Received request to transfer leadership to TS 73106097d1874ad5a310055c501c48cc
I20260709 13:03:32.933633 16687 tablet_service.cc:2072] Received LeaderStepDown RPC: tablet_id: "f7d1af9d1a0249e7b2c55c61048d94ce"
dest_uuid: "9c9135ef4ff1448ab3bcee5c382e2dcf"
mode: GRACEFUL
new_leader_uuid: "cf6fd3f5cd04476eb327844f25f3250a"
 from {username='slave'} at 127.0.0.1:49240
I20260709 13:03:32.934165 16687 raft_consensus.cc:606] T f7d1af9d1a0249e7b2c55c61048d94ce P 9c9135ef4ff1448ab3bcee5c382e2dcf [term 4 LEADER]: Received request to transfer leadership to TS cf6fd3f5cd04476eb327844f25f3250a
I20260709 13:03:32.935261 16478 auto_leader_rebalancer.cc:452] table: test-workload, leader rebalance finish, leader transfer count: 5
I20260709 13:03:32.935628 16478 auto_leader_rebalancer.cc:527] All tables' leader rebalancing finished this round
I20260709 13:03:32.957940 16947 raft_consensus.cc:993] T 43080b22cedc411f8735330afd38f9c1 P 9c9135ef4ff1448ab3bcee5c382e2dcf: : Instructing follower cf6fd3f5cd04476eb327844f25f3250a to start an election
I20260709 13:03:32.958453 16919 raft_consensus.cc:1081] T 43080b22cedc411f8735330afd38f9c1 P 9c9135ef4ff1448ab3bcee5c382e2dcf [term 2 LEADER]: Signalling peer cf6fd3f5cd04476eb327844f25f3250a to start an election
I20260709 13:03:32.959900 16760 tablet_service.cc:2044] Received Run Leader Election RPC: tablet_id: "43080b22cedc411f8735330afd38f9c1"
dest_uuid: "cf6fd3f5cd04476eb327844f25f3250a"
 from {username='slave'} at 127.0.0.1:39314
I20260709 13:03:32.960469 16760 raft_consensus.cc:493] T 43080b22cedc411f8735330afd38f9c1 P cf6fd3f5cd04476eb327844f25f3250a [term 2 FOLLOWER]: Starting forced leader election (received explicit request)
I20260709 13:03:32.960806 16760 raft_consensus.cc:3060] T 43080b22cedc411f8735330afd38f9c1 P cf6fd3f5cd04476eb327844f25f3250a [term 2 FOLLOWER]: Advancing to term 3
I20260709 13:03:32.966003 16760 raft_consensus.cc:515] T 43080b22cedc411f8735330afd38f9c1 P cf6fd3f5cd04476eb327844f25f3250a [term 3 FOLLOWER]: Starting forced leader election with config: opid_index: -1 OBSOLETE_local: false peers { permanent_uuid: "73106097d1874ad5a310055c501c48cc" member_type: VOTER last_known_addr { host: "127.16.23.129" port: 44361 } } peers { permanent_uuid: "9c9135ef4ff1448ab3bcee5c382e2dcf" member_type: VOTER last_known_addr { host: "127.16.23.130" port: 42557 } } peers { permanent_uuid: "cf6fd3f5cd04476eb327844f25f3250a" member_type: VOTER last_known_addr { host: "127.16.23.131" port: 44845 } }
I20260709 13:03:32.967621 16760 leader_election.cc:290] T 43080b22cedc411f8735330afd38f9c1 P cf6fd3f5cd04476eb327844f25f3250a [CANDIDATE]: Term 3 election: Requested vote from peers 73106097d1874ad5a310055c501c48cc (127.16.23.129:44361), 9c9135ef4ff1448ab3bcee5c382e2dcf (127.16.23.130:42557)
I20260709 13:03:32.968451 16613 tablet_service.cc:1917] Received RequestConsensusVote() RPC: tablet_id: "43080b22cedc411f8735330afd38f9c1" candidate_uuid: "cf6fd3f5cd04476eb327844f25f3250a" candidate_term: 3 candidate_status { last_received { term: 2 index: 2 } } ignore_live_leader: true dest_uuid: "73106097d1874ad5a310055c501c48cc"
I20260709 13:03:32.968565 16687 tablet_service.cc:1917] Received RequestConsensusVote() RPC: tablet_id: "43080b22cedc411f8735330afd38f9c1" candidate_uuid: "cf6fd3f5cd04476eb327844f25f3250a" candidate_term: 3 candidate_status { last_received { term: 2 index: 2 } } ignore_live_leader: true dest_uuid: "9c9135ef4ff1448ab3bcee5c382e2dcf"
I20260709 13:03:32.969199 16613 raft_consensus.cc:3060] T 43080b22cedc411f8735330afd38f9c1 P 73106097d1874ad5a310055c501c48cc [term 2 FOLLOWER]: Advancing to term 3
I20260709 13:03:32.969274 16687 raft_consensus.cc:3055] T 43080b22cedc411f8735330afd38f9c1 P 9c9135ef4ff1448ab3bcee5c382e2dcf [term 2 LEADER]: Stepping down as leader of term 2
I20260709 13:03:32.969673 16687 raft_consensus.cc:740] T 43080b22cedc411f8735330afd38f9c1 P 9c9135ef4ff1448ab3bcee5c382e2dcf [term 2 LEADER]: Becoming Follower/Learner. State: Replica: 9c9135ef4ff1448ab3bcee5c382e2dcf, State: Running, Role: LEADER
I20260709 13:03:32.970330 16687 consensus_queue.cc:260] T 43080b22cedc411f8735330afd38f9c1 P 9c9135ef4ff1448ab3bcee5c382e2dcf [NON_LEADER]: Queue going to NON_LEADER mode. State: All replicated index: 0, Majority replicated index: 2, Committed index: 2, Last appended: 2.2, Last appended by leader: 2, Current term: 2, Majority size: -1, State: 0, Mode: NON_LEADER, active raft config: opid_index: -1 OBSOLETE_local: false peers { permanent_uuid: "73106097d1874ad5a310055c501c48cc" member_type: VOTER last_known_addr { host: "127.16.23.129" port: 44361 } } peers { permanent_uuid: "9c9135ef4ff1448ab3bcee5c382e2dcf" member_type: VOTER last_known_addr { host: "127.16.23.130" port: 42557 } } peers { permanent_uuid: "cf6fd3f5cd04476eb327844f25f3250a" member_type: VOTER last_known_addr { host: "127.16.23.131" port: 44845 } }
I20260709 13:03:32.971277 16687 raft_consensus.cc:3060] T 43080b22cedc411f8735330afd38f9c1 P 9c9135ef4ff1448ab3bcee5c382e2dcf [term 2 FOLLOWER]: Advancing to term 3
I20260709 13:03:32.973414 16613 raft_consensus.cc:2468] T 43080b22cedc411f8735330afd38f9c1 P 73106097d1874ad5a310055c501c48cc [term 3 FOLLOWER]: Leader election vote request: Granting yes vote for candidate cf6fd3f5cd04476eb327844f25f3250a in term 3.
I20260709 13:03:32.974426 16725 leader_election.cc:304] T 43080b22cedc411f8735330afd38f9c1 P cf6fd3f5cd04476eb327844f25f3250a [CANDIDATE]: Term 3 election: Election decided. Result: candidate won. Election summary: received 2 responses out of 3 voters: 2 yes votes; 0 no votes. yes voters: 73106097d1874ad5a310055c501c48cc, cf6fd3f5cd04476eb327844f25f3250a; no voters: 
I20260709 13:03:32.975203 16809 raft_consensus.cc:2804] T 43080b22cedc411f8735330afd38f9c1 P cf6fd3f5cd04476eb327844f25f3250a [term 3 FOLLOWER]: Leader election won for term 3
I20260709 13:03:32.975809 16687 raft_consensus.cc:2468] T 43080b22cedc411f8735330afd38f9c1 P 9c9135ef4ff1448ab3bcee5c382e2dcf [term 3 FOLLOWER]: Leader election vote request: Granting yes vote for candidate cf6fd3f5cd04476eb327844f25f3250a in term 3.
I20260709 13:03:32.976059 16809 raft_consensus.cc:697] T 43080b22cedc411f8735330afd38f9c1 P cf6fd3f5cd04476eb327844f25f3250a [term 3 LEADER]: Becoming Leader. State: Replica: cf6fd3f5cd04476eb327844f25f3250a, State: Running, Role: LEADER
I20260709 13:03:32.977082 16809 consensus_queue.cc:237] T 43080b22cedc411f8735330afd38f9c1 P cf6fd3f5cd04476eb327844f25f3250a [LEADER]: Queue going to LEADER mode. State: All replicated index: 0, Majority replicated index: 2, Committed index: 2, Last appended: 2.2, Last appended by leader: 2, Current term: 3, Majority size: 2, State: 0, Mode: LEADER, active raft config: opid_index: -1 OBSOLETE_local: false peers { permanent_uuid: "73106097d1874ad5a310055c501c48cc" member_type: VOTER last_known_addr { host: "127.16.23.129" port: 44361 } } peers { permanent_uuid: "9c9135ef4ff1448ab3bcee5c382e2dcf" member_type: VOTER last_known_addr { host: "127.16.23.130" port: 42557 } } peers { permanent_uuid: "cf6fd3f5cd04476eb327844f25f3250a" member_type: VOTER last_known_addr { host: "127.16.23.131" port: 44845 } }
I20260709 13:03:32.983690 16508 catalog_manager.cc:5697] T 43080b22cedc411f8735330afd38f9c1 P cf6fd3f5cd04476eb327844f25f3250a reported cstate change: term changed from 2 to 3, leader changed from 9c9135ef4ff1448ab3bcee5c382e2dcf (127.16.23.130) to cf6fd3f5cd04476eb327844f25f3250a (127.16.23.131). New cstate: current_term: 3 leader_uuid: "cf6fd3f5cd04476eb327844f25f3250a" committed_config { opid_index: -1 OBSOLETE_local: false peers { permanent_uuid: "73106097d1874ad5a310055c501c48cc" member_type: VOTER last_known_addr { host: "127.16.23.129" port: 44361 } health_report { overall_health: UNKNOWN } } peers { permanent_uuid: "9c9135ef4ff1448ab3bcee5c382e2dcf" member_type: VOTER last_known_addr { host: "127.16.23.130" port: 42557 } health_report { overall_health: UNKNOWN } } peers { permanent_uuid: "cf6fd3f5cd04476eb327844f25f3250a" member_type: VOTER last_known_addr { host: "127.16.23.131" port: 44845 } health_report { overall_health: HEALTHY } } }
I20260709 13:03:32.997092 16947 raft_consensus.cc:993] T f39e25e97a2b479dae2e78e21e970b46 P 9c9135ef4ff1448ab3bcee5c382e2dcf: : Instructing follower 73106097d1874ad5a310055c501c48cc to start an election
I20260709 13:03:32.997457 16919 raft_consensus.cc:1081] T f39e25e97a2b479dae2e78e21e970b46 P 9c9135ef4ff1448ab3bcee5c382e2dcf [term 2 LEADER]: Signalling peer 73106097d1874ad5a310055c501c48cc to start an election
I20260709 13:03:32.998883 16613 tablet_service.cc:2044] Received Run Leader Election RPC: tablet_id: "f39e25e97a2b479dae2e78e21e970b46"
dest_uuid: "73106097d1874ad5a310055c501c48cc"
 from {username='slave'} at 127.0.0.1:55602
I20260709 13:03:32.999306 16613 raft_consensus.cc:493] T f39e25e97a2b479dae2e78e21e970b46 P 73106097d1874ad5a310055c501c48cc [term 2 FOLLOWER]: Starting forced leader election (received explicit request)
I20260709 13:03:32.999569 16613 raft_consensus.cc:3060] T f39e25e97a2b479dae2e78e21e970b46 P 73106097d1874ad5a310055c501c48cc [term 2 FOLLOWER]: Advancing to term 3
I20260709 13:03:33.003418 16613 raft_consensus.cc:515] T f39e25e97a2b479dae2e78e21e970b46 P 73106097d1874ad5a310055c501c48cc [term 3 FOLLOWER]: Starting forced leader election with config: opid_index: -1 OBSOLETE_local: false peers { permanent_uuid: "73106097d1874ad5a310055c501c48cc" member_type: VOTER last_known_addr { host: "127.16.23.129" port: 44361 } } peers { permanent_uuid: "9c9135ef4ff1448ab3bcee5c382e2dcf" member_type: VOTER last_known_addr { host: "127.16.23.130" port: 42557 } } peers { permanent_uuid: "cf6fd3f5cd04476eb327844f25f3250a" member_type: VOTER last_known_addr { host: "127.16.23.131" port: 44845 } }
I20260709 13:03:33.004779 16613 leader_election.cc:290] T f39e25e97a2b479dae2e78e21e970b46 P 73106097d1874ad5a310055c501c48cc [CANDIDATE]: Term 3 election: Requested vote from peers 9c9135ef4ff1448ab3bcee5c382e2dcf (127.16.23.130:42557), cf6fd3f5cd04476eb327844f25f3250a (127.16.23.131:44845)
I20260709 13:03:33.005712 16687 tablet_service.cc:1917] Received RequestConsensusVote() RPC: tablet_id: "f39e25e97a2b479dae2e78e21e970b46" candidate_uuid: "73106097d1874ad5a310055c501c48cc" candidate_term: 3 candidate_status { last_received { term: 2 index: 2 } } ignore_live_leader: true dest_uuid: "9c9135ef4ff1448ab3bcee5c382e2dcf"
I20260709 13:03:33.005857 16760 tablet_service.cc:1917] Received RequestConsensusVote() RPC: tablet_id: "f39e25e97a2b479dae2e78e21e970b46" candidate_uuid: "73106097d1874ad5a310055c501c48cc" candidate_term: 3 candidate_status { last_received { term: 2 index: 2 } } ignore_live_leader: true dest_uuid: "cf6fd3f5cd04476eb327844f25f3250a"
I20260709 13:03:33.006235 16687 raft_consensus.cc:3055] T f39e25e97a2b479dae2e78e21e970b46 P 9c9135ef4ff1448ab3bcee5c382e2dcf [term 2 LEADER]: Stepping down as leader of term 2
I20260709 13:03:33.006315 16760 raft_consensus.cc:3060] T f39e25e97a2b479dae2e78e21e970b46 P cf6fd3f5cd04476eb327844f25f3250a [term 2 FOLLOWER]: Advancing to term 3
I20260709 13:03:33.006528 16687 raft_consensus.cc:740] T f39e25e97a2b479dae2e78e21e970b46 P 9c9135ef4ff1448ab3bcee5c382e2dcf [term 2 LEADER]: Becoming Follower/Learner. State: Replica: 9c9135ef4ff1448ab3bcee5c382e2dcf, State: Running, Role: LEADER
I20260709 13:03:33.007270 16687 consensus_queue.cc:260] T f39e25e97a2b479dae2e78e21e970b46 P 9c9135ef4ff1448ab3bcee5c382e2dcf [NON_LEADER]: Queue going to NON_LEADER mode. State: All replicated index: 0, Majority replicated index: 2, Committed index: 2, Last appended: 2.2, Last appended by leader: 2, Current term: 2, Majority size: -1, State: 0, Mode: NON_LEADER, active raft config: opid_index: -1 OBSOLETE_local: false peers { permanent_uuid: "73106097d1874ad5a310055c501c48cc" member_type: VOTER last_known_addr { host: "127.16.23.129" port: 44361 } } peers { permanent_uuid: "9c9135ef4ff1448ab3bcee5c382e2dcf" member_type: VOTER last_known_addr { host: "127.16.23.130" port: 42557 } } peers { permanent_uuid: "cf6fd3f5cd04476eb327844f25f3250a" member_type: VOTER last_known_addr { host: "127.16.23.131" port: 44845 } }
I20260709 13:03:33.008227 16687 raft_consensus.cc:3060] T f39e25e97a2b479dae2e78e21e970b46 P 9c9135ef4ff1448ab3bcee5c382e2dcf [term 2 FOLLOWER]: Advancing to term 3
I20260709 13:03:33.010684 16760 raft_consensus.cc:2468] T f39e25e97a2b479dae2e78e21e970b46 P cf6fd3f5cd04476eb327844f25f3250a [term 3 FOLLOWER]: Leader election vote request: Granting yes vote for candidate 73106097d1874ad5a310055c501c48cc in term 3.
I20260709 13:03:33.011806 16578 leader_election.cc:304] T f39e25e97a2b479dae2e78e21e970b46 P 73106097d1874ad5a310055c501c48cc [CANDIDATE]: Term 3 election: Election decided. Result: candidate won. Election summary: received 2 responses out of 3 voters: 2 yes votes; 0 no votes. yes voters: 73106097d1874ad5a310055c501c48cc, cf6fd3f5cd04476eb327844f25f3250a; no voters: 
I20260709 13:03:33.012508 16687 raft_consensus.cc:2468] T f39e25e97a2b479dae2e78e21e970b46 P 9c9135ef4ff1448ab3bcee5c382e2dcf [term 3 FOLLOWER]: Leader election vote request: Granting yes vote for candidate 73106097d1874ad5a310055c501c48cc in term 3.
I20260709 13:03:33.013579 16954 raft_consensus.cc:2804] T f39e25e97a2b479dae2e78e21e970b46 P 73106097d1874ad5a310055c501c48cc [term 3 FOLLOWER]: Leader election won for term 3
I20260709 13:03:33.014720 16954 raft_consensus.cc:697] T f39e25e97a2b479dae2e78e21e970b46 P 73106097d1874ad5a310055c501c48cc [term 3 LEADER]: Becoming Leader. State: Replica: 73106097d1874ad5a310055c501c48cc, State: Running, Role: LEADER
I20260709 13:03:33.015518 16954 consensus_queue.cc:237] T f39e25e97a2b479dae2e78e21e970b46 P 73106097d1874ad5a310055c501c48cc [LEADER]: Queue going to LEADER mode. State: All replicated index: 0, Majority replicated index: 2, Committed index: 2, Last appended: 2.2, Last appended by leader: 2, Current term: 3, Majority size: 2, State: 0, Mode: LEADER, active raft config: opid_index: -1 OBSOLETE_local: false peers { permanent_uuid: "73106097d1874ad5a310055c501c48cc" member_type: VOTER last_known_addr { host: "127.16.23.129" port: 44361 } } peers { permanent_uuid: "9c9135ef4ff1448ab3bcee5c382e2dcf" member_type: VOTER last_known_addr { host: "127.16.23.130" port: 42557 } } peers { permanent_uuid: "cf6fd3f5cd04476eb327844f25f3250a" member_type: VOTER last_known_addr { host: "127.16.23.131" port: 44845 } }
I20260709 13:03:33.021544 16508 catalog_manager.cc:5697] T f39e25e97a2b479dae2e78e21e970b46 P 73106097d1874ad5a310055c501c48cc reported cstate change: term changed from 2 to 3, leader changed from 9c9135ef4ff1448ab3bcee5c382e2dcf (127.16.23.130) to 73106097d1874ad5a310055c501c48cc (127.16.23.129). New cstate: current_term: 3 leader_uuid: "73106097d1874ad5a310055c501c48cc" committed_config { opid_index: -1 OBSOLETE_local: false peers { permanent_uuid: "73106097d1874ad5a310055c501c48cc" member_type: VOTER last_known_addr { host: "127.16.23.129" port: 44361 } health_report { overall_health: HEALTHY } } peers { permanent_uuid: "9c9135ef4ff1448ab3bcee5c382e2dcf" member_type: VOTER last_known_addr { host: "127.16.23.130" port: 42557 } health_report { overall_health: UNKNOWN } } peers { permanent_uuid: "cf6fd3f5cd04476eb327844f25f3250a" member_type: VOTER last_known_addr { host: "127.16.23.131" port: 44845 } health_report { overall_health: UNKNOWN } } }
I20260709 13:03:33.136163 16947 raft_consensus.cc:993] T a326c369eb164cf2aa5931b370e3e20e P 9c9135ef4ff1448ab3bcee5c382e2dcf: : Instructing follower 73106097d1874ad5a310055c501c48cc to start an election
I20260709 13:03:33.136580 16919 raft_consensus.cc:1081] T a326c369eb164cf2aa5931b370e3e20e P 9c9135ef4ff1448ab3bcee5c382e2dcf [term 4 LEADER]: Signalling peer 73106097d1874ad5a310055c501c48cc to start an election
I20260709 13:03:33.137856 16613 tablet_service.cc:2044] Received Run Leader Election RPC: tablet_id: "a326c369eb164cf2aa5931b370e3e20e"
dest_uuid: "73106097d1874ad5a310055c501c48cc"
 from {username='slave'} at 127.0.0.1:55602
I20260709 13:03:33.138255 16613 raft_consensus.cc:493] T a326c369eb164cf2aa5931b370e3e20e P 73106097d1874ad5a310055c501c48cc [term 4 FOLLOWER]: Starting forced leader election (received explicit request)
I20260709 13:03:33.138530 16613 raft_consensus.cc:3060] T a326c369eb164cf2aa5931b370e3e20e P 73106097d1874ad5a310055c501c48cc [term 4 FOLLOWER]: Advancing to term 5
I20260709 13:03:33.143066 16947 raft_consensus.cc:993] T b6de44cef98448049ded28386e771704 P 9c9135ef4ff1448ab3bcee5c382e2dcf: : Instructing follower 73106097d1874ad5a310055c501c48cc to start an election
I20260709 13:03:33.143535 16919 raft_consensus.cc:1081] T b6de44cef98448049ded28386e771704 P 9c9135ef4ff1448ab3bcee5c382e2dcf [term 3 LEADER]: Signalling peer 73106097d1874ad5a310055c501c48cc to start an election
I20260709 13:03:33.143463 16613 raft_consensus.cc:515] T a326c369eb164cf2aa5931b370e3e20e P 73106097d1874ad5a310055c501c48cc [term 5 FOLLOWER]: Starting forced leader election with config: opid_index: -1 OBSOLETE_local: false peers { permanent_uuid: "73106097d1874ad5a310055c501c48cc" member_type: VOTER last_known_addr { host: "127.16.23.129" port: 44361 } } peers { permanent_uuid: "9c9135ef4ff1448ab3bcee5c382e2dcf" member_type: VOTER last_known_addr { host: "127.16.23.130" port: 42557 } } peers { permanent_uuid: "cf6fd3f5cd04476eb327844f25f3250a" member_type: VOTER last_known_addr { host: "127.16.23.131" port: 44845 } }
I20260709 13:03:33.145107 16612 tablet_service.cc:2044] Received Run Leader Election RPC: tablet_id: "b6de44cef98448049ded28386e771704"
dest_uuid: "73106097d1874ad5a310055c501c48cc"
 from {username='slave'} at 127.0.0.1:55602
I20260709 13:03:33.145211 16613 leader_election.cc:290] T a326c369eb164cf2aa5931b370e3e20e P 73106097d1874ad5a310055c501c48cc [CANDIDATE]: Term 5 election: Requested vote from peers 9c9135ef4ff1448ab3bcee5c382e2dcf (127.16.23.130:42557), cf6fd3f5cd04476eb327844f25f3250a (127.16.23.131:44845)
I20260709 13:03:33.145598 16612 raft_consensus.cc:493] T b6de44cef98448049ded28386e771704 P 73106097d1874ad5a310055c501c48cc [term 3 FOLLOWER]: Starting forced leader election (received explicit request)
I20260709 13:03:33.145911 16612 raft_consensus.cc:3060] T b6de44cef98448049ded28386e771704 P 73106097d1874ad5a310055c501c48cc [term 3 FOLLOWER]: Advancing to term 4
I20260709 13:03:33.145849 16687 tablet_service.cc:1917] Received RequestConsensusVote() RPC: tablet_id: "a326c369eb164cf2aa5931b370e3e20e" candidate_uuid: "73106097d1874ad5a310055c501c48cc" candidate_term: 5 candidate_status { last_received { term: 4 index: 4 } } ignore_live_leader: true dest_uuid: "9c9135ef4ff1448ab3bcee5c382e2dcf"
I20260709 13:03:33.146186 16760 tablet_service.cc:1917] Received RequestConsensusVote() RPC: tablet_id: "a326c369eb164cf2aa5931b370e3e20e" candidate_uuid: "73106097d1874ad5a310055c501c48cc" candidate_term: 5 candidate_status { last_received { term: 4 index: 4 } } ignore_live_leader: true dest_uuid: "cf6fd3f5cd04476eb327844f25f3250a"
I20260709 13:03:33.146462 16687 raft_consensus.cc:3055] T a326c369eb164cf2aa5931b370e3e20e P 9c9135ef4ff1448ab3bcee5c382e2dcf [term 4 LEADER]: Stepping down as leader of term 4
I20260709 13:03:33.146731 16760 raft_consensus.cc:3060] T a326c369eb164cf2aa5931b370e3e20e P cf6fd3f5cd04476eb327844f25f3250a [term 4 FOLLOWER]: Advancing to term 5
I20260709 13:03:33.146843 16687 raft_consensus.cc:740] T a326c369eb164cf2aa5931b370e3e20e P 9c9135ef4ff1448ab3bcee5c382e2dcf [term 4 LEADER]: Becoming Follower/Learner. State: Replica: 9c9135ef4ff1448ab3bcee5c382e2dcf, State: Running, Role: LEADER
I20260709 13:03:33.148326 16687 consensus_queue.cc:260] T a326c369eb164cf2aa5931b370e3e20e P 9c9135ef4ff1448ab3bcee5c382e2dcf [NON_LEADER]: Queue going to NON_LEADER mode. State: All replicated index: 0, Majority replicated index: 4, Committed index: 4, Last appended: 4.4, Last appended by leader: 4, Current term: 4, Majority size: -1, State: 0, Mode: NON_LEADER, active raft config: opid_index: -1 OBSOLETE_local: false peers { permanent_uuid: "73106097d1874ad5a310055c501c48cc" member_type: VOTER last_known_addr { host: "127.16.23.129" port: 44361 } } peers { permanent_uuid: "9c9135ef4ff1448ab3bcee5c382e2dcf" member_type: VOTER last_known_addr { host: "127.16.23.130" port: 42557 } } peers { permanent_uuid: "cf6fd3f5cd04476eb327844f25f3250a" member_type: VOTER last_known_addr { host: "127.16.23.131" port: 44845 } }
I20260709 13:03:33.149504 16687 raft_consensus.cc:3060] T a326c369eb164cf2aa5931b370e3e20e P 9c9135ef4ff1448ab3bcee5c382e2dcf [term 4 FOLLOWER]: Advancing to term 5
I20260709 13:03:33.151934 16612 raft_consensus.cc:515] T b6de44cef98448049ded28386e771704 P 73106097d1874ad5a310055c501c48cc [term 4 FOLLOWER]: Starting forced leader election with config: opid_index: -1 OBSOLETE_local: false peers { permanent_uuid: "73106097d1874ad5a310055c501c48cc" member_type: VOTER last_known_addr { host: "127.16.23.129" port: 44361 } } peers { permanent_uuid: "9c9135ef4ff1448ab3bcee5c382e2dcf" member_type: VOTER last_known_addr { host: "127.16.23.130" port: 42557 } } peers { permanent_uuid: "cf6fd3f5cd04476eb327844f25f3250a" member_type: VOTER last_known_addr { host: "127.16.23.131" port: 44845 } }
I20260709 13:03:33.152498 16760 raft_consensus.cc:2468] T a326c369eb164cf2aa5931b370e3e20e P cf6fd3f5cd04476eb327844f25f3250a [term 5 FOLLOWER]: Leader election vote request: Granting yes vote for candidate 73106097d1874ad5a310055c501c48cc in term 5.
I20260709 13:03:33.153434 16578 leader_election.cc:304] T a326c369eb164cf2aa5931b370e3e20e P 73106097d1874ad5a310055c501c48cc [CANDIDATE]: Term 5 election: Election decided. Result: candidate won. Election summary: received 2 responses out of 3 voters: 2 yes votes; 0 no votes. yes voters: 73106097d1874ad5a310055c501c48cc, cf6fd3f5cd04476eb327844f25f3250a; no voters: 
I20260709 13:03:33.153788 16612 leader_election.cc:290] T b6de44cef98448049ded28386e771704 P 73106097d1874ad5a310055c501c48cc [CANDIDATE]: Term 4 election: Requested vote from peers 9c9135ef4ff1448ab3bcee5c382e2dcf (127.16.23.130:42557), cf6fd3f5cd04476eb327844f25f3250a (127.16.23.131:44845)
I20260709 13:03:33.154712 16954 raft_consensus.cc:2804] T a326c369eb164cf2aa5931b370e3e20e P 73106097d1874ad5a310055c501c48cc [term 5 FOLLOWER]: Leader election won for term 5
I20260709 13:03:33.154819 16687 raft_consensus.cc:2468] T a326c369eb164cf2aa5931b370e3e20e P 9c9135ef4ff1448ab3bcee5c382e2dcf [term 5 FOLLOWER]: Leader election vote request: Granting yes vote for candidate 73106097d1874ad5a310055c501c48cc in term 5.
I20260709 13:03:33.154738 16688 tablet_service.cc:1917] Received RequestConsensusVote() RPC: tablet_id: "b6de44cef98448049ded28386e771704" candidate_uuid: "73106097d1874ad5a310055c501c48cc" candidate_term: 4 candidate_status { last_received { term: 3 index: 3 } } ignore_live_leader: true dest_uuid: "9c9135ef4ff1448ab3bcee5c382e2dcf"
I20260709 13:03:33.155084 16760 tablet_service.cc:1917] Received RequestConsensusVote() RPC: tablet_id: "b6de44cef98448049ded28386e771704" candidate_uuid: "73106097d1874ad5a310055c501c48cc" candidate_term: 4 candidate_status { last_received { term: 3 index: 3 } } ignore_live_leader: true dest_uuid: "cf6fd3f5cd04476eb327844f25f3250a"
I20260709 13:03:33.155580 16688 raft_consensus.cc:3055] T b6de44cef98448049ded28386e771704 P 9c9135ef4ff1448ab3bcee5c382e2dcf [term 3 LEADER]: Stepping down as leader of term 3
I20260709 13:03:33.155629 16760 raft_consensus.cc:3060] T b6de44cef98448049ded28386e771704 P cf6fd3f5cd04476eb327844f25f3250a [term 3 FOLLOWER]: Advancing to term 4
I20260709 13:03:33.155949 16688 raft_consensus.cc:740] T b6de44cef98448049ded28386e771704 P 9c9135ef4ff1448ab3bcee5c382e2dcf [term 3 LEADER]: Becoming Follower/Learner. State: Replica: 9c9135ef4ff1448ab3bcee5c382e2dcf, State: Running, Role: LEADER
I20260709 13:03:33.156113 16954 raft_consensus.cc:697] T a326c369eb164cf2aa5931b370e3e20e P 73106097d1874ad5a310055c501c48cc [term 5 LEADER]: Becoming Leader. State: Replica: 73106097d1874ad5a310055c501c48cc, State: Running, Role: LEADER
I20260709 13:03:33.156589 16688 consensus_queue.cc:260] T b6de44cef98448049ded28386e771704 P 9c9135ef4ff1448ab3bcee5c382e2dcf [NON_LEADER]: Queue going to NON_LEADER mode. State: All replicated index: 0, Majority replicated index: 3, Committed index: 3, Last appended: 3.3, Last appended by leader: 3, Current term: 3, Majority size: -1, State: 0, Mode: NON_LEADER, active raft config: opid_index: -1 OBSOLETE_local: false peers { permanent_uuid: "73106097d1874ad5a310055c501c48cc" member_type: VOTER last_known_addr { host: "127.16.23.129" port: 44361 } } peers { permanent_uuid: "9c9135ef4ff1448ab3bcee5c382e2dcf" member_type: VOTER last_known_addr { host: "127.16.23.130" port: 42557 } } peers { permanent_uuid: "cf6fd3f5cd04476eb327844f25f3250a" member_type: VOTER last_known_addr { host: "127.16.23.131" port: 44845 } }
I20260709 13:03:33.157188 16954 consensus_queue.cc:237] T a326c369eb164cf2aa5931b370e3e20e P 73106097d1874ad5a310055c501c48cc [LEADER]: Queue going to LEADER mode. State: All replicated index: 0, Majority replicated index: 4, Committed index: 4, Last appended: 4.4, Last appended by leader: 4, Current term: 5, Majority size: 2, State: 0, Mode: LEADER, active raft config: opid_index: -1 OBSOLETE_local: false peers { permanent_uuid: "73106097d1874ad5a310055c501c48cc" member_type: VOTER last_known_addr { host: "127.16.23.129" port: 44361 } } peers { permanent_uuid: "9c9135ef4ff1448ab3bcee5c382e2dcf" member_type: VOTER last_known_addr { host: "127.16.23.130" port: 42557 } } peers { permanent_uuid: "cf6fd3f5cd04476eb327844f25f3250a" member_type: VOTER last_known_addr { host: "127.16.23.131" port: 44845 } }
I20260709 13:03:33.157691 16688 raft_consensus.cc:3060] T b6de44cef98448049ded28386e771704 P 9c9135ef4ff1448ab3bcee5c382e2dcf [term 3 FOLLOWER]: Advancing to term 4
I20260709 13:03:33.161553 16760 raft_consensus.cc:2468] T b6de44cef98448049ded28386e771704 P cf6fd3f5cd04476eb327844f25f3250a [term 4 FOLLOWER]: Leader election vote request: Granting yes vote for candidate 73106097d1874ad5a310055c501c48cc in term 4.
I20260709 13:03:33.162575 16578 leader_election.cc:304] T b6de44cef98448049ded28386e771704 P 73106097d1874ad5a310055c501c48cc [CANDIDATE]: Term 4 election: Election decided. Result: candidate won. Election summary: received 2 responses out of 3 voters: 2 yes votes; 0 no votes. yes voters: 73106097d1874ad5a310055c501c48cc, cf6fd3f5cd04476eb327844f25f3250a; no voters: 
I20260709 13:03:33.163165 16688 raft_consensus.cc:2468] T b6de44cef98448049ded28386e771704 P 9c9135ef4ff1448ab3bcee5c382e2dcf [term 4 FOLLOWER]: Leader election vote request: Granting yes vote for candidate 73106097d1874ad5a310055c501c48cc in term 4.
I20260709 13:03:33.163308 16954 raft_consensus.cc:2804] T b6de44cef98448049ded28386e771704 P 73106097d1874ad5a310055c501c48cc [term 4 FOLLOWER]: Leader election won for term 4
I20260709 13:03:33.163846 16954 raft_consensus.cc:697] T b6de44cef98448049ded28386e771704 P 73106097d1874ad5a310055c501c48cc [term 4 LEADER]: Becoming Leader. State: Replica: 73106097d1874ad5a310055c501c48cc, State: Running, Role: LEADER
I20260709 13:03:33.164553 16954 consensus_queue.cc:237] T b6de44cef98448049ded28386e771704 P 73106097d1874ad5a310055c501c48cc [LEADER]: Queue going to LEADER mode. State: All replicated index: 0, Majority replicated index: 3, Committed index: 3, Last appended: 3.3, Last appended by leader: 3, Current term: 4, Majority size: 2, State: 0, Mode: LEADER, active raft config: opid_index: -1 OBSOLETE_local: false peers { permanent_uuid: "73106097d1874ad5a310055c501c48cc" member_type: VOTER last_known_addr { host: "127.16.23.129" port: 44361 } } peers { permanent_uuid: "9c9135ef4ff1448ab3bcee5c382e2dcf" member_type: VOTER last_known_addr { host: "127.16.23.130" port: 42557 } } peers { permanent_uuid: "cf6fd3f5cd04476eb327844f25f3250a" member_type: VOTER last_known_addr { host: "127.16.23.131" port: 44845 } }
I20260709 13:03:33.165392 16508 catalog_manager.cc:5697] T a326c369eb164cf2aa5931b370e3e20e P 73106097d1874ad5a310055c501c48cc reported cstate change: term changed from 4 to 5, leader changed from 9c9135ef4ff1448ab3bcee5c382e2dcf (127.16.23.130) to 73106097d1874ad5a310055c501c48cc (127.16.23.129). New cstate: current_term: 5 leader_uuid: "73106097d1874ad5a310055c501c48cc" committed_config { opid_index: -1 OBSOLETE_local: false peers { permanent_uuid: "73106097d1874ad5a310055c501c48cc" member_type: VOTER last_known_addr { host: "127.16.23.129" port: 44361 } health_report { overall_health: HEALTHY } } peers { permanent_uuid: "9c9135ef4ff1448ab3bcee5c382e2dcf" member_type: VOTER last_known_addr { host: "127.16.23.130" port: 42557 } health_report { overall_health: UNKNOWN } } peers { permanent_uuid: "cf6fd3f5cd04476eb327844f25f3250a" member_type: VOTER last_known_addr { host: "127.16.23.131" port: 44845 } health_report { overall_health: UNKNOWN } } }
I20260709 13:03:33.176911 16508 catalog_manager.cc:5697] T b6de44cef98448049ded28386e771704 P 73106097d1874ad5a310055c501c48cc reported cstate change: term changed from 3 to 4, leader changed from 9c9135ef4ff1448ab3bcee5c382e2dcf (127.16.23.130) to 73106097d1874ad5a310055c501c48cc (127.16.23.129). New cstate: current_term: 4 leader_uuid: "73106097d1874ad5a310055c501c48cc" committed_config { opid_index: -1 OBSOLETE_local: false peers { permanent_uuid: "73106097d1874ad5a310055c501c48cc" member_type: VOTER last_known_addr { host: "127.16.23.129" port: 44361 } health_report { overall_health: HEALTHY } } peers { permanent_uuid: "9c9135ef4ff1448ab3bcee5c382e2dcf" member_type: VOTER last_known_addr { host: "127.16.23.130" port: 42557 } health_report { overall_health: UNKNOWN } } peers { permanent_uuid: "cf6fd3f5cd04476eb327844f25f3250a" member_type: VOTER last_known_addr { host: "127.16.23.131" port: 44845 } health_report { overall_health: UNKNOWN } } }
I20260709 13:03:33.327864 16947 raft_consensus.cc:993] T f7d1af9d1a0249e7b2c55c61048d94ce P 9c9135ef4ff1448ab3bcee5c382e2dcf: : Instructing follower cf6fd3f5cd04476eb327844f25f3250a to start an election
I20260709 13:03:33.328296 16919 raft_consensus.cc:1081] T f7d1af9d1a0249e7b2c55c61048d94ce P 9c9135ef4ff1448ab3bcee5c382e2dcf [term 4 LEADER]: Signalling peer cf6fd3f5cd04476eb327844f25f3250a to start an election
I20260709 13:03:33.329517 16760 tablet_service.cc:2044] Received Run Leader Election RPC: tablet_id: "f7d1af9d1a0249e7b2c55c61048d94ce"
dest_uuid: "cf6fd3f5cd04476eb327844f25f3250a"
 from {username='slave'} at 127.0.0.1:39314
I20260709 13:03:33.329917 16760 raft_consensus.cc:493] T f7d1af9d1a0249e7b2c55c61048d94ce P cf6fd3f5cd04476eb327844f25f3250a [term 4 FOLLOWER]: Starting forced leader election (received explicit request)
I20260709 13:03:33.330127 16760 raft_consensus.cc:3060] T f7d1af9d1a0249e7b2c55c61048d94ce P cf6fd3f5cd04476eb327844f25f3250a [term 4 FOLLOWER]: Advancing to term 5
I20260709 13:03:33.333799 16760 raft_consensus.cc:515] T f7d1af9d1a0249e7b2c55c61048d94ce P cf6fd3f5cd04476eb327844f25f3250a [term 5 FOLLOWER]: Starting forced leader election with config: opid_index: -1 OBSOLETE_local: false peers { permanent_uuid: "73106097d1874ad5a310055c501c48cc" member_type: VOTER last_known_addr { host: "127.16.23.129" port: 44361 } } peers { permanent_uuid: "9c9135ef4ff1448ab3bcee5c382e2dcf" member_type: VOTER last_known_addr { host: "127.16.23.130" port: 42557 } } peers { permanent_uuid: "cf6fd3f5cd04476eb327844f25f3250a" member_type: VOTER last_known_addr { host: "127.16.23.131" port: 44845 } }
I20260709 13:03:33.334998 16760 leader_election.cc:290] T f7d1af9d1a0249e7b2c55c61048d94ce P cf6fd3f5cd04476eb327844f25f3250a [CANDIDATE]: Term 5 election: Requested vote from peers 73106097d1874ad5a310055c501c48cc (127.16.23.129:44361), 9c9135ef4ff1448ab3bcee5c382e2dcf (127.16.23.130:42557)
I20260709 13:03:33.335793 16612 tablet_service.cc:1917] Received RequestConsensusVote() RPC: tablet_id: "f7d1af9d1a0249e7b2c55c61048d94ce" candidate_uuid: "cf6fd3f5cd04476eb327844f25f3250a" candidate_term: 5 candidate_status { last_received { term: 4 index: 4 } } ignore_live_leader: true dest_uuid: "73106097d1874ad5a310055c501c48cc"
I20260709 13:03:33.335958 16688 tablet_service.cc:1917] Received RequestConsensusVote() RPC: tablet_id: "f7d1af9d1a0249e7b2c55c61048d94ce" candidate_uuid: "cf6fd3f5cd04476eb327844f25f3250a" candidate_term: 5 candidate_status { last_received { term: 4 index: 4 } } ignore_live_leader: true dest_uuid: "9c9135ef4ff1448ab3bcee5c382e2dcf"
I20260709 13:03:33.336295 16612 raft_consensus.cc:3060] T f7d1af9d1a0249e7b2c55c61048d94ce P 73106097d1874ad5a310055c501c48cc [term 4 FOLLOWER]: Advancing to term 5
I20260709 13:03:33.336403 16688 raft_consensus.cc:3055] T f7d1af9d1a0249e7b2c55c61048d94ce P 9c9135ef4ff1448ab3bcee5c382e2dcf [term 4 LEADER]: Stepping down as leader of term 4
I20260709 13:03:33.336721 16688 raft_consensus.cc:740] T f7d1af9d1a0249e7b2c55c61048d94ce P 9c9135ef4ff1448ab3bcee5c382e2dcf [term 4 LEADER]: Becoming Follower/Learner. State: Replica: 9c9135ef4ff1448ab3bcee5c382e2dcf, State: Running, Role: LEADER
I20260709 13:03:33.337424 16688 consensus_queue.cc:260] T f7d1af9d1a0249e7b2c55c61048d94ce P 9c9135ef4ff1448ab3bcee5c382e2dcf [NON_LEADER]: Queue going to NON_LEADER mode. State: All replicated index: 0, Majority replicated index: 4, Committed index: 4, Last appended: 4.4, Last appended by leader: 4, Current term: 4, Majority size: -1, State: 0, Mode: NON_LEADER, active raft config: opid_index: -1 OBSOLETE_local: false peers { permanent_uuid: "73106097d1874ad5a310055c501c48cc" member_type: VOTER last_known_addr { host: "127.16.23.129" port: 44361 } } peers { permanent_uuid: "9c9135ef4ff1448ab3bcee5c382e2dcf" member_type: VOTER last_known_addr { host: "127.16.23.130" port: 42557 } } peers { permanent_uuid: "cf6fd3f5cd04476eb327844f25f3250a" member_type: VOTER last_known_addr { host: "127.16.23.131" port: 44845 } }
I20260709 13:03:33.338438 16688 raft_consensus.cc:3060] T f7d1af9d1a0249e7b2c55c61048d94ce P 9c9135ef4ff1448ab3bcee5c382e2dcf [term 4 FOLLOWER]: Advancing to term 5
I20260709 13:03:33.341936 16612 raft_consensus.cc:2468] T f7d1af9d1a0249e7b2c55c61048d94ce P 73106097d1874ad5a310055c501c48cc [term 5 FOLLOWER]: Leader election vote request: Granting yes vote for candidate cf6fd3f5cd04476eb327844f25f3250a in term 5.
I20260709 13:03:33.342916 16725 leader_election.cc:304] T f7d1af9d1a0249e7b2c55c61048d94ce P cf6fd3f5cd04476eb327844f25f3250a [CANDIDATE]: Term 5 election: Election decided. Result: candidate won. Election summary: received 2 responses out of 3 voters: 2 yes votes; 0 no votes. yes voters: 73106097d1874ad5a310055c501c48cc, cf6fd3f5cd04476eb327844f25f3250a; no voters: 
I20260709 13:03:33.343580 16809 raft_consensus.cc:2804] T f7d1af9d1a0249e7b2c55c61048d94ce P cf6fd3f5cd04476eb327844f25f3250a [term 5 FOLLOWER]: Leader election won for term 5
I20260709 13:03:33.343736 16688 raft_consensus.cc:2468] T f7d1af9d1a0249e7b2c55c61048d94ce P 9c9135ef4ff1448ab3bcee5c382e2dcf [term 5 FOLLOWER]: Leader election vote request: Granting yes vote for candidate cf6fd3f5cd04476eb327844f25f3250a in term 5.
I20260709 13:03:33.344063 16809 raft_consensus.cc:697] T f7d1af9d1a0249e7b2c55c61048d94ce P cf6fd3f5cd04476eb327844f25f3250a [term 5 LEADER]: Becoming Leader. State: Replica: cf6fd3f5cd04476eb327844f25f3250a, State: Running, Role: LEADER
I20260709 13:03:33.344863 16809 consensus_queue.cc:237] T f7d1af9d1a0249e7b2c55c61048d94ce P cf6fd3f5cd04476eb327844f25f3250a [LEADER]: Queue going to LEADER mode. State: All replicated index: 0, Majority replicated index: 4, Committed index: 4, Last appended: 4.4, Last appended by leader: 4, Current term: 5, Majority size: 2, State: 0, Mode: LEADER, active raft config: opid_index: -1 OBSOLETE_local: false peers { permanent_uuid: "73106097d1874ad5a310055c501c48cc" member_type: VOTER last_known_addr { host: "127.16.23.129" port: 44361 } } peers { permanent_uuid: "9c9135ef4ff1448ab3bcee5c382e2dcf" member_type: VOTER last_known_addr { host: "127.16.23.130" port: 42557 } } peers { permanent_uuid: "cf6fd3f5cd04476eb327844f25f3250a" member_type: VOTER last_known_addr { host: "127.16.23.131" port: 44845 } }
I20260709 13:03:33.351593 16508 catalog_manager.cc:5697] T f7d1af9d1a0249e7b2c55c61048d94ce P cf6fd3f5cd04476eb327844f25f3250a reported cstate change: term changed from 4 to 5, leader changed from 9c9135ef4ff1448ab3bcee5c382e2dcf (127.16.23.130) to cf6fd3f5cd04476eb327844f25f3250a (127.16.23.131). New cstate: current_term: 5 leader_uuid: "cf6fd3f5cd04476eb327844f25f3250a" committed_config { opid_index: -1 OBSOLETE_local: false peers { permanent_uuid: "73106097d1874ad5a310055c501c48cc" member_type: VOTER last_known_addr { host: "127.16.23.129" port: 44361 } health_report { overall_health: UNKNOWN } } peers { permanent_uuid: "9c9135ef4ff1448ab3bcee5c382e2dcf" member_type: VOTER last_known_addr { host: "127.16.23.130" port: 42557 } health_report { overall_health: UNKNOWN } } peers { permanent_uuid: "cf6fd3f5cd04476eb327844f25f3250a" member_type: VOTER last_known_addr { host: "127.16.23.131" port: 44845 } health_report { overall_health: HEALTHY } } }
I20260709 13:03:33.421697 16760 raft_consensus.cc:1275] T f39e25e97a2b479dae2e78e21e970b46 P cf6fd3f5cd04476eb327844f25f3250a [term 3 FOLLOWER]: Refusing update from remote peer 73106097d1874ad5a310055c501c48cc: Log matching property violated. Preceding OpId in replica: term: 2 index: 2. Preceding OpId from leader: term: 3 index: 3. (index mismatch)
I20260709 13:03:33.422926 16954 consensus_queue.cc:1048] T f39e25e97a2b479dae2e78e21e970b46 P 73106097d1874ad5a310055c501c48cc [LEADER]: Connected to new peer: Peer: permanent_uuid: "cf6fd3f5cd04476eb327844f25f3250a" member_type: VOTER last_known_addr { host: "127.16.23.131" port: 44845 }, Status: LMP_MISMATCH, Last received: 0.0, Next index: 3, Last known committed idx: 2, Time since last communication: 0.000s
I20260709 13:03:33.432339 16688 raft_consensus.cc:1275] T f39e25e97a2b479dae2e78e21e970b46 P 9c9135ef4ff1448ab3bcee5c382e2dcf [term 3 FOLLOWER]: Refusing update from remote peer 73106097d1874ad5a310055c501c48cc: Log matching property violated. Preceding OpId in replica: term: 2 index: 2. Preceding OpId from leader: term: 3 index: 3. (index mismatch)
I20260709 13:03:33.434952 16955 consensus_queue.cc:1048] T f39e25e97a2b479dae2e78e21e970b46 P 73106097d1874ad5a310055c501c48cc [LEADER]: Connected to new peer: Peer: permanent_uuid: "9c9135ef4ff1448ab3bcee5c382e2dcf" member_type: VOTER last_known_addr { host: "127.16.23.130" port: 42557 }, Status: LMP_MISMATCH, Last received: 0.0, Next index: 3, Last known committed idx: 2, Time since last communication: 0.001s
I20260709 13:03:33.457834 16688 raft_consensus.cc:1275] T 43080b22cedc411f8735330afd38f9c1 P 9c9135ef4ff1448ab3bcee5c382e2dcf [term 3 FOLLOWER]: Refusing update from remote peer cf6fd3f5cd04476eb327844f25f3250a: Log matching property violated. Preceding OpId in replica: term: 2 index: 2. Preceding OpId from leader: term: 3 index: 3. (index mismatch)
I20260709 13:03:33.458864 16809 consensus_queue.cc:1048] T 43080b22cedc411f8735330afd38f9c1 P cf6fd3f5cd04476eb327844f25f3250a [LEADER]: Connected to new peer: Peer: permanent_uuid: "9c9135ef4ff1448ab3bcee5c382e2dcf" member_type: VOTER last_known_addr { host: "127.16.23.130" port: 42557 }, Status: LMP_MISMATCH, Last received: 0.0, Next index: 3, Last known committed idx: 2, Time since last communication: 0.000s
I20260709 13:03:33.467129 16612 raft_consensus.cc:1275] T 43080b22cedc411f8735330afd38f9c1 P 73106097d1874ad5a310055c501c48cc [term 3 FOLLOWER]: Refusing update from remote peer cf6fd3f5cd04476eb327844f25f3250a: Log matching property violated. Preceding OpId in replica: term: 2 index: 2. Preceding OpId from leader: term: 3 index: 3. (index mismatch)
I20260709 13:03:33.468688 16948 consensus_queue.cc:1048] T 43080b22cedc411f8735330afd38f9c1 P cf6fd3f5cd04476eb327844f25f3250a [LEADER]: Connected to new peer: Peer: permanent_uuid: "73106097d1874ad5a310055c501c48cc" member_type: VOTER last_known_addr { host: "127.16.23.129" port: 44361 }, Status: LMP_MISMATCH, Last received: 0.0, Next index: 3, Last known committed idx: 2, Time since last communication: 0.000s
I20260709 13:03:33.651937 16760 raft_consensus.cc:1275] T b6de44cef98448049ded28386e771704 P cf6fd3f5cd04476eb327844f25f3250a [term 4 FOLLOWER]: Refusing update from remote peer 73106097d1874ad5a310055c501c48cc: Log matching property violated. Preceding OpId in replica: term: 3 index: 3. Preceding OpId from leader: term: 4 index: 4. (index mismatch)
I20260709 13:03:33.652951 16955 consensus_queue.cc:1048] T b6de44cef98448049ded28386e771704 P 73106097d1874ad5a310055c501c48cc [LEADER]: Connected to new peer: Peer: permanent_uuid: "cf6fd3f5cd04476eb327844f25f3250a" member_type: VOTER last_known_addr { host: "127.16.23.131" port: 44845 }, Status: LMP_MISMATCH, Last received: 0.0, Next index: 4, Last known committed idx: 3, Time since last communication: 0.000s
I20260709 13:03:33.661171 16688 raft_consensus.cc:1275] T b6de44cef98448049ded28386e771704 P 9c9135ef4ff1448ab3bcee5c382e2dcf [term 4 FOLLOWER]: Refusing update from remote peer 73106097d1874ad5a310055c501c48cc: Log matching property violated. Preceding OpId in replica: term: 3 index: 3. Preceding OpId from leader: term: 4 index: 4. (index mismatch)
I20260709 13:03:33.663131 16954 consensus_queue.cc:1048] T b6de44cef98448049ded28386e771704 P 73106097d1874ad5a310055c501c48cc [LEADER]: Connected to new peer: Peer: permanent_uuid: "9c9135ef4ff1448ab3bcee5c382e2dcf" member_type: VOTER last_known_addr { host: "127.16.23.130" port: 42557 }, Status: LMP_MISMATCH, Last received: 0.0, Next index: 4, Last known committed idx: 3, Time since last communication: 0.000s
I20260709 13:03:33.699391 16760 raft_consensus.cc:1275] T a326c369eb164cf2aa5931b370e3e20e P cf6fd3f5cd04476eb327844f25f3250a [term 5 FOLLOWER]: Refusing update from remote peer 73106097d1874ad5a310055c501c48cc: Log matching property violated. Preceding OpId in replica: term: 4 index: 4. Preceding OpId from leader: term: 5 index: 5. (index mismatch)
I20260709 13:03:33.700515 16954 consensus_queue.cc:1048] T a326c369eb164cf2aa5931b370e3e20e P 73106097d1874ad5a310055c501c48cc [LEADER]: Connected to new peer: Peer: permanent_uuid: "cf6fd3f5cd04476eb327844f25f3250a" member_type: VOTER last_known_addr { host: "127.16.23.131" port: 44845 }, Status: LMP_MISMATCH, Last received: 0.0, Next index: 5, Last known committed idx: 4, Time since last communication: 0.000s
I20260709 13:03:33.709573 16688 raft_consensus.cc:1275] T a326c369eb164cf2aa5931b370e3e20e P 9c9135ef4ff1448ab3bcee5c382e2dcf [term 5 FOLLOWER]: Refusing update from remote peer 73106097d1874ad5a310055c501c48cc: Log matching property violated. Preceding OpId in replica: term: 4 index: 4. Preceding OpId from leader: term: 5 index: 5. (index mismatch)
I20260709 13:03:33.710834 16955 consensus_queue.cc:1048] T a326c369eb164cf2aa5931b370e3e20e P 73106097d1874ad5a310055c501c48cc [LEADER]: Connected to new peer: Peer: permanent_uuid: "9c9135ef4ff1448ab3bcee5c382e2dcf" member_type: VOTER last_known_addr { host: "127.16.23.130" port: 42557 }, Status: LMP_MISMATCH, Last received: 0.0, Next index: 5, Last known committed idx: 4, Time since last communication: 0.000s
I20260709 13:03:33.728470 16688 raft_consensus.cc:1275] T f7d1af9d1a0249e7b2c55c61048d94ce P 9c9135ef4ff1448ab3bcee5c382e2dcf [term 5 FOLLOWER]: Refusing update from remote peer cf6fd3f5cd04476eb327844f25f3250a: Log matching property violated. Preceding OpId in replica: term: 4 index: 4. Preceding OpId from leader: term: 5 index: 5. (index mismatch)
I20260709 13:03:33.729614 16948 consensus_queue.cc:1048] T f7d1af9d1a0249e7b2c55c61048d94ce P cf6fd3f5cd04476eb327844f25f3250a [LEADER]: Connected to new peer: Peer: permanent_uuid: "9c9135ef4ff1448ab3bcee5c382e2dcf" member_type: VOTER last_known_addr { host: "127.16.23.130" port: 42557 }, Status: LMP_MISMATCH, Last received: 0.0, Next index: 5, Last known committed idx: 4, Time since last communication: 0.000s
I20260709 13:03:33.737542 16612 raft_consensus.cc:1275] T f7d1af9d1a0249e7b2c55c61048d94ce P 73106097d1874ad5a310055c501c48cc [term 5 FOLLOWER]: Refusing update from remote peer cf6fd3f5cd04476eb327844f25f3250a: Log matching property violated. Preceding OpId in replica: term: 4 index: 4. Preceding OpId from leader: term: 5 index: 5. (index mismatch)
I20260709 13:03:33.739033 16809 consensus_queue.cc:1048] T f7d1af9d1a0249e7b2c55c61048d94ce P cf6fd3f5cd04476eb327844f25f3250a [LEADER]: Connected to new peer: Peer: permanent_uuid: "73106097d1874ad5a310055c501c48cc" member_type: VOTER last_known_addr { host: "127.16.23.129" port: 44361 }, Status: LMP_MISMATCH, Last received: 0.0, Next index: 5, Last known committed idx: 4, Time since last communication: 0.000s
I20260709 13:03:33.936414 16478 auto_leader_rebalancer.cc:141] leader rebalance for table test-workload
I20260709 13:03:33.941676 16478 tablet_server.cc:179] TabletServer@127.16.23.129:0 shutting down...
I20260709 13:03:33.968753 16478 ts_tablet_manager.cc:1507] Shutting down tablet manager...
I20260709 13:03:33.969558 16478 tablet_replica.cc:333] T 02dc45ba260a40fb8e099db2fbf4abdb P 73106097d1874ad5a310055c501c48cc: stopping tablet replica
