I20260709 13:03:47.278945 17737 tablet_service.cc:1917] Received RequestConsensusVote() RPC: tablet_id: "0554b885dc084520ba7849c07c265c34" candidate_uuid: "90ef8323a6674bd488e23152a9a88ca3" candidate_term: 1 candidate_status { last_received { term: 0 index: 0 } } ignore_live_leader: false dest_uuid: "af86937b07084be8ad05026fd0b7309e" is_pre_election: true
I20260709 13:03:47.279417 17779 consensus_queue.cc:260] T c479b697046b40a2af318e464e627169 P 90ef8323a6674bd488e23152a9a88ca3 [NON_LEADER]: Queue going to NON_LEADER mode. State: All replicated index: 0, Majority replicated index: 0, Committed index: 0, Last appended: 0.0, Last appended by leader: 0, Current term: 0, Majority size: -1, State: 0, Mode: NON_LEADER, active raft config: opid_index: -1 OBSOLETE_local: false peers { permanent_uuid: "90ef8323a6674bd488e23152a9a88ca3" member_type: VOTER last_known_addr { host: "127.16.23.129" port: 41547 } } peers { permanent_uuid: "5ad913aee0b94412aedb5045c652c0e7" member_type: VOTER last_known_addr { host: "127.16.23.130" port: 41695 } } peers { permanent_uuid: "af86937b07084be8ad05026fd0b7309e" member_type: VOTER last_known_addr { host: "127.16.23.131" port: 33303 } }
W20260709 13:03:47.280267 17551 leader_election.cc:343] T 0554b885dc084520ba7849c07c265c34 P 90ef8323a6674bd488e23152a9a88ca3 [CANDIDATE]: Term 1 pre-election: Tablet error from VoteRequest() call to peer af86937b07084be8ad05026fd0b7309e (127.16.23.131:33303): Illegal state: must be running to vote when last-logged opid is not known
I20260709 13:03:47.280695 17551 leader_election.cc:304] T 0554b885dc084520ba7849c07c265c34 P 90ef8323a6674bd488e23152a9a88ca3 [CANDIDATE]: Term 1 pre-election: Election decided. Result: candidate lost. Election summary: received 3 responses out of 3 voters: 1 yes votes; 2 no votes. yes voters: 90ef8323a6674bd488e23152a9a88ca3; no voters: 5ad913aee0b94412aedb5045c652c0e7, af86937b07084be8ad05026fd0b7309e
I20260709 13:03:47.281677 17779 ts_tablet_manager.cc:1434] T c479b697046b40a2af318e464e627169 P 90ef8323a6674bd488e23152a9a88ca3: Time spent starting tablet: real 0.010s	user 0.004s	sys 0.000s
I20260709 13:03:47.281872 17777 tablet_bootstrap.cc:654] T 0554b885dc084520ba7849c07c265c34 P af86937b07084be8ad05026fd0b7309e: Neither blocks nor log segments found. Creating new log.
I20260709 13:03:47.282575 17779 tablet_bootstrap.cc:492] T 251cc20d67344b68837ff70d696e220b P 90ef8323a6674bd488e23152a9a88ca3: Bootstrap starting.
I20260709 13:03:47.284667 17788 raft_consensus.cc:2749] T 0554b885dc084520ba7849c07c265c34 P 90ef8323a6674bd488e23152a9a88ca3 [term 0 FOLLOWER]: Leader pre-election lost for term 1. Reason: could not achieve majority
I20260709 13:03:47.289693 17779 tablet_bootstrap.cc:654] T 251cc20d67344b68837ff70d696e220b P 90ef8323a6674bd488e23152a9a88ca3: Neither blocks nor log segments found. Creating new log.
I20260709 13:03:47.277674 17778 consensus_queue.cc:260] T 3c9626ab2e5349fda7aa1df0c6526bfa P 5ad913aee0b94412aedb5045c652c0e7 [NON_LEADER]: Queue going to NON_LEADER mode. State: All replicated index: 0, Majority replicated index: 0, Committed index: 0, Last appended: 0.0, Last appended by leader: 0, Current term: 0, Majority size: -1, State: 0, Mode: NON_LEADER, active raft config: opid_index: -1 OBSOLETE_local: false peers { permanent_uuid: "90ef8323a6674bd488e23152a9a88ca3" member_type: VOTER last_known_addr { host: "127.16.23.129" port: 41547 } } peers { permanent_uuid: "5ad913aee0b94412aedb5045c652c0e7" member_type: VOTER last_known_addr { host: "127.16.23.130" port: 41695 } } peers { permanent_uuid: "af86937b07084be8ad05026fd0b7309e" member_type: VOTER last_known_addr { host: "127.16.23.131" port: 33303 } }
I20260709 13:03:47.293284 17778 ts_tablet_manager.cc:1434] T 3c9626ab2e5349fda7aa1df0c6526bfa P 5ad913aee0b94412aedb5045c652c0e7: Time spent starting tablet: real 0.022s	user 0.002s	sys 0.003s
I20260709 13:03:47.295086 17778 tablet_bootstrap.cc:492] T 0554b885dc084520ba7849c07c265c34 P 5ad913aee0b94412aedb5045c652c0e7: Bootstrap starting.
I20260709 13:03:47.301563 17778 tablet_bootstrap.cc:654] T 0554b885dc084520ba7849c07c265c34 P 5ad913aee0b94412aedb5045c652c0e7: Neither blocks nor log segments found. Creating new log.
I20260709 13:03:47.314841 17779 tablet_bootstrap.cc:492] T 251cc20d67344b68837ff70d696e220b P 90ef8323a6674bd488e23152a9a88ca3: No bootstrap required, opened a new log
I20260709 13:03:47.315023 17778 tablet_bootstrap.cc:492] T 0554b885dc084520ba7849c07c265c34 P 5ad913aee0b94412aedb5045c652c0e7: No bootstrap required, opened a new log
I20260709 13:03:47.315342 17779 ts_tablet_manager.cc:1403] T 251cc20d67344b68837ff70d696e220b P 90ef8323a6674bd488e23152a9a88ca3: Time spent bootstrapping tablet: real 0.033s	user 0.012s	sys 0.004s
I20260709 13:03:47.315475 17778 ts_tablet_manager.cc:1403] T 0554b885dc084520ba7849c07c265c34 P 5ad913aee0b94412aedb5045c652c0e7: Time spent bootstrapping tablet: real 0.021s	user 0.006s	sys 0.011s
I20260709 13:03:47.316751 17777 tablet_bootstrap.cc:492] T 0554b885dc084520ba7849c07c265c34 P af86937b07084be8ad05026fd0b7309e: No bootstrap required, opened a new log
I20260709 13:03:47.317145 17777 ts_tablet_manager.cc:1403] T 0554b885dc084520ba7849c07c265c34 P af86937b07084be8ad05026fd0b7309e: Time spent bootstrapping tablet: real 0.042s	user 0.020s	sys 0.020s
I20260709 13:03:47.318233 17778 raft_consensus.cc:359] T 0554b885dc084520ba7849c07c265c34 P 5ad913aee0b94412aedb5045c652c0e7 [term 0 FOLLOWER]: Replica starting. Triggering 0 pending ops. Active config: opid_index: -1 OBSOLETE_local: false peers { permanent_uuid: "90ef8323a6674bd488e23152a9a88ca3" member_type: VOTER last_known_addr { host: "127.16.23.129" port: 41547 } } peers { permanent_uuid: "5ad913aee0b94412aedb5045c652c0e7" member_type: VOTER last_known_addr { host: "127.16.23.130" port: 41695 } } peers { permanent_uuid: "af86937b07084be8ad05026fd0b7309e" member_type: VOTER last_known_addr { host: "127.16.23.131" port: 33303 } }
I20260709 13:03:47.318408 17779 raft_consensus.cc:359] T 251cc20d67344b68837ff70d696e220b P 90ef8323a6674bd488e23152a9a88ca3 [term 0 FOLLOWER]: Replica starting. Triggering 0 pending ops. Active config: opid_index: -1 OBSOLETE_local: false peers { permanent_uuid: "90ef8323a6674bd488e23152a9a88ca3" member_type: VOTER last_known_addr { host: "127.16.23.129" port: 41547 } } peers { permanent_uuid: "5ad913aee0b94412aedb5045c652c0e7" member_type: VOTER last_known_addr { host: "127.16.23.130" port: 41695 } } peers { permanent_uuid: "af86937b07084be8ad05026fd0b7309e" member_type: VOTER last_known_addr { host: "127.16.23.131" port: 33303 } }
I20260709 13:03:47.318991 17778 raft_consensus.cc:385] T 0554b885dc084520ba7849c07c265c34 P 5ad913aee0b94412aedb5045c652c0e7 [term 0 FOLLOWER]: Consensus starting up: Expiring failure detector timer to make a prompt election more likely
I20260709 13:03:47.319093 17779 raft_consensus.cc:385] T 251cc20d67344b68837ff70d696e220b P 90ef8323a6674bd488e23152a9a88ca3 [term 0 FOLLOWER]: Consensus starting up: Expiring failure detector timer to make a prompt election more likely
I20260709 13:03:47.318945 17777 raft_consensus.cc:359] T 0554b885dc084520ba7849c07c265c34 P af86937b07084be8ad05026fd0b7309e [term 0 FOLLOWER]: Replica starting. Triggering 0 pending ops. Active config: opid_index: -1 OBSOLETE_local: false peers { permanent_uuid: "90ef8323a6674bd488e23152a9a88ca3" member_type: VOTER last_known_addr { host: "127.16.23.129" port: 41547 } } peers { permanent_uuid: "5ad913aee0b94412aedb5045c652c0e7" member_type: VOTER last_known_addr { host: "127.16.23.130" port: 41695 } } peers { permanent_uuid: "af86937b07084be8ad05026fd0b7309e" member_type: VOTER last_known_addr { host: "127.16.23.131" port: 33303 } }
I20260709 13:03:47.319514 17778 raft_consensus.cc:740] T 0554b885dc084520ba7849c07c265c34 P 5ad913aee0b94412aedb5045c652c0e7 [term 0 FOLLOWER]: Becoming Follower/Learner. State: Replica: 5ad913aee0b94412aedb5045c652c0e7, State: Initialized, Role: FOLLOWER
I20260709 13:03:47.319739 17777 raft_consensus.cc:385] T 0554b885dc084520ba7849c07c265c34 P af86937b07084be8ad05026fd0b7309e [term 0 FOLLOWER]: Consensus starting up: Expiring failure detector timer to make a prompt election more likely
I20260709 13:03:47.319545 17779 raft_consensus.cc:740] T 251cc20d67344b68837ff70d696e220b P 90ef8323a6674bd488e23152a9a88ca3 [term 0 FOLLOWER]: Becoming Follower/Learner. State: Replica: 90ef8323a6674bd488e23152a9a88ca3, State: Initialized, Role: FOLLOWER
I20260709 13:03:47.320199 17777 raft_consensus.cc:740] T 0554b885dc084520ba7849c07c265c34 P af86937b07084be8ad05026fd0b7309e [term 0 FOLLOWER]: Becoming Follower/Learner. State: Replica: af86937b07084be8ad05026fd0b7309e, State: Initialized, Role: FOLLOWER
I20260709 13:03:47.320492 17778 consensus_queue.cc:260] T 0554b885dc084520ba7849c07c265c34 P 5ad913aee0b94412aedb5045c652c0e7 [NON_LEADER]: Queue going to NON_LEADER mode. State: All replicated index: 0, Majority replicated index: 0, Committed index: 0, Last appended: 0.0, Last appended by leader: 0, Current term: 0, Majority size: -1, State: 0, Mode: NON_LEADER, active raft config: opid_index: -1 OBSOLETE_local: false peers { permanent_uuid: "90ef8323a6674bd488e23152a9a88ca3" member_type: VOTER last_known_addr { host: "127.16.23.129" port: 41547 } } peers { permanent_uuid: "5ad913aee0b94412aedb5045c652c0e7" member_type: VOTER last_known_addr { host: "127.16.23.130" port: 41695 } } peers { permanent_uuid: "af86937b07084be8ad05026fd0b7309e" member_type: VOTER last_known_addr { host: "127.16.23.131" port: 33303 } }
I20260709 13:03:47.320626 17779 consensus_queue.cc:260] T 251cc20d67344b68837ff70d696e220b P 90ef8323a6674bd488e23152a9a88ca3 [NON_LEADER]: Queue going to NON_LEADER mode. State: All replicated index: 0, Majority replicated index: 0, Committed index: 0, Last appended: 0.0, Last appended by leader: 0, Current term: 0, Majority size: -1, State: 0, Mode: NON_LEADER, active raft config: opid_index: -1 OBSOLETE_local: false peers { permanent_uuid: "90ef8323a6674bd488e23152a9a88ca3" member_type: VOTER last_known_addr { host: "127.16.23.129" port: 41547 } } peers { permanent_uuid: "5ad913aee0b94412aedb5045c652c0e7" member_type: VOTER last_known_addr { host: "127.16.23.130" port: 41695 } } peers { permanent_uuid: "af86937b07084be8ad05026fd0b7309e" member_type: VOTER last_known_addr { host: "127.16.23.131" port: 33303 } }
I20260709 13:03:47.320860 17777 consensus_queue.cc:260] T 0554b885dc084520ba7849c07c265c34 P af86937b07084be8ad05026fd0b7309e [NON_LEADER]: Queue going to NON_LEADER mode. State: All replicated index: 0, Majority replicated index: 0, Committed index: 0, Last appended: 0.0, Last appended by leader: 0, Current term: 0, Majority size: -1, State: 0, Mode: NON_LEADER, active raft config: opid_index: -1 OBSOLETE_local: false peers { permanent_uuid: "90ef8323a6674bd488e23152a9a88ca3" member_type: VOTER last_known_addr { host: "127.16.23.129" port: 41547 } } peers { permanent_uuid: "5ad913aee0b94412aedb5045c652c0e7" member_type: VOTER last_known_addr { host: "127.16.23.130" port: 41695 } } peers { permanent_uuid: "af86937b07084be8ad05026fd0b7309e" member_type: VOTER last_known_addr { host: "127.16.23.131" port: 33303 } }
I20260709 13:03:47.322710 17778 ts_tablet_manager.cc:1434] T 0554b885dc084520ba7849c07c265c34 P 5ad913aee0b94412aedb5045c652c0e7: Time spent starting tablet: real 0.007s	user 0.007s	sys 0.000s
I20260709 13:03:47.322906 17777 ts_tablet_manager.cc:1434] T 0554b885dc084520ba7849c07c265c34 P af86937b07084be8ad05026fd0b7309e: Time spent starting tablet: real 0.006s	user 0.006s	sys 0.001s
I20260709 13:03:47.324085 17778 tablet_bootstrap.cc:492] T c479b697046b40a2af318e464e627169 P 5ad913aee0b94412aedb5045c652c0e7: Bootstrap starting.
I20260709 13:03:47.325780 17779 ts_tablet_manager.cc:1434] T 251cc20d67344b68837ff70d696e220b P 90ef8323a6674bd488e23152a9a88ca3: Time spent starting tablet: real 0.010s	user 0.007s	sys 0.000s
I20260709 13:03:47.324120 17777 tablet_bootstrap.cc:492] T a8b669a51290415eb59fd8fa7776657e P af86937b07084be8ad05026fd0b7309e: Bootstrap starting.
I20260709 13:03:47.326681 17779 tablet_bootstrap.cc:492] T aac3ba42fdd84cfcbe7cf54a11e2dbad P 90ef8323a6674bd488e23152a9a88ca3: Bootstrap starting.
I20260709 13:03:47.331825 17777 tablet_bootstrap.cc:654] T a8b669a51290415eb59fd8fa7776657e P af86937b07084be8ad05026fd0b7309e: Neither blocks nor log segments found. Creating new log.
I20260709 13:03:47.333063 17779 tablet_bootstrap.cc:654] T aac3ba42fdd84cfcbe7cf54a11e2dbad P 90ef8323a6674bd488e23152a9a88ca3: Neither blocks nor log segments found. Creating new log.
I20260709 13:03:47.333920 17778 tablet_bootstrap.cc:654] T c479b697046b40a2af318e464e627169 P 5ad913aee0b94412aedb5045c652c0e7: Neither blocks nor log segments found. Creating new log.
I20260709 13:03:47.342859 17822 raft_consensus.cc:493] T 251cc20d67344b68837ff70d696e220b P 90ef8323a6674bd488e23152a9a88ca3 [term 0 FOLLOWER]: Starting pre-election (no leader contacted us within the election timeout)
I20260709 13:03:47.343494 17822 raft_consensus.cc:515] T 251cc20d67344b68837ff70d696e220b P 90ef8323a6674bd488e23152a9a88ca3 [term 0 FOLLOWER]: Starting pre-election with config: opid_index: -1 OBSOLETE_local: false peers { permanent_uuid: "90ef8323a6674bd488e23152a9a88ca3" member_type: VOTER last_known_addr { host: "127.16.23.129" port: 41547 } } peers { permanent_uuid: "5ad913aee0b94412aedb5045c652c0e7" member_type: VOTER last_known_addr { host: "127.16.23.130" port: 41695 } } peers { permanent_uuid: "af86937b07084be8ad05026fd0b7309e" member_type: VOTER last_known_addr { host: "127.16.23.131" port: 33303 } }
I20260709 13:03:47.347275 17662 tablet_service.cc:1917] Received RequestConsensusVote() RPC: tablet_id: "251cc20d67344b68837ff70d696e220b" candidate_uuid: "90ef8323a6674bd488e23152a9a88ca3" candidate_term: 1 candidate_status { last_received { term: 0 index: 0 } } ignore_live_leader: false dest_uuid: "5ad913aee0b94412aedb5045c652c0e7" is_pre_election: true
I20260709 13:03:47.350175 17822 leader_election.cc:290] T 251cc20d67344b68837ff70d696e220b P 90ef8323a6674bd488e23152a9a88ca3 [CANDIDATE]: Term 1 pre-election: Requested pre-vote from peers 5ad913aee0b94412aedb5045c652c0e7 (127.16.23.130:41695), af86937b07084be8ad05026fd0b7309e (127.16.23.131:33303)
I20260709 13:03:47.352344 17737 tablet_service.cc:1917] Received RequestConsensusVote() RPC: tablet_id: "251cc20d67344b68837ff70d696e220b" candidate_uuid: "90ef8323a6674bd488e23152a9a88ca3" candidate_term: 1 candidate_status { last_received { term: 0 index: 0 } } ignore_live_leader: false dest_uuid: "af86937b07084be8ad05026fd0b7309e" is_pre_election: true
I20260709 13:03:47.353346 17737 raft_consensus.cc:2393] T 251cc20d67344b68837ff70d696e220b P af86937b07084be8ad05026fd0b7309e [term 1 FOLLOWER]: Leader pre-election vote request: Denying vote to candidate 90ef8323a6674bd488e23152a9a88ca3 in current term 1: Already voted for candidate 5ad913aee0b94412aedb5045c652c0e7 in this term.
I20260709 13:03:47.354197 17777 tablet_bootstrap.cc:492] T a8b669a51290415eb59fd8fa7776657e P af86937b07084be8ad05026fd0b7309e: No bootstrap required, opened a new log
I20260709 13:03:47.355357 17551 leader_election.cc:304] T 251cc20d67344b68837ff70d696e220b P 90ef8323a6674bd488e23152a9a88ca3 [CANDIDATE]: Term 1 pre-election: Election decided. Result: candidate lost. Election summary: received 3 responses out of 3 voters: 1 yes votes; 2 no votes. yes voters: 90ef8323a6674bd488e23152a9a88ca3; no voters: 5ad913aee0b94412aedb5045c652c0e7, af86937b07084be8ad05026fd0b7309e
I20260709 13:03:47.356822 17822 raft_consensus.cc:3060] T 251cc20d67344b68837ff70d696e220b P 90ef8323a6674bd488e23152a9a88ca3 [term 0 FOLLOWER]: Advancing to term 1
I20260709 13:03:47.354812 17777 ts_tablet_manager.cc:1403] T a8b669a51290415eb59fd8fa7776657e P af86937b07084be8ad05026fd0b7309e: Time spent bootstrapping tablet: real 0.031s	user 0.018s	sys 0.000s
I20260709 13:03:47.363550 17777 raft_consensus.cc:359] T a8b669a51290415eb59fd8fa7776657e P af86937b07084be8ad05026fd0b7309e [term 0 FOLLOWER]: Replica starting. Triggering 0 pending ops. Active config: opid_index: -1 OBSOLETE_local: false peers { permanent_uuid: "90ef8323a6674bd488e23152a9a88ca3" member_type: VOTER last_known_addr { host: "127.16.23.129" port: 41547 } } peers { permanent_uuid: "5ad913aee0b94412aedb5045c652c0e7" member_type: VOTER last_known_addr { host: "127.16.23.130" port: 41695 } } peers { permanent_uuid: "af86937b07084be8ad05026fd0b7309e" member_type: VOTER last_known_addr { host: "127.16.23.131" port: 33303 } }
I20260709 13:03:47.364464 17777 raft_consensus.cc:385] T a8b669a51290415eb59fd8fa7776657e P af86937b07084be8ad05026fd0b7309e [term 0 FOLLOWER]: Consensus starting up: Expiring failure detector timer to make a prompt election more likely
I20260709 13:03:47.364820 17777 raft_consensus.cc:740] T a8b669a51290415eb59fd8fa7776657e P af86937b07084be8ad05026fd0b7309e [term 0 FOLLOWER]: Becoming Follower/Learner. State: Replica: af86937b07084be8ad05026fd0b7309e, State: Initialized, Role: FOLLOWER
I20260709 13:03:47.365630 17777 consensus_queue.cc:260] T a8b669a51290415eb59fd8fa7776657e P af86937b07084be8ad05026fd0b7309e [NON_LEADER]: Queue going to NON_LEADER mode. State: All replicated index: 0, Majority replicated index: 0, Committed index: 0, Last appended: 0.0, Last appended by leader: 0, Current term: 0, Majority size: -1, State: 0, Mode: NON_LEADER, active raft config: opid_index: -1 OBSOLETE_local: false peers { permanent_uuid: "90ef8323a6674bd488e23152a9a88ca3" member_type: VOTER last_known_addr { host: "127.16.23.129" port: 41547 } } peers { permanent_uuid: "5ad913aee0b94412aedb5045c652c0e7" member_type: VOTER last_known_addr { host: "127.16.23.130" port: 41695 } } peers { permanent_uuid: "af86937b07084be8ad05026fd0b7309e" member_type: VOTER last_known_addr { host: "127.16.23.131" port: 33303 } }
I20260709 13:03:47.366843 17799 raft_consensus.cc:493] T 58efa29bea494e859e05d06c85aa3181 P af86937b07084be8ad05026fd0b7309e [term 0 FOLLOWER]: Starting pre-election (no leader contacted us within the election timeout)
I20260709 13:03:47.367427 17799 raft_consensus.cc:515] T 58efa29bea494e859e05d06c85aa3181 P af86937b07084be8ad05026fd0b7309e [term 0 FOLLOWER]: Starting pre-election with config: opid_index: -1 OBSOLETE_local: false peers { permanent_uuid: "90ef8323a6674bd488e23152a9a88ca3" member_type: VOTER last_known_addr { host: "127.16.23.129" port: 41547 } } peers { permanent_uuid: "5ad913aee0b94412aedb5045c652c0e7" member_type: VOTER last_known_addr { host: "127.16.23.130" port: 41695 } } peers { permanent_uuid: "af86937b07084be8ad05026fd0b7309e" member_type: VOTER last_known_addr { host: "127.16.23.131" port: 33303 } }
I20260709 13:03:47.370445 17799 leader_election.cc:290] T 58efa29bea494e859e05d06c85aa3181 P af86937b07084be8ad05026fd0b7309e [CANDIDATE]: Term 1 pre-election: Requested pre-vote from peers 90ef8323a6674bd488e23152a9a88ca3 (127.16.23.129:41547), 5ad913aee0b94412aedb5045c652c0e7 (127.16.23.130:41695)
I20260709 13:03:47.371498 17587 tablet_service.cc:1917] Received RequestConsensusVote() RPC: tablet_id: "58efa29bea494e859e05d06c85aa3181" candidate_uuid: "af86937b07084be8ad05026fd0b7309e" candidate_term: 1 candidate_status { last_received { term: 0 index: 0 } } ignore_live_leader: false dest_uuid: "90ef8323a6674bd488e23152a9a88ca3" is_pre_election: true
I20260709 13:03:47.372344 17587 raft_consensus.cc:2468] T 58efa29bea494e859e05d06c85aa3181 P 90ef8323a6674bd488e23152a9a88ca3 [term 0 FOLLOWER]: Leader pre-election vote request: Granting yes vote for candidate af86937b07084be8ad05026fd0b7309e in term 0.
I20260709 13:03:47.373812 17662 tablet_service.cc:1917] Received RequestConsensusVote() RPC: tablet_id: "58efa29bea494e859e05d06c85aa3181" candidate_uuid: "af86937b07084be8ad05026fd0b7309e" candidate_term: 1 candidate_status { last_received { term: 0 index: 0 } } ignore_live_leader: false dest_uuid: "5ad913aee0b94412aedb5045c652c0e7" is_pre_election: true
I20260709 13:03:47.374688 17662 raft_consensus.cc:2468] T 58efa29bea494e859e05d06c85aa3181 P 5ad913aee0b94412aedb5045c652c0e7 [term 0 FOLLOWER]: Leader pre-election vote request: Granting yes vote for candidate af86937b07084be8ad05026fd0b7309e in term 0.
I20260709 13:03:47.376748 17702 leader_election.cc:304] T 58efa29bea494e859e05d06c85aa3181 P af86937b07084be8ad05026fd0b7309e [CANDIDATE]: Term 1 pre-election: Election decided. Result: candidate won. Election summary: received 2 responses out of 3 voters: 2 yes votes; 0 no votes. yes voters: 5ad913aee0b94412aedb5045c652c0e7, af86937b07084be8ad05026fd0b7309e; no voters: 
I20260709 13:03:47.380862 17799 raft_consensus.cc:2804] T 58efa29bea494e859e05d06c85aa3181 P af86937b07084be8ad05026fd0b7309e [term 0 FOLLOWER]: Leader pre-election won for term 1
I20260709 13:03:47.381345 17799 raft_consensus.cc:493] T 58efa29bea494e859e05d06c85aa3181 P af86937b07084be8ad05026fd0b7309e [term 0 FOLLOWER]: Starting leader election (no leader contacted us within the election timeout)
I20260709 13:03:47.381773 17799 raft_consensus.cc:3060] T 58efa29bea494e859e05d06c85aa3181 P af86937b07084be8ad05026fd0b7309e [term 0 FOLLOWER]: Advancing to term 1
I20260709 13:03:47.395329 17822 raft_consensus.cc:2749] T 251cc20d67344b68837ff70d696e220b P 90ef8323a6674bd488e23152a9a88ca3 [term 1 FOLLOWER]: Leader pre-election lost for term 1. Reason: could not achieve majority
I20260709 13:03:47.400694 17822 raft_consensus.cc:493] T c479b697046b40a2af318e464e627169 P 90ef8323a6674bd488e23152a9a88ca3 [term 0 FOLLOWER]: Starting pre-election (no leader contacted us within the election timeout)
I20260709 13:03:47.401270 17822 raft_consensus.cc:515] T c479b697046b40a2af318e464e627169 P 90ef8323a6674bd488e23152a9a88ca3 [term 0 FOLLOWER]: Starting pre-election with config: opid_index: -1 OBSOLETE_local: false peers { permanent_uuid: "90ef8323a6674bd488e23152a9a88ca3" member_type: VOTER last_known_addr { host: "127.16.23.129" port: 41547 } } peers { permanent_uuid: "5ad913aee0b94412aedb5045c652c0e7" member_type: VOTER last_known_addr { host: "127.16.23.130" port: 41695 } } peers { permanent_uuid: "af86937b07084be8ad05026fd0b7309e" member_type: VOTER last_known_addr { host: "127.16.23.131" port: 33303 } }
I20260709 13:03:47.402021 17783 consensus_queue.cc:1048] T 251cc20d67344b68837ff70d696e220b P 5ad913aee0b94412aedb5045c652c0e7 [LEADER]: Connected to new peer: Peer: permanent_uuid: "90ef8323a6674bd488e23152a9a88ca3" member_type: VOTER last_known_addr { host: "127.16.23.129" port: 41547 }, Status: LMP_MISMATCH, Last received: 0.0, Next index: 1, Last known committed idx: 0, Time since last communication: 0.001s
I20260709 13:03:47.403420 17822 leader_election.cc:290] T c479b697046b40a2af318e464e627169 P 90ef8323a6674bd488e23152a9a88ca3 [CANDIDATE]: Term 1 pre-election: Requested pre-vote from peers 5ad913aee0b94412aedb5045c652c0e7 (127.16.23.130:41695), af86937b07084be8ad05026fd0b7309e (127.16.23.131:33303)
I20260709 13:03:47.404948 17737 tablet_service.cc:1917] Received RequestConsensusVote() RPC: tablet_id: "c479b697046b40a2af318e464e627169" candidate_uuid: "90ef8323a6674bd488e23152a9a88ca3" candidate_term: 1 candidate_status { last_received { term: 0 index: 0 } } ignore_live_leader: false dest_uuid: "af86937b07084be8ad05026fd0b7309e" is_pre_election: true
I20260709 13:03:47.406306 17778 tablet_bootstrap.cc:492] T c479b697046b40a2af318e464e627169 P 5ad913aee0b94412aedb5045c652c0e7: No bootstrap required, opened a new log
I20260709 13:03:47.406919 17662 tablet_service.cc:1917] Received RequestConsensusVote() RPC: tablet_id: "c479b697046b40a2af318e464e627169" candidate_uuid: "90ef8323a6674bd488e23152a9a88ca3" candidate_term: 1 candidate_status { last_received { term: 0 index: 0 } } ignore_live_leader: false dest_uuid: "5ad913aee0b94412aedb5045c652c0e7" is_pre_election: true
I20260709 13:03:47.407045 17778 ts_tablet_manager.cc:1403] T c479b697046b40a2af318e464e627169 P 5ad913aee0b94412aedb5045c652c0e7: Time spent bootstrapping tablet: real 0.083s	user 0.024s	sys 0.045s
W20260709 13:03:47.406237 17551 leader_election.cc:343] T c479b697046b40a2af318e464e627169 P 90ef8323a6674bd488e23152a9a88ca3 [CANDIDATE]: Term 1 pre-election: Tablet error from VoteRequest() call to peer af86937b07084be8ad05026fd0b7309e (127.16.23.131:33303): Illegal state: must be running to vote when last-logged opid is not known
W20260709 13:03:47.408962 17553 leader_election.cc:343] T c479b697046b40a2af318e464e627169 P 90ef8323a6674bd488e23152a9a88ca3 [CANDIDATE]: Term 1 pre-election: Tablet error from VoteRequest() call to peer 5ad913aee0b94412aedb5045c652c0e7 (127.16.23.130:41695): Illegal state: must be running to vote when last-logged opid is not known
I20260709 13:03:47.409235 17779 tablet_bootstrap.cc:492] T aac3ba42fdd84cfcbe7cf54a11e2dbad P 90ef8323a6674bd488e23152a9a88ca3: No bootstrap required, opened a new log
I20260709 13:03:47.409350 17553 leader_election.cc:304] T c479b697046b40a2af318e464e627169 P 90ef8323a6674bd488e23152a9a88ca3 [CANDIDATE]: Term 1 pre-election: Election decided. Result: candidate lost. Election summary: received 3 responses out of 3 voters: 1 yes votes; 2 no votes. yes voters: 90ef8323a6674bd488e23152a9a88ca3; no voters: 5ad913aee0b94412aedb5045c652c0e7, af86937b07084be8ad05026fd0b7309e
I20260709 13:03:47.409881 17779 ts_tablet_manager.cc:1403] T aac3ba42fdd84cfcbe7cf54a11e2dbad P 90ef8323a6674bd488e23152a9a88ca3: Time spent bootstrapping tablet: real 0.083s	user 0.026s	sys 0.042s
I20260709 13:03:47.407025 17822 raft_consensus.cc:493] T fa2cf21c615c4ce4923184ae02d703ba P 90ef8323a6674bd488e23152a9a88ca3 [term 0 FOLLOWER]: Starting pre-election (no leader contacted us within the election timeout)
I20260709 13:03:47.410498 17788 raft_consensus.cc:2749] T c479b697046b40a2af318e464e627169 P 90ef8323a6674bd488e23152a9a88ca3 [term 0 FOLLOWER]: Leader pre-election lost for term 1. Reason: could not achieve majority
I20260709 13:03:47.410625 17822 raft_consensus.cc:515] T fa2cf21c615c4ce4923184ae02d703ba P 90ef8323a6674bd488e23152a9a88ca3 [term 0 FOLLOWER]: Starting pre-election with config: opid_index: -1 OBSOLETE_local: false peers { permanent_uuid: "af86937b07084be8ad05026fd0b7309e" member_type: VOTER last_known_addr { host: "127.16.23.131" port: 33303 } } peers { permanent_uuid: "90ef8323a6674bd488e23152a9a88ca3" member_type: VOTER last_known_addr { host: "127.16.23.129" port: 41547 } } peers { permanent_uuid: "5ad913aee0b94412aedb5045c652c0e7" member_type: VOTER last_known_addr { host: "127.16.23.130" port: 41695 } }
I20260709 13:03:47.412606 17822 leader_election.cc:290] T fa2cf21c615c4ce4923184ae02d703ba P 90ef8323a6674bd488e23152a9a88ca3 [CANDIDATE]: Term 1 pre-election: Requested pre-vote from peers af86937b07084be8ad05026fd0b7309e (127.16.23.131:33303), 5ad913aee0b94412aedb5045c652c0e7 (127.16.23.130:41695)
I20260709 13:03:47.409839 17778 raft_consensus.cc:359] T c479b697046b40a2af318e464e627169 P 5ad913aee0b94412aedb5045c652c0e7 [term 0 FOLLOWER]: Replica starting. Triggering 0 pending ops. Active config: opid_index: -1 OBSOLETE_local: false peers { permanent_uuid: "90ef8323a6674bd488e23152a9a88ca3" member_type: VOTER last_known_addr { host: "127.16.23.129" port: 41547 } } peers { permanent_uuid: "5ad913aee0b94412aedb5045c652c0e7" member_type: VOTER last_known_addr { host: "127.16.23.130" port: 41695 } } peers { permanent_uuid: "af86937b07084be8ad05026fd0b7309e" member_type: VOTER last_known_addr { host: "127.16.23.131" port: 33303 } }
I20260709 13:03:47.413287 17778 raft_consensus.cc:385] T c479b697046b40a2af318e464e627169 P 5ad913aee0b94412aedb5045c652c0e7 [term 0 FOLLOWER]: Consensus starting up: Expiring failure detector timer to make a prompt election more likely
I20260709 13:03:47.413609 17778 raft_consensus.cc:740] T c479b697046b40a2af318e464e627169 P 5ad913aee0b94412aedb5045c652c0e7 [term 0 FOLLOWER]: Becoming Follower/Learner. State: Replica: 5ad913aee0b94412aedb5045c652c0e7, State: Initialized, Role: FOLLOWER
I20260709 13:03:47.413821 17737 tablet_service.cc:1917] Received RequestConsensusVote() RPC: tablet_id: "fa2cf21c615c4ce4923184ae02d703ba" candidate_uuid: "90ef8323a6674bd488e23152a9a88ca3" candidate_term: 1 candidate_status { last_received { term: 0 index: 0 } } ignore_live_leader: false dest_uuid: "af86937b07084be8ad05026fd0b7309e" is_pre_election: true
I20260709 13:03:47.414366 17737 raft_consensus.cc:2468] T fa2cf21c615c4ce4923184ae02d703ba P af86937b07084be8ad05026fd0b7309e [term 0 FOLLOWER]: Leader pre-election vote request: Granting yes vote for candidate 90ef8323a6674bd488e23152a9a88ca3 in term 0.
I20260709 13:03:47.414248 17778 consensus_queue.cc:260] T c479b697046b40a2af318e464e627169 P 5ad913aee0b94412aedb5045c652c0e7 [NON_LEADER]: Queue going to NON_LEADER mode. State: All replicated index: 0, Majority replicated index: 0, Committed index: 0, Last appended: 0.0, Last appended by leader: 0, Current term: 0, Majority size: -1, State: 0, Mode: NON_LEADER, active raft config: opid_index: -1 OBSOLETE_local: false peers { permanent_uuid: "90ef8323a6674bd488e23152a9a88ca3" member_type: VOTER last_known_addr { host: "127.16.23.129" port: 41547 } } peers { permanent_uuid: "5ad913aee0b94412aedb5045c652c0e7" member_type: VOTER last_known_addr { host: "127.16.23.130" port: 41695 } } peers { permanent_uuid: "af86937b07084be8ad05026fd0b7309e" member_type: VOTER last_known_addr { host: "127.16.23.131" port: 33303 } }
I20260709 13:03:47.415611 17551 leader_election.cc:304] T fa2cf21c615c4ce4923184ae02d703ba P 90ef8323a6674bd488e23152a9a88ca3 [CANDIDATE]: Term 1 pre-election: Election decided. Result: candidate won. Election summary: received 2 responses out of 3 voters: 2 yes votes; 0 no votes. yes voters: 90ef8323a6674bd488e23152a9a88ca3, af86937b07084be8ad05026fd0b7309e; no voters: 
I20260709 13:03:47.413293 17779 raft_consensus.cc:359] T aac3ba42fdd84cfcbe7cf54a11e2dbad P 90ef8323a6674bd488e23152a9a88ca3 [term 0 FOLLOWER]: Replica starting. Triggering 0 pending ops. Active config: opid_index: -1 OBSOLETE_local: false peers { permanent_uuid: "90ef8323a6674bd488e23152a9a88ca3" member_type: VOTER last_known_addr { host: "127.16.23.129" port: 41547 } } peers { permanent_uuid: "5ad913aee0b94412aedb5045c652c0e7" member_type: VOTER last_known_addr { host: "127.16.23.130" port: 41695 } } peers { permanent_uuid: "af86937b07084be8ad05026fd0b7309e" member_type: VOTER last_known_addr { host: "127.16.23.131" port: 33303 } }
I20260709 13:03:47.416261 17778 ts_tablet_manager.cc:1434] T c479b697046b40a2af318e464e627169 P 5ad913aee0b94412aedb5045c652c0e7: Time spent starting tablet: real 0.009s	user 0.004s	sys 0.000s
I20260709 13:03:47.416378 17779 raft_consensus.cc:385] T aac3ba42fdd84cfcbe7cf54a11e2dbad P 90ef8323a6674bd488e23152a9a88ca3 [term 0 FOLLOWER]: Consensus starting up: Expiring failure detector timer to make a prompt election more likely
I20260709 13:03:47.416697 17779 raft_consensus.cc:740] T aac3ba42fdd84cfcbe7cf54a11e2dbad P 90ef8323a6674bd488e23152a9a88ca3 [term 0 FOLLOWER]: Becoming Follower/Learner. State: Replica: 90ef8323a6674bd488e23152a9a88ca3, State: Initialized, Role: FOLLOWER
I20260709 13:03:47.416703 17822 raft_consensus.cc:2804] T fa2cf21c615c4ce4923184ae02d703ba P 90ef8323a6674bd488e23152a9a88ca3 [term 0 FOLLOWER]: Leader pre-election won for term 1
I20260709 13:03:47.417189 17822 raft_consensus.cc:493] T fa2cf21c615c4ce4923184ae02d703ba P 90ef8323a6674bd488e23152a9a88ca3 [term 0 FOLLOWER]: Starting leader election (no leader contacted us within the election timeout)
I20260709 13:03:47.417522 17822 raft_consensus.cc:3060] T fa2cf21c615c4ce4923184ae02d703ba P 90ef8323a6674bd488e23152a9a88ca3 [term 0 FOLLOWER]: Advancing to term 1
I20260709 13:03:47.417604 17662 tablet_service.cc:1917] Received RequestConsensusVote() RPC: tablet_id: "fa2cf21c615c4ce4923184ae02d703ba" candidate_uuid: "90ef8323a6674bd488e23152a9a88ca3" candidate_term: 1 candidate_status { last_received { term: 0 index: 0 } } ignore_live_leader: false dest_uuid: "5ad913aee0b94412aedb5045c652c0e7" is_pre_election: true
W20260709 13:03:47.419081 17553 leader_election.cc:343] T fa2cf21c615c4ce4923184ae02d703ba P 90ef8323a6674bd488e23152a9a88ca3 [CANDIDATE]: Term 1 pre-election: Tablet error from VoteRequest() call to peer 5ad913aee0b94412aedb5045c652c0e7 (127.16.23.130:41695): Illegal state: must be running to vote when last-logged opid is not known
I20260709 13:03:47.420171 17778 tablet_bootstrap.cc:492] T d8c4081d199c48f0b7c45ab5069df82a P 5ad913aee0b94412aedb5045c652c0e7: Bootstrap starting.
I20260709 13:03:47.424358 17799 raft_consensus.cc:515] T 58efa29bea494e859e05d06c85aa3181 P af86937b07084be8ad05026fd0b7309e [term 1 FOLLOWER]: Starting leader election with config: opid_index: -1 OBSOLETE_local: false peers { permanent_uuid: "90ef8323a6674bd488e23152a9a88ca3" member_type: VOTER last_known_addr { host: "127.16.23.129" port: 41547 } } peers { permanent_uuid: "5ad913aee0b94412aedb5045c652c0e7" member_type: VOTER last_known_addr { host: "127.16.23.130" port: 41695 } } peers { permanent_uuid: "af86937b07084be8ad05026fd0b7309e" member_type: VOTER last_known_addr { host: "127.16.23.131" port: 33303 } }
I20260709 13:03:47.419090 17779 consensus_queue.cc:260] T aac3ba42fdd84cfcbe7cf54a11e2dbad P 90ef8323a6674bd488e23152a9a88ca3 [NON_LEADER]: Queue going to NON_LEADER mode. State: All replicated index: 0, Majority replicated index: 0, Committed index: 0, Last appended: 0.0, Last appended by leader: 0, Current term: 0, Majority size: -1, State: 0, Mode: NON_LEADER, active raft config: opid_index: -1 OBSOLETE_local: false peers { permanent_uuid: "90ef8323a6674bd488e23152a9a88ca3" member_type: VOTER last_known_addr { host: "127.16.23.129" port: 41547 } } peers { permanent_uuid: "5ad913aee0b94412aedb5045c652c0e7" member_type: VOTER last_known_addr { host: "127.16.23.130" port: 41695 } } peers { permanent_uuid: "af86937b07084be8ad05026fd0b7309e" member_type: VOTER last_known_addr { host: "127.16.23.131" port: 33303 } }
I20260709 13:03:47.427523 17588 tablet_service.cc:1917] Received RequestConsensusVote() RPC: tablet_id: "58efa29bea494e859e05d06c85aa3181" candidate_uuid: "af86937b07084be8ad05026fd0b7309e" candidate_term: 1 candidate_status { last_received { term: 0 index: 0 } } ignore_live_leader: false dest_uuid: "90ef8323a6674bd488e23152a9a88ca3"
I20260709 13:03:47.428062 17588 raft_consensus.cc:3060] T 58efa29bea494e859e05d06c85aa3181 P 90ef8323a6674bd488e23152a9a88ca3 [term 0 FOLLOWER]: Advancing to term 1
I20260709 13:03:47.429224 17779 ts_tablet_manager.cc:1434] T aac3ba42fdd84cfcbe7cf54a11e2dbad P 90ef8323a6674bd488e23152a9a88ca3: Time spent starting tablet: real 0.019s	user 0.007s	sys 0.001s
I20260709 13:03:47.430131 17779 tablet_bootstrap.cc:492] T bea6be0a50224f6188cf3c4b732fb0aa P 90ef8323a6674bd488e23152a9a88ca3: Bootstrap starting.
I20260709 13:03:47.434463 17778 tablet_bootstrap.cc:654] T d8c4081d199c48f0b7c45ab5069df82a P 5ad913aee0b94412aedb5045c652c0e7: Neither blocks nor log segments found. Creating new log.
I20260709 13:03:47.435024 17588 raft_consensus.cc:2468] T 58efa29bea494e859e05d06c85aa3181 P 90ef8323a6674bd488e23152a9a88ca3 [term 1 FOLLOWER]: Leader election vote request: Granting yes vote for candidate af86937b07084be8ad05026fd0b7309e in term 1.
I20260709 13:03:47.436291 17703 leader_election.cc:304] T 58efa29bea494e859e05d06c85aa3181 P af86937b07084be8ad05026fd0b7309e [CANDIDATE]: Term 1 election: Election decided. Result: candidate won. Election summary: received 2 responses out of 3 voters: 2 yes votes; 0 no votes. yes voters: 90ef8323a6674bd488e23152a9a88ca3, af86937b07084be8ad05026fd0b7309e; no voters: 
I20260709 13:03:47.438227 17822 raft_consensus.cc:515] T fa2cf21c615c4ce4923184ae02d703ba P 90ef8323a6674bd488e23152a9a88ca3 [term 1 FOLLOWER]: Starting leader election with config: opid_index: -1 OBSOLETE_local: false peers { permanent_uuid: "af86937b07084be8ad05026fd0b7309e" member_type: VOTER last_known_addr { host: "127.16.23.131" port: 33303 } } peers { permanent_uuid: "90ef8323a6674bd488e23152a9a88ca3" member_type: VOTER last_known_addr { host: "127.16.23.129" port: 41547 } } peers { permanent_uuid: "5ad913aee0b94412aedb5045c652c0e7" member_type: VOTER last_known_addr { host: "127.16.23.130" port: 41695 } }
I20260709 13:03:47.439273 17662 tablet_service.cc:1917] Received RequestConsensusVote() RPC: tablet_id: "58efa29bea494e859e05d06c85aa3181" candidate_uuid: "af86937b07084be8ad05026fd0b7309e" candidate_term: 1 candidate_status { last_received { term: 0 index: 0 } } ignore_live_leader: false dest_uuid: "5ad913aee0b94412aedb5045c652c0e7"
I20260709 13:03:47.439849 17662 raft_consensus.cc:3060] T 58efa29bea494e859e05d06c85aa3181 P 5ad913aee0b94412aedb5045c652c0e7 [term 0 FOLLOWER]: Advancing to term 1
I20260709 13:03:47.441190 17737 tablet_service.cc:1917] Received RequestConsensusVote() RPC: tablet_id: "fa2cf21c615c4ce4923184ae02d703ba" candidate_uuid: "90ef8323a6674bd488e23152a9a88ca3" candidate_term: 1 candidate_status { last_received { term: 0 index: 0 } } ignore_live_leader: false dest_uuid: "af86937b07084be8ad05026fd0b7309e"
I20260709 13:03:47.441730 17737 raft_consensus.cc:3060] T fa2cf21c615c4ce4923184ae02d703ba P af86937b07084be8ad05026fd0b7309e [term 0 FOLLOWER]: Advancing to term 1
I20260709 13:03:47.446882 17662 raft_consensus.cc:2468] T 58efa29bea494e859e05d06c85aa3181 P 5ad913aee0b94412aedb5045c652c0e7 [term 1 FOLLOWER]: Leader election vote request: Granting yes vote for candidate af86937b07084be8ad05026fd0b7309e in term 1.
I20260709 13:03:47.448401 17737 raft_consensus.cc:2468] T fa2cf21c615c4ce4923184ae02d703ba P af86937b07084be8ad05026fd0b7309e [term 1 FOLLOWER]: Leader election vote request: Granting yes vote for candidate 90ef8323a6674bd488e23152a9a88ca3 in term 1.
I20260709 13:03:47.449643 17551 leader_election.cc:304] T fa2cf21c615c4ce4923184ae02d703ba P 90ef8323a6674bd488e23152a9a88ca3 [CANDIDATE]: Term 1 election: Election decided. Result: candidate won. Election summary: received 2 responses out of 3 voters: 2 yes votes; 0 no votes. yes voters: 90ef8323a6674bd488e23152a9a88ca3, af86937b07084be8ad05026fd0b7309e; no voters: 
I20260709 13:03:47.450495 17788 raft_consensus.cc:2804] T fa2cf21c615c4ce4923184ae02d703ba P 90ef8323a6674bd488e23152a9a88ca3 [term 1 FOLLOWER]: Leader election won for term 1
I20260709 13:03:47.451337 17829 raft_consensus.cc:2804] T 58efa29bea494e859e05d06c85aa3181 P af86937b07084be8ad05026fd0b7309e [term 1 FOLLOWER]: Leader election won for term 1
I20260709 13:03:47.452111 17777 ts_tablet_manager.cc:1434] T a8b669a51290415eb59fd8fa7776657e P af86937b07084be8ad05026fd0b7309e: Time spent starting tablet: real 0.092s	user 0.029s	sys 0.025s
I20260709 13:03:47.450515 17799 leader_election.cc:290] T 58efa29bea494e859e05d06c85aa3181 P af86937b07084be8ad05026fd0b7309e [CANDIDATE]: Term 1 election: Requested vote from peers 90ef8323a6674bd488e23152a9a88ca3 (127.16.23.129:41547), 5ad913aee0b94412aedb5045c652c0e7 (127.16.23.130:41695)
I20260709 13:03:47.453755 17779 tablet_bootstrap.cc:654] T bea6be0a50224f6188cf3c4b732fb0aa P 90ef8323a6674bd488e23152a9a88ca3: Neither blocks nor log segments found. Creating new log.
I20260709 13:03:47.456286 17777 tablet_bootstrap.cc:492] T aac3ba42fdd84cfcbe7cf54a11e2dbad P af86937b07084be8ad05026fd0b7309e: Bootstrap starting.
I20260709 13:03:47.459790 17822 leader_election.cc:290] T fa2cf21c615c4ce4923184ae02d703ba P 90ef8323a6674bd488e23152a9a88ca3 [CANDIDATE]: Term 1 election: Requested vote from peers af86937b07084be8ad05026fd0b7309e (127.16.23.131:33303), 5ad913aee0b94412aedb5045c652c0e7 (127.16.23.130:41695)
I20260709 13:03:47.461962 17777 tablet_bootstrap.cc:654] T aac3ba42fdd84cfcbe7cf54a11e2dbad P af86937b07084be8ad05026fd0b7309e: Neither blocks nor log segments found. Creating new log.
I20260709 13:03:47.465000 17662 tablet_service.cc:1917] Received RequestConsensusVote() RPC: tablet_id: "fa2cf21c615c4ce4923184ae02d703ba" candidate_uuid: "90ef8323a6674bd488e23152a9a88ca3" candidate_term: 1 candidate_status { last_received { term: 0 index: 0 } } ignore_live_leader: false dest_uuid: "5ad913aee0b94412aedb5045c652c0e7"
I20260709 13:03:47.466377 17788 raft_consensus.cc:697] T fa2cf21c615c4ce4923184ae02d703ba P 90ef8323a6674bd488e23152a9a88ca3 [term 1 LEADER]: Becoming Leader. State: Replica: 90ef8323a6674bd488e23152a9a88ca3, State: Running, Role: LEADER
W20260709 13:03:47.466511 17553 leader_election.cc:343] T fa2cf21c615c4ce4923184ae02d703ba P 90ef8323a6674bd488e23152a9a88ca3 [CANDIDATE]: Term 1 election: Tablet error from VoteRequest() call to peer 5ad913aee0b94412aedb5045c652c0e7 (127.16.23.130:41695): Illegal state: must be running to vote when last-logged opid is not known
I20260709 13:03:47.467427 17788 consensus_queue.cc:237] T fa2cf21c615c4ce4923184ae02d703ba P 90ef8323a6674bd488e23152a9a88ca3 [LEADER]: Queue going to LEADER mode. State: All replicated index: 0, Majority replicated index: 0, Committed index: 0, Last appended: 0.0, Last appended by leader: 0, Current term: 1, Majority size: 2, State: 0, Mode: LEADER, active raft config: opid_index: -1 OBSOLETE_local: false peers { permanent_uuid: "af86937b07084be8ad05026fd0b7309e" member_type: VOTER last_known_addr { host: "127.16.23.131" port: 33303 } } peers { permanent_uuid: "90ef8323a6674bd488e23152a9a88ca3" member_type: VOTER last_known_addr { host: "127.16.23.129" port: 41547 } } peers { permanent_uuid: "5ad913aee0b94412aedb5045c652c0e7" member_type: VOTER last_known_addr { host: "127.16.23.130" port: 41695 } }
I20260709 13:03:47.473431 17777 tablet_bootstrap.cc:492] T aac3ba42fdd84cfcbe7cf54a11e2dbad P af86937b07084be8ad05026fd0b7309e: No bootstrap required, opened a new log
I20260709 13:03:47.473987 17777 ts_tablet_manager.cc:1403] T aac3ba42fdd84cfcbe7cf54a11e2dbad P af86937b07084be8ad05026fd0b7309e: Time spent bootstrapping tablet: real 0.018s	user 0.009s	sys 0.000s
I20260709 13:03:47.475996 17829 raft_consensus.cc:697] T 58efa29bea494e859e05d06c85aa3181 P af86937b07084be8ad05026fd0b7309e [term 1 LEADER]: Becoming Leader. State: Replica: af86937b07084be8ad05026fd0b7309e, State: Running, Role: LEADER
I20260709 13:03:47.476912 17829 consensus_queue.cc:237] T 58efa29bea494e859e05d06c85aa3181 P af86937b07084be8ad05026fd0b7309e [LEADER]: Queue going to LEADER mode. State: All replicated index: 0, Majority replicated index: 0, Committed index: 0, Last appended: 0.0, Last appended by leader: 0, Current term: 1, Majority size: 2, State: 0, Mode: LEADER, active raft config: opid_index: -1 OBSOLETE_local: false peers { permanent_uuid: "90ef8323a6674bd488e23152a9a88ca3" member_type: VOTER last_known_addr { host: "127.16.23.129" port: 41547 } } peers { permanent_uuid: "5ad913aee0b94412aedb5045c652c0e7" member_type: VOTER last_known_addr { host: "127.16.23.130" port: 41695 } } peers { permanent_uuid: "af86937b07084be8ad05026fd0b7309e" member_type: VOTER last_known_addr { host: "127.16.23.131" port: 33303 } }
I20260709 13:03:47.478647 17482 catalog_manager.cc:5697] T fa2cf21c615c4ce4923184ae02d703ba P 90ef8323a6674bd488e23152a9a88ca3 reported cstate change: term changed from 0 to 1, leader changed from <none> to 90ef8323a6674bd488e23152a9a88ca3 (127.16.23.129). New cstate: current_term: 1 leader_uuid: "90ef8323a6674bd488e23152a9a88ca3" committed_config { opid_index: -1 OBSOLETE_local: false peers { permanent_uuid: "af86937b07084be8ad05026fd0b7309e" member_type: VOTER last_known_addr { host: "127.16.23.131" port: 33303 } health_report { overall_health: UNKNOWN } } peers { permanent_uuid: "90ef8323a6674bd488e23152a9a88ca3" member_type: VOTER last_known_addr { host: "127.16.23.129" port: 41547 } health_report { overall_health: HEALTHY } } peers { permanent_uuid: "5ad913aee0b94412aedb5045c652c0e7" member_type: VOTER last_known_addr { host: "127.16.23.130" port: 41695 } health_report { overall_health: UNKNOWN } } }
I20260709 13:03:47.480558 17777 raft_consensus.cc:359] T aac3ba42fdd84cfcbe7cf54a11e2dbad P af86937b07084be8ad05026fd0b7309e [term 0 FOLLOWER]: Replica starting. Triggering 0 pending ops. Active config: opid_index: -1 OBSOLETE_local: false peers { permanent_uuid: "90ef8323a6674bd488e23152a9a88ca3" member_type: VOTER last_known_addr { host: "127.16.23.129" port: 41547 } } peers { permanent_uuid: "5ad913aee0b94412aedb5045c652c0e7" member_type: VOTER last_known_addr { host: "127.16.23.130" port: 41695 } } peers { permanent_uuid: "af86937b07084be8ad05026fd0b7309e" member_type: VOTER last_known_addr { host: "127.16.23.131" port: 33303 } }
I20260709 13:03:47.481200 17777 raft_consensus.cc:385] T aac3ba42fdd84cfcbe7cf54a11e2dbad P af86937b07084be8ad05026fd0b7309e [term 0 FOLLOWER]: Consensus starting up: Expiring failure detector timer to make a prompt election more likely
I20260709 13:03:47.481488 17777 raft_consensus.cc:740] T aac3ba42fdd84cfcbe7cf54a11e2dbad P af86937b07084be8ad05026fd0b7309e [term 0 FOLLOWER]: Becoming Follower/Learner. State: Replica: af86937b07084be8ad05026fd0b7309e, State: Initialized, Role: FOLLOWER
I20260709 13:03:47.481765 17799 raft_consensus.cc:493] T d8c4081d199c48f0b7c45ab5069df82a P af86937b07084be8ad05026fd0b7309e [term 0 FOLLOWER]: Starting pre-election (no leader contacted us within the election timeout)
I20260709 13:03:47.482218 17799 raft_consensus.cc:515] T d8c4081d199c48f0b7c45ab5069df82a P af86937b07084be8ad05026fd0b7309e [term 0 FOLLOWER]: Starting pre-election with config: opid_index: -1 OBSOLETE_local: false peers { permanent_uuid: "90ef8323a6674bd488e23152a9a88ca3" member_type: VOTER last_known_addr { host: "127.16.23.129" port: 41547 } } peers { permanent_uuid: "5ad913aee0b94412aedb5045c652c0e7" member_type: VOTER last_known_addr { host: "127.16.23.130" port: 41695 } } peers { permanent_uuid: "af86937b07084be8ad05026fd0b7309e" member_type: VOTER last_known_addr { host: "127.16.23.131" port: 33303 } }
I20260709 13:03:47.482383 17777 consensus_queue.cc:260] T aac3ba42fdd84cfcbe7cf54a11e2dbad P af86937b07084be8ad05026fd0b7309e [NON_LEADER]: Queue going to NON_LEADER mode. State: All replicated index: 0, Majority replicated index: 0, Committed index: 0, Last appended: 0.0, Last appended by leader: 0, Current term: 0, Majority size: -1, State: 0, Mode: NON_LEADER, active raft config: opid_index: -1 OBSOLETE_local: false peers { permanent_uuid: "90ef8323a6674bd488e23152a9a88ca3" member_type: VOTER last_known_addr { host: "127.16.23.129" port: 41547 } } peers { permanent_uuid: "5ad913aee0b94412aedb5045c652c0e7" member_type: VOTER last_known_addr { host: "127.16.23.130" port: 41695 } } peers { permanent_uuid: "af86937b07084be8ad05026fd0b7309e" member_type: VOTER last_known_addr { host: "127.16.23.131" port: 33303 } }
I20260709 13:03:47.484201 17799 leader_election.cc:290] T d8c4081d199c48f0b7c45ab5069df82a P af86937b07084be8ad05026fd0b7309e [CANDIDATE]: Term 1 pre-election: Requested pre-vote from peers 90ef8323a6674bd488e23152a9a88ca3 (127.16.23.129:41547), 5ad913aee0b94412aedb5045c652c0e7 (127.16.23.130:41695)
I20260709 13:03:47.484622 17799 raft_consensus.cc:493] T 3c9626ab2e5349fda7aa1df0c6526bfa P af86937b07084be8ad05026fd0b7309e [term 0 FOLLOWER]: Starting pre-election (no leader contacted us within the election timeout)
I20260709 13:03:47.485019 17799 raft_consensus.cc:515] T 3c9626ab2e5349fda7aa1df0c6526bfa P af86937b07084be8ad05026fd0b7309e [term 0 FOLLOWER]: Starting pre-election with config: opid_index: -1 OBSOLETE_local: false peers { permanent_uuid: "90ef8323a6674bd488e23152a9a88ca3" member_type: VOTER last_known_addr { host: "127.16.23.129" port: 41547 } } peers { permanent_uuid: "5ad913aee0b94412aedb5045c652c0e7" member_type: VOTER last_known_addr { host: "127.16.23.130" port: 41695 } } peers { permanent_uuid: "af86937b07084be8ad05026fd0b7309e" member_type: VOTER last_known_addr { host: "127.16.23.131" port: 33303 } }
I20260709 13:03:47.485900 17662 tablet_service.cc:1917] Received RequestConsensusVote() RPC: tablet_id: "d8c4081d199c48f0b7c45ab5069df82a" candidate_uuid: "af86937b07084be8ad05026fd0b7309e" candidate_term: 1 candidate_status { last_received { term: 0 index: 0 } } ignore_live_leader: false dest_uuid: "5ad913aee0b94412aedb5045c652c0e7" is_pre_election: true
I20260709 13:03:47.487156 17799 leader_election.cc:290] T 3c9626ab2e5349fda7aa1df0c6526bfa P af86937b07084be8ad05026fd0b7309e [CANDIDATE]: Term 1 pre-election: Requested pre-vote from peers 90ef8323a6674bd488e23152a9a88ca3 (127.16.23.129:41547), 5ad913aee0b94412aedb5045c652c0e7 (127.16.23.130:41695)
I20260709 13:03:47.487548 17588 tablet_service.cc:1917] Received RequestConsensusVote() RPC: tablet_id: "d8c4081d199c48f0b7c45ab5069df82a" candidate_uuid: "af86937b07084be8ad05026fd0b7309e" candidate_term: 1 candidate_status { last_received { term: 0 index: 0 } } ignore_live_leader: false dest_uuid: "90ef8323a6674bd488e23152a9a88ca3" is_pre_election: true
I20260709 13:03:47.488188 17588 raft_consensus.cc:2468] T d8c4081d199c48f0b7c45ab5069df82a P 90ef8323a6674bd488e23152a9a88ca3 [term 0 FOLLOWER]: Leader pre-election vote request: Granting yes vote for candidate af86937b07084be8ad05026fd0b7309e in term 0.
I20260709 13:03:47.488188 17783 consensus_queue.cc:1048] T 251cc20d67344b68837ff70d696e220b P 5ad913aee0b94412aedb5045c652c0e7 [LEADER]: Connected to new peer: Peer: permanent_uuid: "af86937b07084be8ad05026fd0b7309e" member_type: VOTER last_known_addr { host: "127.16.23.131" port: 33303 }, Status: LMP_MISMATCH, Last received: 0.0, Next index: 1, Last known committed idx: 0, Time since last communication: 0.001s
I20260709 13:03:47.489517 17703 leader_election.cc:304] T d8c4081d199c48f0b7c45ab5069df82a P af86937b07084be8ad05026fd0b7309e [CANDIDATE]: Term 1 pre-election: Election decided. Result: candidate won. Election summary: received 2 responses out of 3 voters: 2 yes votes; 0 no votes. yes voters: 90ef8323a6674bd488e23152a9a88ca3, af86937b07084be8ad05026fd0b7309e; no voters: 
