I20260709 13:03:49.447844 13514 raft_consensus.cc:2804] T 5fd8c4c088604abcb1fb99e3ae46f37a P b23da26beafd4d49b962167210bad690 [term 0 FOLLOWER]: Leader pre-election won for term 1
I20260709 13:03:49.448206 13514 raft_consensus.cc:493] T 5fd8c4c088604abcb1fb99e3ae46f37a P b23da26beafd4d49b962167210bad690 [term 0 FOLLOWER]: Starting leader election (no leader contacted us within the election timeout)
I20260709 13:03:49.448612 13514 raft_consensus.cc:3060] T 5fd8c4c088604abcb1fb99e3ae46f37a P b23da26beafd4d49b962167210bad690 [term 0 FOLLOWER]: Advancing to term 1
I20260709 13:03:49.435166 13326 leader_election.cc:304] T 4e335b4c695142a8b83c21697e3f5c4d P a958e54b809e48b6a02ed377e7ac5c32 [CANDIDATE]: Term 1 election: Election decided. Result: candidate won. Election summary: received 2 responses out of 3 voters: 2 yes votes; 0 no votes. yes voters: a958e54b809e48b6a02ed377e7ac5c32, b23da26beafd4d49b962167210bad690; no voters: 
I20260709 13:03:49.452756 13537 raft_consensus.cc:2804] T 4e335b4c695142a8b83c21697e3f5c4d P a958e54b809e48b6a02ed377e7ac5c32 [term 1 FOLLOWER]: Leader election won for term 1
I20260709 13:03:49.453756 13537 raft_consensus.cc:697] T 4e335b4c695142a8b83c21697e3f5c4d P a958e54b809e48b6a02ed377e7ac5c32 [term 1 LEADER]: Becoming Leader. State: Replica: a958e54b809e48b6a02ed377e7ac5c32, State: Running, Role: LEADER
I20260709 13:03:49.455152 13432 raft_consensus.cc:2468] T 4e335b4c695142a8b83c21697e3f5c4d P c98a5c9601bb4862b609be300f37bd58 [term 1 FOLLOWER]: Leader election vote request: Granting yes vote for candidate a958e54b809e48b6a02ed377e7ac5c32 in term 1.
I20260709 13:03:49.454805 13537 consensus_queue.cc:237] T 4e335b4c695142a8b83c21697e3f5c4d P a958e54b809e48b6a02ed377e7ac5c32 [LEADER]: Queue going to LEADER mode. State: All replicated index: 0, Majority replicated index: 0, Committed index: 0, Last appended: 0.0, Last appended by leader: 0, Current term: 1, Majority size: 2, State: 0, Mode: LEADER, active raft config: opid_index: -1 OBSOLETE_local: false peers { permanent_uuid: "b23da26beafd4d49b962167210bad690" member_type: VOTER last_known_addr { host: "127.11.224.1" port: 36483 } } peers { permanent_uuid: "a958e54b809e48b6a02ed377e7ac5c32" member_type: VOTER last_known_addr { host: "127.11.224.2" port: 41695 } } peers { permanent_uuid: "c98a5c9601bb4862b609be300f37bd58" member_type: VOTER last_known_addr { host: "127.11.224.3" port: 34087 } }
I20260709 13:03:49.456738 13526 raft_consensus.cc:515] T 3c7f59bc2e9947debabc753f3f633dfd P a958e54b809e48b6a02ed377e7ac5c32 [term 1 FOLLOWER]: Starting leader election with config: opid_index: -1 OBSOLETE_local: false peers { permanent_uuid: "b23da26beafd4d49b962167210bad690" member_type: VOTER last_known_addr { host: "127.11.224.1" port: 36483 } } peers { permanent_uuid: "a958e54b809e48b6a02ed377e7ac5c32" member_type: VOTER last_known_addr { host: "127.11.224.2" port: 41695 } } peers { permanent_uuid: "c98a5c9601bb4862b609be300f37bd58" member_type: VOTER last_known_addr { host: "127.11.224.3" port: 34087 } }
I20260709 13:03:49.460049 13433 tablet_service.cc:1917] Received RequestConsensusVote() RPC: tablet_id: "3c7f59bc2e9947debabc753f3f633dfd" candidate_uuid: "a958e54b809e48b6a02ed377e7ac5c32" candidate_term: 1 candidate_status { last_received { term: 0 index: 0 } } ignore_live_leader: false dest_uuid: "c98a5c9601bb4862b609be300f37bd58"
I20260709 13:03:49.460613 13476 ts_tablet_manager.cc:1434] T 3089d513e7ce4ac49cddd91c3f627eee P a958e54b809e48b6a02ed377e7ac5c32: Time spent starting tablet: real 0.031s	user 0.005s	sys 0.003s
I20260709 13:03:49.461290 13526 leader_election.cc:290] T 3c7f59bc2e9947debabc753f3f633dfd P a958e54b809e48b6a02ed377e7ac5c32 [CANDIDATE]: Term 1 election: Requested vote from peers b23da26beafd4d49b962167210bad690 (127.11.224.1:36483), c98a5c9601bb4862b609be300f37bd58 (127.11.224.3:34087)
W20260709 13:03:49.461355 13324 leader_election.cc:343] T 3c7f59bc2e9947debabc753f3f633dfd P a958e54b809e48b6a02ed377e7ac5c32 [CANDIDATE]: Term 1 election: Tablet error from VoteRequest() call to peer c98a5c9601bb4862b609be300f37bd58 (127.11.224.3:34087): Illegal state: must be running to vote when last-logged opid is not known
I20260709 13:03:49.461581 13476 tablet_bootstrap.cc:492] T 5fd8c4c088604abcb1fb99e3ae46f37a P a958e54b809e48b6a02ed377e7ac5c32: Bootstrap starting.
I20260709 13:03:49.462136 13182 catalog_manager.cc:5697] T 1fbcac28201e400288973bbb0af533b0 P b23da26beafd4d49b962167210bad690 reported cstate change: term changed from 0 to 1, leader changed from <none> to b23da26beafd4d49b962167210bad690 (127.11.224.1). New cstate: current_term: 1 leader_uuid: "b23da26beafd4d49b962167210bad690" committed_config { opid_index: -1 OBSOLETE_local: false peers { permanent_uuid: "b23da26beafd4d49b962167210bad690" member_type: VOTER last_known_addr { host: "127.11.224.1" port: 36483 } health_report { overall_health: HEALTHY } } peers { permanent_uuid: "a958e54b809e48b6a02ed377e7ac5c32" member_type: VOTER last_known_addr { host: "127.11.224.2" port: 41695 } health_report { overall_health: UNKNOWN } } peers { permanent_uuid: "c98a5c9601bb4862b609be300f37bd58" member_type: VOTER last_known_addr { host: "127.11.224.3" port: 34087 } health_report { overall_health: UNKNOWN } } }
I20260709 13:03:49.470887 13474 tablet_bootstrap.cc:654] T 053ee5646f534f9ebfbe7fc5d41b3f7b P c98a5c9601bb4862b609be300f37bd58: Neither blocks nor log segments found. Creating new log.
I20260709 13:03:49.479902 13475 tablet_bootstrap.cc:492] T e4f7cde9e82b4ea7b0ceefa6e88515f9 P b23da26beafd4d49b962167210bad690: No bootstrap required, opened a new log
I20260709 13:03:49.480429 13475 ts_tablet_manager.cc:1403] T e4f7cde9e82b4ea7b0ceefa6e88515f9 P b23da26beafd4d49b962167210bad690: Time spent bootstrapping tablet: real 0.133s	user 0.022s	sys 0.005s
I20260709 13:03:49.494741 13476 tablet_bootstrap.cc:654] T 5fd8c4c088604abcb1fb99e3ae46f37a P a958e54b809e48b6a02ed377e7ac5c32: Neither blocks nor log segments found. Creating new log.
I20260709 13:03:49.498720 13475 raft_consensus.cc:359] T e4f7cde9e82b4ea7b0ceefa6e88515f9 P b23da26beafd4d49b962167210bad690 [term 0 FOLLOWER]: Replica starting. Triggering 0 pending ops. Active config: opid_index: -1 OBSOLETE_local: false peers { permanent_uuid: "b23da26beafd4d49b962167210bad690" member_type: VOTER last_known_addr { host: "127.11.224.1" port: 36483 } } peers { permanent_uuid: "a958e54b809e48b6a02ed377e7ac5c32" member_type: VOTER last_known_addr { host: "127.11.224.2" port: 41695 } } peers { permanent_uuid: "c98a5c9601bb4862b609be300f37bd58" member_type: VOTER last_known_addr { host: "127.11.224.3" port: 34087 } }
I20260709 13:03:49.499702 13475 raft_consensus.cc:385] T e4f7cde9e82b4ea7b0ceefa6e88515f9 P b23da26beafd4d49b962167210bad690 [term 0 FOLLOWER]: Consensus starting up: Expiring failure detector timer to make a prompt election more likely
I20260709 13:03:49.500097 13475 raft_consensus.cc:740] T e4f7cde9e82b4ea7b0ceefa6e88515f9 P b23da26beafd4d49b962167210bad690 [term 0 FOLLOWER]: Becoming Follower/Learner. State: Replica: b23da26beafd4d49b962167210bad690, State: Initialized, Role: FOLLOWER
W20260709 13:03:49.497079 13326 outbound_call.cc:321] RPC callback for RPC call kudu.consensus.ConsensusService.RequestConsensusVote -> {remote=127.11.224.1:36483, user_credentials={real_user=slave}} blocked reactor thread for 60758.2us
I20260709 13:03:49.501509 13475 consensus_queue.cc:260] T e4f7cde9e82b4ea7b0ceefa6e88515f9 P b23da26beafd4d49b962167210bad690 [NON_LEADER]: Queue going to NON_LEADER mode. State: All replicated index: 0, Majority replicated index: 0, Committed index: 0, Last appended: 0.0, Last appended by leader: 0, Current term: 0, Majority size: -1, State: 0, Mode: NON_LEADER, active raft config: opid_index: -1 OBSOLETE_local: false peers { permanent_uuid: "b23da26beafd4d49b962167210bad690" member_type: VOTER last_known_addr { host: "127.11.224.1" port: 36483 } } peers { permanent_uuid: "a958e54b809e48b6a02ed377e7ac5c32" member_type: VOTER last_known_addr { host: "127.11.224.2" port: 41695 } } peers { permanent_uuid: "c98a5c9601bb4862b609be300f37bd58" member_type: VOTER last_known_addr { host: "127.11.224.3" port: 34087 } }
I20260709 13:03:49.503888 13475 ts_tablet_manager.cc:1434] T e4f7cde9e82b4ea7b0ceefa6e88515f9 P b23da26beafd4d49b962167210bad690: Time spent starting tablet: real 0.023s	user 0.007s	sys 0.000s
I20260709 13:03:49.504185 13360 tablet_service.cc:1917] Received RequestConsensusVote() RPC: tablet_id: "5fd8c4c088604abcb1fb99e3ae46f37a" candidate_uuid: "b23da26beafd4d49b962167210bad690" candidate_term: 1 candidate_status { last_received { term: 0 index: 0 } } ignore_live_leader: false dest_uuid: "a958e54b809e48b6a02ed377e7ac5c32" is_pre_election: true
I20260709 13:03:49.505097 13283 tablet_service.cc:1917] Received RequestConsensusVote() RPC: tablet_id: "3c7f59bc2e9947debabc753f3f633dfd" candidate_uuid: "a958e54b809e48b6a02ed377e7ac5c32" candidate_term: 1 candidate_status { last_received { term: 0 index: 0 } } ignore_live_leader: false dest_uuid: "b23da26beafd4d49b962167210bad690"
I20260709 13:03:49.505724 13283 raft_consensus.cc:3060] T 3c7f59bc2e9947debabc753f3f633dfd P b23da26beafd4d49b962167210bad690 [term 0 FOLLOWER]: Advancing to term 1
W20260709 13:03:49.506594 13251 leader_election.cc:343] T 5fd8c4c088604abcb1fb99e3ae46f37a P b23da26beafd4d49b962167210bad690 [CANDIDATE]: Term 1 pre-election: Tablet error from VoteRequest() call to peer a958e54b809e48b6a02ed377e7ac5c32 (127.11.224.2:41695): Illegal state: must be running to vote when last-logged opid is not known
I20260709 13:03:49.509545 13475 tablet_bootstrap.cc:492] T 45bd8b5e72434c1d925655440795722c P b23da26beafd4d49b962167210bad690: Bootstrap starting.
I20260709 13:03:49.484464 13530 raft_consensus.cc:515] T 1fbcac28201e400288973bbb0af533b0 P c98a5c9601bb4862b609be300f37bd58 [term 1 FOLLOWER]: Starting leader election with config: opid_index: -1 OBSOLETE_local: false peers { permanent_uuid: "b23da26beafd4d49b962167210bad690" member_type: VOTER last_known_addr { host: "127.11.224.1" port: 36483 } } peers { permanent_uuid: "a958e54b809e48b6a02ed377e7ac5c32" member_type: VOTER last_known_addr { host: "127.11.224.2" port: 41695 } } peers { permanent_uuid: "c98a5c9601bb4862b609be300f37bd58" member_type: VOTER last_known_addr { host: "127.11.224.3" port: 34087 } }
I20260709 13:03:49.521035 13530 leader_election.cc:290] T 1fbcac28201e400288973bbb0af533b0 P c98a5c9601bb4862b609be300f37bd58 [CANDIDATE]: Term 1 election: Requested vote from peers b23da26beafd4d49b962167210bad690 (127.11.224.1:36483), a958e54b809e48b6a02ed377e7ac5c32 (127.11.224.2:41695)
I20260709 13:03:49.521981 13434 raft_consensus.cc:2393] T 1fbcac28201e400288973bbb0af533b0 P c98a5c9601bb4862b609be300f37bd58 [term 1 FOLLOWER]: Leader election vote request: Denying vote to candidate b23da26beafd4d49b962167210bad690 in current term 1: Already voted for candidate c98a5c9601bb4862b609be300f37bd58 in this term.
I20260709 13:03:49.522258 13358 tablet_service.cc:1917] Received RequestConsensusVote() RPC: tablet_id: "1fbcac28201e400288973bbb0af533b0" candidate_uuid: "c98a5c9601bb4862b609be300f37bd58" candidate_term: 1 candidate_status { last_received { term: 0 index: 0 } } ignore_live_leader: false dest_uuid: "a958e54b809e48b6a02ed377e7ac5c32"
I20260709 13:03:49.523113 13358 raft_consensus.cc:2393] T 1fbcac28201e400288973bbb0af533b0 P a958e54b809e48b6a02ed377e7ac5c32 [term 1 FOLLOWER]: Leader election vote request: Denying vote to candidate c98a5c9601bb4862b609be300f37bd58 in current term 1: Already voted for candidate b23da26beafd4d49b962167210bad690 in this term.
I20260709 13:03:49.524911 13284 tablet_service.cc:1917] Received RequestConsensusVote() RPC: tablet_id: "1fbcac28201e400288973bbb0af533b0" candidate_uuid: "c98a5c9601bb4862b609be300f37bd58" candidate_term: 1 candidate_status { last_received { term: 0 index: 0 } } ignore_live_leader: false dest_uuid: "b23da26beafd4d49b962167210bad690"
I20260709 13:03:49.525130 13283 raft_consensus.cc:2468] T 3c7f59bc2e9947debabc753f3f633dfd P b23da26beafd4d49b962167210bad690 [term 1 FOLLOWER]: Leader election vote request: Granting yes vote for candidate a958e54b809e48b6a02ed377e7ac5c32 in term 1.
I20260709 13:03:49.527123 13400 leader_election.cc:304] T 1fbcac28201e400288973bbb0af533b0 P c98a5c9601bb4862b609be300f37bd58 [CANDIDATE]: Term 1 election: Election decided. Result: candidate lost. Election summary: received 3 responses out of 3 voters: 1 yes votes; 2 no votes. yes voters: c98a5c9601bb4862b609be300f37bd58; no voters: a958e54b809e48b6a02ed377e7ac5c32, b23da26beafd4d49b962167210bad690
I20260709 13:03:49.530369 13530 raft_consensus.cc:2749] T 1fbcac28201e400288973bbb0af533b0 P c98a5c9601bb4862b609be300f37bd58 [term 1 FOLLOWER]: Leader election lost for term 1. Reason: could not achieve majority
I20260709 13:03:49.538008 13181 catalog_manager.cc:5697] T 4e335b4c695142a8b83c21697e3f5c4d P a958e54b809e48b6a02ed377e7ac5c32 reported cstate change: term changed from 0 to 1, leader changed from <none> to a958e54b809e48b6a02ed377e7ac5c32 (127.11.224.2). New cstate: current_term: 1 leader_uuid: "a958e54b809e48b6a02ed377e7ac5c32" committed_config { opid_index: -1 OBSOLETE_local: false peers { permanent_uuid: "b23da26beafd4d49b962167210bad690" member_type: VOTER last_known_addr { host: "127.11.224.1" port: 36483 } health_report { overall_health: UNKNOWN } } peers { permanent_uuid: "a958e54b809e48b6a02ed377e7ac5c32" member_type: VOTER last_known_addr { host: "127.11.224.2" port: 41695 } health_report { overall_health: HEALTHY } } peers { permanent_uuid: "c98a5c9601bb4862b609be300f37bd58" member_type: VOTER last_known_addr { host: "127.11.224.3" port: 34087 } health_report { overall_health: UNKNOWN } } }
I20260709 13:03:49.540771 13474 tablet_bootstrap.cc:492] T 053ee5646f534f9ebfbe7fc5d41b3f7b P c98a5c9601bb4862b609be300f37bd58: No bootstrap required, opened a new log
I20260709 13:03:49.541644 13474 ts_tablet_manager.cc:1403] T 053ee5646f534f9ebfbe7fc5d41b3f7b P c98a5c9601bb4862b609be300f37bd58: Time spent bootstrapping tablet: real 0.194s	user 0.022s	sys 0.007s
I20260709 13:03:49.543684 13530 consensus_queue.cc:1048] T cfaf29831e8241e5b858bb58f104ad3b P c98a5c9601bb4862b609be300f37bd58 [LEADER]: Connected to new peer: Peer: permanent_uuid: "a958e54b809e48b6a02ed377e7ac5c32" member_type: VOTER last_known_addr { host: "127.11.224.2" port: 41695 }, Status: LMP_MISMATCH, Last received: 0.0, Next index: 1, Last known committed idx: 0, Time since last communication: 0.000s
I20260709 13:03:49.544997 13514 raft_consensus.cc:515] T 5fd8c4c088604abcb1fb99e3ae46f37a P b23da26beafd4d49b962167210bad690 [term 1 FOLLOWER]: Starting leader election with config: opid_index: -1 OBSOLETE_local: false peers { permanent_uuid: "b23da26beafd4d49b962167210bad690" member_type: VOTER last_known_addr { host: "127.11.224.1" port: 36483 } } peers { permanent_uuid: "a958e54b809e48b6a02ed377e7ac5c32" member_type: VOTER last_known_addr { host: "127.11.224.2" port: 41695 } } peers { permanent_uuid: "c98a5c9601bb4862b609be300f37bd58" member_type: VOTER last_known_addr { host: "127.11.224.3" port: 34087 } }
I20260709 13:03:49.551923 13514 leader_election.cc:290] T 5fd8c4c088604abcb1fb99e3ae46f37a P b23da26beafd4d49b962167210bad690 [CANDIDATE]: Term 1 election: Requested vote from peers a958e54b809e48b6a02ed377e7ac5c32 (127.11.224.2:41695), c98a5c9601bb4862b609be300f37bd58 (127.11.224.3:34087)
I20260709 13:03:49.548629 13181 catalog_manager.cc:5697] T 7cada15983024d08b24bf1008ffffaef P a958e54b809e48b6a02ed377e7ac5c32 reported cstate change: term changed from 0 to 1, leader changed from <none> to a958e54b809e48b6a02ed377e7ac5c32 (127.11.224.2). New cstate: current_term: 1 leader_uuid: "a958e54b809e48b6a02ed377e7ac5c32" committed_config { opid_index: -1 OBSOLETE_local: false peers { permanent_uuid: "b23da26beafd4d49b962167210bad690" member_type: VOTER last_known_addr { host: "127.11.224.1" port: 36483 } health_report { overall_health: UNKNOWN } } peers { permanent_uuid: "a958e54b809e48b6a02ed377e7ac5c32" member_type: VOTER last_known_addr { host: "127.11.224.2" port: 41695 } health_report { overall_health: HEALTHY } } peers { permanent_uuid: "c98a5c9601bb4862b609be300f37bd58" member_type: VOTER last_known_addr { host: "127.11.224.3" port: 34087 } health_report { overall_health: UNKNOWN } } }
I20260709 13:03:49.549909 13326 leader_election.cc:304] T 3c7f59bc2e9947debabc753f3f633dfd P a958e54b809e48b6a02ed377e7ac5c32 [CANDIDATE]: Term 1 election: Election decided. Result: candidate won. Election summary: received 3 responses out of 3 voters: 2 yes votes; 1 no votes. yes voters: a958e54b809e48b6a02ed377e7ac5c32, b23da26beafd4d49b962167210bad690; no voters: c98a5c9601bb4862b609be300f37bd58
I20260709 13:03:49.554111 13434 tablet_service.cc:1917] Received RequestConsensusVote() RPC: tablet_id: "5fd8c4c088604abcb1fb99e3ae46f37a" candidate_uuid: "b23da26beafd4d49b962167210bad690" candidate_term: 1 candidate_status { last_received { term: 0 index: 0 } } ignore_live_leader: false dest_uuid: "c98a5c9601bb4862b609be300f37bd58"
I20260709 13:03:49.554754 13537 raft_consensus.cc:2804] T 3c7f59bc2e9947debabc753f3f633dfd P a958e54b809e48b6a02ed377e7ac5c32 [term 1 FOLLOWER]: Leader election won for term 1
I20260709 13:03:49.554828 13434 raft_consensus.cc:3060] T 5fd8c4c088604abcb1fb99e3ae46f37a P c98a5c9601bb4862b609be300f37bd58 [term 0 FOLLOWER]: Advancing to term 1
I20260709 13:03:49.555402 13537 raft_consensus.cc:697] T 3c7f59bc2e9947debabc753f3f633dfd P a958e54b809e48b6a02ed377e7ac5c32 [term 1 LEADER]: Becoming Leader. State: Replica: a958e54b809e48b6a02ed377e7ac5c32, State: Running, Role: LEADER
I20260709 13:03:49.556795 13475 tablet_bootstrap.cc:654] T 45bd8b5e72434c1d925655440795722c P b23da26beafd4d49b962167210bad690: Neither blocks nor log segments found. Creating new log.
I20260709 13:03:49.556414 13537 consensus_queue.cc:237] T 3c7f59bc2e9947debabc753f3f633dfd P a958e54b809e48b6a02ed377e7ac5c32 [LEADER]: Queue going to LEADER mode. State: All replicated index: 0, Majority replicated index: 0, Committed index: 0, Last appended: 0.0, Last appended by leader: 0, Current term: 1, Majority size: 2, State: 0, Mode: LEADER, active raft config: opid_index: -1 OBSOLETE_local: false peers { permanent_uuid: "b23da26beafd4d49b962167210bad690" member_type: VOTER last_known_addr { host: "127.11.224.1" port: 36483 } } peers { permanent_uuid: "a958e54b809e48b6a02ed377e7ac5c32" member_type: VOTER last_known_addr { host: "127.11.224.2" port: 41695 } } peers { permanent_uuid: "c98a5c9601bb4862b609be300f37bd58" member_type: VOTER last_known_addr { host: "127.11.224.3" port: 34087 } }
I20260709 13:03:49.559623 13476 tablet_bootstrap.cc:492] T 5fd8c4c088604abcb1fb99e3ae46f37a P a958e54b809e48b6a02ed377e7ac5c32: No bootstrap required, opened a new log
I20260709 13:03:49.560210 13476 ts_tablet_manager.cc:1403] T 5fd8c4c088604abcb1fb99e3ae46f37a P a958e54b809e48b6a02ed377e7ac5c32: Time spent bootstrapping tablet: real 0.099s	user 0.013s	sys 0.018s
I20260709 13:03:49.563186 13476 raft_consensus.cc:359] T 5fd8c4c088604abcb1fb99e3ae46f37a P a958e54b809e48b6a02ed377e7ac5c32 [term 0 FOLLOWER]: Replica starting. Triggering 0 pending ops. Active config: opid_index: -1 OBSOLETE_local: false peers { permanent_uuid: "b23da26beafd4d49b962167210bad690" member_type: VOTER last_known_addr { host: "127.11.224.1" port: 36483 } } peers { permanent_uuid: "a958e54b809e48b6a02ed377e7ac5c32" member_type: VOTER last_known_addr { host: "127.11.224.2" port: 41695 } } peers { permanent_uuid: "c98a5c9601bb4862b609be300f37bd58" member_type: VOTER last_known_addr { host: "127.11.224.3" port: 34087 } }
I20260709 13:03:49.563899 13476 raft_consensus.cc:385] T 5fd8c4c088604abcb1fb99e3ae46f37a P a958e54b809e48b6a02ed377e7ac5c32 [term 0 FOLLOWER]: Consensus starting up: Expiring failure detector timer to make a prompt election more likely
I20260709 13:03:49.564157 13476 raft_consensus.cc:740] T 5fd8c4c088604abcb1fb99e3ae46f37a P a958e54b809e48b6a02ed377e7ac5c32 [term 0 FOLLOWER]: Becoming Follower/Learner. State: Replica: a958e54b809e48b6a02ed377e7ac5c32, State: Initialized, Role: FOLLOWER
I20260709 13:03:49.565675 13546 raft_consensus.cc:493] T 3089d513e7ce4ac49cddd91c3f627eee P a958e54b809e48b6a02ed377e7ac5c32 [term 0 FOLLOWER]: Starting pre-election (no leader contacted us within the election timeout)
I20260709 13:03:49.565774 13476 consensus_queue.cc:260] T 5fd8c4c088604abcb1fb99e3ae46f37a P a958e54b809e48b6a02ed377e7ac5c32 [NON_LEADER]: Queue going to NON_LEADER mode. State: All replicated index: 0, Majority replicated index: 0, Committed index: 0, Last appended: 0.0, Last appended by leader: 0, Current term: 0, Majority size: -1, State: 0, Mode: NON_LEADER, active raft config: opid_index: -1 OBSOLETE_local: false peers { permanent_uuid: "b23da26beafd4d49b962167210bad690" member_type: VOTER last_known_addr { host: "127.11.224.1" port: 36483 } } peers { permanent_uuid: "a958e54b809e48b6a02ed377e7ac5c32" member_type: VOTER last_known_addr { host: "127.11.224.2" port: 41695 } } peers { permanent_uuid: "c98a5c9601bb4862b609be300f37bd58" member_type: VOTER last_known_addr { host: "127.11.224.3" port: 34087 } }
I20260709 13:03:49.566354 13434 raft_consensus.cc:2468] T 5fd8c4c088604abcb1fb99e3ae46f37a P c98a5c9601bb4862b609be300f37bd58 [term 1 FOLLOWER]: Leader election vote request: Granting yes vote for candidate b23da26beafd4d49b962167210bad690 in term 1.
I20260709 13:03:49.566206 13546 raft_consensus.cc:515] T 3089d513e7ce4ac49cddd91c3f627eee P a958e54b809e48b6a02ed377e7ac5c32 [term 0 FOLLOWER]: Starting pre-election with config: opid_index: -1 OBSOLETE_local: false peers { permanent_uuid: "b23da26beafd4d49b962167210bad690" member_type: VOTER last_known_addr { host: "127.11.224.1" port: 36483 } } peers { permanent_uuid: "a958e54b809e48b6a02ed377e7ac5c32" member_type: VOTER last_known_addr { host: "127.11.224.2" port: 41695 } } peers { permanent_uuid: "c98a5c9601bb4862b609be300f37bd58" member_type: VOTER last_known_addr { host: "127.11.224.3" port: 34087 } }
I20260709 13:03:49.568802 13476 ts_tablet_manager.cc:1434] T 5fd8c4c088604abcb1fb99e3ae46f37a P a958e54b809e48b6a02ed377e7ac5c32: Time spent starting tablet: real 0.008s	user 0.008s	sys 0.000s
I20260709 13:03:49.569947 13476 tablet_bootstrap.cc:492] T e7cf09ca06684a85b1dae9a3db636aba P a958e54b809e48b6a02ed377e7ac5c32: Bootstrap starting.
I20260709 13:03:49.572327 13530 consensus_queue.cc:1048] T cfaf29831e8241e5b858bb58f104ad3b P c98a5c9601bb4862b609be300f37bd58 [LEADER]: Connected to new peer: Peer: permanent_uuid: "b23da26beafd4d49b962167210bad690" member_type: VOTER last_known_addr { host: "127.11.224.1" port: 36483 }, Status: LMP_MISMATCH, Last received: 0.0, Next index: 1, Last known committed idx: 0, Time since last communication: 0.000s
I20260709 13:03:49.573391 13474 raft_consensus.cc:359] T 053ee5646f534f9ebfbe7fc5d41b3f7b P c98a5c9601bb4862b609be300f37bd58 [term 0 FOLLOWER]: Replica starting. Triggering 0 pending ops. Active config: opid_index: -1 OBSOLETE_local: false peers { permanent_uuid: "b23da26beafd4d49b962167210bad690" member_type: VOTER last_known_addr { host: "127.11.224.1" port: 36483 } } peers { permanent_uuid: "a958e54b809e48b6a02ed377e7ac5c32" member_type: VOTER last_known_addr { host: "127.11.224.2" port: 41695 } } peers { permanent_uuid: "c98a5c9601bb4862b609be300f37bd58" member_type: VOTER last_known_addr { host: "127.11.224.3" port: 34087 } }
I20260709 13:03:49.574076 13474 raft_consensus.cc:385] T 053ee5646f534f9ebfbe7fc5d41b3f7b P c98a5c9601bb4862b609be300f37bd58 [term 0 FOLLOWER]: Consensus starting up: Expiring failure detector timer to make a prompt election more likely
I20260709 13:03:49.574753 13474 raft_consensus.cc:740] T 053ee5646f534f9ebfbe7fc5d41b3f7b P c98a5c9601bb4862b609be300f37bd58 [term 0 FOLLOWER]: Becoming Follower/Learner. State: Replica: c98a5c9601bb4862b609be300f37bd58, State: Initialized, Role: FOLLOWER
I20260709 13:03:49.575565 13474 consensus_queue.cc:260] T 053ee5646f534f9ebfbe7fc5d41b3f7b P c98a5c9601bb4862b609be300f37bd58 [NON_LEADER]: Queue going to NON_LEADER mode. State: All replicated index: 0, Majority replicated index: 0, Committed index: 0, Last appended: 0.0, Last appended by leader: 0, Current term: 0, Majority size: -1, State: 0, Mode: NON_LEADER, active raft config: opid_index: -1 OBSOLETE_local: false peers { permanent_uuid: "b23da26beafd4d49b962167210bad690" member_type: VOTER last_known_addr { host: "127.11.224.1" port: 36483 } } peers { permanent_uuid: "a958e54b809e48b6a02ed377e7ac5c32" member_type: VOTER last_known_addr { host: "127.11.224.2" port: 41695 } } peers { permanent_uuid: "c98a5c9601bb4862b609be300f37bd58" member_type: VOTER last_known_addr { host: "127.11.224.3" port: 34087 } }
I20260709 13:03:49.576967 13358 tablet_service.cc:1917] Received RequestConsensusVote() RPC: tablet_id: "5fd8c4c088604abcb1fb99e3ae46f37a" candidate_uuid: "b23da26beafd4d49b962167210bad690" candidate_term: 1 candidate_status { last_received { term: 0 index: 0 } } ignore_live_leader: false dest_uuid: "a958e54b809e48b6a02ed377e7ac5c32"
I20260709 13:03:49.577558 13358 raft_consensus.cc:3060] T 5fd8c4c088604abcb1fb99e3ae46f37a P a958e54b809e48b6a02ed377e7ac5c32 [term 0 FOLLOWER]: Advancing to term 1
I20260709 13:03:49.578203 13283 tablet_service.cc:1917] Received RequestConsensusVote() RPC: tablet_id: "3089d513e7ce4ac49cddd91c3f627eee" candidate_uuid: "a958e54b809e48b6a02ed377e7ac5c32" candidate_term: 1 candidate_status { last_received { term: 0 index: 0 } } ignore_live_leader: false dest_uuid: "b23da26beafd4d49b962167210bad690" is_pre_election: true
I20260709 13:03:49.579321 13546 leader_election.cc:290] T 3089d513e7ce4ac49cddd91c3f627eee P a958e54b809e48b6a02ed377e7ac5c32 [CANDIDATE]: Term 1 pre-election: Requested pre-vote from peers b23da26beafd4d49b962167210bad690 (127.11.224.1:36483), c98a5c9601bb4862b609be300f37bd58 (127.11.224.3:34087)
I20260709 13:03:49.580497 13432 tablet_service.cc:1917] Received RequestConsensusVote() RPC: tablet_id: "3089d513e7ce4ac49cddd91c3f627eee" candidate_uuid: "a958e54b809e48b6a02ed377e7ac5c32" candidate_term: 1 candidate_status { last_received { term: 0 index: 0 } } ignore_live_leader: false dest_uuid: "c98a5c9601bb4862b609be300f37bd58" is_pre_election: true
W20260709 13:03:49.583719 13326 leader_election.cc:343] T 3089d513e7ce4ac49cddd91c3f627eee P a958e54b809e48b6a02ed377e7ac5c32 [CANDIDATE]: Term 1 pre-election: Tablet error from VoteRequest() call to peer b23da26beafd4d49b962167210bad690 (127.11.224.1:36483): Illegal state: must be running to vote when last-logged opid is not known
I20260709 13:03:49.585021 13474 ts_tablet_manager.cc:1434] T 053ee5646f534f9ebfbe7fc5d41b3f7b P c98a5c9601bb4862b609be300f37bd58: Time spent starting tablet: real 0.043s	user 0.005s	sys 0.003s
I20260709 13:03:49.597138 13476 tablet_bootstrap.cc:654] T e7cf09ca06684a85b1dae9a3db636aba P a958e54b809e48b6a02ed377e7ac5c32: Neither blocks nor log segments found. Creating new log.
I20260709 13:03:49.610042 13474 tablet_bootstrap.cc:492] T 428d6f7622be475c908330d29cc6ecd2 P c98a5c9601bb4862b609be300f37bd58: Bootstrap starting.
I20260709 13:03:49.584973 13249 leader_election.cc:304] T 5fd8c4c088604abcb1fb99e3ae46f37a P b23da26beafd4d49b962167210bad690 [CANDIDATE]: Term 1 election: Election decided. Result: candidate won. Election summary: received 2 responses out of 3 voters: 2 yes votes; 0 no votes. yes voters: b23da26beafd4d49b962167210bad690, c98a5c9601bb4862b609be300f37bd58; no voters: 
I20260709 13:03:49.613345 13481 raft_consensus.cc:2804] T 5fd8c4c088604abcb1fb99e3ae46f37a P b23da26beafd4d49b962167210bad690 [term 1 FOLLOWER]: Leader election won for term 1
I20260709 13:03:49.607457 13358 raft_consensus.cc:2468] T 5fd8c4c088604abcb1fb99e3ae46f37a P a958e54b809e48b6a02ed377e7ac5c32 [term 1 FOLLOWER]: Leader election vote request: Granting yes vote for candidate b23da26beafd4d49b962167210bad690 in term 1.
I20260709 13:03:49.613822 13481 raft_consensus.cc:697] T 5fd8c4c088604abcb1fb99e3ae46f37a P b23da26beafd4d49b962167210bad690 [term 1 LEADER]: Becoming Leader. State: Replica: b23da26beafd4d49b962167210bad690, State: Running, Role: LEADER
I20260709 13:03:49.620582 13481 consensus_queue.cc:237] T 5fd8c4c088604abcb1fb99e3ae46f37a P b23da26beafd4d49b962167210bad690 [LEADER]: Queue going to LEADER mode. State: All replicated index: 0, Majority replicated index: 0, Committed index: 0, Last appended: 0.0, Last appended by leader: 0, Current term: 1, Majority size: 2, State: 0, Mode: LEADER, active raft config: opid_index: -1 OBSOLETE_local: false peers { permanent_uuid: "b23da26beafd4d49b962167210bad690" member_type: VOTER last_known_addr { host: "127.11.224.1" port: 36483 } } peers { permanent_uuid: "a958e54b809e48b6a02ed377e7ac5c32" member_type: VOTER last_known_addr { host: "127.11.224.2" port: 41695 } } peers { permanent_uuid: "c98a5c9601bb4862b609be300f37bd58" member_type: VOTER last_known_addr { host: "127.11.224.3" port: 34087 } }
I20260709 13:03:49.623220 13475 tablet_bootstrap.cc:492] T 45bd8b5e72434c1d925655440795722c P b23da26beafd4d49b962167210bad690: No bootstrap required, opened a new log
W20260709 13:03:49.586301 13324 leader_election.cc:343] T 3089d513e7ce4ac49cddd91c3f627eee P a958e54b809e48b6a02ed377e7ac5c32 [CANDIDATE]: Term 1 pre-election: Tablet error from VoteRequest() call to peer c98a5c9601bb4862b609be300f37bd58 (127.11.224.3:34087): Illegal state: must be running to vote when last-logged opid is not known
I20260709 13:03:49.623889 13475 ts_tablet_manager.cc:1403] T 45bd8b5e72434c1d925655440795722c P b23da26beafd4d49b962167210bad690: Time spent bootstrapping tablet: real 0.115s	user 0.013s	sys 0.025s
I20260709 13:03:49.623843 13324 leader_election.cc:304] T 3089d513e7ce4ac49cddd91c3f627eee P a958e54b809e48b6a02ed377e7ac5c32 [CANDIDATE]: Term 1 pre-election: Election decided. Result: candidate lost. Election summary: received 3 responses out of 3 voters: 1 yes votes; 2 no votes. yes voters: a958e54b809e48b6a02ed377e7ac5c32; no voters: b23da26beafd4d49b962167210bad690, c98a5c9601bb4862b609be300f37bd58
I20260709 13:03:49.624796 13537 raft_consensus.cc:2749] T 3089d513e7ce4ac49cddd91c3f627eee P a958e54b809e48b6a02ed377e7ac5c32 [term 0 FOLLOWER]: Leader pre-election lost for term 1. Reason: could not achieve majority
I20260709 13:03:49.628065 13475 raft_consensus.cc:359] T 45bd8b5e72434c1d925655440795722c P b23da26beafd4d49b962167210bad690 [term 0 FOLLOWER]: Replica starting. Triggering 0 pending ops. Active config: opid_index: -1 OBSOLETE_local: false peers { permanent_uuid: "b23da26beafd4d49b962167210bad690" member_type: VOTER last_known_addr { host: "127.11.224.1" port: 36483 } } peers { permanent_uuid: "a958e54b809e48b6a02ed377e7ac5c32" member_type: VOTER last_known_addr { host: "127.11.224.2" port: 41695 } } peers { permanent_uuid: "c98a5c9601bb4862b609be300f37bd58" member_type: VOTER last_known_addr { host: "127.11.224.3" port: 34087 } }
I20260709 13:03:49.629088 13475 raft_consensus.cc:385] T 45bd8b5e72434c1d925655440795722c P b23da26beafd4d49b962167210bad690 [term 0 FOLLOWER]: Consensus starting up: Expiring failure detector timer to make a prompt election more likely
I20260709 13:03:49.629427 13475 raft_consensus.cc:740] T 45bd8b5e72434c1d925655440795722c P b23da26beafd4d49b962167210bad690 [term 0 FOLLOWER]: Becoming Follower/Learner. State: Replica: b23da26beafd4d49b962167210bad690, State: Initialized, Role: FOLLOWER
I20260709 13:03:49.635613 13474 tablet_bootstrap.cc:654] T 428d6f7622be475c908330d29cc6ecd2 P c98a5c9601bb4862b609be300f37bd58: Neither blocks nor log segments found. Creating new log.
I20260709 13:03:49.636773 13475 consensus_queue.cc:260] T 45bd8b5e72434c1d925655440795722c P b23da26beafd4d49b962167210bad690 [NON_LEADER]: Queue going to NON_LEADER mode. State: All replicated index: 0, Majority replicated index: 0, Committed index: 0, Last appended: 0.0, Last appended by leader: 0, Current term: 0, Majority size: -1, State: 0, Mode: NON_LEADER, active raft config: opid_index: -1 OBSOLETE_local: false peers { permanent_uuid: "b23da26beafd4d49b962167210bad690" member_type: VOTER last_known_addr { host: "127.11.224.1" port: 36483 } } peers { permanent_uuid: "a958e54b809e48b6a02ed377e7ac5c32" member_type: VOTER last_known_addr { host: "127.11.224.2" port: 41695 } } peers { permanent_uuid: "c98a5c9601bb4862b609be300f37bd58" member_type: VOTER last_known_addr { host: "127.11.224.3" port: 34087 } }
I20260709 13:03:49.636348 13180 catalog_manager.cc:5697] T 3c7f59bc2e9947debabc753f3f633dfd P a958e54b809e48b6a02ed377e7ac5c32 reported cstate change: term changed from 0 to 1, leader changed from <none> to a958e54b809e48b6a02ed377e7ac5c32 (127.11.224.2). New cstate: current_term: 1 leader_uuid: "a958e54b809e48b6a02ed377e7ac5c32" committed_config { opid_index: -1 OBSOLETE_local: false peers { permanent_uuid: "b23da26beafd4d49b962167210bad690" member_type: VOTER last_known_addr { host: "127.11.224.1" port: 36483 } health_report { overall_health: UNKNOWN } } peers { permanent_uuid: "a958e54b809e48b6a02ed377e7ac5c32" member_type: VOTER last_known_addr { host: "127.11.224.2" port: 41695 } health_report { overall_health: HEALTHY } } peers { permanent_uuid: "c98a5c9601bb4862b609be300f37bd58" member_type: VOTER last_known_addr { host: "127.11.224.3" port: 34087 } health_report { overall_health: UNKNOWN } } }
I20260709 13:03:49.638687 13476 tablet_bootstrap.cc:492] T e7cf09ca06684a85b1dae9a3db636aba P a958e54b809e48b6a02ed377e7ac5c32: No bootstrap required, opened a new log
I20260709 13:03:49.639057 13475 ts_tablet_manager.cc:1434] T 45bd8b5e72434c1d925655440795722c P b23da26beafd4d49b962167210bad690: Time spent starting tablet: real 0.015s	user 0.008s	sys 0.000s
I20260709 13:03:49.639142 13476 ts_tablet_manager.cc:1403] T e7cf09ca06684a85b1dae9a3db636aba P a958e54b809e48b6a02ed377e7ac5c32: Time spent bootstrapping tablet: real 0.069s	user 0.024s	sys 0.017s
I20260709 13:03:49.639882 13475 tablet_bootstrap.cc:492] T f7dec2033ff440bc9c02e66a965c0684 P b23da26beafd4d49b962167210bad690: Bootstrap starting.
I20260709 13:03:49.641695 13476 raft_consensus.cc:359] T e7cf09ca06684a85b1dae9a3db636aba P a958e54b809e48b6a02ed377e7ac5c32 [term 0 FOLLOWER]: Replica starting. Triggering 0 pending ops. Active config: opid_index: -1 OBSOLETE_local: false peers { permanent_uuid: "b23da26beafd4d49b962167210bad690" member_type: VOTER last_known_addr { host: "127.11.224.1" port: 36483 } } peers { permanent_uuid: "a958e54b809e48b6a02ed377e7ac5c32" member_type: VOTER last_known_addr { host: "127.11.224.2" port: 41695 } } peers { permanent_uuid: "c98a5c9601bb4862b609be300f37bd58" member_type: VOTER last_known_addr { host: "127.11.224.3" port: 34087 } }
I20260709 13:03:49.642232 13476 raft_consensus.cc:385] T e7cf09ca06684a85b1dae9a3db636aba P a958e54b809e48b6a02ed377e7ac5c32 [term 0 FOLLOWER]: Consensus starting up: Expiring failure detector timer to make a prompt election more likely
I20260709 13:03:49.642473 13476 raft_consensus.cc:740] T e7cf09ca06684a85b1dae9a3db636aba P a958e54b809e48b6a02ed377e7ac5c32 [term 0 FOLLOWER]: Becoming Follower/Learner. State: Replica: a958e54b809e48b6a02ed377e7ac5c32, State: Initialized, Role: FOLLOWER
I20260709 13:03:49.643108 13476 consensus_queue.cc:260] T e7cf09ca06684a85b1dae9a3db636aba P a958e54b809e48b6a02ed377e7ac5c32 [NON_LEADER]: Queue going to NON_LEADER mode. State: All replicated index: 0, Majority replicated index: 0, Committed index: 0, Last appended: 0.0, Last appended by leader: 0, Current term: 0, Majority size: -1, State: 0, Mode: NON_LEADER, active raft config: opid_index: -1 OBSOLETE_local: false peers { permanent_uuid: "b23da26beafd4d49b962167210bad690" member_type: VOTER last_known_addr { host: "127.11.224.1" port: 36483 } } peers { permanent_uuid: "a958e54b809e48b6a02ed377e7ac5c32" member_type: VOTER last_known_addr { host: "127.11.224.2" port: 41695 } } peers { permanent_uuid: "c98a5c9601bb4862b609be300f37bd58" member_type: VOTER last_known_addr { host: "127.11.224.3" port: 34087 } }
I20260709 13:03:49.645601 13476 ts_tablet_manager.cc:1434] T e7cf09ca06684a85b1dae9a3db636aba P a958e54b809e48b6a02ed377e7ac5c32: Time spent starting tablet: real 0.006s	user 0.007s	sys 0.000s
I20260709 13:03:49.646235 13475 tablet_bootstrap.cc:654] T f7dec2033ff440bc9c02e66a965c0684 P b23da26beafd4d49b962167210bad690: Neither blocks nor log segments found. Creating new log.
I20260709 13:03:49.646634 13476 tablet_bootstrap.cc:492] T 45bd8b5e72434c1d925655440795722c P a958e54b809e48b6a02ed377e7ac5c32: Bootstrap starting.
I20260709 13:03:49.648950 13181 catalog_manager.cc:5697] T 5fd8c4c088604abcb1fb99e3ae46f37a P b23da26beafd4d49b962167210bad690 reported cstate change: term changed from 0 to 1, leader changed from <none> to b23da26beafd4d49b962167210bad690 (127.11.224.1). New cstate: current_term: 1 leader_uuid: "b23da26beafd4d49b962167210bad690" committed_config { opid_index: -1 OBSOLETE_local: false peers { permanent_uuid: "b23da26beafd4d49b962167210bad690" member_type: VOTER last_known_addr { host: "127.11.224.1" port: 36483 } health_report { overall_health: HEALTHY } } peers { permanent_uuid: "a958e54b809e48b6a02ed377e7ac5c32" member_type: VOTER last_known_addr { host: "127.11.224.2" port: 41695 } health_report { overall_health: UNKNOWN } } peers { permanent_uuid: "c98a5c9601bb4862b609be300f37bd58" member_type: VOTER last_known_addr { host: "127.11.224.3" port: 34087 } health_report { overall_health: UNKNOWN } } }
I20260709 13:03:49.652010 13530 raft_consensus.cc:493] T 053ee5646f534f9ebfbe7fc5d41b3f7b P c98a5c9601bb4862b609be300f37bd58 [term 0 FOLLOWER]: Starting pre-election (no leader contacted us within the election timeout)
I20260709 13:03:49.654150 13476 tablet_bootstrap.cc:654] T 45bd8b5e72434c1d925655440795722c P a958e54b809e48b6a02ed377e7ac5c32: Neither blocks nor log segments found. Creating new log.
I20260709 13:03:49.656273 13530 raft_consensus.cc:515] T 053ee5646f534f9ebfbe7fc5d41b3f7b P c98a5c9601bb4862b609be300f37bd58 [term 0 FOLLOWER]: Starting pre-election with config: opid_index: -1 OBSOLETE_local: false peers { permanent_uuid: "b23da26beafd4d49b962167210bad690" member_type: VOTER last_known_addr { host: "127.11.224.1" port: 36483 } } peers { permanent_uuid: "a958e54b809e48b6a02ed377e7ac5c32" member_type: VOTER last_known_addr { host: "127.11.224.2" port: 41695 } } peers { permanent_uuid: "c98a5c9601bb4862b609be300f37bd58" member_type: VOTER last_known_addr { host: "127.11.224.3" port: 34087 } }
I20260709 13:03:49.658530 13530 leader_election.cc:290] T 053ee5646f534f9ebfbe7fc5d41b3f7b P c98a5c9601bb4862b609be300f37bd58 [CANDIDATE]: Term 1 pre-election: Requested pre-vote from peers b23da26beafd4d49b962167210bad690 (127.11.224.1:36483), a958e54b809e48b6a02ed377e7ac5c32 (127.11.224.2:41695)
I20260709 13:03:49.658612 13475 tablet_bootstrap.cc:492] T f7dec2033ff440bc9c02e66a965c0684 P b23da26beafd4d49b962167210bad690: No bootstrap required, opened a new log
I20260709 13:03:49.659193 13475 ts_tablet_manager.cc:1403] T f7dec2033ff440bc9c02e66a965c0684 P b23da26beafd4d49b962167210bad690: Time spent bootstrapping tablet: real 0.019s	user 0.011s	sys 0.007s
I20260709 13:03:49.660887 13284 tablet_service.cc:1917] Received RequestConsensusVote() RPC: tablet_id: "053ee5646f534f9ebfbe7fc5d41b3f7b" candidate_uuid: "c98a5c9601bb4862b609be300f37bd58" candidate_term: 1 candidate_status { last_received { term: 0 index: 0 } } ignore_live_leader: false dest_uuid: "b23da26beafd4d49b962167210bad690" is_pre_election: true
I20260709 13:03:49.661561 13284 raft_consensus.cc:2468] T 053ee5646f534f9ebfbe7fc5d41b3f7b P b23da26beafd4d49b962167210bad690 [term 0 FOLLOWER]: Leader pre-election vote request: Granting yes vote for candidate c98a5c9601bb4862b609be300f37bd58 in term 0.
I20260709 13:03:49.662068 13475 raft_consensus.cc:359] T f7dec2033ff440bc9c02e66a965c0684 P b23da26beafd4d49b962167210bad690 [term 0 FOLLOWER]: Replica starting. Triggering 0 pending ops. Active config: opid_index: -1 OBSOLETE_local: false peers { permanent_uuid: "b23da26beafd4d49b962167210bad690" member_type: VOTER last_known_addr { host: "127.11.224.1" port: 36483 } } peers { permanent_uuid: "a958e54b809e48b6a02ed377e7ac5c32" member_type: VOTER last_known_addr { host: "127.11.224.2" port: 41695 } } peers { permanent_uuid: "c98a5c9601bb4862b609be300f37bd58" member_type: VOTER last_known_addr { host: "127.11.224.3" port: 34087 } }
I20260709 13:03:49.662788 13475 raft_consensus.cc:385] T f7dec2033ff440bc9c02e66a965c0684 P b23da26beafd4d49b962167210bad690 [term 0 FOLLOWER]: Consensus starting up: Expiring failure detector timer to make a prompt election more likely
I20260709 13:03:49.662638 13358 tablet_service.cc:1917] Received RequestConsensusVote() RPC: tablet_id: "053ee5646f534f9ebfbe7fc5d41b3f7b" candidate_uuid: "c98a5c9601bb4862b609be300f37bd58" candidate_term: 1 candidate_status { last_received { term: 0 index: 0 } } ignore_live_leader: false dest_uuid: "a958e54b809e48b6a02ed377e7ac5c32" is_pre_election: true
I20260709 13:03:49.663712 13475 raft_consensus.cc:740] T f7dec2033ff440bc9c02e66a965c0684 P b23da26beafd4d49b962167210bad690 [term 0 FOLLOWER]: Becoming Follower/Learner. State: Replica: b23da26beafd4d49b962167210bad690, State: Initialized, Role: FOLLOWER
I20260709 13:03:49.663658 13400 leader_election.cc:304] T 053ee5646f534f9ebfbe7fc5d41b3f7b P c98a5c9601bb4862b609be300f37bd58 [CANDIDATE]: Term 1 pre-election: Election decided. Result: candidate won. Election summary: received 2 responses out of 3 voters: 2 yes votes; 0 no votes. yes voters: b23da26beafd4d49b962167210bad690, c98a5c9601bb4862b609be300f37bd58; no voters: 
I20260709 13:03:49.664594 13475 consensus_queue.cc:260] T f7dec2033ff440bc9c02e66a965c0684 P b23da26beafd4d49b962167210bad690 [NON_LEADER]: Queue going to NON_LEADER mode. State: All replicated index: 0, Majority replicated index: 0, Committed index: 0, Last appended: 0.0, Last appended by leader: 0, Current term: 0, Majority size: -1, State: 0, Mode: NON_LEADER, active raft config: opid_index: -1 OBSOLETE_local: false peers { permanent_uuid: "b23da26beafd4d49b962167210bad690" member_type: VOTER last_known_addr { host: "127.11.224.1" port: 36483 } } peers { permanent_uuid: "a958e54b809e48b6a02ed377e7ac5c32" member_type: VOTER last_known_addr { host: "127.11.224.2" port: 41695 } } peers { permanent_uuid: "c98a5c9601bb4862b609be300f37bd58" member_type: VOTER last_known_addr { host: "127.11.224.3" port: 34087 } }
I20260709 13:03:49.666749 13475 ts_tablet_manager.cc:1434] T f7dec2033ff440bc9c02e66a965c0684 P b23da26beafd4d49b962167210bad690: Time spent starting tablet: real 0.007s	user 0.006s	sys 0.000s
I20260709 13:03:49.667829 13475 tablet_bootstrap.cc:492] T 428d6f7622be475c908330d29cc6ecd2 P b23da26beafd4d49b962167210bad690: Bootstrap starting.
W20260709 13:03:49.669322 13400 leader_election.cc:343] T 053ee5646f534f9ebfbe7fc5d41b3f7b P c98a5c9601bb4862b609be300f37bd58 [CANDIDATE]: Term 1 pre-election: Tablet error from VoteRequest() call to peer a958e54b809e48b6a02ed377e7ac5c32 (127.11.224.2:41695): Illegal state: must be running to vote when last-logged opid is not known
I20260709 13:03:49.670284 13476 tablet_bootstrap.cc:492] T 45bd8b5e72434c1d925655440795722c P a958e54b809e48b6a02ed377e7ac5c32: No bootstrap required, opened a new log
I20260709 13:03:49.670723 13530 raft_consensus.cc:2804] T 053ee5646f534f9ebfbe7fc5d41b3f7b P c98a5c9601bb4862b609be300f37bd58 [term 0 FOLLOWER]: Leader pre-election won for term 1
I20260709 13:03:49.671188 13530 raft_consensus.cc:493] T 053ee5646f534f9ebfbe7fc5d41b3f7b P c98a5c9601bb4862b609be300f37bd58 [term 0 FOLLOWER]: Starting leader election (no leader contacted us within the election timeout)
I20260709 13:03:49.671594 13530 raft_consensus.cc:3060] T 053ee5646f534f9ebfbe7fc5d41b3f7b P c98a5c9601bb4862b609be300f37bd58 [term 0 FOLLOWER]: Advancing to term 1
I20260709 13:03:49.674089 13475 tablet_bootstrap.cc:654] T 428d6f7622be475c908330d29cc6ecd2 P b23da26beafd4d49b962167210bad690: Neither blocks nor log segments found. Creating new log.
I20260709 13:03:49.670742 13476 ts_tablet_manager.cc:1403] T 45bd8b5e72434c1d925655440795722c P a958e54b809e48b6a02ed377e7ac5c32: Time spent bootstrapping tablet: real 0.024s	user 0.012s	sys 0.004s
I20260709 13:03:49.677929 13498 raft_consensus.cc:493] T e4f7cde9e82b4ea7b0ceefa6e88515f9 P c98a5c9601bb4862b609be300f37bd58 [term 0 FOLLOWER]: Starting pre-election (no leader contacted us within the election timeout)
I20260709 13:03:49.678359 13498 raft_consensus.cc:515] T e4f7cde9e82b4ea7b0ceefa6e88515f9 P c98a5c9601bb4862b609be300f37bd58 [term 0 FOLLOWER]: Starting pre-election with config: opid_index: -1 OBSOLETE_local: false peers { permanent_uuid: "b23da26beafd4d49b962167210bad690" member_type: VOTER last_known_addr { host: "127.11.224.1" port: 36483 } } peers { permanent_uuid: "a958e54b809e48b6a02ed377e7ac5c32" member_type: VOTER last_known_addr { host: "127.11.224.2" port: 41695 } } peers { permanent_uuid: "c98a5c9601bb4862b609be300f37bd58" member_type: VOTER last_known_addr { host: "127.11.224.3" port: 34087 } }
I20260709 13:03:49.680290 13498 leader_election.cc:290] T e4f7cde9e82b4ea7b0ceefa6e88515f9 P c98a5c9601bb4862b609be300f37bd58 [CANDIDATE]: Term 1 pre-election: Requested pre-vote from peers b23da26beafd4d49b962167210bad690 (127.11.224.1:36483), a958e54b809e48b6a02ed377e7ac5c32 (127.11.224.2:41695)
I20260709 13:03:49.680269 13476 raft_consensus.cc:359] T 45bd8b5e72434c1d925655440795722c P a958e54b809e48b6a02ed377e7ac5c32 [term 0 FOLLOWER]: Replica starting. Triggering 0 pending ops. Active config: opid_index: -1 OBSOLETE_local: false peers { permanent_uuid: "b23da26beafd4d49b962167210bad690" member_type: VOTER last_known_addr { host: "127.11.224.1" port: 36483 } } peers { permanent_uuid: "a958e54b809e48b6a02ed377e7ac5c32" member_type: VOTER last_known_addr { host: "127.11.224.2" port: 41695 } } peers { permanent_uuid: "c98a5c9601bb4862b609be300f37bd58" member_type: VOTER last_known_addr { host: "127.11.224.3" port: 34087 } }
I20260709 13:03:49.681391 13476 raft_consensus.cc:385] T 45bd8b5e72434c1d925655440795722c P a958e54b809e48b6a02ed377e7ac5c32 [term 0 FOLLOWER]: Consensus starting up: Expiring failure detector timer to make a prompt election more likely
I20260709 13:03:49.681535 13284 tablet_service.cc:1917] Received RequestConsensusVote() RPC: tablet_id: "e4f7cde9e82b4ea7b0ceefa6e88515f9" candidate_uuid: "c98a5c9601bb4862b609be300f37bd58" candidate_term: 1 candidate_status { last_received { term: 0 index: 0 } } ignore_live_leader: false dest_uuid: "b23da26beafd4d49b962167210bad690" is_pre_election: true
I20260709 13:03:49.681816 13476 raft_consensus.cc:740] T 45bd8b5e72434c1d925655440795722c P a958e54b809e48b6a02ed377e7ac5c32 [term 0 FOLLOWER]: Becoming Follower/Learner. State: Replica: a958e54b809e48b6a02ed377e7ac5c32, State: Initialized, Role: FOLLOWER
I20260709 13:03:49.682204 13284 raft_consensus.cc:2468] T e4f7cde9e82b4ea7b0ceefa6e88515f9 P b23da26beafd4d49b962167210bad690 [term 0 FOLLOWER]: Leader pre-election vote request: Granting yes vote for candidate c98a5c9601bb4862b609be300f37bd58 in term 0.
I20260709 13:03:49.682353 13358 tablet_service.cc:1917] Received RequestConsensusVote() RPC: tablet_id: "e4f7cde9e82b4ea7b0ceefa6e88515f9" candidate_uuid: "c98a5c9601bb4862b609be300f37bd58" candidate_term: 1 candidate_status { last_received { term: 0 index: 0 } } ignore_live_leader: false dest_uuid: "a958e54b809e48b6a02ed377e7ac5c32" is_pre_election: true
I20260709 13:03:49.682698 13476 consensus_queue.cc:260] T 45bd8b5e72434c1d925655440795722c P a958e54b809e48b6a02ed377e7ac5c32 [NON_LEADER]: Queue going to NON_LEADER mode. State: All replicated index: 0, Majority replicated index: 0, Committed index: 0, Last appended: 0.0, Last appended by leader: 0, Current term: 0, Majority size: -1, State: 0, Mode: NON_LEADER, active raft config: opid_index: -1 OBSOLETE_local: false peers { permanent_uuid: "b23da26beafd4d49b962167210bad690" member_type: VOTER last_known_addr { host: "127.11.224.1" port: 36483 } } peers { permanent_uuid: "a958e54b809e48b6a02ed377e7ac5c32" member_type: VOTER last_known_addr { host: "127.11.224.2" port: 41695 } } peers { permanent_uuid: "c98a5c9601bb4862b609be300f37bd58" member_type: VOTER last_known_addr { host: "127.11.224.3" port: 34087 } }
I20260709 13:03:49.683843 13400 leader_election.cc:304] T e4f7cde9e82b4ea7b0ceefa6e88515f9 P c98a5c9601bb4862b609be300f37bd58 [CANDIDATE]: Term 1 pre-election: Election decided. Result: candidate won. Election summary: received 2 responses out of 3 voters: 2 yes votes; 0 no votes. yes voters: b23da26beafd4d49b962167210bad690, c98a5c9601bb4862b609be300f37bd58; no voters: 
W20260709 13:03:49.684813 13400 leader_election.cc:343] T e4f7cde9e82b4ea7b0ceefa6e88515f9 P c98a5c9601bb4862b609be300f37bd58 [CANDIDATE]: Term 1 pre-election: Tablet error from VoteRequest() call to peer a958e54b809e48b6a02ed377e7ac5c32 (127.11.224.2:41695): Illegal state: must be running to vote when last-logged opid is not known
I20260709 13:03:49.685583 13476 ts_tablet_manager.cc:1434] T 45bd8b5e72434c1d925655440795722c P a958e54b809e48b6a02ed377e7ac5c32: Time spent starting tablet: real 0.009s	user 0.008s	sys 0.000s
I20260709 13:03:49.685716 13498 raft_consensus.cc:2804] T e4f7cde9e82b4ea7b0ceefa6e88515f9 P c98a5c9601bb4862b609be300f37bd58 [term 0 FOLLOWER]: Leader pre-election won for term 1
I20260709 13:03:49.686187 13498 raft_consensus.cc:493] T e4f7cde9e82b4ea7b0ceefa6e88515f9 P c98a5c9601bb4862b609be300f37bd58 [term 0 FOLLOWER]: Starting leader election (no leader contacted us within the election timeout)
I20260709 13:03:49.686537 13498 raft_consensus.cc:3060] T e4f7cde9e82b4ea7b0ceefa6e88515f9 P c98a5c9601bb4862b609be300f37bd58 [term 0 FOLLOWER]: Advancing to term 1
