[==========] Running 8 tests from 2 test suites.
[----------] Global test environment set-up.
[----------] 6 tests from LeaderRebalancerTest
[ RUN      ] LeaderRebalancerTest.FunctionalTestForDivided
WARNING: Logging before InitGoogleLogging() is written to STDERR
I20260709 13:03:18.069504 13783 internal_mini_cluster.cc:156] Creating distributed mini masters. Addrs: 127.13.117.254:43093
I20260709 13:03:18.070969 13783 env_posix.cc:2285] Not raising this process' open files per process limit of 1048576; it is already as high as it can go
I20260709 13:03:18.071943 13783 file_cache.cc:504] Constructed file cache file cache with capacity 419430
W20260709 13:03:18.087247 13789 instance_detector.cc:116] could not retrieve AWS instance metadata: Network error: curl error: HTTP response code said error: The requested URL returned error: 404
W20260709 13:03:18.087258 13792 instance_detector.cc:116] could not retrieve OpenStack instance metadata: Network error: curl error: HTTP response code said error: The requested URL returned error: 404
I20260709 13:03:18.088881 13783 server_base.cc:1061] running on GCE node
W20260709 13:03:18.087280 13790 instance_detector.cc:116] could not retrieve Azure instance metadata: Network error: curl error: HTTP response code said error: The requested URL returned error: 404
I20260709 13:03:19.190420 13783 hybrid_clock.cc:584] initializing the hybrid clock with 'system_unsync' time source
W20260709 13:03:19.190654 13783 system_unsync_time.cc:38] NTP support is disabled. Clock error bounds will not be accurate. This configuration is not suitable for distributed clusters.
I20260709 13:03:19.190847 13783 hybrid_clock.cc:648] HybridClock initialized: now 1783602199190828 us; error 0 us; skew 500 ppm
I20260709 13:03:19.191607 13783 server_base.cc:861] Flag tcmalloc_max_total_thread_cache_bytes is not working since tcmalloc is not enabled.
I20260709 13:03:19.197423 13783 webserver.cc:533] Webserver started at http://127.13.117.254:33451/ using document root <none> and password file <none>
I20260709 13:03:19.198204 13783 fs_manager.cc:362] Metadata directory not provided
I20260709 13:03:19.198385 13783 fs_manager.cc:368] Using write-ahead log directory (fs_wal_dir) as metadata directory
I20260709 13:03:19.198782 13783 server_base.cc:909] This appears to be a new deployment of Kudu; creating new FS layout
I20260709 13:03:19.204257 13783 fs_manager.cc:1068] Generated new instance metadata in path /tmp/dist-test-tasktCzNZw/test-tmp/auto_leader_rebalancer-test.0.LeaderRebalancerTest.FunctionalTestForDivided.1783602197911133-13783-0/minicluster-data/master-0-root/instance:
uuid: "185fb495b0d547869fbcdebeb8221d2d"
format_stamp: "Formatted at 2026-07-09 13:03:19 on dist-test-slave-4ckm"
I20260709 13:03:19.211445 13783 fs_manager.cc:696] Time spent creating directory manager: real 0.006s	user 0.007s	sys 0.001s
I20260709 13:03:19.216132 13798 log_block_manager.cc:4127] Time spent loading block containers with low live blocks: real 0.000s	user 0.000s	sys 0.000s
I20260709 13:03:19.217163 13783 fs_manager.cc:730] Time spent opening block manager: real 0.003s	user 0.005s	sys 0.000s
I20260709 13:03:19.217465 13783 fs_manager.cc:647] Opened local filesystem: /tmp/dist-test-tasktCzNZw/test-tmp/auto_leader_rebalancer-test.0.LeaderRebalancerTest.FunctionalTestForDivided.1783602197911133-13783-0/minicluster-data/master-0-root
uuid: "185fb495b0d547869fbcdebeb8221d2d"
format_stamp: "Formatted at 2026-07-09 13:03:19 on dist-test-slave-4ckm"
I20260709 13:03:19.217774 13783 fs_report.cc:389] FS layout report
--------------------
wal directory: /tmp/dist-test-tasktCzNZw/test-tmp/auto_leader_rebalancer-test.0.LeaderRebalancerTest.FunctionalTestForDivided.1783602197911133-13783-0/minicluster-data/master-0-root
metadata directory: /tmp/dist-test-tasktCzNZw/test-tmp/auto_leader_rebalancer-test.0.LeaderRebalancerTest.FunctionalTestForDivided.1783602197911133-13783-0/minicluster-data/master-0-root
1 data directories: /tmp/dist-test-tasktCzNZw/test-tmp/auto_leader_rebalancer-test.0.LeaderRebalancerTest.FunctionalTestForDivided.1783602197911133-13783-0/minicluster-data/master-0-root/data
Total live blocks: 0
Total live bytes: 0
Total live bytes (after alignment): 0
Total number of LBM containers: 0 (0 full)
Did not check for missing blocks
Did not check for orphaned blocks
Total full LBM containers with extra space: 0 (0 repaired)
Total full LBM container extra space in bytes: 0 (0 repaired)
Total incomplete LBM containers: 0 (0 repaired)
Total LBM partial records: 0 (0 repaired)
Total corrupted LBM metadata records in RocksDB: 0 (0 repaired)
I20260709 13:03:19.279449 13783 rpc_server.cc:225] running with OpenSSL 1.1.1  11 Sep 2018
I20260709 13:03:19.280925 13783 env_posix.cc:2285] Not raising this process' running threads per effective uid limit of 18446744073709551615; it is already as high as it can go
I20260709 13:03:19.281351 13783 kserver.cc:163] Server-wide thread pool size limit: 3276
I20260709 13:03:19.347240 13783 rpc_server.cc:307] RPC server started. Bound to: 127.13.117.254:43093
I20260709 13:03:19.347299 13849 acceptor_pool.cc:272] collecting diagnostics on the listening RPC socket 127.13.117.254:43093 every 8 connection(s)
I20260709 13:03:19.355352 13850 data_dirs.cc:400] Could only allocate 1 dirs of requested 3 for tablet 00000000000000000000000000000000. 1 dirs total, 0 dirs full, 0 dirs failed
I20260709 13:03:19.376062 13850 tablet_bootstrap.cc:492] T 00000000000000000000000000000000 P 185fb495b0d547869fbcdebeb8221d2d: Bootstrap starting.
I20260709 13:03:19.381733 13850 tablet_bootstrap.cc:654] T 00000000000000000000000000000000 P 185fb495b0d547869fbcdebeb8221d2d: Neither blocks nor log segments found. Creating new log.
I20260709 13:03:19.383580 13850 log.cc:826] T 00000000000000000000000000000000 P 185fb495b0d547869fbcdebeb8221d2d: Log is configured to *not* fsync() on all Append() calls
I20260709 13:03:19.387959 13850 tablet_bootstrap.cc:492] T 00000000000000000000000000000000 P 185fb495b0d547869fbcdebeb8221d2d: No bootstrap required, opened a new log
I20260709 13:03:19.407653 13850 raft_consensus.cc:359] T 00000000000000000000000000000000 P 185fb495b0d547869fbcdebeb8221d2d [term 0 FOLLOWER]: Replica starting. Triggering 0 pending ops. Active config: opid_index: -1 OBSOLETE_local: true peers { permanent_uuid: "185fb495b0d547869fbcdebeb8221d2d" member_type: VOTER }
I20260709 13:03:19.408186 13850 raft_consensus.cc:385] T 00000000000000000000000000000000 P 185fb495b0d547869fbcdebeb8221d2d [term 0 FOLLOWER]: Consensus starting up: Expiring failure detector timer to make a prompt election more likely
I20260709 13:03:19.408380 13850 raft_consensus.cc:740] T 00000000000000000000000000000000 P 185fb495b0d547869fbcdebeb8221d2d [term 0 FOLLOWER]: Becoming Follower/Learner. State: Replica: 185fb495b0d547869fbcdebeb8221d2d, State: Initialized, Role: FOLLOWER
I20260709 13:03:19.409168 13850 consensus_queue.cc:260] T 00000000000000000000000000000000 P 185fb495b0d547869fbcdebeb8221d2d [NON_LEADER]: Queue going to NON_LEADER mode. State: All replicated index: 0, Majority replicated index: 0, Committed index: 0, Last appended: 0.0, Last appended by leader: 0, Current term: 0, Majority size: -1, State: 0, Mode: NON_LEADER, active raft config: opid_index: -1 OBSOLETE_local: true peers { permanent_uuid: "185fb495b0d547869fbcdebeb8221d2d" member_type: VOTER }
I20260709 13:03:19.409641 13850 raft_consensus.cc:399] T 00000000000000000000000000000000 P 185fb495b0d547869fbcdebeb8221d2d [term 0 FOLLOWER]: Only one voter in the Raft config. Triggering election immediately
I20260709 13:03:19.409891 13850 raft_consensus.cc:493] T 00000000000000000000000000000000 P 185fb495b0d547869fbcdebeb8221d2d [term 0 FOLLOWER]: Starting leader election (initial election of a single-replica configuration)
I20260709 13:03:19.410161 13850 raft_consensus.cc:3060] T 00000000000000000000000000000000 P 185fb495b0d547869fbcdebeb8221d2d [term 0 FOLLOWER]: Advancing to term 1
I20260709 13:03:19.413986 13850 raft_consensus.cc:515] T 00000000000000000000000000000000 P 185fb495b0d547869fbcdebeb8221d2d [term 1 FOLLOWER]: Starting leader election with config: opid_index: -1 OBSOLETE_local: true peers { permanent_uuid: "185fb495b0d547869fbcdebeb8221d2d" member_type: VOTER }
I20260709 13:03:19.414619 13850 leader_election.cc:304] T 00000000000000000000000000000000 P 185fb495b0d547869fbcdebeb8221d2d [CANDIDATE]: Term 1 election: Election decided. Result: candidate won. Election summary: received 1 responses out of 1 voters: 1 yes votes; 0 no votes. yes voters: 185fb495b0d547869fbcdebeb8221d2d; no voters: 
I20260709 13:03:19.416186 13850 leader_election.cc:290] T 00000000000000000000000000000000 P 185fb495b0d547869fbcdebeb8221d2d [CANDIDATE]: Term 1 election: Requested vote from peers 
I20260709 13:03:19.416478 13853 raft_consensus.cc:2804] T 00000000000000000000000000000000 P 185fb495b0d547869fbcdebeb8221d2d [term 1 FOLLOWER]: Leader election won for term 1
I20260709 13:03:19.418442 13853 raft_consensus.cc:697] T 00000000000000000000000000000000 P 185fb495b0d547869fbcdebeb8221d2d [term 1 LEADER]: Becoming Leader. State: Replica: 185fb495b0d547869fbcdebeb8221d2d, State: Running, Role: LEADER
I20260709 13:03:19.419315 13853 consensus_queue.cc:237] T 00000000000000000000000000000000 P 185fb495b0d547869fbcdebeb8221d2d [LEADER]: Queue going to LEADER mode. State: All replicated index: 0, Majority replicated index: 0, Committed index: 0, Last appended: 0.0, Last appended by leader: 0, Current term: 1, Majority size: 1, State: 0, Mode: LEADER, active raft config: opid_index: -1 OBSOLETE_local: true peers { permanent_uuid: "185fb495b0d547869fbcdebeb8221d2d" member_type: VOTER }
I20260709 13:03:19.420300 13850 sys_catalog.cc:565] T 00000000000000000000000000000000 P 185fb495b0d547869fbcdebeb8221d2d [sys.catalog]: configured and running, proceeding with master startup.
I20260709 13:03:19.429324 13854 sys_catalog.cc:455] T 00000000000000000000000000000000 P 185fb495b0d547869fbcdebeb8221d2d [sys.catalog]: SysCatalogTable state changed. Reason: RaftConsensus started. Latest consensus state: current_term: 1 leader_uuid: "185fb495b0d547869fbcdebeb8221d2d" committed_config { opid_index: -1 OBSOLETE_local: true peers { permanent_uuid: "185fb495b0d547869fbcdebeb8221d2d" member_type: VOTER } }
I20260709 13:03:19.429467 13855 sys_catalog.cc:455] T 00000000000000000000000000000000 P 185fb495b0d547869fbcdebeb8221d2d [sys.catalog]: SysCatalogTable state changed. Reason: New leader 185fb495b0d547869fbcdebeb8221d2d. Latest consensus state: current_term: 1 leader_uuid: "185fb495b0d547869fbcdebeb8221d2d" committed_config { opid_index: -1 OBSOLETE_local: true peers { permanent_uuid: "185fb495b0d547869fbcdebeb8221d2d" member_type: VOTER } }
I20260709 13:03:19.429991 13854 sys_catalog.cc:458] T 00000000000000000000000000000000 P 185fb495b0d547869fbcdebeb8221d2d [sys.catalog]: This master's current role is: LEADER
I20260709 13:03:19.430220 13855 sys_catalog.cc:458] T 00000000000000000000000000000000 P 185fb495b0d547869fbcdebeb8221d2d [sys.catalog]: This master's current role is: LEADER
I20260709 13:03:19.432715 13862 catalog_manager.cc:1511] Loading table and tablet metadata into memory...
I20260709 13:03:19.444123 13862 catalog_manager.cc:1520] Initializing Kudu cluster ID...
I20260709 13:03:19.446245 13783 internal_mini_cluster.cc:184] Waiting to initialize catalog manager on master 0
I20260709 13:03:19.459240 13862 catalog_manager.cc:1383] Generated new cluster ID: f485ff57d9c1447aa2da0e3946f07235
I20260709 13:03:19.459486 13862 catalog_manager.cc:1531] Initializing Kudu internal certificate authority...
I20260709 13:03:19.484987 13862 catalog_manager.cc:1406] Generated new certificate authority record
I20260709 13:03:19.486431 13862 catalog_manager.cc:1540] Loading token signing keys...
I20260709 13:03:19.503418 13862 catalog_manager.cc:6070] T 00000000000000000000000000000000 P 185fb495b0d547869fbcdebeb8221d2d: Generated new TSK 0
I20260709 13:03:19.504282 13862 catalog_manager.cc:1550] Initializing in-progress tserver states...
I20260709 13:03:19.512423 13783 file_cache.cc:504] Constructed file cache file cache with capacity 419430
W20260709 13:03:19.519692 13872 instance_detector.cc:116] could not retrieve AWS instance metadata: Network error: curl error: HTTP response code said error: The requested URL returned error: 404
W20260709 13:03:19.520814 13873 instance_detector.cc:116] could not retrieve Azure instance metadata: Network error: curl error: HTTP response code said error: The requested URL returned error: 404
W20260709 13:03:19.524479 13875 instance_detector.cc:116] could not retrieve OpenStack instance metadata: Network error: curl error: HTTP response code said error: The requested URL returned error: 404
I20260709 13:03:19.524564 13783 server_base.cc:1061] running on GCE node
I20260709 13:03:19.525414 13783 hybrid_clock.cc:584] initializing the hybrid clock with 'system_unsync' time source
W20260709 13:03:19.525602 13783 system_unsync_time.cc:38] NTP support is disabled. Clock error bounds will not be accurate. This configuration is not suitable for distributed clusters.
I20260709 13:03:19.525765 13783 hybrid_clock.cc:648] HybridClock initialized: now 1783602199525747 us; error 0 us; skew 500 ppm
I20260709 13:03:19.526330 13783 server_base.cc:861] Flag tcmalloc_max_total_thread_cache_bytes is not working since tcmalloc is not enabled.
I20260709 13:03:19.529628 13783 webserver.cc:533] Webserver started at http://127.13.117.193:35195/ using document root <none> and password file <none>
I20260709 13:03:19.530135 13783 fs_manager.cc:362] Metadata directory not provided
I20260709 13:03:19.530320 13783 fs_manager.cc:368] Using write-ahead log directory (fs_wal_dir) as metadata directory
I20260709 13:03:19.530566 13783 server_base.cc:909] This appears to be a new deployment of Kudu; creating new FS layout
I20260709 13:03:19.531637 13783 fs_manager.cc:1068] Generated new instance metadata in path /tmp/dist-test-tasktCzNZw/test-tmp/auto_leader_rebalancer-test.0.LeaderRebalancerTest.FunctionalTestForDivided.1783602197911133-13783-0/minicluster-data/ts-0-root/instance:
uuid: "73718c9691b84628b52995c0d7cd8ffc"
format_stamp: "Formatted at 2026-07-09 13:03:19 on dist-test-slave-4ckm"
I20260709 13:03:19.537232 13783 fs_manager.cc:696] Time spent creating directory manager: real 0.005s	user 0.002s	sys 0.004s
I20260709 13:03:19.541395 13880 log_block_manager.cc:4127] Time spent loading block containers with low live blocks: real 0.000s	user 0.000s	sys 0.000s
I20260709 13:03:19.542169 13783 fs_manager.cc:730] Time spent opening block manager: real 0.003s	user 0.002s	sys 0.000s
I20260709 13:03:19.542429 13783 fs_manager.cc:647] Opened local filesystem: /tmp/dist-test-tasktCzNZw/test-tmp/auto_leader_rebalancer-test.0.LeaderRebalancerTest.FunctionalTestForDivided.1783602197911133-13783-0/minicluster-data/ts-0-root
uuid: "73718c9691b84628b52995c0d7cd8ffc"
format_stamp: "Formatted at 2026-07-09 13:03:19 on dist-test-slave-4ckm"
I20260709 13:03:19.542706 13783 fs_report.cc:389] FS layout report
--------------------
wal directory: /tmp/dist-test-tasktCzNZw/test-tmp/auto_leader_rebalancer-test.0.LeaderRebalancerTest.FunctionalTestForDivided.1783602197911133-13783-0/minicluster-data/ts-0-root
metadata directory: /tmp/dist-test-tasktCzNZw/test-tmp/auto_leader_rebalancer-test.0.LeaderRebalancerTest.FunctionalTestForDivided.1783602197911133-13783-0/minicluster-data/ts-0-root
1 data directories: /tmp/dist-test-tasktCzNZw/test-tmp/auto_leader_rebalancer-test.0.LeaderRebalancerTest.FunctionalTestForDivided.1783602197911133-13783-0/minicluster-data/ts-0-root/data
Total live blocks: 0
Total live bytes: 0
Total live bytes (after alignment): 0
Total number of LBM containers: 0 (0 full)
Did not check for missing blocks
Did not check for orphaned blocks
Total full LBM containers with extra space: 0 (0 repaired)
Total full LBM container extra space in bytes: 0 (0 repaired)
Total incomplete LBM containers: 0 (0 repaired)
Total LBM partial records: 0 (0 repaired)
Total corrupted LBM metadata records in RocksDB: 0 (0 repaired)
I20260709 13:03:19.560940 13783 rpc_server.cc:225] running with OpenSSL 1.1.1  11 Sep 2018
I20260709 13:03:19.562191 13783 kserver.cc:163] Server-wide thread pool size limit: 3276
I20260709 13:03:19.564756 13783 txn_system_client.cc:432] TxnSystemClient initialization is disabled...
I20260709 13:03:19.568542 13783 ts_tablet_manager.cc:585] Loaded tablet metadata (0 total tablets, 0 live tablets)
I20260709 13:03:19.568755 13783 ts_tablet_manager.cc:531] Time spent load tablet metadata: real 0.000s	user 0.000s	sys 0.000s
I20260709 13:03:19.569001 13783 ts_tablet_manager.cc:616] Registered 0 tablets
I20260709 13:03:19.569144 13783 ts_tablet_manager.cc:595] Time spent register tablets: real 0.000s	user 0.000s	sys 0.000s
I20260709 13:03:19.661046 13783 rpc_server.cc:307] RPC server started. Bound to: 127.13.117.193:33465
I20260709 13:03:19.661118 13942 acceptor_pool.cc:272] collecting diagnostics on the listening RPC socket 127.13.117.193:33465 every 8 connection(s)
I20260709 13:03:19.667460 13783 file_cache.cc:504] Constructed file cache file cache with capacity 419430
W20260709 13:03:19.676646 13947 instance_detector.cc:116] could not retrieve AWS instance metadata: Network error: curl error: HTTP response code said error: The requested URL returned error: 404
W20260709 13:03:19.687259 13948 instance_detector.cc:116] could not retrieve Azure instance metadata: Network error: curl error: HTTP response code said error: The requested URL returned error: 404
I20260709 13:03:19.691046 13943 heartbeater.cc:344] Connected to a master server at 127.13.117.254:43093
I20260709 13:03:19.691540 13943 heartbeater.cc:461] Registering TS with master...
W20260709 13:03:19.692760 13950 instance_detector.cc:116] could not retrieve OpenStack instance metadata: Network error: curl error: HTTP response code said error: The requested URL returned error: 404
I20260709 13:03:19.692940 13783 server_base.cc:1061] running on GCE node
I20260709 13:03:19.692904 13943 heartbeater.cc:507] Master 127.13.117.254:43093 requested a full tablet report, sending...
I20260709 13:03:19.694176 13783 hybrid_clock.cc:584] initializing the hybrid clock with 'system_unsync' time source
W20260709 13:03:19.694423 13783 system_unsync_time.cc:38] NTP support is disabled. Clock error bounds will not be accurate. This configuration is not suitable for distributed clusters.
I20260709 13:03:19.694558 13783 hybrid_clock.cc:648] HybridClock initialized: now 1783602199694544 us; error 0 us; skew 500 ppm
I20260709 13:03:19.695256 13783 server_base.cc:861] Flag tcmalloc_max_total_thread_cache_bytes is not working since tcmalloc is not enabled.
I20260709 13:03:19.696455 13815 ts_manager.cc:194] Registered new tserver with Master: 73718c9691b84628b52995c0d7cd8ffc (127.13.117.193:33465)
I20260709 13:03:19.698527 13783 webserver.cc:533] Webserver started at http://127.13.117.194:41259/ using document root <none> and password file <none>
I20260709 13:03:19.699024 13783 fs_manager.cc:362] Metadata directory not provided
I20260709 13:03:19.699218 13783 fs_manager.cc:368] Using write-ahead log directory (fs_wal_dir) as metadata directory
I20260709 13:03:19.699486 13783 server_base.cc:909] This appears to be a new deployment of Kudu; creating new FS layout
I20260709 13:03:19.699354 13815 master_service.cc:502] Signed X509 certificate for tserver {username='slave'} at 127.0.0.1:58436
I20260709 13:03:19.700608 13783 fs_manager.cc:1068] Generated new instance metadata in path /tmp/dist-test-tasktCzNZw/test-tmp/auto_leader_rebalancer-test.0.LeaderRebalancerTest.FunctionalTestForDivided.1783602197911133-13783-0/minicluster-data/ts-1-root/instance:
uuid: "d992b3ebccee4d8a8b6e9477dea6e5f5"
format_stamp: "Formatted at 2026-07-09 13:03:19 on dist-test-slave-4ckm"
I20260709 13:03:19.706177 13783 fs_manager.cc:696] Time spent creating directory manager: real 0.005s	user 0.007s	sys 0.000s
I20260709 13:03:19.710372 13955 log_block_manager.cc:4127] Time spent loading block containers with low live blocks: real 0.000s	user 0.000s	sys 0.000s
I20260709 13:03:19.711119 13783 fs_manager.cc:730] Time spent opening block manager: real 0.003s	user 0.003s	sys 0.000s
I20260709 13:03:19.711441 13783 fs_manager.cc:647] Opened local filesystem: /tmp/dist-test-tasktCzNZw/test-tmp/auto_leader_rebalancer-test.0.LeaderRebalancerTest.FunctionalTestForDivided.1783602197911133-13783-0/minicluster-data/ts-1-root
uuid: "d992b3ebccee4d8a8b6e9477dea6e5f5"
format_stamp: "Formatted at 2026-07-09 13:03:19 on dist-test-slave-4ckm"
I20260709 13:03:19.711769 13783 fs_report.cc:389] FS layout report
--------------------
wal directory: /tmp/dist-test-tasktCzNZw/test-tmp/auto_leader_rebalancer-test.0.LeaderRebalancerTest.FunctionalTestForDivided.1783602197911133-13783-0/minicluster-data/ts-1-root
metadata directory: /tmp/dist-test-tasktCzNZw/test-tmp/auto_leader_rebalancer-test.0.LeaderRebalancerTest.FunctionalTestForDivided.1783602197911133-13783-0/minicluster-data/ts-1-root
1 data directories: /tmp/dist-test-tasktCzNZw/test-tmp/auto_leader_rebalancer-test.0.LeaderRebalancerTest.FunctionalTestForDivided.1783602197911133-13783-0/minicluster-data/ts-1-root/data
Total live blocks: 0
Total live bytes: 0
Total live bytes (after alignment): 0
Total number of LBM containers: 0 (0 full)
Did not check for missing blocks
Did not check for orphaned blocks
Total full LBM containers with extra space: 0 (0 repaired)
Total full LBM container extra space in bytes: 0 (0 repaired)
Total incomplete LBM containers: 0 (0 repaired)
Total LBM partial records: 0 (0 repaired)
Total corrupted LBM metadata records in RocksDB: 0 (0 repaired)
I20260709 13:03:19.738886 13783 rpc_server.cc:225] running with OpenSSL 1.1.1  11 Sep 2018
I20260709 13:03:19.740108 13783 kserver.cc:163] Server-wide thread pool size limit: 3276
I20260709 13:03:19.742152 13783 txn_system_client.cc:432] TxnSystemClient initialization is disabled...
I20260709 13:03:19.745242 13783 ts_tablet_manager.cc:585] Loaded tablet metadata (0 total tablets, 0 live tablets)
I20260709 13:03:19.745441 13783 ts_tablet_manager.cc:531] Time spent load tablet metadata: real 0.000s	user 0.000s	sys 0.000s
I20260709 13:03:19.745648 13783 ts_tablet_manager.cc:616] Registered 0 tablets
I20260709 13:03:19.745795 13783 ts_tablet_manager.cc:595] Time spent register tablets: real 0.000s	user 0.000s	sys 0.000s
I20260709 13:03:19.833992 13783 rpc_server.cc:307] RPC server started. Bound to: 127.13.117.194:45471
I20260709 13:03:19.834120 14017 acceptor_pool.cc:272] collecting diagnostics on the listening RPC socket 127.13.117.194:45471 every 8 connection(s)
I20260709 13:03:19.840646 13783 file_cache.cc:504] Constructed file cache file cache with capacity 419430
W20260709 13:03:19.848321 14021 instance_detector.cc:116] could not retrieve AWS instance metadata: Network error: curl error: HTTP response code said error: The requested URL returned error: 404
W20260709 13:03:19.850014 14022 instance_detector.cc:116] could not retrieve Azure instance metadata: Network error: curl error: HTTP response code said error: The requested URL returned error: 404
I20260709 13:03:19.853852 14018 heartbeater.cc:344] Connected to a master server at 127.13.117.254:43093
I20260709 13:03:19.854233 14018 heartbeater.cc:461] Registering TS with master...
I20260709 13:03:19.855254 14018 heartbeater.cc:507] Master 127.13.117.254:43093 requested a full tablet report, sending...
W20260709 13:03:19.855934 14024 instance_detector.cc:116] could not retrieve OpenStack instance metadata: Network error: curl error: HTTP response code said error: The requested URL returned error: 404
I20260709 13:03:19.856433 13783 server_base.cc:1061] running on GCE node
I20260709 13:03:19.857324 13783 hybrid_clock.cc:584] initializing the hybrid clock with 'system_unsync' time source
W20260709 13:03:19.857522 13783 system_unsync_time.cc:38] NTP support is disabled. Clock error bounds will not be accurate. This configuration is not suitable for distributed clusters.
I20260709 13:03:19.857486 13815 ts_manager.cc:194] Registered new tserver with Master: d992b3ebccee4d8a8b6e9477dea6e5f5 (127.13.117.194:45471)
I20260709 13:03:19.857788 13783 hybrid_clock.cc:648] HybridClock initialized: now 1783602199857769 us; error 0 us; skew 500 ppm
I20260709 13:03:19.858340 13783 server_base.cc:861] Flag tcmalloc_max_total_thread_cache_bytes is not working since tcmalloc is not enabled.
I20260709 13:03:19.859242 13815 master_service.cc:502] Signed X509 certificate for tserver {username='slave'} at 127.0.0.1:58442
I20260709 13:03:19.860915 13783 webserver.cc:533] Webserver started at http://127.13.117.195:41053/ using document root <none> and password file <none>
I20260709 13:03:19.861523 13783 fs_manager.cc:362] Metadata directory not provided
I20260709 13:03:19.861756 13783 fs_manager.cc:368] Using write-ahead log directory (fs_wal_dir) as metadata directory
I20260709 13:03:19.862018 13783 server_base.cc:909] This appears to be a new deployment of Kudu; creating new FS layout
I20260709 13:03:19.863023 13783 fs_manager.cc:1068] Generated new instance metadata in path /tmp/dist-test-tasktCzNZw/test-tmp/auto_leader_rebalancer-test.0.LeaderRebalancerTest.FunctionalTestForDivided.1783602197911133-13783-0/minicluster-data/ts-2-root/instance:
uuid: "56d6581fa8794d6d9cc18a5c2a67a4b5"
format_stamp: "Formatted at 2026-07-09 13:03:19 on dist-test-slave-4ckm"
I20260709 13:03:19.867404 13783 fs_manager.cc:696] Time spent creating directory manager: real 0.004s	user 0.002s	sys 0.002s
I20260709 13:03:19.870596 14029 log_block_manager.cc:4127] Time spent loading block containers with low live blocks: real 0.000s	user 0.000s	sys 0.000s
I20260709 13:03:19.871358 13783 fs_manager.cc:730] Time spent opening block manager: real 0.002s	user 0.002s	sys 0.001s
I20260709 13:03:19.871610 13783 fs_manager.cc:647] Opened local filesystem: /tmp/dist-test-tasktCzNZw/test-tmp/auto_leader_rebalancer-test.0.LeaderRebalancerTest.FunctionalTestForDivided.1783602197911133-13783-0/minicluster-data/ts-2-root
uuid: "56d6581fa8794d6d9cc18a5c2a67a4b5"
format_stamp: "Formatted at 2026-07-09 13:03:19 on dist-test-slave-4ckm"
I20260709 13:03:19.871863 13783 fs_report.cc:389] FS layout report
--------------------
wal directory: /tmp/dist-test-tasktCzNZw/test-tmp/auto_leader_rebalancer-test.0.LeaderRebalancerTest.FunctionalTestForDivided.1783602197911133-13783-0/minicluster-data/ts-2-root
metadata directory: /tmp/dist-test-tasktCzNZw/test-tmp/auto_leader_rebalancer-test.0.LeaderRebalancerTest.FunctionalTestForDivided.1783602197911133-13783-0/minicluster-data/ts-2-root
1 data directories: /tmp/dist-test-tasktCzNZw/test-tmp/auto_leader_rebalancer-test.0.LeaderRebalancerTest.FunctionalTestForDivided.1783602197911133-13783-0/minicluster-data/ts-2-root/data
Total live blocks: 0
Total live bytes: 0
Total live bytes (after alignment): 0
Total number of LBM containers: 0 (0 full)
Did not check for missing blocks
Did not check for orphaned blocks
Total full LBM containers with extra space: 0 (0 repaired)
Total full LBM container extra space in bytes: 0 (0 repaired)
Total incomplete LBM containers: 0 (0 repaired)
Total LBM partial records: 0 (0 repaired)
Total corrupted LBM metadata records in RocksDB: 0 (0 repaired)
I20260709 13:03:19.892710 13783 rpc_server.cc:225] running with OpenSSL 1.1.1  11 Sep 2018
I20260709 13:03:19.893894 13783 kserver.cc:163] Server-wide thread pool size limit: 3276
I20260709 13:03:19.895272 13783 txn_system_client.cc:432] TxnSystemClient initialization is disabled...
I20260709 13:03:19.898301 13783 ts_tablet_manager.cc:585] Loaded tablet metadata (0 total tablets, 0 live tablets)
I20260709 13:03:19.898486 13783 ts_tablet_manager.cc:531] Time spent load tablet metadata: real 0.000s	user 0.000s	sys 0.000s
I20260709 13:03:19.898715 13783 ts_tablet_manager.cc:616] Registered 0 tablets
I20260709 13:03:19.898902 13783 ts_tablet_manager.cc:595] Time spent register tablets: real 0.000s	user 0.001s	sys 0.000s
I20260709 13:03:19.986927 13783 rpc_server.cc:307] RPC server started. Bound to: 127.13.117.195:35255
I20260709 13:03:19.987004 14091 acceptor_pool.cc:272] collecting diagnostics on the listening RPC socket 127.13.117.195:35255 every 8 connection(s)
I20260709 13:03:20.001994 14092 heartbeater.cc:344] Connected to a master server at 127.13.117.254:43093
I20260709 13:03:20.002523 14092 heartbeater.cc:461] Registering TS with master...
I20260709 13:03:20.003280 14092 heartbeater.cc:507] Master 127.13.117.254:43093 requested a full tablet report, sending...
I20260709 13:03:20.005213 13815 ts_manager.cc:194] Registered new tserver with Master: 56d6581fa8794d6d9cc18a5c2a67a4b5 (127.13.117.195:35255)
I20260709 13:03:20.006219 13783 internal_mini_cluster.cc:371] 3 TS(s) registered with all masters after 0.014801027s
I20260709 13:03:20.006596 13815 master_service.cc:502] Signed X509 certificate for tserver {username='slave'} at 127.0.0.1:58452
I20260709 13:03:20.052474 13815 catalog_manager.cc:2283] Servicing CreateTable request from {username='slave'} at 127.0.0.1:58462:
name: "test-workload"
schema {
  columns {
    name: "key"
    type: INT32
    is_key: true
    is_nullable: false
    encoding: AUTO_ENCODING
    compression: DEFAULT_COMPRESSION
    cfile_block_size: 0
    immutable: false
  }
  columns {
    name: "int_val"
    type: INT32
    is_key: false
    is_nullable: false
    encoding: AUTO_ENCODING
    compression: DEFAULT_COMPRESSION
    cfile_block_size: 0
    immutable: false
  }
  columns {
    name: "string_val"
    type: STRING
    is_key: false
    is_nullable: true
    encoding: AUTO_ENCODING
    compression: DEFAULT_COMPRESSION
    cfile_block_size: 0
    immutable: false
  }
}
num_replicas: 3
split_rows_range_bounds {
  rows: "\004\001\000\216\3438\016\004\001\000\034\307q\034\004\001\000\252\252\252*\004\001\0008\216\3438\004\001\000\306q\034G\004\001\000TUUU\004\001\000\3428\216c\004\001\000p\034\307q""\004\001\000\216\3438\016\004\001\000\034\307q\034\004\001\000\252\252\252*\004\001\0008\216\3438\004\001\000\306q\034G\004\001\000TUUU\004\001\000\3428\216c\004\001\000p\034\307q"
  indirect_data: """"
}
partition_schema {
  range_schema {
    columns {
      name: "key"
    }
  }
}
W20260709 13:03:20.055917 13815 catalog_manager.cc:7077] The number of live tablet servers is not enough to re-replicate a tablet replica of the newly created table test-workload in case of a server failure: 4 tablet servers would be needed, 3 are available. Consider bringing up more tablet servers.
I20260709 13:03:20.153100 13908 tablet_service.cc:1511] Processing CreateTablet for tablet d33f2718fc3c4e2ea820456132856796 (DEFAULT_TABLE table=test-workload [id=4b24976e3d1f48b392cca8e9202a9a1c]), partition=RANGE (key) PARTITION VALUES < 238609294
I20260709 13:03:20.154671 13908 data_dirs.cc:400] Could only allocate 1 dirs of requested 3 for tablet d33f2718fc3c4e2ea820456132856796. 1 dirs total, 0 dirs full, 0 dirs failed
I20260709 13:03:20.156821 13907 tablet_service.cc:1511] Processing CreateTablet for tablet 39c2fd4ece9249b1a94f168a1f6da18a (DEFAULT_TABLE table=test-workload [id=4b24976e3d1f48b392cca8e9202a9a1c]), partition=RANGE (key) PARTITION 238609294 <= VALUES < 477218588
I20260709 13:03:20.157312 13906 tablet_service.cc:1511] Processing CreateTablet for tablet 5bbc8f33d17a40468c8f9a6e1e79d8e0 (DEFAULT_TABLE table=test-workload [id=4b24976e3d1f48b392cca8e9202a9a1c]), partition=RANGE (key) PARTITION 477218588 <= VALUES < 715827882
I20260709 13:03:20.158217 13907 data_dirs.cc:400] Could only allocate 1 dirs of requested 3 for tablet 39c2fd4ece9249b1a94f168a1f6da18a. 1 dirs total, 0 dirs full, 0 dirs failed
I20260709 13:03:20.158835 13906 data_dirs.cc:400] Could only allocate 1 dirs of requested 3 for tablet 5bbc8f33d17a40468c8f9a6e1e79d8e0. 1 dirs total, 0 dirs full, 0 dirs failed
I20260709 13:03:20.161314 13905 tablet_service.cc:1511] Processing CreateTablet for tablet dcfa6cb7295b435d976fb5009080b7da (DEFAULT_TABLE table=test-workload [id=4b24976e3d1f48b392cca8e9202a9a1c]), partition=RANGE (key) PARTITION 715827882 <= VALUES < 954437176
I20260709 13:03:20.162613 13905 data_dirs.cc:400] Could only allocate 1 dirs of requested 3 for tablet dcfa6cb7295b435d976fb5009080b7da. 1 dirs total, 0 dirs full, 0 dirs failed
I20260709 13:03:20.162691 13901 tablet_service.cc:1511] Processing CreateTablet for tablet 2e8f1932c2aa44bcb9a35ca6cd7b1a4c (DEFAULT_TABLE table=test-workload [id=4b24976e3d1f48b392cca8e9202a9a1c]), partition=RANGE (key) PARTITION 1670265058 <= VALUES < 1908874352
I20260709 13:03:20.168229 13900 tablet_service.cc:1511] Processing CreateTablet for tablet 51faaba2caba48b88aa6a5f6d1471335 (DEFAULT_TABLE table=test-workload [id=4b24976e3d1f48b392cca8e9202a9a1c]), partition=RANGE (key) PARTITION 1908874352 <= VALUES
I20260709 13:03:20.168361 13903 tablet_service.cc:1511] Processing CreateTablet for tablet 548aab8407f74de3827693efba865643 (DEFAULT_TABLE table=test-workload [id=4b24976e3d1f48b392cca8e9202a9a1c]), partition=RANGE (key) PARTITION 1193046470 <= VALUES < 1431655764
I20260709 13:03:20.170027 13901 data_dirs.cc:400] Could only allocate 1 dirs of requested 3 for tablet 2e8f1932c2aa44bcb9a35ca6cd7b1a4c. 1 dirs total, 0 dirs full, 0 dirs failed
I20260709 13:03:20.166805 13902 tablet_service.cc:1511] Processing CreateTablet for tablet 335f03826f1c40188cb0cb7bd80fc2fe (DEFAULT_TABLE table=test-workload [id=4b24976e3d1f48b392cca8e9202a9a1c]), partition=RANGE (key) PARTITION 1431655764 <= VALUES < 1670265058
I20260709 13:03:20.171825 13900 data_dirs.cc:400] Could only allocate 1 dirs of requested 3 for tablet 51faaba2caba48b88aa6a5f6d1471335. 1 dirs total, 0 dirs full, 0 dirs failed
I20260709 13:03:20.167603 13904 tablet_service.cc:1511] Processing CreateTablet for tablet 59bc9d85bf7e4b53a5adb309e4442ad8 (DEFAULT_TABLE table=test-workload [id=4b24976e3d1f48b392cca8e9202a9a1c]), partition=RANGE (key) PARTITION 954437176 <= VALUES < 1193046470
I20260709 13:03:20.173365 13903 data_dirs.cc:400] Could only allocate 1 dirs of requested 3 for tablet 548aab8407f74de3827693efba865643. 1 dirs total, 0 dirs full, 0 dirs failed
I20260709 13:03:20.175452 13902 data_dirs.cc:400] Could only allocate 1 dirs of requested 3 for tablet 335f03826f1c40188cb0cb7bd80fc2fe. 1 dirs total, 0 dirs full, 0 dirs failed
I20260709 13:03:20.177371 13904 data_dirs.cc:400] Could only allocate 1 dirs of requested 3 for tablet 59bc9d85bf7e4b53a5adb309e4442ad8. 1 dirs total, 0 dirs full, 0 dirs failed
I20260709 13:03:20.197496 13982 tablet_service.cc:1511] Processing CreateTablet for tablet 39c2fd4ece9249b1a94f168a1f6da18a (DEFAULT_TABLE table=test-workload [id=4b24976e3d1f48b392cca8e9202a9a1c]), partition=RANGE (key) PARTITION 238609294 <= VALUES < 477218588
I20260709 13:03:20.194199 13983 tablet_service.cc:1511] Processing CreateTablet for tablet d33f2718fc3c4e2ea820456132856796 (DEFAULT_TABLE table=test-workload [id=4b24976e3d1f48b392cca8e9202a9a1c]), partition=RANGE (key) PARTITION VALUES < 238609294
I20260709 13:03:20.203099 13982 data_dirs.cc:400] Could only allocate 1 dirs of requested 3 for tablet 39c2fd4ece9249b1a94f168a1f6da18a. 1 dirs total, 0 dirs full, 0 dirs failed
I20260709 13:03:20.205688 13983 data_dirs.cc:400] Could only allocate 1 dirs of requested 3 for tablet d33f2718fc3c4e2ea820456132856796. 1 dirs total, 0 dirs full, 0 dirs failed
I20260709 13:03:20.208659 13981 tablet_service.cc:1511] Processing CreateTablet for tablet 5bbc8f33d17a40468c8f9a6e1e79d8e0 (DEFAULT_TABLE table=test-workload [id=4b24976e3d1f48b392cca8e9202a9a1c]), partition=RANGE (key) PARTITION 477218588 <= VALUES < 715827882
I20260709 13:03:20.208587 13980 tablet_service.cc:1511] Processing CreateTablet for tablet dcfa6cb7295b435d976fb5009080b7da (DEFAULT_TABLE table=test-workload [id=4b24976e3d1f48b392cca8e9202a9a1c]), partition=RANGE (key) PARTITION 715827882 <= VALUES < 954437176
I20260709 13:03:20.214607 13976 tablet_service.cc:1511] Processing CreateTablet for tablet 2e8f1932c2aa44bcb9a35ca6cd7b1a4c (DEFAULT_TABLE table=test-workload [id=4b24976e3d1f48b392cca8e9202a9a1c]), partition=RANGE (key) PARTITION 1670265058 <= VALUES < 1908874352
I20260709 13:03:20.216503 13981 data_dirs.cc:400] Could only allocate 1 dirs of requested 3 for tablet 5bbc8f33d17a40468c8f9a6e1e79d8e0. 1 dirs total, 0 dirs full, 0 dirs failed
I20260709 13:03:20.217483 13978 tablet_service.cc:1511] Processing CreateTablet for tablet 548aab8407f74de3827693efba865643 (DEFAULT_TABLE table=test-workload [id=4b24976e3d1f48b392cca8e9202a9a1c]), partition=RANGE (key) PARTITION 1193046470 <= VALUES < 1431655764
I20260709 13:03:20.219277 13975 tablet_service.cc:1511] Processing CreateTablet for tablet 51faaba2caba48b88aa6a5f6d1471335 (DEFAULT_TABLE table=test-workload [id=4b24976e3d1f48b392cca8e9202a9a1c]), partition=RANGE (key) PARTITION 1908874352 <= VALUES
I20260709 13:03:20.222909 13975 data_dirs.cc:400] Could only allocate 1 dirs of requested 3 for tablet 51faaba2caba48b88aa6a5f6d1471335. 1 dirs total, 0 dirs full, 0 dirs failed
I20260709 13:03:20.209019 13979 tablet_service.cc:1511] Processing CreateTablet for tablet 59bc9d85bf7e4b53a5adb309e4442ad8 (DEFAULT_TABLE table=test-workload [id=4b24976e3d1f48b392cca8e9202a9a1c]), partition=RANGE (key) PARTITION 954437176 <= VALUES < 1193046470
I20260709 13:03:20.216621 13977 tablet_service.cc:1511] Processing CreateTablet for tablet 335f03826f1c40188cb0cb7bd80fc2fe (DEFAULT_TABLE table=test-workload [id=4b24976e3d1f48b392cca8e9202a9a1c]), partition=RANGE (key) PARTITION 1431655764 <= VALUES < 1670265058
I20260709 13:03:20.224967 13978 data_dirs.cc:400] Could only allocate 1 dirs of requested 3 for tablet 548aab8407f74de3827693efba865643. 1 dirs total, 0 dirs full, 0 dirs failed
I20260709 13:03:20.229720 13979 data_dirs.cc:400] Could only allocate 1 dirs of requested 3 for tablet 59bc9d85bf7e4b53a5adb309e4442ad8. 1 dirs total, 0 dirs full, 0 dirs failed
I20260709 13:03:20.238157 13980 data_dirs.cc:400] Could only allocate 1 dirs of requested 3 for tablet dcfa6cb7295b435d976fb5009080b7da. 1 dirs total, 0 dirs full, 0 dirs failed
I20260709 13:03:20.243433 13976 data_dirs.cc:400] Could only allocate 1 dirs of requested 3 for tablet 2e8f1932c2aa44bcb9a35ca6cd7b1a4c. 1 dirs total, 0 dirs full, 0 dirs failed
I20260709 13:03:20.258683 13977 data_dirs.cc:400] Could only allocate 1 dirs of requested 3 for tablet 335f03826f1c40188cb0cb7bd80fc2fe. 1 dirs total, 0 dirs full, 0 dirs failed
I20260709 13:03:20.261379 14110 tablet_bootstrap.cc:492] T d33f2718fc3c4e2ea820456132856796 P 73718c9691b84628b52995c0d7cd8ffc: Bootstrap starting.
I20260709 13:03:20.274214 14056 tablet_service.cc:1511] Processing CreateTablet for tablet 39c2fd4ece9249b1a94f168a1f6da18a (DEFAULT_TABLE table=test-workload [id=4b24976e3d1f48b392cca8e9202a9a1c]), partition=RANGE (key) PARTITION 238609294 <= VALUES < 477218588
I20260709 13:03:20.277278 14056 data_dirs.cc:400] Could only allocate 1 dirs of requested 3 for tablet 39c2fd4ece9249b1a94f168a1f6da18a. 1 dirs total, 0 dirs full, 0 dirs failed
I20260709 13:03:20.288070 14055 tablet_service.cc:1511] Processing CreateTablet for tablet 5bbc8f33d17a40468c8f9a6e1e79d8e0 (DEFAULT_TABLE table=test-workload [id=4b24976e3d1f48b392cca8e9202a9a1c]), partition=RANGE (key) PARTITION 477218588 <= VALUES < 715827882
I20260709 13:03:20.306289 14055 data_dirs.cc:400] Could only allocate 1 dirs of requested 3 for tablet 5bbc8f33d17a40468c8f9a6e1e79d8e0. 1 dirs total, 0 dirs full, 0 dirs failed
I20260709 13:03:20.278189 14057 tablet_service.cc:1511] Processing CreateTablet for tablet d33f2718fc3c4e2ea820456132856796 (DEFAULT_TABLE table=test-workload [id=4b24976e3d1f48b392cca8e9202a9a1c]), partition=RANGE (key) PARTITION VALUES < 238609294
I20260709 13:03:20.317970 14057 data_dirs.cc:400] Could only allocate 1 dirs of requested 3 for tablet d33f2718fc3c4e2ea820456132856796. 1 dirs total, 0 dirs full, 0 dirs failed
I20260709 13:03:20.373230 14054 tablet_service.cc:1511] Processing CreateTablet for tablet dcfa6cb7295b435d976fb5009080b7da (DEFAULT_TABLE table=test-workload [id=4b24976e3d1f48b392cca8e9202a9a1c]), partition=RANGE (key) PARTITION 715827882 <= VALUES < 954437176
I20260709 13:03:20.374568 14054 data_dirs.cc:400] Could only allocate 1 dirs of requested 3 for tablet dcfa6cb7295b435d976fb5009080b7da. 1 dirs total, 0 dirs full, 0 dirs failed
W20260709 13:03:20.380187 13800 outbound_call.cc:321] RPC callback for RPC call kudu.tserver.TabletServerAdminService.CreateTablet -> {remote=127.13.117.193:33465, user_credentials={real_user=slave}} blocked reactor thread for 88834.9us
I20260709 13:03:20.398342 14053 tablet_service.cc:1511] Processing CreateTablet for tablet 59bc9d85bf7e4b53a5adb309e4442ad8 (DEFAULT_TABLE table=test-workload [id=4b24976e3d1f48b392cca8e9202a9a1c]), partition=RANGE (key) PARTITION 954437176 <= VALUES < 1193046470
I20260709 13:03:20.402563 14110 tablet_bootstrap.cc:654] T d33f2718fc3c4e2ea820456132856796 P 73718c9691b84628b52995c0d7cd8ffc: Neither blocks nor log segments found. Creating new log.
I20260709 13:03:20.403906 14052 tablet_service.cc:1511] Processing CreateTablet for tablet 548aab8407f74de3827693efba865643 (DEFAULT_TABLE table=test-workload [id=4b24976e3d1f48b392cca8e9202a9a1c]), partition=RANGE (key) PARTITION 1193046470 <= VALUES < 1431655764
I20260709 13:03:20.405094 14049 tablet_service.cc:1511] Processing CreateTablet for tablet 51faaba2caba48b88aa6a5f6d1471335 (DEFAULT_TABLE table=test-workload [id=4b24976e3d1f48b392cca8e9202a9a1c]), partition=RANGE (key) PARTITION 1908874352 <= VALUES
I20260709 13:03:20.405943 14051 tablet_service.cc:1511] Processing CreateTablet for tablet 335f03826f1c40188cb0cb7bd80fc2fe (DEFAULT_TABLE table=test-workload [id=4b24976e3d1f48b392cca8e9202a9a1c]), partition=RANGE (key) PARTITION 1431655764 <= VALUES < 1670265058
I20260709 13:03:20.407914 14050 tablet_service.cc:1511] Processing CreateTablet for tablet 2e8f1932c2aa44bcb9a35ca6cd7b1a4c (DEFAULT_TABLE table=test-workload [id=4b24976e3d1f48b392cca8e9202a9a1c]), partition=RANGE (key) PARTITION 1670265058 <= VALUES < 1908874352
I20260709 13:03:20.408439 14052 data_dirs.cc:400] Could only allocate 1 dirs of requested 3 for tablet 548aab8407f74de3827693efba865643. 1 dirs total, 0 dirs full, 0 dirs failed
I20260709 13:03:20.412030 14053 data_dirs.cc:400] Could only allocate 1 dirs of requested 3 for tablet 59bc9d85bf7e4b53a5adb309e4442ad8. 1 dirs total, 0 dirs full, 0 dirs failed
I20260709 13:03:20.413288 14051 data_dirs.cc:400] Could only allocate 1 dirs of requested 3 for tablet 335f03826f1c40188cb0cb7bd80fc2fe. 1 dirs total, 0 dirs full, 0 dirs failed
I20260709 13:03:20.415370 14050 data_dirs.cc:400] Could only allocate 1 dirs of requested 3 for tablet 2e8f1932c2aa44bcb9a35ca6cd7b1a4c. 1 dirs total, 0 dirs full, 0 dirs failed
I20260709 13:03:20.419623 14049 data_dirs.cc:400] Could only allocate 1 dirs of requested 3 for tablet 51faaba2caba48b88aa6a5f6d1471335. 1 dirs total, 0 dirs full, 0 dirs failed
W20260709 13:03:20.436780 13863 auto_rebalancer.cc:288] Could not retrieve cluster info: Service unavailable: Tablet not running
I20260709 13:03:20.442786 14111 tablet_bootstrap.cc:492] T 59bc9d85bf7e4b53a5adb309e4442ad8 P d992b3ebccee4d8a8b6e9477dea6e5f5: Bootstrap starting.
I20260709 13:03:20.478240 14112 tablet_bootstrap.cc:492] T 5bbc8f33d17a40468c8f9a6e1e79d8e0 P 56d6581fa8794d6d9cc18a5c2a67a4b5: Bootstrap starting.
I20260709 13:03:20.481931 14110 tablet_bootstrap.cc:492] T d33f2718fc3c4e2ea820456132856796 P 73718c9691b84628b52995c0d7cd8ffc: No bootstrap required, opened a new log
I20260709 13:03:20.482167 14111 tablet_bootstrap.cc:654] T 59bc9d85bf7e4b53a5adb309e4442ad8 P d992b3ebccee4d8a8b6e9477dea6e5f5: Neither blocks nor log segments found. Creating new log.
I20260709 13:03:20.482551 14110 ts_tablet_manager.cc:1403] T d33f2718fc3c4e2ea820456132856796 P 73718c9691b84628b52995c0d7cd8ffc: Time spent bootstrapping tablet: real 0.233s	user 0.011s	sys 0.012s
I20260709 13:03:20.488404 14110 raft_consensus.cc:359] T d33f2718fc3c4e2ea820456132856796 P 73718c9691b84628b52995c0d7cd8ffc [term 0 FOLLOWER]: Replica starting. Triggering 0 pending ops. Active config: opid_index: -1 OBSOLETE_local: false peers { permanent_uuid: "73718c9691b84628b52995c0d7cd8ffc" member_type: VOTER last_known_addr { host: "127.13.117.193" port: 33465 } } peers { permanent_uuid: "d992b3ebccee4d8a8b6e9477dea6e5f5" member_type: VOTER last_known_addr { host: "127.13.117.194" port: 45471 } } peers { permanent_uuid: "56d6581fa8794d6d9cc18a5c2a67a4b5" member_type: VOTER last_known_addr { host: "127.13.117.195" port: 35255 } }
I20260709 13:03:20.489182 14110 raft_consensus.cc:385] T d33f2718fc3c4e2ea820456132856796 P 73718c9691b84628b52995c0d7cd8ffc [term 0 FOLLOWER]: Consensus starting up: Expiring failure detector timer to make a prompt election more likely
I20260709 13:03:20.489482 14110 raft_consensus.cc:740] T d33f2718fc3c4e2ea820456132856796 P 73718c9691b84628b52995c0d7cd8ffc [term 0 FOLLOWER]: Becoming Follower/Learner. State: Replica: 73718c9691b84628b52995c0d7cd8ffc, State: Initialized, Role: FOLLOWER
I20260709 13:03:20.490192 14110 consensus_queue.cc:260] T d33f2718fc3c4e2ea820456132856796 P 73718c9691b84628b52995c0d7cd8ffc [NON_LEADER]: Queue going to NON_LEADER mode. State: All replicated index: 0, Majority replicated index: 0, Committed index: 0, Last appended: 0.0, Last appended by leader: 0, Current term: 0, Majority size: -1, State: 0, Mode: NON_LEADER, active raft config: opid_index: -1 OBSOLETE_local: false peers { permanent_uuid: "73718c9691b84628b52995c0d7cd8ffc" member_type: VOTER last_known_addr { host: "127.13.117.193" port: 33465 } } peers { permanent_uuid: "d992b3ebccee4d8a8b6e9477dea6e5f5" member_type: VOTER last_known_addr { host: "127.13.117.194" port: 45471 } } peers { permanent_uuid: "56d6581fa8794d6d9cc18a5c2a67a4b5" member_type: VOTER last_known_addr { host: "127.13.117.195" port: 35255 } }
I20260709 13:03:20.497946 14112 tablet_bootstrap.cc:654] T 5bbc8f33d17a40468c8f9a6e1e79d8e0 P 56d6581fa8794d6d9cc18a5c2a67a4b5: Neither blocks nor log segments found. Creating new log.
I20260709 13:03:20.501863 14110 ts_tablet_manager.cc:1434] T d33f2718fc3c4e2ea820456132856796 P 73718c9691b84628b52995c0d7cd8ffc: Time spent starting tablet: real 0.019s	user 0.005s	sys 0.009s
I20260709 13:03:20.502926 13943 heartbeater.cc:499] Master 127.13.117.254:43093 was elected leader, sending a full tablet report...
I20260709 13:03:20.503458 14110 tablet_bootstrap.cc:492] T dcfa6cb7295b435d976fb5009080b7da P 73718c9691b84628b52995c0d7cd8ffc: Bootstrap starting.
I20260709 13:03:20.505300 14111 tablet_bootstrap.cc:492] T 59bc9d85bf7e4b53a5adb309e4442ad8 P d992b3ebccee4d8a8b6e9477dea6e5f5: No bootstrap required, opened a new log
I20260709 13:03:20.505708 14111 ts_tablet_manager.cc:1403] T 59bc9d85bf7e4b53a5adb309e4442ad8 P d992b3ebccee4d8a8b6e9477dea6e5f5: Time spent bootstrapping tablet: real 0.077s	user 0.009s	sys 0.005s
I20260709 13:03:20.510571 14110 tablet_bootstrap.cc:654] T dcfa6cb7295b435d976fb5009080b7da P 73718c9691b84628b52995c0d7cd8ffc: Neither blocks nor log segments found. Creating new log.
I20260709 13:03:20.513814 14111 raft_consensus.cc:359] T 59bc9d85bf7e4b53a5adb309e4442ad8 P d992b3ebccee4d8a8b6e9477dea6e5f5 [term 0 FOLLOWER]: Replica starting. Triggering 0 pending ops. Active config: opid_index: -1 OBSOLETE_local: false peers { permanent_uuid: "73718c9691b84628b52995c0d7cd8ffc" member_type: VOTER last_known_addr { host: "127.13.117.193" port: 33465 } } peers { permanent_uuid: "d992b3ebccee4d8a8b6e9477dea6e5f5" member_type: VOTER last_known_addr { host: "127.13.117.194" port: 45471 } } peers { permanent_uuid: "56d6581fa8794d6d9cc18a5c2a67a4b5" member_type: VOTER last_known_addr { host: "127.13.117.195" port: 35255 } }
I20260709 13:03:20.516263 14111 raft_consensus.cc:385] T 59bc9d85bf7e4b53a5adb309e4442ad8 P d992b3ebccee4d8a8b6e9477dea6e5f5 [term 0 FOLLOWER]: Consensus starting up: Expiring failure detector timer to make a prompt election more likely
I20260709 13:03:20.516546 14111 raft_consensus.cc:740] T 59bc9d85bf7e4b53a5adb309e4442ad8 P d992b3ebccee4d8a8b6e9477dea6e5f5 [term 0 FOLLOWER]: Becoming Follower/Learner. State: Replica: d992b3ebccee4d8a8b6e9477dea6e5f5, State: Initialized, Role: FOLLOWER
I20260709 13:03:20.517249 14111 consensus_queue.cc:260] T 59bc9d85bf7e4b53a5adb309e4442ad8 P d992b3ebccee4d8a8b6e9477dea6e5f5 [NON_LEADER]: Queue going to NON_LEADER mode. State: All replicated index: 0, Majority replicated index: 0, Committed index: 0, Last appended: 0.0, Last appended by leader: 0, Current term: 0, Majority size: -1, State: 0, Mode: NON_LEADER, active raft config: opid_index: -1 OBSOLETE_local: false peers { permanent_uuid: "73718c9691b84628b52995c0d7cd8ffc" member_type: VOTER last_known_addr { host: "127.13.117.193" port: 33465 } } peers { permanent_uuid: "d992b3ebccee4d8a8b6e9477dea6e5f5" member_type: VOTER last_known_addr { host: "127.13.117.194" port: 45471 } } peers { permanent_uuid: "56d6581fa8794d6d9cc18a5c2a67a4b5" member_type: VOTER last_known_addr { host: "127.13.117.195" port: 35255 } }
I20260709 13:03:20.524356 14112 tablet_bootstrap.cc:492] T 5bbc8f33d17a40468c8f9a6e1e79d8e0 P 56d6581fa8794d6d9cc18a5c2a67a4b5: No bootstrap required, opened a new log
I20260709 13:03:20.524917 14112 ts_tablet_manager.cc:1403] T 5bbc8f33d17a40468c8f9a6e1e79d8e0 P 56d6581fa8794d6d9cc18a5c2a67a4b5: Time spent bootstrapping tablet: real 0.048s	user 0.014s	sys 0.017s
