I20260709 13:03:32.868419 15263 leader_election.cc:290] T 7933482e2b0d42efbf1fe56ed38ecc26 P 8f7f766c813b46d29ffcae80d58d9e42 [CANDIDATE]: Term 1 pre-election: Requested pre-vote from peers 3afe8d37b80744009386e9f08f620a74 (127.13.158.65:41467), 4559a6eb3b0d48e383d75c089de5f2dc (127.13.158.66:33391)
I20260709 13:03:32.868541 15122 tablet_service.cc:1917] Received RequestConsensusVote() RPC: tablet_id: "f00e466749d24c5485dea09db9215933" candidate_uuid: "3afe8d37b80744009386e9f08f620a74" candidate_term: 1 candidate_status { last_received { term: 0 index: 0 } } ignore_live_leader: false dest_uuid: "4559a6eb3b0d48e383d75c089de5f2dc" is_pre_election: true
W20260709 13:03:32.849228 15161 leader_election.cc:343] T 4b42e988624d414e9400e09e92a2ba7e P 8f7f766c813b46d29ffcae80d58d9e42 [CANDIDATE]: Term 1 pre-election: Tablet error from VoteRequest() call to peer 4559a6eb3b0d48e383d75c089de5f2dc (127.13.158.66:33391): Illegal state: must be running to vote when last-logged opid is not known
W20260709 13:03:32.869944 15012 leader_election.cc:343] T f00e466749d24c5485dea09db9215933 P 3afe8d37b80744009386e9f08f620a74 [CANDIDATE]: Term 1 pre-election: Tablet error from VoteRequest() call to peer 4559a6eb3b0d48e383d75c089de5f2dc (127.13.158.66:33391): Illegal state: must be running to vote when last-logged opid is not known
W20260709 13:03:32.861562 15163 consensus_peers.cc:597] T 627c24c4bd2c48a0ab373b20d47d237c P 8f7f766c813b46d29ffcae80d58d9e42 -> Peer 3afe8d37b80744009386e9f08f620a74 (127.13.158.65:41467): Couldn't send request to peer 3afe8d37b80744009386e9f08f620a74. Error code: TABLET_NOT_RUNNING (12). Status: Illegal state: Tablet not RUNNING: INITIALIZED. This is attempt 1: this message will repeat every 5th retry.
I20260709 13:03:32.871021 15161 leader_election.cc:304] T 4b42e988624d414e9400e09e92a2ba7e P 8f7f766c813b46d29ffcae80d58d9e42 [CANDIDATE]: Term 1 pre-election: Election decided. Result: candidate lost. Election summary: received 3 responses out of 3 voters: 1 yes votes; 2 no votes. yes voters: 8f7f766c813b46d29ffcae80d58d9e42; no voters: 3afe8d37b80744009386e9f08f620a74, 4559a6eb3b0d48e383d75c089de5f2dc
I20260709 13:03:32.871747 15263 raft_consensus.cc:2749] T 4b42e988624d414e9400e09e92a2ba7e P 8f7f766c813b46d29ffcae80d58d9e42 [term 0 FOLLOWER]: Leader pre-election lost for term 1. Reason: could not achieve majority
I20260709 13:03:32.871843 15047 tablet_service.cc:1917] Received RequestConsensusVote() RPC: tablet_id: "7933482e2b0d42efbf1fe56ed38ecc26" candidate_uuid: "8f7f766c813b46d29ffcae80d58d9e42" candidate_term: 1 candidate_status { last_received { term: 0 index: 0 } } ignore_live_leader: false dest_uuid: "3afe8d37b80744009386e9f08f620a74" is_pre_election: true
W20260709 13:03:32.850322 15088 leader_election.cc:343] T 5da0f51bf33345cf99d815c65a08a290 P 4559a6eb3b0d48e383d75c089de5f2dc [CANDIDATE]: Term 1 election: Tablet error from VoteRequest() call to peer 8f7f766c813b46d29ffcae80d58d9e42 (127.13.158.67:46049): Illegal state: must be running to vote when last-logged opid is not known
W20260709 13:03:32.873457 15163 leader_election.cc:343] T 7933482e2b0d42efbf1fe56ed38ecc26 P 8f7f766c813b46d29ffcae80d58d9e42 [CANDIDATE]: Term 1 pre-election: Tablet error from VoteRequest() call to peer 3afe8d37b80744009386e9f08f620a74 (127.13.158.65:41467): Illegal state: must be running to vote when last-logged opid is not known
I20260709 13:03:32.874603 15044 raft_consensus.cc:2468] T 5da0f51bf33345cf99d815c65a08a290 P 3afe8d37b80744009386e9f08f620a74 [term 1 FOLLOWER]: Leader election vote request: Granting yes vote for candidate 4559a6eb3b0d48e383d75c089de5f2dc in term 1.
I20260709 13:03:32.875162 15262 leader_election.cc:290] T f00e466749d24c5485dea09db9215933 P 3afe8d37b80744009386e9f08f620a74 [CANDIDATE]: Term 1 pre-election: Requested pre-vote from peers 4559a6eb3b0d48e383d75c089de5f2dc (127.13.158.66:33391), 8f7f766c813b46d29ffcae80d58d9e42 (127.13.158.67:46049)
I20260709 13:03:32.875464 15197 tablet_service.cc:1917] Received RequestConsensusVote() RPC: tablet_id: "f00e466749d24c5485dea09db9215933" candidate_uuid: "3afe8d37b80744009386e9f08f620a74" candidate_term: 1 candidate_status { last_received { term: 0 index: 0 } } ignore_live_leader: false dest_uuid: "8f7f766c813b46d29ffcae80d58d9e42" is_pre_election: true
I20260709 13:03:32.875546 15089 leader_election.cc:304] T 5da0f51bf33345cf99d815c65a08a290 P 4559a6eb3b0d48e383d75c089de5f2dc [CANDIDATE]: Term 1 election: Election decided. Result: candidate won. Election summary: received 3 responses out of 3 voters: 2 yes votes; 1 no votes. yes voters: 3afe8d37b80744009386e9f08f620a74, 4559a6eb3b0d48e383d75c089de5f2dc; no voters: 8f7f766c813b46d29ffcae80d58d9e42
I20260709 13:03:32.876732 15248 raft_consensus.cc:2804] T 5da0f51bf33345cf99d815c65a08a290 P 4559a6eb3b0d48e383d75c089de5f2dc [term 1 FOLLOWER]: Leader election won for term 1
I20260709 13:03:32.877244 15248 raft_consensus.cc:697] T 5da0f51bf33345cf99d815c65a08a290 P 4559a6eb3b0d48e383d75c089de5f2dc [term 1 LEADER]: Becoming Leader. State: Replica: 4559a6eb3b0d48e383d75c089de5f2dc, State: Running, Role: LEADER
I20260709 13:03:32.878075 15248 consensus_queue.cc:237] T 5da0f51bf33345cf99d815c65a08a290 P 4559a6eb3b0d48e383d75c089de5f2dc [LEADER]: Queue going to LEADER mode. State: All replicated index: 0, Majority replicated index: 0, Committed index: 0, Last appended: 0.0, Last appended by leader: 0, Current term: 1, Majority size: 2, State: 0, Mode: LEADER, active raft config: opid_index: -1 OBSOLETE_local: false peers { permanent_uuid: "3afe8d37b80744009386e9f08f620a74" member_type: VOTER last_known_addr { host: "127.13.158.65" port: 41467 } } peers { permanent_uuid: "4559a6eb3b0d48e383d75c089de5f2dc" member_type: VOTER last_known_addr { host: "127.13.158.66" port: 33391 } } peers { permanent_uuid: "8f7f766c813b46d29ffcae80d58d9e42" member_type: VOTER last_known_addr { host: "127.13.158.67" port: 46049 } }
I20260709 13:03:32.876008 15197 raft_consensus.cc:2468] T f00e466749d24c5485dea09db9215933 P 8f7f766c813b46d29ffcae80d58d9e42 [term 0 FOLLOWER]: Leader pre-election vote request: Granting yes vote for candidate 3afe8d37b80744009386e9f08f620a74 in term 0.
I20260709 13:03:32.881125 15013 leader_election.cc:304] T f00e466749d24c5485dea09db9215933 P 3afe8d37b80744009386e9f08f620a74 [CANDIDATE]: Term 1 pre-election: Election decided. Result: candidate won. Election summary: received 3 responses out of 3 voters: 2 yes votes; 1 no votes. yes voters: 3afe8d37b80744009386e9f08f620a74, 8f7f766c813b46d29ffcae80d58d9e42; no voters: 4559a6eb3b0d48e383d75c089de5f2dc
I20260709 13:03:32.882513 15121 tablet_service.cc:1917] Received RequestConsensusVote() RPC: tablet_id: "7933482e2b0d42efbf1fe56ed38ecc26" candidate_uuid: "8f7f766c813b46d29ffcae80d58d9e42" candidate_term: 1 candidate_status { last_received { term: 0 index: 0 } } ignore_live_leader: false dest_uuid: "4559a6eb3b0d48e383d75c089de5f2dc" is_pre_election: true
I20260709 13:03:32.883565 15262 raft_consensus.cc:2804] T f00e466749d24c5485dea09db9215933 P 3afe8d37b80744009386e9f08f620a74 [term 0 FOLLOWER]: Leader pre-election won for term 1
I20260709 13:03:32.883980 15262 raft_consensus.cc:493] T f00e466749d24c5485dea09db9215933 P 3afe8d37b80744009386e9f08f620a74 [term 0 FOLLOWER]: Starting leader election (no leader contacted us within the election timeout)
I20260709 13:03:32.884310 15262 raft_consensus.cc:3060] T f00e466749d24c5485dea09db9215933 P 3afe8d37b80744009386e9f08f620a74 [term 0 FOLLOWER]: Advancing to term 1
I20260709 13:03:32.892640 15262 raft_consensus.cc:515] T f00e466749d24c5485dea09db9215933 P 3afe8d37b80744009386e9f08f620a74 [term 1 FOLLOWER]: Starting leader election with config: opid_index: -1 OBSOLETE_local: false peers { permanent_uuid: "3afe8d37b80744009386e9f08f620a74" member_type: VOTER last_known_addr { host: "127.13.158.65" port: 41467 } } peers { permanent_uuid: "4559a6eb3b0d48e383d75c089de5f2dc" member_type: VOTER last_known_addr { host: "127.13.158.66" port: 33391 } } peers { permanent_uuid: "8f7f766c813b46d29ffcae80d58d9e42" member_type: VOTER last_known_addr { host: "127.13.158.67" port: 46049 } }
I20260709 13:03:32.895828 15121 tablet_service.cc:1917] Received RequestConsensusVote() RPC: tablet_id: "f00e466749d24c5485dea09db9215933" candidate_uuid: "3afe8d37b80744009386e9f08f620a74" candidate_term: 1 candidate_status { last_received { term: 0 index: 0 } } ignore_live_leader: false dest_uuid: "4559a6eb3b0d48e383d75c089de5f2dc"
W20260709 13:03:32.897527 15012 leader_election.cc:343] T f00e466749d24c5485dea09db9215933 P 3afe8d37b80744009386e9f08f620a74 [CANDIDATE]: Term 1 election: Tablet error from VoteRequest() call to peer 4559a6eb3b0d48e383d75c089de5f2dc (127.13.158.66:33391): Illegal state: must be running to vote when last-logged opid is not known
I20260709 13:03:32.903849 15197 tablet_service.cc:1917] Received RequestConsensusVote() RPC: tablet_id: "f00e466749d24c5485dea09db9215933" candidate_uuid: "3afe8d37b80744009386e9f08f620a74" candidate_term: 1 candidate_status { last_received { term: 0 index: 0 } } ignore_live_leader: false dest_uuid: "8f7f766c813b46d29ffcae80d58d9e42"
I20260709 13:03:32.904489 15197 raft_consensus.cc:3060] T f00e466749d24c5485dea09db9215933 P 8f7f766c813b46d29ffcae80d58d9e42 [term 0 FOLLOWER]: Advancing to term 1
I20260709 13:03:32.908448 15124 raft_consensus.cc:2468] T bedb432c58a448a58e29e72a289dac3c P 4559a6eb3b0d48e383d75c089de5f2dc [term 1 FOLLOWER]: Leader election vote request: Granting yes vote for candidate 8f7f766c813b46d29ffcae80d58d9e42 in term 1.
I20260709 13:03:32.915050 15242 tablet_bootstrap.cc:492] T 1ee921e67bb74aeda4cafeccd059de09 P 3afe8d37b80744009386e9f08f620a74: No bootstrap required, opened a new log
I20260709 13:03:32.915584 15242 ts_tablet_manager.cc:1403] T 1ee921e67bb74aeda4cafeccd059de09 P 3afe8d37b80744009386e9f08f620a74: Time spent bootstrapping tablet: real 0.221s	user 0.016s	sys 0.006s
I20260709 13:03:32.911113 15262 leader_election.cc:290] T f00e466749d24c5485dea09db9215933 P 3afe8d37b80744009386e9f08f620a74 [CANDIDATE]: Term 1 election: Requested vote from peers 4559a6eb3b0d48e383d75c089de5f2dc (127.13.158.66:33391), 8f7f766c813b46d29ffcae80d58d9e42 (127.13.158.67:46049)
I20260709 13:03:32.920624 15240 tablet_bootstrap.cc:492] T 7933482e2b0d42efbf1fe56ed38ecc26 P 4559a6eb3b0d48e383d75c089de5f2dc: No bootstrap required, opened a new log
I20260709 13:03:32.921135 15240 ts_tablet_manager.cc:1403] T 7933482e2b0d42efbf1fe56ed38ecc26 P 4559a6eb3b0d48e383d75c089de5f2dc: Time spent bootstrapping tablet: real 0.275s	user 0.035s	sys 0.019s
I20260709 13:03:32.927369 15240 raft_consensus.cc:359] T 7933482e2b0d42efbf1fe56ed38ecc26 P 4559a6eb3b0d48e383d75c089de5f2dc [term 0 FOLLOWER]: Replica starting. Triggering 0 pending ops. Active config: opid_index: -1 OBSOLETE_local: false peers { permanent_uuid: "3afe8d37b80744009386e9f08f620a74" member_type: VOTER last_known_addr { host: "127.13.158.65" port: 41467 } } peers { permanent_uuid: "4559a6eb3b0d48e383d75c089de5f2dc" member_type: VOTER last_known_addr { host: "127.13.158.66" port: 33391 } } peers { permanent_uuid: "8f7f766c813b46d29ffcae80d58d9e42" member_type: VOTER last_known_addr { host: "127.13.158.67" port: 46049 } }
I20260709 13:03:32.928097 15240 raft_consensus.cc:385] T 7933482e2b0d42efbf1fe56ed38ecc26 P 4559a6eb3b0d48e383d75c089de5f2dc [term 0 FOLLOWER]: Consensus starting up: Expiring failure detector timer to make a prompt election more likely
I20260709 13:03:32.928422 15240 raft_consensus.cc:740] T 7933482e2b0d42efbf1fe56ed38ecc26 P 4559a6eb3b0d48e383d75c089de5f2dc [term 0 FOLLOWER]: Becoming Follower/Learner. State: Replica: 4559a6eb3b0d48e383d75c089de5f2dc, State: Initialized, Role: FOLLOWER
I20260709 13:03:32.930168 15242 raft_consensus.cc:359] T 1ee921e67bb74aeda4cafeccd059de09 P 3afe8d37b80744009386e9f08f620a74 [term 0 FOLLOWER]: Replica starting. Triggering 0 pending ops. Active config: opid_index: -1 OBSOLETE_local: false peers { permanent_uuid: "3afe8d37b80744009386e9f08f620a74" member_type: VOTER last_known_addr { host: "127.13.158.65" port: 41467 } } peers { permanent_uuid: "4559a6eb3b0d48e383d75c089de5f2dc" member_type: VOTER last_known_addr { host: "127.13.158.66" port: 33391 } } peers { permanent_uuid: "8f7f766c813b46d29ffcae80d58d9e42" member_type: VOTER last_known_addr { host: "127.13.158.67" port: 46049 } }
I20260709 13:03:32.930692 15238 ts_tablet_manager.cc:1434] T 4b42e988624d414e9400e09e92a2ba7e P 8f7f766c813b46d29ffcae80d58d9e42: Time spent starting tablet: real 0.199s	user 0.026s	sys 0.012s
I20260709 13:03:32.930910 15242 raft_consensus.cc:385] T 1ee921e67bb74aeda4cafeccd059de09 P 3afe8d37b80744009386e9f08f620a74 [term 0 FOLLOWER]: Consensus starting up: Expiring failure detector timer to make a prompt election more likely
I20260709 13:03:32.931231 15242 raft_consensus.cc:740] T 1ee921e67bb74aeda4cafeccd059de09 P 3afe8d37b80744009386e9f08f620a74 [term 0 FOLLOWER]: Becoming Follower/Learner. State: Replica: 3afe8d37b80744009386e9f08f620a74, State: Initialized, Role: FOLLOWER
I20260709 13:03:32.931941 15238 tablet_bootstrap.cc:492] T 091ba5ae6a0a4dc88424b521692c690d P 8f7f766c813b46d29ffcae80d58d9e42: Bootstrap starting.
I20260709 13:03:32.932240 15242 consensus_queue.cc:260] T 1ee921e67bb74aeda4cafeccd059de09 P 3afe8d37b80744009386e9f08f620a74 [NON_LEADER]: Queue going to NON_LEADER mode. State: All replicated index: 0, Majority replicated index: 0, Committed index: 0, Last appended: 0.0, Last appended by leader: 0, Current term: 0, Majority size: -1, State: 0, Mode: NON_LEADER, active raft config: opid_index: -1 OBSOLETE_local: false peers { permanent_uuid: "3afe8d37b80744009386e9f08f620a74" member_type: VOTER last_known_addr { host: "127.13.158.65" port: 41467 } } peers { permanent_uuid: "4559a6eb3b0d48e383d75c089de5f2dc" member_type: VOTER last_known_addr { host: "127.13.158.66" port: 33391 } } peers { permanent_uuid: "8f7f766c813b46d29ffcae80d58d9e42" member_type: VOTER last_known_addr { host: "127.13.158.67" port: 46049 } }
I20260709 13:03:32.934221 15240 consensus_queue.cc:260] T 7933482e2b0d42efbf1fe56ed38ecc26 P 4559a6eb3b0d48e383d75c089de5f2dc [NON_LEADER]: Queue going to NON_LEADER mode. State: All replicated index: 0, Majority replicated index: 0, Committed index: 0, Last appended: 0.0, Last appended by leader: 0, Current term: 0, Majority size: -1, State: 0, Mode: NON_LEADER, active raft config: opid_index: -1 OBSOLETE_local: false peers { permanent_uuid: "3afe8d37b80744009386e9f08f620a74" member_type: VOTER last_known_addr { host: "127.13.158.65" port: 41467 } } peers { permanent_uuid: "4559a6eb3b0d48e383d75c089de5f2dc" member_type: VOTER last_known_addr { host: "127.13.158.66" port: 33391 } } peers { permanent_uuid: "8f7f766c813b46d29ffcae80d58d9e42" member_type: VOTER last_known_addr { host: "127.13.158.67" port: 46049 } }
W20260709 13:03:32.931559 15161 leader_election.cc:343] T 7933482e2b0d42efbf1fe56ed38ecc26 P 8f7f766c813b46d29ffcae80d58d9e42 [CANDIDATE]: Term 1 pre-election: Tablet error from VoteRequest() call to peer 4559a6eb3b0d48e383d75c089de5f2dc (127.13.158.66:33391): Illegal state: must be running to vote when last-logged opid is not known
I20260709 13:03:32.936820 15242 ts_tablet_manager.cc:1434] T 1ee921e67bb74aeda4cafeccd059de09 P 3afe8d37b80744009386e9f08f620a74: Time spent starting tablet: real 0.021s	user 0.006s	sys 0.000s
I20260709 13:03:32.937578 15242 tablet_bootstrap.cc:492] T 627c24c4bd2c48a0ab373b20d47d237c P 3afe8d37b80744009386e9f08f620a74: Bootstrap starting.
I20260709 13:03:32.952054 15240 ts_tablet_manager.cc:1434] T 7933482e2b0d42efbf1fe56ed38ecc26 P 4559a6eb3b0d48e383d75c089de5f2dc: Time spent starting tablet: real 0.031s	user 0.003s	sys 0.002s
I20260709 13:03:32.958974 15240 tablet_bootstrap.cc:492] T f00e466749d24c5485dea09db9215933 P 4559a6eb3b0d48e383d75c089de5f2dc: Bootstrap starting.
I20260709 13:03:32.935560 15161 leader_election.cc:304] T 7933482e2b0d42efbf1fe56ed38ecc26 P 8f7f766c813b46d29ffcae80d58d9e42 [CANDIDATE]: Term 1 pre-election: Election decided. Result: candidate lost. Election summary: received 3 responses out of 3 voters: 1 yes votes; 2 no votes. yes voters: 8f7f766c813b46d29ffcae80d58d9e42; no voters: 3afe8d37b80744009386e9f08f620a74, 4559a6eb3b0d48e383d75c089de5f2dc
I20260709 13:03:32.963353 15197 raft_consensus.cc:2468] T f00e466749d24c5485dea09db9215933 P 8f7f766c813b46d29ffcae80d58d9e42 [term 1 FOLLOWER]: Leader election vote request: Granting yes vote for candidate 3afe8d37b80744009386e9f08f620a74 in term 1.
I20260709 13:03:32.966243 15338 consensus_queue.cc:1048] T c8d4a30cfb464de5b3ce0f22d6707e2b P 3afe8d37b80744009386e9f08f620a74 [LEADER]: Connected to new peer: Peer: permanent_uuid: "8f7f766c813b46d29ffcae80d58d9e42" member_type: VOTER last_known_addr { host: "127.13.158.67" port: 46049 }, Status: LMP_MISMATCH, Last received: 0.0, Next index: 1, Last known committed idx: 0, Time since last communication: 0.001s
I20260709 13:03:32.967780 15013 leader_election.cc:304] T f00e466749d24c5485dea09db9215933 P 3afe8d37b80744009386e9f08f620a74 [CANDIDATE]: Term 1 election: Election decided. Result: candidate won. Election summary: received 3 responses out of 3 voters: 2 yes votes; 1 no votes. yes voters: 3afe8d37b80744009386e9f08f620a74, 8f7f766c813b46d29ffcae80d58d9e42; no voters: 4559a6eb3b0d48e383d75c089de5f2dc
I20260709 13:03:32.969051 15342 raft_consensus.cc:2804] T f00e466749d24c5485dea09db9215933 P 3afe8d37b80744009386e9f08f620a74 [term 1 FOLLOWER]: Leader election won for term 1
I20260709 13:03:32.969513 15342 raft_consensus.cc:697] T f00e466749d24c5485dea09db9215933 P 3afe8d37b80744009386e9f08f620a74 [term 1 LEADER]: Becoming Leader. State: Replica: 3afe8d37b80744009386e9f08f620a74, State: Running, Role: LEADER
I20260709 13:03:32.971019 15240 tablet_bootstrap.cc:654] T f00e466749d24c5485dea09db9215933 P 4559a6eb3b0d48e383d75c089de5f2dc: Neither blocks nor log segments found. Creating new log.
I20260709 13:03:32.970606 15342 consensus_queue.cc:237] T f00e466749d24c5485dea09db9215933 P 3afe8d37b80744009386e9f08f620a74 [LEADER]: Queue going to LEADER mode. State: All replicated index: 0, Majority replicated index: 0, Committed index: 0, Last appended: 0.0, Last appended by leader: 0, Current term: 1, Majority size: 2, State: 0, Mode: LEADER, active raft config: opid_index: -1 OBSOLETE_local: false peers { permanent_uuid: "3afe8d37b80744009386e9f08f620a74" member_type: VOTER last_known_addr { host: "127.13.158.65" port: 41467 } } peers { permanent_uuid: "4559a6eb3b0d48e383d75c089de5f2dc" member_type: VOTER last_known_addr { host: "127.13.158.66" port: 33391 } } peers { permanent_uuid: "8f7f766c813b46d29ffcae80d58d9e42" member_type: VOTER last_known_addr { host: "127.13.158.67" port: 46049 } }
I20260709 13:03:32.972426 15242 tablet_bootstrap.cc:654] T 627c24c4bd2c48a0ab373b20d47d237c P 3afe8d37b80744009386e9f08f620a74: Neither blocks nor log segments found. Creating new log.
I20260709 13:03:32.972477 15333 consensus_queue.cc:1048] T c8d4a30cfb464de5b3ce0f22d6707e2b P 3afe8d37b80744009386e9f08f620a74 [LEADER]: Connected to new peer: Peer: permanent_uuid: "4559a6eb3b0d48e383d75c089de5f2dc" member_type: VOTER last_known_addr { host: "127.13.158.66" port: 33391 }, Status: LMP_MISMATCH, Last received: 0.0, Next index: 1, Last known committed idx: 0, Time since last communication: 0.000s
W20260709 13:03:32.976682 15161 outbound_call.cc:321] RPC callback for RPC call kudu.consensus.ConsensusService.RequestConsensusVote -> {remote=127.13.158.66:33391, user_credentials={real_user=slave}} blocked reactor thread for 47717.7us
I20260709 13:03:32.974660 15263 raft_consensus.cc:2749] T 7933482e2b0d42efbf1fe56ed38ecc26 P 8f7f766c813b46d29ffcae80d58d9e42 [term 0 FOLLOWER]: Leader pre-election lost for term 1. Reason: could not achieve majority
I20260709 13:03:32.977401 15161 leader_election.cc:304] T bedb432c58a448a58e29e72a289dac3c P 8f7f766c813b46d29ffcae80d58d9e42 [CANDIDATE]: Term 1 election: Election decided. Result: candidate won. Election summary: received 3 responses out of 3 voters: 2 yes votes; 1 no votes. yes voters: 4559a6eb3b0d48e383d75c089de5f2dc, 8f7f766c813b46d29ffcae80d58d9e42; no voters: 3afe8d37b80744009386e9f08f620a74
I20260709 13:03:32.978945 15241 consensus_queue.cc:1048] T f994d0b431ad479aa25fe3ef47689f8e P 8f7f766c813b46d29ffcae80d58d9e42 [LEADER]: Connected to new peer: Peer: permanent_uuid: "4559a6eb3b0d48e383d75c089de5f2dc" member_type: VOTER last_known_addr { host: "127.13.158.66" port: 33391 }, Status: LMP_MISMATCH, Last received: 0.0, Next index: 1, Last known committed idx: 0, Time since last communication: 0.001s
I20260709 13:03:32.979290 15361 raft_consensus.cc:2804] T bedb432c58a448a58e29e72a289dac3c P 8f7f766c813b46d29ffcae80d58d9e42 [term 1 FOLLOWER]: Leader election won for term 1
I20260709 13:03:32.982738 15361 raft_consensus.cc:697] T bedb432c58a448a58e29e72a289dac3c P 8f7f766c813b46d29ffcae80d58d9e42 [term 1 LEADER]: Becoming Leader. State: Replica: 8f7f766c813b46d29ffcae80d58d9e42, State: Running, Role: LEADER
I20260709 13:03:32.983567 15361 consensus_queue.cc:237] T bedb432c58a448a58e29e72a289dac3c P 8f7f766c813b46d29ffcae80d58d9e42 [LEADER]: Queue going to LEADER mode. State: All replicated index: 0, Majority replicated index: 0, Committed index: 0, Last appended: 0.0, Last appended by leader: 0, Current term: 1, Majority size: 2, State: 0, Mode: LEADER, active raft config: opid_index: -1 OBSOLETE_local: false peers { permanent_uuid: "3afe8d37b80744009386e9f08f620a74" member_type: VOTER last_known_addr { host: "127.13.158.65" port: 41467 } } peers { permanent_uuid: "4559a6eb3b0d48e383d75c089de5f2dc" member_type: VOTER last_known_addr { host: "127.13.158.66" port: 33391 } } peers { permanent_uuid: "8f7f766c813b46d29ffcae80d58d9e42" member_type: VOTER last_known_addr { host: "127.13.158.67" port: 46049 } }
I20260709 13:03:32.988917 15241 consensus_queue.cc:1048] T 7d6e5724ca2d4f6f85faa3fb1e3ca6c8 P 8f7f766c813b46d29ffcae80d58d9e42 [LEADER]: Connected to new peer: Peer: permanent_uuid: "3afe8d37b80744009386e9f08f620a74" member_type: VOTER last_known_addr { host: "127.13.158.65" port: 41467 }, Status: LMP_MISMATCH, Last received: 0.0, Next index: 1, Last known committed idx: 0, Time since last communication: 0.000s
I20260709 13:03:33.006623 15263 consensus_queue.cc:1048] T 627c24c4bd2c48a0ab373b20d47d237c P 8f7f766c813b46d29ffcae80d58d9e42 [LEADER]: Connected to new peer: Peer: permanent_uuid: "4559a6eb3b0d48e383d75c089de5f2dc" member_type: VOTER last_known_addr { host: "127.13.158.66" port: 33391 }, Status: LMP_MISMATCH, Last received: 0.0, Next index: 1, Last known committed idx: 0, Time since last communication: 0.000s
I20260709 13:03:33.009186 15238 tablet_bootstrap.cc:654] T 091ba5ae6a0a4dc88424b521692c690d P 8f7f766c813b46d29ffcae80d58d9e42: Neither blocks nor log segments found. Creating new log.
I20260709 13:03:33.030941 15342 consensus_queue.cc:1048] T 2b145cf413ad401fa83b9b2a6221c676 P 3afe8d37b80744009386e9f08f620a74 [LEADER]: Connected to new peer: Peer: permanent_uuid: "4559a6eb3b0d48e383d75c089de5f2dc" member_type: VOTER last_known_addr { host: "127.13.158.66" port: 33391 }, Status: LMP_MISMATCH, Last received: 0.0, Next index: 1, Last known committed idx: 0, Time since last communication: 0.000s
I20260709 13:03:33.051054 14945 catalog_manager.cc:5697] T 5da0f51bf33345cf99d815c65a08a290 P 4559a6eb3b0d48e383d75c089de5f2dc reported cstate change: term changed from 0 to 1, leader changed from <none> to 4559a6eb3b0d48e383d75c089de5f2dc (127.13.158.66). New cstate: current_term: 1 leader_uuid: "4559a6eb3b0d48e383d75c089de5f2dc" committed_config { opid_index: -1 OBSOLETE_local: false peers { permanent_uuid: "3afe8d37b80744009386e9f08f620a74" member_type: VOTER last_known_addr { host: "127.13.158.65" port: 41467 } health_report { overall_health: UNKNOWN } } peers { permanent_uuid: "4559a6eb3b0d48e383d75c089de5f2dc" member_type: VOTER last_known_addr { host: "127.13.158.66" port: 33391 } health_report { overall_health: HEALTHY } } peers { permanent_uuid: "8f7f766c813b46d29ffcae80d58d9e42" member_type: VOTER last_known_addr { host: "127.13.158.67" port: 46049 } health_report { overall_health: UNKNOWN } } }
W20260709 13:03:33.097226 15366 log.cc:927] Time spent T c8d4a30cfb464de5b3ce0f22d6707e2b P 4559a6eb3b0d48e383d75c089de5f2dc: Append to log took a long time: real 0.059s	user 0.000s	sys 0.000s
I20260709 13:03:33.106596 15242 tablet_bootstrap.cc:492] T 627c24c4bd2c48a0ab373b20d47d237c P 3afe8d37b80744009386e9f08f620a74: No bootstrap required, opened a new log
I20260709 13:03:33.107122 15242 ts_tablet_manager.cc:1403] T 627c24c4bd2c48a0ab373b20d47d237c P 3afe8d37b80744009386e9f08f620a74: Time spent bootstrapping tablet: real 0.170s	user 0.010s	sys 0.002s
I20260709 13:03:33.122931 15242 raft_consensus.cc:359] T 627c24c4bd2c48a0ab373b20d47d237c P 3afe8d37b80744009386e9f08f620a74 [term 0 FOLLOWER]: Replica starting. Triggering 0 pending ops. Active config: opid_index: -1 OBSOLETE_local: false peers { permanent_uuid: "3afe8d37b80744009386e9f08f620a74" member_type: VOTER last_known_addr { host: "127.13.158.65" port: 41467 } } peers { permanent_uuid: "4559a6eb3b0d48e383d75c089de5f2dc" member_type: VOTER last_known_addr { host: "127.13.158.66" port: 33391 } } peers { permanent_uuid: "8f7f766c813b46d29ffcae80d58d9e42" member_type: VOTER last_known_addr { host: "127.13.158.67" port: 46049 } }
I20260709 13:03:33.123675 15242 raft_consensus.cc:385] T 627c24c4bd2c48a0ab373b20d47d237c P 3afe8d37b80744009386e9f08f620a74 [term 0 FOLLOWER]: Consensus starting up: Expiring failure detector timer to make a prompt election more likely
I20260709 13:03:33.123934 15242 raft_consensus.cc:740] T 627c24c4bd2c48a0ab373b20d47d237c P 3afe8d37b80744009386e9f08f620a74 [term 0 FOLLOWER]: Becoming Follower/Learner. State: Replica: 3afe8d37b80744009386e9f08f620a74, State: Initialized, Role: FOLLOWER
I20260709 13:03:33.126559 15242 consensus_queue.cc:260] T 627c24c4bd2c48a0ab373b20d47d237c P 3afe8d37b80744009386e9f08f620a74 [NON_LEADER]: Queue going to NON_LEADER mode. State: All replicated index: 0, Majority replicated index: 0, Committed index: 0, Last appended: 0.0, Last appended by leader: 0, Current term: 0, Majority size: -1, State: 0, Mode: NON_LEADER, active raft config: opid_index: -1 OBSOLETE_local: false peers { permanent_uuid: "3afe8d37b80744009386e9f08f620a74" member_type: VOTER last_known_addr { host: "127.13.158.65" port: 41467 } } peers { permanent_uuid: "4559a6eb3b0d48e383d75c089de5f2dc" member_type: VOTER last_known_addr { host: "127.13.158.66" port: 33391 } } peers { permanent_uuid: "8f7f766c813b46d29ffcae80d58d9e42" member_type: VOTER last_known_addr { host: "127.13.158.67" port: 46049 } }
I20260709 13:03:33.136264 15242 ts_tablet_manager.cc:1434] T 627c24c4bd2c48a0ab373b20d47d237c P 3afe8d37b80744009386e9f08f620a74: Time spent starting tablet: real 0.029s	user 0.006s	sys 0.000s
I20260709 13:03:33.140396 14945 catalog_manager.cc:5697] T bedb432c58a448a58e29e72a289dac3c P 8f7f766c813b46d29ffcae80d58d9e42 reported cstate change: term changed from 0 to 1, leader changed from <none> to 8f7f766c813b46d29ffcae80d58d9e42 (127.13.158.67). New cstate: current_term: 1 leader_uuid: "8f7f766c813b46d29ffcae80d58d9e42" committed_config { opid_index: -1 OBSOLETE_local: false peers { permanent_uuid: "3afe8d37b80744009386e9f08f620a74" member_type: VOTER last_known_addr { host: "127.13.158.65" port: 41467 } health_report { overall_health: UNKNOWN } } peers { permanent_uuid: "4559a6eb3b0d48e383d75c089de5f2dc" member_type: VOTER last_known_addr { host: "127.13.158.66" port: 33391 } health_report { overall_health: UNKNOWN } } peers { permanent_uuid: "8f7f766c813b46d29ffcae80d58d9e42" member_type: VOTER last_known_addr { host: "127.13.158.67" port: 46049 } health_report { overall_health: HEALTHY } } }
I20260709 13:03:33.146543 15242 tablet_bootstrap.cc:492] T bedb432c58a448a58e29e72a289dac3c P 3afe8d37b80744009386e9f08f620a74: Bootstrap starting.
I20260709 13:03:33.150170 15238 tablet_bootstrap.cc:492] T 091ba5ae6a0a4dc88424b521692c690d P 8f7f766c813b46d29ffcae80d58d9e42: No bootstrap required, opened a new log
I20260709 13:03:33.150668 15238 ts_tablet_manager.cc:1403] T 091ba5ae6a0a4dc88424b521692c690d P 8f7f766c813b46d29ffcae80d58d9e42: Time spent bootstrapping tablet: real 0.219s	user 0.035s	sys 0.018s
I20260709 13:03:33.155082 15262 consensus_queue.cc:1048] T 2b145cf413ad401fa83b9b2a6221c676 P 3afe8d37b80744009386e9f08f620a74 [LEADER]: Connected to new peer: Peer: permanent_uuid: "8f7f766c813b46d29ffcae80d58d9e42" member_type: VOTER last_known_addr { host: "127.13.158.67" port: 46049 }, Status: LMP_MISMATCH, Last received: 0.0, Next index: 1, Last known committed idx: 0, Time since last communication: 0.000s
I20260709 13:03:33.158075 14947 catalog_manager.cc:5697] T f00e466749d24c5485dea09db9215933 P 3afe8d37b80744009386e9f08f620a74 reported cstate change: term changed from 0 to 1, leader changed from <none> to 3afe8d37b80744009386e9f08f620a74 (127.13.158.65). New cstate: current_term: 1 leader_uuid: "3afe8d37b80744009386e9f08f620a74" committed_config { opid_index: -1 OBSOLETE_local: false peers { permanent_uuid: "3afe8d37b80744009386e9f08f620a74" member_type: VOTER last_known_addr { host: "127.13.158.65" port: 41467 } health_report { overall_health: HEALTHY } } peers { permanent_uuid: "4559a6eb3b0d48e383d75c089de5f2dc" member_type: VOTER last_known_addr { host: "127.13.158.66" port: 33391 } health_report { overall_health: UNKNOWN } } peers { permanent_uuid: "8f7f766c813b46d29ffcae80d58d9e42" member_type: VOTER last_known_addr { host: "127.13.158.67" port: 46049 } health_report { overall_health: UNKNOWN } } }
W20260709 13:03:33.158942 15373 log.cc:927] Time spent T 2b145cf413ad401fa83b9b2a6221c676 P 4559a6eb3b0d48e383d75c089de5f2dc: Append to log took a long time: real 0.051s	user 0.001s	sys 0.000s
I20260709 13:03:33.160802 15242 tablet_bootstrap.cc:654] T bedb432c58a448a58e29e72a289dac3c P 3afe8d37b80744009386e9f08f620a74: Neither blocks nor log segments found. Creating new log.
I20260709 13:03:33.164160 15238 raft_consensus.cc:359] T 091ba5ae6a0a4dc88424b521692c690d P 8f7f766c813b46d29ffcae80d58d9e42 [term 0 FOLLOWER]: Replica starting. Triggering 0 pending ops. Active config: opid_index: -1 OBSOLETE_local: false peers { permanent_uuid: "3afe8d37b80744009386e9f08f620a74" member_type: VOTER last_known_addr { host: "127.13.158.65" port: 41467 } } peers { permanent_uuid: "4559a6eb3b0d48e383d75c089de5f2dc" member_type: VOTER last_known_addr { host: "127.13.158.66" port: 33391 } } peers { permanent_uuid: "8f7f766c813b46d29ffcae80d58d9e42" member_type: VOTER last_known_addr { host: "127.13.158.67" port: 46049 } }
I20260709 13:03:33.164711 15238 raft_consensus.cc:385] T 091ba5ae6a0a4dc88424b521692c690d P 8f7f766c813b46d29ffcae80d58d9e42 [term 0 FOLLOWER]: Consensus starting up: Expiring failure detector timer to make a prompt election more likely
I20260709 13:03:33.164968 15238 raft_consensus.cc:740] T 091ba5ae6a0a4dc88424b521692c690d P 8f7f766c813b46d29ffcae80d58d9e42 [term 0 FOLLOWER]: Becoming Follower/Learner. State: Replica: 8f7f766c813b46d29ffcae80d58d9e42, State: Initialized, Role: FOLLOWER
I20260709 13:03:33.165874 15238 consensus_queue.cc:260] T 091ba5ae6a0a4dc88424b521692c690d P 8f7f766c813b46d29ffcae80d58d9e42 [NON_LEADER]: Queue going to NON_LEADER mode. State: All replicated index: 0, Majority replicated index: 0, Committed index: 0, Last appended: 0.0, Last appended by leader: 0, Current term: 0, Majority size: -1, State: 0, Mode: NON_LEADER, active raft config: opid_index: -1 OBSOLETE_local: false peers { permanent_uuid: "3afe8d37b80744009386e9f08f620a74" member_type: VOTER last_known_addr { host: "127.13.158.65" port: 41467 } } peers { permanent_uuid: "4559a6eb3b0d48e383d75c089de5f2dc" member_type: VOTER last_known_addr { host: "127.13.158.66" port: 33391 } } peers { permanent_uuid: "8f7f766c813b46d29ffcae80d58d9e42" member_type: VOTER last_known_addr { host: "127.13.158.67" port: 46049 } }
I20260709 13:03:33.167805 15238 ts_tablet_manager.cc:1434] T 091ba5ae6a0a4dc88424b521692c690d P 8f7f766c813b46d29ffcae80d58d9e42: Time spent starting tablet: real 0.017s	user 0.005s	sys 0.000s
I20260709 13:03:33.168713 15238 tablet_bootstrap.cc:492] T 1ee921e67bb74aeda4cafeccd059de09 P 8f7f766c813b46d29ffcae80d58d9e42: Bootstrap starting.
I20260709 13:03:33.173717 15240 tablet_bootstrap.cc:492] T f00e466749d24c5485dea09db9215933 P 4559a6eb3b0d48e383d75c089de5f2dc: No bootstrap required, opened a new log
I20260709 13:03:33.174266 15240 ts_tablet_manager.cc:1403] T f00e466749d24c5485dea09db9215933 P 4559a6eb3b0d48e383d75c089de5f2dc: Time spent bootstrapping tablet: real 0.215s	user 0.022s	sys 0.025s
I20260709 13:03:33.177021 15240 raft_consensus.cc:359] T f00e466749d24c5485dea09db9215933 P 4559a6eb3b0d48e383d75c089de5f2dc [term 0 FOLLOWER]: Replica starting. Triggering 0 pending ops. Active config: opid_index: -1 OBSOLETE_local: false peers { permanent_uuid: "3afe8d37b80744009386e9f08f620a74" member_type: VOTER last_known_addr { host: "127.13.158.65" port: 41467 } } peers { permanent_uuid: "4559a6eb3b0d48e383d75c089de5f2dc" member_type: VOTER last_known_addr { host: "127.13.158.66" port: 33391 } } peers { permanent_uuid: "8f7f766c813b46d29ffcae80d58d9e42" member_type: VOTER last_known_addr { host: "127.13.158.67" port: 46049 } }
I20260709 13:03:33.177598 15262 raft_consensus.cc:493] T 1ee921e67bb74aeda4cafeccd059de09 P 3afe8d37b80744009386e9f08f620a74 [term 0 FOLLOWER]: Starting pre-election (no leader contacted us within the election timeout)
I20260709 13:03:33.178213 15262 raft_consensus.cc:515] T 1ee921e67bb74aeda4cafeccd059de09 P 3afe8d37b80744009386e9f08f620a74 [term 0 FOLLOWER]: Starting pre-election with config: opid_index: -1 OBSOLETE_local: false peers { permanent_uuid: "3afe8d37b80744009386e9f08f620a74" member_type: VOTER last_known_addr { host: "127.13.158.65" port: 41467 } } peers { permanent_uuid: "4559a6eb3b0d48e383d75c089de5f2dc" member_type: VOTER last_known_addr { host: "127.13.158.66" port: 33391 } } peers { permanent_uuid: "8f7f766c813b46d29ffcae80d58d9e42" member_type: VOTER last_known_addr { host: "127.13.158.67" port: 46049 } }
I20260709 13:03:33.174316 15238 tablet_bootstrap.cc:654] T 1ee921e67bb74aeda4cafeccd059de09 P 8f7f766c813b46d29ffcae80d58d9e42: Neither blocks nor log segments found. Creating new log.
I20260709 13:03:33.181200 15124 tablet_service.cc:1917] Received RequestConsensusVote() RPC: tablet_id: "1ee921e67bb74aeda4cafeccd059de09" candidate_uuid: "3afe8d37b80744009386e9f08f620a74" candidate_term: 1 candidate_status { last_received { term: 0 index: 0 } } ignore_live_leader: false dest_uuid: "4559a6eb3b0d48e383d75c089de5f2dc" is_pre_election: true
I20260709 13:03:33.181905 15124 raft_consensus.cc:2468] T 1ee921e67bb74aeda4cafeccd059de09 P 4559a6eb3b0d48e383d75c089de5f2dc [term 0 FOLLOWER]: Leader pre-election vote request: Granting yes vote for candidate 3afe8d37b80744009386e9f08f620a74 in term 0.
I20260709 13:03:33.183334 15012 leader_election.cc:304] T 1ee921e67bb74aeda4cafeccd059de09 P 3afe8d37b80744009386e9f08f620a74 [CANDIDATE]: Term 1 pre-election: Election decided. Result: candidate won. Election summary: received 2 responses out of 3 voters: 2 yes votes; 0 no votes. yes voters: 3afe8d37b80744009386e9f08f620a74, 4559a6eb3b0d48e383d75c089de5f2dc; no voters: 
I20260709 13:03:33.177734 15240 raft_consensus.cc:385] T f00e466749d24c5485dea09db9215933 P 4559a6eb3b0d48e383d75c089de5f2dc [term 0 FOLLOWER]: Consensus starting up: Expiring failure detector timer to make a prompt election more likely
I20260709 13:03:33.184208 15342 raft_consensus.cc:2804] T 1ee921e67bb74aeda4cafeccd059de09 P 3afe8d37b80744009386e9f08f620a74 [term 0 FOLLOWER]: Leader pre-election won for term 1
I20260709 13:03:33.184700 15342 raft_consensus.cc:493] T 1ee921e67bb74aeda4cafeccd059de09 P 3afe8d37b80744009386e9f08f620a74 [term 0 FOLLOWER]: Starting leader election (no leader contacted us within the election timeout)
I20260709 13:03:33.185055 15342 raft_consensus.cc:3060] T 1ee921e67bb74aeda4cafeccd059de09 P 3afe8d37b80744009386e9f08f620a74 [term 0 FOLLOWER]: Advancing to term 1
I20260709 13:03:33.185806 15240 raft_consensus.cc:740] T f00e466749d24c5485dea09db9215933 P 4559a6eb3b0d48e383d75c089de5f2dc [term 0 FOLLOWER]: Becoming Follower/Learner. State: Replica: 4559a6eb3b0d48e383d75c089de5f2dc, State: Initialized, Role: FOLLOWER
I20260709 13:03:33.189144 15240 consensus_queue.cc:260] T f00e466749d24c5485dea09db9215933 P 4559a6eb3b0d48e383d75c089de5f2dc [NON_LEADER]: Queue going to NON_LEADER mode. State: All replicated index: 0, Majority replicated index: 0, Committed index: 0, Last appended: 0.0, Last appended by leader: 0, Current term: 0, Majority size: -1, State: 0, Mode: NON_LEADER, active raft config: opid_index: -1 OBSOLETE_local: false peers { permanent_uuid: "3afe8d37b80744009386e9f08f620a74" member_type: VOTER last_known_addr { host: "127.13.158.65" port: 41467 } } peers { permanent_uuid: "4559a6eb3b0d48e383d75c089de5f2dc" member_type: VOTER last_known_addr { host: "127.13.158.66" port: 33391 } } peers { permanent_uuid: "8f7f766c813b46d29ffcae80d58d9e42" member_type: VOTER last_known_addr { host: "127.13.158.67" port: 46049 } }
I20260709 13:03:33.191442 15262 leader_election.cc:290] T 1ee921e67bb74aeda4cafeccd059de09 P 3afe8d37b80744009386e9f08f620a74 [CANDIDATE]: Term 1 pre-election: Requested pre-vote from peers 4559a6eb3b0d48e383d75c089de5f2dc (127.13.158.66:33391), 8f7f766c813b46d29ffcae80d58d9e42 (127.13.158.67:46049)
I20260709 13:03:33.191871 15240 ts_tablet_manager.cc:1434] T f00e466749d24c5485dea09db9215933 P 4559a6eb3b0d48e383d75c089de5f2dc: Time spent starting tablet: real 0.017s	user 0.004s	sys 0.001s
I20260709 13:03:33.192754 15240 tablet_bootstrap.cc:492] T dc51a1ae57b6407c97550166d328eae0 P 4559a6eb3b0d48e383d75c089de5f2dc: Bootstrap starting.
I20260709 13:03:33.193079 15196 tablet_service.cc:1917] Received RequestConsensusVote() RPC: tablet_id: "1ee921e67bb74aeda4cafeccd059de09" candidate_uuid: "3afe8d37b80744009386e9f08f620a74" candidate_term: 1 candidate_status { last_received { term: 0 index: 0 } } ignore_live_leader: false dest_uuid: "8f7f766c813b46d29ffcae80d58d9e42" is_pre_election: true
W20260709 13:03:33.199374 15013 leader_election.cc:343] T 1ee921e67bb74aeda4cafeccd059de09 P 3afe8d37b80744009386e9f08f620a74 [CANDIDATE]: Term 1 pre-election: Tablet error from VoteRequest() call to peer 8f7f766c813b46d29ffcae80d58d9e42 (127.13.158.67:46049): Illegal state: must be running to vote when last-logged opid is not known
I20260709 13:03:33.207319 15240 tablet_bootstrap.cc:654] T dc51a1ae57b6407c97550166d328eae0 P 4559a6eb3b0d48e383d75c089de5f2dc: Neither blocks nor log segments found. Creating new log.
I20260709 13:03:33.213456 15342 raft_consensus.cc:515] T 1ee921e67bb74aeda4cafeccd059de09 P 3afe8d37b80744009386e9f08f620a74 [term 1 FOLLOWER]: Starting leader election with config: opid_index: -1 OBSOLETE_local: false peers { permanent_uuid: "3afe8d37b80744009386e9f08f620a74" member_type: VOTER last_known_addr { host: "127.13.158.65" port: 41467 } } peers { permanent_uuid: "4559a6eb3b0d48e383d75c089de5f2dc" member_type: VOTER last_known_addr { host: "127.13.158.66" port: 33391 } } peers { permanent_uuid: "8f7f766c813b46d29ffcae80d58d9e42" member_type: VOTER last_known_addr { host: "127.13.158.67" port: 46049 } }
I20260709 13:03:33.217236 15238 tablet_bootstrap.cc:492] T 1ee921e67bb74aeda4cafeccd059de09 P 8f7f766c813b46d29ffcae80d58d9e42: No bootstrap required, opened a new log
I20260709 13:03:33.217444 15242 tablet_bootstrap.cc:492] T bedb432c58a448a58e29e72a289dac3c P 3afe8d37b80744009386e9f08f620a74: No bootstrap required, opened a new log
I20260709 13:03:33.217691 15238 ts_tablet_manager.cc:1403] T 1ee921e67bb74aeda4cafeccd059de09 P 8f7f766c813b46d29ffcae80d58d9e42: Time spent bootstrapping tablet: real 0.049s	user 0.009s	sys 0.001s
I20260709 13:03:33.217809 15242 ts_tablet_manager.cc:1403] T bedb432c58a448a58e29e72a289dac3c P 3afe8d37b80744009386e9f08f620a74: Time spent bootstrapping tablet: real 0.071s	user 0.013s	sys 0.024s
I20260709 13:03:33.220247 15242 raft_consensus.cc:359] T bedb432c58a448a58e29e72a289dac3c P 3afe8d37b80744009386e9f08f620a74 [term 0 FOLLOWER]: Replica starting. Triggering 0 pending ops. Active config: opid_index: -1 OBSOLETE_local: false peers { permanent_uuid: "3afe8d37b80744009386e9f08f620a74" member_type: VOTER last_known_addr { host: "127.13.158.65" port: 41467 } } peers { permanent_uuid: "4559a6eb3b0d48e383d75c089de5f2dc" member_type: VOTER last_known_addr { host: "127.13.158.66" port: 33391 } } peers { permanent_uuid: "8f7f766c813b46d29ffcae80d58d9e42" member_type: VOTER last_known_addr { host: "127.13.158.67" port: 46049 } }
I20260709 13:03:33.220894 15242 raft_consensus.cc:385] T bedb432c58a448a58e29e72a289dac3c P 3afe8d37b80744009386e9f08f620a74 [term 0 FOLLOWER]: Consensus starting up: Expiring failure detector timer to make a prompt election more likely
I20260709 13:03:33.221165 15242 raft_consensus.cc:740] T bedb432c58a448a58e29e72a289dac3c P 3afe8d37b80744009386e9f08f620a74 [term 0 FOLLOWER]: Becoming Follower/Learner. State: Replica: 3afe8d37b80744009386e9f08f620a74, State: Initialized, Role: FOLLOWER
I20260709 13:03:33.221740 15242 consensus_queue.cc:260] T bedb432c58a448a58e29e72a289dac3c P 3afe8d37b80744009386e9f08f620a74 [NON_LEADER]: Queue going to NON_LEADER mode. State: All replicated index: 0, Majority replicated index: 0, Committed index: 0, Last appended: 0.0, Last appended by leader: 0, Current term: 0, Majority size: -1, State: 0, Mode: NON_LEADER, active raft config: opid_index: -1 OBSOLETE_local: false peers { permanent_uuid: "3afe8d37b80744009386e9f08f620a74" member_type: VOTER last_known_addr { host: "127.13.158.65" port: 41467 } } peers { permanent_uuid: "4559a6eb3b0d48e383d75c089de5f2dc" member_type: VOTER last_known_addr { host: "127.13.158.66" port: 33391 } } peers { permanent_uuid: "8f7f766c813b46d29ffcae80d58d9e42" member_type: VOTER last_known_addr { host: "127.13.158.67" port: 46049 } }
I20260709 13:03:33.223266 15238 raft_consensus.cc:359] T 1ee921e67bb74aeda4cafeccd059de09 P 8f7f766c813b46d29ffcae80d58d9e42 [term 0 FOLLOWER]: Replica starting. Triggering 0 pending ops. Active config: opid_index: -1 OBSOLETE_local: false peers { permanent_uuid: "3afe8d37b80744009386e9f08f620a74" member_type: VOTER last_known_addr { host: "127.13.158.65" port: 41467 } } peers { permanent_uuid: "4559a6eb3b0d48e383d75c089de5f2dc" member_type: VOTER last_known_addr { host: "127.13.158.66" port: 33391 } } peers { permanent_uuid: "8f7f766c813b46d29ffcae80d58d9e42" member_type: VOTER last_known_addr { host: "127.13.158.67" port: 46049 } }
I20260709 13:03:33.223663 15242 ts_tablet_manager.cc:1434] T bedb432c58a448a58e29e72a289dac3c P 3afe8d37b80744009386e9f08f620a74: Time spent starting tablet: real 0.006s	user 0.006s	sys 0.000s
I20260709 13:03:33.223924 15238 raft_consensus.cc:385] T 1ee921e67bb74aeda4cafeccd059de09 P 8f7f766c813b46d29ffcae80d58d9e42 [term 0 FOLLOWER]: Consensus starting up: Expiring failure detector timer to make a prompt election more likely
I20260709 13:03:33.224184 15238 raft_consensus.cc:740] T 1ee921e67bb74aeda4cafeccd059de09 P 8f7f766c813b46d29ffcae80d58d9e42 [term 0 FOLLOWER]: Becoming Follower/Learner. State: Replica: 8f7f766c813b46d29ffcae80d58d9e42, State: Initialized, Role: FOLLOWER
I20260709 13:03:33.224556 15242 tablet_bootstrap.cc:492] T 4b42e988624d414e9400e09e92a2ba7e P 3afe8d37b80744009386e9f08f620a74: Bootstrap starting.
I20260709 13:03:33.224884 15238 consensus_queue.cc:260] T 1ee921e67bb74aeda4cafeccd059de09 P 8f7f766c813b46d29ffcae80d58d9e42 [NON_LEADER]: Queue going to NON_LEADER mode. State: All replicated index: 0, Majority replicated index: 0, Committed index: 0, Last appended: 0.0, Last appended by leader: 0, Current term: 0, Majority size: -1, State: 0, Mode: NON_LEADER, active raft config: opid_index: -1 OBSOLETE_local: false peers { permanent_uuid: "3afe8d37b80744009386e9f08f620a74" member_type: VOTER last_known_addr { host: "127.13.158.65" port: 41467 } } peers { permanent_uuid: "4559a6eb3b0d48e383d75c089de5f2dc" member_type: VOTER last_known_addr { host: "127.13.158.66" port: 33391 } } peers { permanent_uuid: "8f7f766c813b46d29ffcae80d58d9e42" member_type: VOTER last_known_addr { host: "127.13.158.67" port: 46049 } }
I20260709 13:03:33.227030 15238 ts_tablet_manager.cc:1434] T 1ee921e67bb74aeda4cafeccd059de09 P 8f7f766c813b46d29ffcae80d58d9e42: Time spent starting tablet: real 0.009s	user 0.006s	sys 0.001s
I20260709 13:03:33.229733 15124 tablet_service.cc:1917] Received RequestConsensusVote() RPC: tablet_id: "1ee921e67bb74aeda4cafeccd059de09" candidate_uuid: "3afe8d37b80744009386e9f08f620a74" candidate_term: 1 candidate_status { last_received { term: 0 index: 0 } } ignore_live_leader: false dest_uuid: "4559a6eb3b0d48e383d75c089de5f2dc"
I20260709 13:03:33.231516 15197 tablet_service.cc:1917] Received RequestConsensusVote() RPC: tablet_id: "1ee921e67bb74aeda4cafeccd059de09" candidate_uuid: "3afe8d37b80744009386e9f08f620a74" candidate_term: 1 candidate_status { last_received { term: 0 index: 0 } } ignore_live_leader: false dest_uuid: "8f7f766c813b46d29ffcae80d58d9e42"
I20260709 13:03:33.231770 15124 raft_consensus.cc:3060] T 1ee921e67bb74aeda4cafeccd059de09 P 4559a6eb3b0d48e383d75c089de5f2dc [term 0 FOLLOWER]: Advancing to term 1
I20260709 13:03:33.232115 15240 tablet_bootstrap.cc:492] T dc51a1ae57b6407c97550166d328eae0 P 4559a6eb3b0d48e383d75c089de5f2dc: No bootstrap required, opened a new log
I20260709 13:03:33.232563 15240 ts_tablet_manager.cc:1403] T dc51a1ae57b6407c97550166d328eae0 P 4559a6eb3b0d48e383d75c089de5f2dc: Time spent bootstrapping tablet: real 0.040s	user 0.007s	sys 0.002s
I20260709 13:03:33.235212 15242 tablet_bootstrap.cc:654] T 4b42e988624d414e9400e09e92a2ba7e P 3afe8d37b80744009386e9f08f620a74: Neither blocks nor log segments found. Creating new log.
I20260709 13:03:33.232087 15197 raft_consensus.cc:3060] T 1ee921e67bb74aeda4cafeccd059de09 P 8f7f766c813b46d29ffcae80d58d9e42 [term 0 FOLLOWER]: Advancing to term 1
I20260709 13:03:33.235131 15240 raft_consensus.cc:359] T dc51a1ae57b6407c97550166d328eae0 P 4559a6eb3b0d48e383d75c089de5f2dc [term 0 FOLLOWER]: Replica starting. Triggering 0 pending ops. Active config: opid_index: -1 OBSOLETE_local: false peers { permanent_uuid: "3afe8d37b80744009386e9f08f620a74" member_type: VOTER last_known_addr { host: "127.13.158.65" port: 41467 } } peers { permanent_uuid: "4559a6eb3b0d48e383d75c089de5f2dc" member_type: VOTER last_known_addr { host: "127.13.158.66" port: 33391 } } peers { permanent_uuid: "8f7f766c813b46d29ffcae80d58d9e42" member_type: VOTER last_known_addr { host: "127.13.158.67" port: 46049 } }
I20260709 13:03:33.239123 15240 raft_consensus.cc:385] T dc51a1ae57b6407c97550166d328eae0 P 4559a6eb3b0d48e383d75c089de5f2dc [term 0 FOLLOWER]: Consensus starting up: Expiring failure detector timer to make a prompt election more likely
I20260709 13:03:33.239435 15240 raft_consensus.cc:740] T dc51a1ae57b6407c97550166d328eae0 P 4559a6eb3b0d48e383d75c089de5f2dc [term 0 FOLLOWER]: Becoming Follower/Learner. State: Replica: 4559a6eb3b0d48e383d75c089de5f2dc, State: Initialized, Role: FOLLOWER
I20260709 13:03:33.240199 15240 consensus_queue.cc:260] T dc51a1ae57b6407c97550166d328eae0 P 4559a6eb3b0d48e383d75c089de5f2dc [NON_LEADER]: Queue going to NON_LEADER mode. State: All replicated index: 0, Majority replicated index: 0, Committed index: 0, Last appended: 0.0, Last appended by leader: 0, Current term: 0, Majority size: -1, State: 0, Mode: NON_LEADER, active raft config: opid_index: -1 OBSOLETE_local: false peers { permanent_uuid: "3afe8d37b80744009386e9f08f620a74" member_type: VOTER last_known_addr { host: "127.13.158.65" port: 41467 } } peers { permanent_uuid: "4559a6eb3b0d48e383d75c089de5f2dc" member_type: VOTER last_known_addr { host: "127.13.158.66" port: 33391 } } peers { permanent_uuid: "8f7f766c813b46d29ffcae80d58d9e42" member_type: VOTER last_known_addr { host: "127.13.158.67" port: 46049 } }
I20260709 13:03:33.241127 15124 raft_consensus.cc:2468] T 1ee921e67bb74aeda4cafeccd059de09 P 4559a6eb3b0d48e383d75c089de5f2dc [term 1 FOLLOWER]: Leader election vote request: Granting yes vote for candidate 3afe8d37b80744009386e9f08f620a74 in term 1.
I20260709 13:03:33.242336 15012 leader_election.cc:304] T 1ee921e67bb74aeda4cafeccd059de09 P 3afe8d37b80744009386e9f08f620a74 [CANDIDATE]: Term 1 election: Election decided. Result: candidate won. Election summary: received 2 responses out of 3 voters: 2 yes votes; 0 no votes. yes voters: 3afe8d37b80744009386e9f08f620a74, 4559a6eb3b0d48e383d75c089de5f2dc; no voters: 
I20260709 13:03:33.243454 15262 raft_consensus.cc:2804] T 1ee921e67bb74aeda4cafeccd059de09 P 3afe8d37b80744009386e9f08f620a74 [term 1 FOLLOWER]: Leader election won for term 1
I20260709 13:03:33.243899 15262 raft_consensus.cc:697] T 1ee921e67bb74aeda4cafeccd059de09 P 3afe8d37b80744009386e9f08f620a74 [term 1 LEADER]: Becoming Leader. State: Replica: 3afe8d37b80744009386e9f08f620a74, State: Running, Role: LEADER
I20260709 13:03:33.244694 15262 consensus_queue.cc:237] T 1ee921e67bb74aeda4cafeccd059de09 P 3afe8d37b80744009386e9f08f620a74 [LEADER]: Queue going to LEADER mode. State: All replicated index: 0, Majority replicated index: 0, Committed index: 0, Last appended: 0.0, Last appended by leader: 0, Current term: 1, Majority size: 2, State: 0, Mode: LEADER, active raft config: opid_index: -1 OBSOLETE_local: false peers { permanent_uuid: "3afe8d37b80744009386e9f08f620a74" member_type: VOTER last_known_addr { host: "127.13.158.65" port: 41467 } } peers { permanent_uuid: "4559a6eb3b0d48e383d75c089de5f2dc" member_type: VOTER last_known_addr { host: "127.13.158.66" port: 33391 } } peers { permanent_uuid: "8f7f766c813b46d29ffcae80d58d9e42" member_type: VOTER last_known_addr { host: "127.13.158.67" port: 46049 } }
