I20260709 13:03:34.932459 18258 raft_consensus.cc:385] T b57362bc25e742dab0ee4bef92af9908 P 75bfe54886714ef780bdd0237bf9c01d [term 0 FOLLOWER]: Consensus starting up: Expiring failure detector timer to make a prompt election more likely
I20260709 13:03:34.932726 18258 raft_consensus.cc:740] T b57362bc25e742dab0ee4bef92af9908 P 75bfe54886714ef780bdd0237bf9c01d [term 0 FOLLOWER]: Becoming Follower/Learner. State: Replica: 75bfe54886714ef780bdd0237bf9c01d, State: Initialized, Role: FOLLOWER
I20260709 13:03:34.902726 18064 tablet_service.cc:1917] Received RequestConsensusVote() RPC: tablet_id: "9d7a9b32670b4f8f96871a80a9710187" candidate_uuid: "af3ffde258a24902831f52d4e41f2b8e" candidate_term: 1 candidate_status { last_received { term: 0 index: 0 } } ignore_live_leader: false dest_uuid: "fbe12071a77c451a84f7ba150d725631" is_pre_election: true
I20260709 13:03:34.985615 18032 leader_election.cc:304] T 48e06c84a523417fa5e1cbeb6262b343 P fbe12071a77c451a84f7ba150d725631 [CANDIDATE]: Term 1 pre-election: Election decided. Result: candidate won. Election summary: received 2 responses out of 3 voters: 2 yes votes; 0 no votes. yes voters: 75bfe54886714ef780bdd0237bf9c01d, fbe12071a77c451a84f7ba150d725631; no voters: 
W20260709 13:03:34.990958 18108 outbound_call.cc:321] RPC callback for RPC call kudu.consensus.ConsensusService.UpdateConsensus -> {remote=127.16.140.129:42695, user_credentials={real_user=slave}} blocked reactor thread for 89715.9us
I20260709 13:03:34.995227 18402 consensus_queue.cc:1048] T bce745f740cc4289910db337aa8583ad P fbe12071a77c451a84f7ba150d725631 [LEADER]: Connected to new peer: Peer: permanent_uuid: "75bfe54886714ef780bdd0237bf9c01d" member_type: VOTER last_known_addr { host: "127.16.140.130" port: 39335 }, Status: LMP_MISMATCH, Last received: 0.0, Next index: 1, Last known committed idx: 0, Time since last communication: 0.001s
I20260709 13:03:34.987742 18181 leader_election.cc:304] T 9d7a9b32670b4f8f96871a80a9710187 P af3ffde258a24902831f52d4e41f2b8e [CANDIDATE]: Term 1 pre-election: Election decided. Result: candidate won. Election summary: received 2 responses out of 3 voters: 2 yes votes; 0 no votes. yes voters: 75bfe54886714ef780bdd0237bf9c01d, af3ffde258a24902831f52d4e41f2b8e; no voters: 
I20260709 13:03:34.933327 18258 consensus_queue.cc:260] T b57362bc25e742dab0ee4bef92af9908 P 75bfe54886714ef780bdd0237bf9c01d [NON_LEADER]: Queue going to NON_LEADER mode. State: All replicated index: 0, Majority replicated index: 0, Committed index: 0, Last appended: 0.0, Last appended by leader: 0, Current term: 0, Majority size: -1, State: 0, Mode: NON_LEADER, active raft config: opid_index: -1 OBSOLETE_local: false peers { permanent_uuid: "fbe12071a77c451a84f7ba150d725631" member_type: VOTER last_known_addr { host: "127.16.140.129" port: 42695 } } peers { permanent_uuid: "75bfe54886714ef780bdd0237bf9c01d" member_type: VOTER last_known_addr { host: "127.16.140.130" port: 39335 } } peers { permanent_uuid: "af3ffde258a24902831f52d4e41f2b8e" member_type: VOTER last_known_addr { host: "127.16.140.131" port: 38535 } }
I20260709 13:03:35.013979 18535 raft_consensus.cc:2804] T 9d7a9b32670b4f8f96871a80a9710187 P af3ffde258a24902831f52d4e41f2b8e [term 0 FOLLOWER]: Leader pre-election won for term 1
I20260709 13:03:35.014699 18535 raft_consensus.cc:493] T 9d7a9b32670b4f8f96871a80a9710187 P af3ffde258a24902831f52d4e41f2b8e [term 0 FOLLOWER]: Starting leader election (no leader contacted us within the election timeout)
I20260709 13:03:35.015498 18535 raft_consensus.cc:3060] T 9d7a9b32670b4f8f96871a80a9710187 P af3ffde258a24902831f52d4e41f2b8e [term 0 FOLLOWER]: Advancing to term 1
I20260709 13:03:35.010051 18258 ts_tablet_manager.cc:1434] T b57362bc25e742dab0ee4bef92af9908 P 75bfe54886714ef780bdd0237bf9c01d: Time spent starting tablet: real 0.116s	user 0.006s	sys 0.000s
W20260709 13:03:35.028482 18182 leader_election.cc:343] T 9d7a9b32670b4f8f96871a80a9710187 P af3ffde258a24902831f52d4e41f2b8e [CANDIDATE]: Term 1 pre-election: Tablet error from VoteRequest() call to peer fbe12071a77c451a84f7ba150d725631 (127.16.140.129:42695): Illegal state: must be running to vote when last-logged opid is not known
I20260709 13:03:35.036820 18258 tablet_bootstrap.cc:492] T bfa4575c2adb4d4cb59d4087077a77ed P 75bfe54886714ef780bdd0237bf9c01d: Bootstrap starting.
I20260709 13:03:35.037978 18259 tablet_bootstrap.cc:654] T a29c49905af74d9bb88ab08134df02e9 P fbe12071a77c451a84f7ba150d725631: Neither blocks nor log segments found. Creating new log.
I20260709 13:03:35.042286 18434 consensus_queue.cc:1048] T 19960fa7bb9a4c74b99ccc2e94b0135d P af3ffde258a24902831f52d4e41f2b8e [LEADER]: Connected to new peer: Peer: permanent_uuid: "75bfe54886714ef780bdd0237bf9c01d" member_type: VOTER last_known_addr { host: "127.16.140.130" port: 39335 }, Status: LMP_MISMATCH, Last received: 0.0, Next index: 1, Last known committed idx: 0, Time since last communication: 0.002s
I20260709 13:03:35.047001 18257 tablet_bootstrap.cc:492] T ca95951985074f5eabef6311b73a3442 P af3ffde258a24902831f52d4e41f2b8e: No bootstrap required, opened a new log
I20260709 13:03:35.047760 18365 raft_consensus.cc:493] T bd9bbe10639643da815d772746389301 P fbe12071a77c451a84f7ba150d725631 [term 0 FOLLOWER]: Starting pre-election (no leader contacted us within the election timeout)
I20260709 13:03:35.048069 18257 ts_tablet_manager.cc:1403] T ca95951985074f5eabef6311b73a3442 P af3ffde258a24902831f52d4e41f2b8e: Time spent bootstrapping tablet: real 0.331s	user 0.013s	sys 0.017s
I20260709 13:03:35.048435 18365 raft_consensus.cc:515] T bd9bbe10639643da815d772746389301 P fbe12071a77c451a84f7ba150d725631 [term 0 FOLLOWER]: Starting pre-election with config: opid_index: -1 OBSOLETE_local: false peers { permanent_uuid: "fbe12071a77c451a84f7ba150d725631" member_type: VOTER last_known_addr { host: "127.16.140.129" port: 42695 } } peers { permanent_uuid: "75bfe54886714ef780bdd0237bf9c01d" member_type: VOTER last_known_addr { host: "127.16.140.130" port: 39335 } } peers { permanent_uuid: "af3ffde258a24902831f52d4e41f2b8e" member_type: VOTER last_known_addr { host: "127.16.140.131" port: 38535 } }
W20260709 13:03:35.052853 18033 leader_election.cc:343] T 48e06c84a523417fa5e1cbeb6262b343 P fbe12071a77c451a84f7ba150d725631 [CANDIDATE]: Term 1 pre-election: Tablet error from VoteRequest() call to peer af3ffde258a24902831f52d4e41f2b8e (127.16.140.131:38535): Illegal state: must be running to vote when last-logged opid is not known
I20260709 13:03:35.053580 18543 raft_consensus.cc:493] T ca95951985074f5eabef6311b73a3442 P fbe12071a77c451a84f7ba150d725631 [term 0 FOLLOWER]: Starting pre-election (no leader contacted us within the election timeout)
W20260709 13:03:35.049516 18032 leader_election.cc:343] T 928b1623253549549b33249dba6ca0c0 P fbe12071a77c451a84f7ba150d725631 [CANDIDATE]: Term 1 pre-election: Tablet error from VoteRequest() call to peer 75bfe54886714ef780bdd0237bf9c01d (127.16.140.130:39335): Illegal state: must be running to vote when last-logged opid is not known
I20260709 13:03:35.054535 18032 leader_election.cc:304] T 928b1623253549549b33249dba6ca0c0 P fbe12071a77c451a84f7ba150d725631 [CANDIDATE]: Term 1 pre-election: Election decided. Result: candidate lost. Election summary: received 3 responses out of 3 voters: 1 yes votes; 2 no votes. yes voters: fbe12071a77c451a84f7ba150d725631; no voters: 75bfe54886714ef780bdd0237bf9c01d, af3ffde258a24902831f52d4e41f2b8e
I20260709 13:03:35.054364 18543 raft_consensus.cc:515] T ca95951985074f5eabef6311b73a3442 P fbe12071a77c451a84f7ba150d725631 [term 0 FOLLOWER]: Starting pre-election with config: opid_index: -1 OBSOLETE_local: false peers { permanent_uuid: "fbe12071a77c451a84f7ba150d725631" member_type: VOTER last_known_addr { host: "127.16.140.129" port: 42695 } } peers { permanent_uuid: "75bfe54886714ef780bdd0237bf9c01d" member_type: VOTER last_known_addr { host: "127.16.140.130" port: 39335 } } peers { permanent_uuid: "af3ffde258a24902831f52d4e41f2b8e" member_type: VOTER last_known_addr { host: "127.16.140.131" port: 38535 } }
I20260709 13:03:35.055918 18538 raft_consensus.cc:2749] T 928b1623253549549b33249dba6ca0c0 P fbe12071a77c451a84f7ba150d725631 [term 0 FOLLOWER]: Leader pre-election lost for term 1. Reason: could not achieve majority
I20260709 13:03:35.058001 18365 leader_election.cc:290] T bd9bbe10639643da815d772746389301 P fbe12071a77c451a84f7ba150d725631 [CANDIDATE]: Term 1 pre-election: Requested pre-vote from peers 75bfe54886714ef780bdd0237bf9c01d (127.16.140.130:39335), af3ffde258a24902831f52d4e41f2b8e (127.16.140.131:38535)
I20260709 13:03:35.063938 18258 tablet_bootstrap.cc:654] T bfa4575c2adb4d4cb59d4087077a77ed P 75bfe54886714ef780bdd0237bf9c01d: Neither blocks nor log segments found. Creating new log.
I20260709 13:03:35.066766 18543 leader_election.cc:290] T ca95951985074f5eabef6311b73a3442 P fbe12071a77c451a84f7ba150d725631 [CANDIDATE]: Term 1 pre-election: Requested pre-vote from peers 75bfe54886714ef780bdd0237bf9c01d (127.16.140.130:39335), af3ffde258a24902831f52d4e41f2b8e (127.16.140.131:38535)
I20260709 13:03:35.067570 18483 consensus_queue.cc:1048] T 19960fa7bb9a4c74b99ccc2e94b0135d P af3ffde258a24902831f52d4e41f2b8e [LEADER]: Connected to new peer: Peer: permanent_uuid: "fbe12071a77c451a84f7ba150d725631" member_type: VOTER last_known_addr { host: "127.16.140.129" port: 42695 }, Status: LMP_MISMATCH, Last received: 0.0, Next index: 1, Last known committed idx: 0, Time since last communication: 0.001s
I20260709 13:03:35.074832 18213 tablet_service.cc:1917] Received RequestConsensusVote() RPC: tablet_id: "bd9bbe10639643da815d772746389301" candidate_uuid: "fbe12071a77c451a84f7ba150d725631" candidate_term: 1 candidate_status { last_received { term: 0 index: 0 } } ignore_live_leader: false dest_uuid: "af3ffde258a24902831f52d4e41f2b8e" is_pre_election: true
I20260709 13:03:35.076363 18543 raft_consensus.cc:493] T bfa4575c2adb4d4cb59d4087077a77ed P fbe12071a77c451a84f7ba150d725631 [term 0 FOLLOWER]: Starting pre-election (no leader contacted us within the election timeout)
I20260709 13:03:35.077101 18543 raft_consensus.cc:515] T bfa4575c2adb4d4cb59d4087077a77ed P fbe12071a77c451a84f7ba150d725631 [term 0 FOLLOWER]: Starting pre-election with config: opid_index: -1 OBSOLETE_local: false peers { permanent_uuid: "fbe12071a77c451a84f7ba150d725631" member_type: VOTER last_known_addr { host: "127.16.140.129" port: 42695 } } peers { permanent_uuid: "75bfe54886714ef780bdd0237bf9c01d" member_type: VOTER last_known_addr { host: "127.16.140.130" port: 39335 } } peers { permanent_uuid: "af3ffde258a24902831f52d4e41f2b8e" member_type: VOTER last_known_addr { host: "127.16.140.131" port: 38535 } }
I20260709 13:03:35.079203 18108 leader_election.cc:304] T 9d7a9b32670b4f8f96871a80a9710187 P 75bfe54886714ef780bdd0237bf9c01d [CANDIDATE]: Term 1 pre-election: Election decided. Result: candidate won. Election summary: received 3 responses out of 3 voters: 2 yes votes; 1 no votes. yes voters: 75bfe54886714ef780bdd0237bf9c01d, af3ffde258a24902831f52d4e41f2b8e; no voters: fbe12071a77c451a84f7ba150d725631
I20260709 13:03:35.079545 18543 leader_election.cc:290] T bfa4575c2adb4d4cb59d4087077a77ed P fbe12071a77c451a84f7ba150d725631 [CANDIDATE]: Term 1 pre-election: Requested pre-vote from peers 75bfe54886714ef780bdd0237bf9c01d (127.16.140.130:39335), af3ffde258a24902831f52d4e41f2b8e (127.16.140.131:38535)
I20260709 13:03:35.079769 18216 tablet_service.cc:1917] Received RequestConsensusVote() RPC: tablet_id: "ca95951985074f5eabef6311b73a3442" candidate_uuid: "fbe12071a77c451a84f7ba150d725631" candidate_term: 1 candidate_status { last_received { term: 0 index: 0 } } ignore_live_leader: false dest_uuid: "af3ffde258a24902831f52d4e41f2b8e" is_pre_election: true
I20260709 13:03:35.080969 18545 raft_consensus.cc:2804] T 48e06c84a523417fa5e1cbeb6262b343 P fbe12071a77c451a84f7ba150d725631 [term 0 FOLLOWER]: Leader pre-election won for term 1
I20260709 13:03:35.081691 18545 raft_consensus.cc:493] T 48e06c84a523417fa5e1cbeb6262b343 P fbe12071a77c451a84f7ba150d725631 [term 0 FOLLOWER]: Starting leader election (no leader contacted us within the election timeout)
I20260709 13:03:35.082237 18545 raft_consensus.cc:3060] T 48e06c84a523417fa5e1cbeb6262b343 P fbe12071a77c451a84f7ba150d725631 [term 0 FOLLOWER]: Advancing to term 1
I20260709 13:03:35.085455 18482 raft_consensus.cc:493] T b57362bc25e742dab0ee4bef92af9908 P 75bfe54886714ef780bdd0237bf9c01d [term 0 FOLLOWER]: Starting pre-election (no leader contacted us within the election timeout)
I20260709 13:03:35.086372 18482 raft_consensus.cc:515] T b57362bc25e742dab0ee4bef92af9908 P 75bfe54886714ef780bdd0237bf9c01d [term 0 FOLLOWER]: Starting pre-election with config: opid_index: -1 OBSOLETE_local: false peers { permanent_uuid: "fbe12071a77c451a84f7ba150d725631" member_type: VOTER last_known_addr { host: "127.16.140.129" port: 42695 } } peers { permanent_uuid: "75bfe54886714ef780bdd0237bf9c01d" member_type: VOTER last_known_addr { host: "127.16.140.130" port: 39335 } } peers { permanent_uuid: "af3ffde258a24902831f52d4e41f2b8e" member_type: VOTER last_known_addr { host: "127.16.140.131" port: 38535 } }
I20260709 13:03:35.089049 18482 leader_election.cc:290] T b57362bc25e742dab0ee4bef92af9908 P 75bfe54886714ef780bdd0237bf9c01d [CANDIDATE]: Term 1 pre-election: Requested pre-vote from peers fbe12071a77c451a84f7ba150d725631 (127.16.140.129:42695), af3ffde258a24902831f52d4e41f2b8e (127.16.140.131:38535)
I20260709 13:03:35.091068 18402 consensus_queue.cc:1048] T bce745f740cc4289910db337aa8583ad P fbe12071a77c451a84f7ba150d725631 [LEADER]: Connected to new peer: Peer: permanent_uuid: "af3ffde258a24902831f52d4e41f2b8e" member_type: VOTER last_known_addr { host: "127.16.140.131" port: 38535 }, Status: LMP_MISMATCH, Last received: 0.0, Next index: 1, Last known committed idx: 0, Time since last communication: 0.001s
W20260709 13:03:35.093542 18032 outbound_call.cc:321] RPC callback for RPC call kudu.consensus.ConsensusService.RequestConsensusVote -> {remote=127.16.140.130:39335, user_credentials={real_user=slave}} blocked reactor thread for 52971.5us
I20260709 13:03:35.093297 18402 consensus_queue.cc:1048] T 94fabeced35d463faed693442a734828 P fbe12071a77c451a84f7ba150d725631 [LEADER]: Connected to new peer: Peer: permanent_uuid: "af3ffde258a24902831f52d4e41f2b8e" member_type: VOTER last_known_addr { host: "127.16.140.131" port: 38535 }, Status: LMP_MISMATCH, Last received: 0.0, Next index: 1, Last known committed idx: 0, Time since last communication: 0.002s
I20260709 13:03:35.094688 18257 raft_consensus.cc:359] T ca95951985074f5eabef6311b73a3442 P af3ffde258a24902831f52d4e41f2b8e [term 0 FOLLOWER]: Replica starting. Triggering 0 pending ops. Active config: opid_index: -1 OBSOLETE_local: false peers { permanent_uuid: "fbe12071a77c451a84f7ba150d725631" member_type: VOTER last_known_addr { host: "127.16.140.129" port: 42695 } } peers { permanent_uuid: "75bfe54886714ef780bdd0237bf9c01d" member_type: VOTER last_known_addr { host: "127.16.140.130" port: 39335 } } peers { permanent_uuid: "af3ffde258a24902831f52d4e41f2b8e" member_type: VOTER last_known_addr { host: "127.16.140.131" port: 38535 } }
I20260709 13:03:35.095777 18257 raft_consensus.cc:385] T ca95951985074f5eabef6311b73a3442 P af3ffde258a24902831f52d4e41f2b8e [term 0 FOLLOWER]: Consensus starting up: Expiring failure detector timer to make a prompt election more likely
I20260709 13:03:35.099215 18540 raft_consensus.cc:2804] T 9d7a9b32670b4f8f96871a80a9710187 P 75bfe54886714ef780bdd0237bf9c01d [term 0 FOLLOWER]: Leader pre-election won for term 1
I20260709 13:03:35.099638 18540 raft_consensus.cc:493] T 9d7a9b32670b4f8f96871a80a9710187 P 75bfe54886714ef780bdd0237bf9c01d [term 0 FOLLOWER]: Starting leader election (no leader contacted us within the election timeout)
I20260709 13:03:35.100014 18540 raft_consensus.cc:3060] T 9d7a9b32670b4f8f96871a80a9710187 P 75bfe54886714ef780bdd0237bf9c01d [term 0 FOLLOWER]: Advancing to term 1
I20260709 13:03:35.100704 18259 tablet_bootstrap.cc:492] T a29c49905af74d9bb88ab08134df02e9 P fbe12071a77c451a84f7ba150d725631: No bootstrap required, opened a new log
I20260709 13:03:35.096155 18257 raft_consensus.cc:740] T ca95951985074f5eabef6311b73a3442 P af3ffde258a24902831f52d4e41f2b8e [term 0 FOLLOWER]: Becoming Follower/Learner. State: Replica: af3ffde258a24902831f52d4e41f2b8e, State: Initialized, Role: FOLLOWER
W20260709 13:03:35.101382 18033 leader_election.cc:343] T bd9bbe10639643da815d772746389301 P fbe12071a77c451a84f7ba150d725631 [CANDIDATE]: Term 1 pre-election: Tablet error from VoteRequest() call to peer af3ffde258a24902831f52d4e41f2b8e (127.16.140.131:38535): Illegal state: must be running to vote when last-logged opid is not known
I20260709 13:03:35.102303 18259 ts_tablet_manager.cc:1403] T a29c49905af74d9bb88ab08134df02e9 P fbe12071a77c451a84f7ba150d725631: Time spent bootstrapping tablet: real 0.178s	user 0.029s	sys 0.017s
W20260709 13:03:35.102548 18033 leader_election.cc:343] T ca95951985074f5eabef6311b73a3442 P fbe12071a77c451a84f7ba150d725631 [CANDIDATE]: Term 1 pre-election: Tablet error from VoteRequest() call to peer af3ffde258a24902831f52d4e41f2b8e (127.16.140.131:38535): Illegal state: must be running to vote when last-logged opid is not known
I20260709 13:03:35.105863 18259 raft_consensus.cc:359] T a29c49905af74d9bb88ab08134df02e9 P fbe12071a77c451a84f7ba150d725631 [term 0 FOLLOWER]: Replica starting. Triggering 0 pending ops. Active config: opid_index: -1 OBSOLETE_local: false peers { permanent_uuid: "fbe12071a77c451a84f7ba150d725631" member_type: VOTER last_known_addr { host: "127.16.140.129" port: 42695 } } peers { permanent_uuid: "75bfe54886714ef780bdd0237bf9c01d" member_type: VOTER last_known_addr { host: "127.16.140.130" port: 39335 } } peers { permanent_uuid: "af3ffde258a24902831f52d4e41f2b8e" member_type: VOTER last_known_addr { host: "127.16.140.131" port: 38535 } }
I20260709 13:03:35.106717 18259 raft_consensus.cc:385] T a29c49905af74d9bb88ab08134df02e9 P fbe12071a77c451a84f7ba150d725631 [term 0 FOLLOWER]: Consensus starting up: Expiring failure detector timer to make a prompt election more likely
I20260709 13:03:35.107025 18259 raft_consensus.cc:740] T a29c49905af74d9bb88ab08134df02e9 P fbe12071a77c451a84f7ba150d725631 [term 0 FOLLOWER]: Becoming Follower/Learner. State: Replica: fbe12071a77c451a84f7ba150d725631, State: Initialized, Role: FOLLOWER
I20260709 13:03:35.108369 18259 consensus_queue.cc:260] T a29c49905af74d9bb88ab08134df02e9 P fbe12071a77c451a84f7ba150d725631 [NON_LEADER]: Queue going to NON_LEADER mode. State: All replicated index: 0, Majority replicated index: 0, Committed index: 0, Last appended: 0.0, Last appended by leader: 0, Current term: 0, Majority size: -1, State: 0, Mode: NON_LEADER, active raft config: opid_index: -1 OBSOLETE_local: false peers { permanent_uuid: "fbe12071a77c451a84f7ba150d725631" member_type: VOTER last_known_addr { host: "127.16.140.129" port: 42695 } } peers { permanent_uuid: "75bfe54886714ef780bdd0237bf9c01d" member_type: VOTER last_known_addr { host: "127.16.140.130" port: 39335 } } peers { permanent_uuid: "af3ffde258a24902831f52d4e41f2b8e" member_type: VOTER last_known_addr { host: "127.16.140.131" port: 38535 } }
I20260709 13:03:35.108572 18535 raft_consensus.cc:515] T 9d7a9b32670b4f8f96871a80a9710187 P af3ffde258a24902831f52d4e41f2b8e [term 1 FOLLOWER]: Starting leader election with config: opid_index: -1 OBSOLETE_local: false peers { permanent_uuid: "fbe12071a77c451a84f7ba150d725631" member_type: VOTER last_known_addr { host: "127.16.140.129" port: 42695 } } peers { permanent_uuid: "75bfe54886714ef780bdd0237bf9c01d" member_type: VOTER last_known_addr { host: "127.16.140.130" port: 39335 } } peers { permanent_uuid: "af3ffde258a24902831f52d4e41f2b8e" member_type: VOTER last_known_addr { host: "127.16.140.131" port: 38535 } }
I20260709 13:03:35.109607 18216 tablet_service.cc:1917] Received RequestConsensusVote() RPC: tablet_id: "bfa4575c2adb4d4cb59d4087077a77ed" candidate_uuid: "fbe12071a77c451a84f7ba150d725631" candidate_term: 1 candidate_status { last_received { term: 0 index: 0 } } ignore_live_leader: false dest_uuid: "af3ffde258a24902831f52d4e41f2b8e" is_pre_election: true
I20260709 13:03:35.111789 18216 raft_consensus.cc:2468] T bfa4575c2adb4d4cb59d4087077a77ed P af3ffde258a24902831f52d4e41f2b8e [term 0 FOLLOWER]: Leader pre-election vote request: Granting yes vote for candidate fbe12071a77c451a84f7ba150d725631 in term 0.
I20260709 13:03:35.110352 18257 consensus_queue.cc:260] T ca95951985074f5eabef6311b73a3442 P af3ffde258a24902831f52d4e41f2b8e [NON_LEADER]: Queue going to NON_LEADER mode. State: All replicated index: 0, Majority replicated index: 0, Committed index: 0, Last appended: 0.0, Last appended by leader: 0, Current term: 0, Majority size: -1, State: 0, Mode: NON_LEADER, active raft config: opid_index: -1 OBSOLETE_local: false peers { permanent_uuid: "fbe12071a77c451a84f7ba150d725631" member_type: VOTER last_known_addr { host: "127.16.140.129" port: 42695 } } peers { permanent_uuid: "75bfe54886714ef780bdd0237bf9c01d" member_type: VOTER last_known_addr { host: "127.16.140.130" port: 39335 } } peers { permanent_uuid: "af3ffde258a24902831f52d4e41f2b8e" member_type: VOTER last_known_addr { host: "127.16.140.131" port: 38535 } }
I20260709 13:03:35.118057 18033 leader_election.cc:304] T bfa4575c2adb4d4cb59d4087077a77ed P fbe12071a77c451a84f7ba150d725631 [CANDIDATE]: Term 1 pre-election: Election decided. Result: candidate won. Election summary: received 2 responses out of 3 voters: 2 yes votes; 0 no votes. yes voters: af3ffde258a24902831f52d4e41f2b8e, fbe12071a77c451a84f7ba150d725631; no voters: 
I20260709 13:03:35.121975 18365 raft_consensus.cc:2804] T bfa4575c2adb4d4cb59d4087077a77ed P fbe12071a77c451a84f7ba150d725631 [term 0 FOLLOWER]: Leader pre-election won for term 1
I20260709 13:03:35.122463 18365 raft_consensus.cc:493] T bfa4575c2adb4d4cb59d4087077a77ed P fbe12071a77c451a84f7ba150d725631 [term 0 FOLLOWER]: Starting leader election (no leader contacted us within the election timeout)
I20260709 13:03:35.122166 18546 consensus_queue.cc:1048] T 94fabeced35d463faed693442a734828 P fbe12071a77c451a84f7ba150d725631 [LEADER]: Connected to new peer: Peer: permanent_uuid: "75bfe54886714ef780bdd0237bf9c01d" member_type: VOTER last_known_addr { host: "127.16.140.130" port: 39335 }, Status: LMP_MISMATCH, Last received: 0.0, Next index: 1, Last known committed idx: 0, Time since last communication: 0.005s
I20260709 13:03:35.122928 18365 raft_consensus.cc:3060] T bfa4575c2adb4d4cb59d4087077a77ed P fbe12071a77c451a84f7ba150d725631 [term 0 FOLLOWER]: Advancing to term 1
I20260709 13:03:35.137111 18209 tablet_service.cc:1917] Received RequestConsensusVote() RPC: tablet_id: "b57362bc25e742dab0ee4bef92af9908" candidate_uuid: "75bfe54886714ef780bdd0237bf9c01d" candidate_term: 1 candidate_status { last_received { term: 0 index: 0 } } ignore_live_leader: false dest_uuid: "af3ffde258a24902831f52d4e41f2b8e" is_pre_election: true
I20260709 13:03:35.145284 18141 tablet_service.cc:1917] Received RequestConsensusVote() RPC: tablet_id: "ca95951985074f5eabef6311b73a3442" candidate_uuid: "fbe12071a77c451a84f7ba150d725631" candidate_term: 1 candidate_status { last_received { term: 0 index: 0 } } ignore_live_leader: false dest_uuid: "75bfe54886714ef780bdd0237bf9c01d" is_pre_election: true
I20260709 13:03:35.147092 18137 tablet_service.cc:1917] Received RequestConsensusVote() RPC: tablet_id: "bfa4575c2adb4d4cb59d4087077a77ed" candidate_uuid: "fbe12071a77c451a84f7ba150d725631" candidate_term: 1 candidate_status { last_received { term: 0 index: 0 } } ignore_live_leader: false dest_uuid: "75bfe54886714ef780bdd0237bf9c01d" is_pre_election: true
I20260709 13:03:35.148535 18259 ts_tablet_manager.cc:1434] T a29c49905af74d9bb88ab08134df02e9 P fbe12071a77c451a84f7ba150d725631: Time spent starting tablet: real 0.046s	user 0.005s	sys 0.005s
I20260709 13:03:35.149770 18135 tablet_service.cc:1917] Received RequestConsensusVote() RPC: tablet_id: "bd9bbe10639643da815d772746389301" candidate_uuid: "fbe12071a77c451a84f7ba150d725631" candidate_term: 1 candidate_status { last_received { term: 0 index: 0 } } ignore_live_leader: false dest_uuid: "75bfe54886714ef780bdd0237bf9c01d" is_pre_election: true
I20260709 13:03:35.150141 18065 tablet_service.cc:1917] Received RequestConsensusVote() RPC: tablet_id: "9d7a9b32670b4f8f96871a80a9710187" candidate_uuid: "af3ffde258a24902831f52d4e41f2b8e" candidate_term: 1 candidate_status { last_received { term: 0 index: 0 } } ignore_live_leader: false dest_uuid: "fbe12071a77c451a84f7ba150d725631"
I20260709 13:03:35.151232 18258 tablet_bootstrap.cc:492] T bfa4575c2adb4d4cb59d4087077a77ed P 75bfe54886714ef780bdd0237bf9c01d: No bootstrap required, opened a new log
I20260709 13:03:35.151820 18258 ts_tablet_manager.cc:1403] T bfa4575c2adb4d4cb59d4087077a77ed P 75bfe54886714ef780bdd0237bf9c01d: Time spent bootstrapping tablet: real 0.116s	user 0.013s	sys 0.005s
I20260709 13:03:35.161253 18365 raft_consensus.cc:515] T bfa4575c2adb4d4cb59d4087077a77ed P fbe12071a77c451a84f7ba150d725631 [term 1 FOLLOWER]: Starting leader election with config: opid_index: -1 OBSOLETE_local: false peers { permanent_uuid: "fbe12071a77c451a84f7ba150d725631" member_type: VOTER last_known_addr { host: "127.16.140.129" port: 42695 } } peers { permanent_uuid: "75bfe54886714ef780bdd0237bf9c01d" member_type: VOTER last_known_addr { host: "127.16.140.130" port: 39335 } } peers { permanent_uuid: "af3ffde258a24902831f52d4e41f2b8e" member_type: VOTER last_known_addr { host: "127.16.140.131" port: 38535 } }
I20260709 13:03:35.170032 18257 ts_tablet_manager.cc:1434] T ca95951985074f5eabef6311b73a3442 P af3ffde258a24902831f52d4e41f2b8e: Time spent starting tablet: real 0.121s	user 0.007s	sys 0.003s
I20260709 13:03:35.171350 18257 tablet_bootstrap.cc:492] T 928b1623253549549b33249dba6ca0c0 P af3ffde258a24902831f52d4e41f2b8e: Bootstrap starting.
I20260709 13:03:35.167364 18434 raft_consensus.cc:493] T ca95951985074f5eabef6311b73a3442 P af3ffde258a24902831f52d4e41f2b8e [term 0 FOLLOWER]: Starting pre-election (no leader contacted us within the election timeout)
I20260709 13:03:35.173028 18434 raft_consensus.cc:515] T ca95951985074f5eabef6311b73a3442 P af3ffde258a24902831f52d4e41f2b8e [term 0 FOLLOWER]: Starting pre-election with config: opid_index: -1 OBSOLETE_local: false peers { permanent_uuid: "fbe12071a77c451a84f7ba150d725631" member_type: VOTER last_known_addr { host: "127.16.140.129" port: 42695 } } peers { permanent_uuid: "75bfe54886714ef780bdd0237bf9c01d" member_type: VOTER last_known_addr { host: "127.16.140.130" port: 39335 } } peers { permanent_uuid: "af3ffde258a24902831f52d4e41f2b8e" member_type: VOTER last_known_addr { host: "127.16.140.131" port: 38535 } }
I20260709 13:03:35.173781 18258 raft_consensus.cc:359] T bfa4575c2adb4d4cb59d4087077a77ed P 75bfe54886714ef780bdd0237bf9c01d [term 0 FOLLOWER]: Replica starting. Triggering 0 pending ops. Active config: opid_index: -1 OBSOLETE_local: false peers { permanent_uuid: "fbe12071a77c451a84f7ba150d725631" member_type: VOTER last_known_addr { host: "127.16.140.129" port: 42695 } } peers { permanent_uuid: "75bfe54886714ef780bdd0237bf9c01d" member_type: VOTER last_known_addr { host: "127.16.140.130" port: 39335 } } peers { permanent_uuid: "af3ffde258a24902831f52d4e41f2b8e" member_type: VOTER last_known_addr { host: "127.16.140.131" port: 38535 } }
I20260709 13:03:35.174599 18258 raft_consensus.cc:385] T bfa4575c2adb4d4cb59d4087077a77ed P 75bfe54886714ef780bdd0237bf9c01d [term 0 FOLLOWER]: Consensus starting up: Expiring failure detector timer to make a prompt election more likely
I20260709 13:03:35.174908 18258 raft_consensus.cc:740] T bfa4575c2adb4d4cb59d4087077a77ed P 75bfe54886714ef780bdd0237bf9c01d [term 0 FOLLOWER]: Becoming Follower/Learner. State: Replica: 75bfe54886714ef780bdd0237bf9c01d, State: Initialized, Role: FOLLOWER
I20260709 13:03:35.175120 18434 leader_election.cc:290] T ca95951985074f5eabef6311b73a3442 P af3ffde258a24902831f52d4e41f2b8e [CANDIDATE]: Term 1 pre-election: Requested pre-vote from peers fbe12071a77c451a84f7ba150d725631 (127.16.140.129:42695), 75bfe54886714ef780bdd0237bf9c01d (127.16.140.130:39335)
I20260709 13:03:35.175680 18258 consensus_queue.cc:260] T bfa4575c2adb4d4cb59d4087077a77ed P 75bfe54886714ef780bdd0237bf9c01d [NON_LEADER]: Queue going to NON_LEADER mode. State: All replicated index: 0, Majority replicated index: 0, Committed index: 0, Last appended: 0.0, Last appended by leader: 0, Current term: 0, Majority size: -1, State: 0, Mode: NON_LEADER, active raft config: opid_index: -1 OBSOLETE_local: false peers { permanent_uuid: "fbe12071a77c451a84f7ba150d725631" member_type: VOTER last_known_addr { host: "127.16.140.129" port: 42695 } } peers { permanent_uuid: "75bfe54886714ef780bdd0237bf9c01d" member_type: VOTER last_known_addr { host: "127.16.140.130" port: 39335 } } peers { permanent_uuid: "af3ffde258a24902831f52d4e41f2b8e" member_type: VOTER last_known_addr { host: "127.16.140.131" port: 38535 } }
I20260709 13:03:35.178056 18258 ts_tablet_manager.cc:1434] T bfa4575c2adb4d4cb59d4087077a77ed P 75bfe54886714ef780bdd0237bf9c01d: Time spent starting tablet: real 0.026s	user 0.005s	sys 0.004s
I20260709 13:03:35.177618 17966 catalog_manager.cc:5697] T 7fdcad81cd3e4798b40cdd405d68fa99 P af3ffde258a24902831f52d4e41f2b8e reported cstate change: term changed from 0 to 1, leader changed from <none> to af3ffde258a24902831f52d4e41f2b8e (127.16.140.131). New cstate: current_term: 1 leader_uuid: "af3ffde258a24902831f52d4e41f2b8e" committed_config { opid_index: -1 OBSOLETE_local: false peers { permanent_uuid: "fbe12071a77c451a84f7ba150d725631" member_type: VOTER last_known_addr { host: "127.16.140.129" port: 42695 } health_report { overall_health: UNKNOWN } } peers { permanent_uuid: "75bfe54886714ef780bdd0237bf9c01d" member_type: VOTER last_known_addr { host: "127.16.140.130" port: 39335 } health_report { overall_health: UNKNOWN } } peers { permanent_uuid: "af3ffde258a24902831f52d4e41f2b8e" member_type: VOTER last_known_addr { host: "127.16.140.131" port: 38535 } health_report { overall_health: HEALTHY } } }
I20260709 13:03:35.179247 18258 tablet_bootstrap.cc:492] T cd15484c08564c30b04bf252e7637398 P 75bfe54886714ef780bdd0237bf9c01d: Bootstrap starting.
I20260709 13:03:35.182195 18365 leader_election.cc:290] T bfa4575c2adb4d4cb59d4087077a77ed P fbe12071a77c451a84f7ba150d725631 [CANDIDATE]: Term 1 election: Requested vote from peers 75bfe54886714ef780bdd0237bf9c01d (127.16.140.130:39335), af3ffde258a24902831f52d4e41f2b8e (127.16.140.131:38535)
I20260709 13:03:35.182902 18535 leader_election.cc:290] T 9d7a9b32670b4f8f96871a80a9710187 P af3ffde258a24902831f52d4e41f2b8e [CANDIDATE]: Term 1 election: Requested vote from peers fbe12071a77c451a84f7ba150d725631 (127.16.140.129:42695), 75bfe54886714ef780bdd0237bf9c01d (127.16.140.130:39335)
I20260709 13:03:35.185305 18139 tablet_service.cc:1917] Received RequestConsensusVote() RPC: tablet_id: "9d7a9b32670b4f8f96871a80a9710187" candidate_uuid: "af3ffde258a24902831f52d4e41f2b8e" candidate_term: 1 candidate_status { last_received { term: 0 index: 0 } } ignore_live_leader: false dest_uuid: "75bfe54886714ef780bdd0237bf9c01d"
W20260709 13:03:35.188197 18108 leader_election.cc:343] T b57362bc25e742dab0ee4bef92af9908 P 75bfe54886714ef780bdd0237bf9c01d [CANDIDATE]: Term 1 pre-election: Tablet error from VoteRequest() call to peer af3ffde258a24902831f52d4e41f2b8e (127.16.140.131:38535): Illegal state: must be running to vote when last-logged opid is not known
W20260709 13:03:35.189185 18182 leader_election.cc:343] T 9d7a9b32670b4f8f96871a80a9710187 P af3ffde258a24902831f52d4e41f2b8e [CANDIDATE]: Term 1 election: Tablet error from VoteRequest() call to peer fbe12071a77c451a84f7ba150d725631 (127.16.140.129:42695): Illegal state: must be running to vote when last-logged opid is not known
I20260709 13:03:35.215608 18212 tablet_service.cc:1917] Received RequestConsensusVote() RPC: tablet_id: "bfa4575c2adb4d4cb59d4087077a77ed" candidate_uuid: "fbe12071a77c451a84f7ba150d725631" candidate_term: 1 candidate_status { last_received { term: 0 index: 0 } } ignore_live_leader: false dest_uuid: "af3ffde258a24902831f52d4e41f2b8e"
I20260709 13:03:35.216293 18212 raft_consensus.cc:3060] T bfa4575c2adb4d4cb59d4087077a77ed P af3ffde258a24902831f52d4e41f2b8e [term 0 FOLLOWER]: Advancing to term 1
I20260709 13:03:35.234956 18259 tablet_bootstrap.cc:492] T 51e839ee17394158a835f9582802aa1b P fbe12071a77c451a84f7ba150d725631: Bootstrap starting.
I20260709 13:03:35.242079 18135 tablet_service.cc:1917] Received RequestConsensusVote() RPC: tablet_id: "ca95951985074f5eabef6311b73a3442" candidate_uuid: "af3ffde258a24902831f52d4e41f2b8e" candidate_term: 1 candidate_status { last_received { term: 0 index: 0 } } ignore_live_leader: false dest_uuid: "75bfe54886714ef780bdd0237bf9c01d" is_pre_election: true
I20260709 13:03:35.243645 18066 tablet_service.cc:1917] Received RequestConsensusVote() RPC: tablet_id: "ca95951985074f5eabef6311b73a3442" candidate_uuid: "af3ffde258a24902831f52d4e41f2b8e" candidate_term: 1 candidate_status { last_received { term: 0 index: 0 } } ignore_live_leader: false dest_uuid: "fbe12071a77c451a84f7ba150d725631" is_pre_election: true
I20260709 13:03:35.260475 18065 tablet_service.cc:1917] Received RequestConsensusVote() RPC: tablet_id: "b57362bc25e742dab0ee4bef92af9908" candidate_uuid: "75bfe54886714ef780bdd0237bf9c01d" candidate_term: 1 candidate_status { last_received { term: 0 index: 0 } } ignore_live_leader: false dest_uuid: "fbe12071a77c451a84f7ba150d725631" is_pre_election: true
I20260709 13:03:35.261307 18065 raft_consensus.cc:2468] T b57362bc25e742dab0ee4bef92af9908 P fbe12071a77c451a84f7ba150d725631 [term 0 FOLLOWER]: Leader pre-election vote request: Granting yes vote for candidate 75bfe54886714ef780bdd0237bf9c01d in term 0.
I20260709 13:03:35.269690 18545 raft_consensus.cc:515] T 48e06c84a523417fa5e1cbeb6262b343 P fbe12071a77c451a84f7ba150d725631 [term 1 FOLLOWER]: Starting leader election with config: opid_index: -1 OBSOLETE_local: false peers { permanent_uuid: "fbe12071a77c451a84f7ba150d725631" member_type: VOTER last_known_addr { host: "127.16.140.129" port: 42695 } } peers { permanent_uuid: "75bfe54886714ef780bdd0237bf9c01d" member_type: VOTER last_known_addr { host: "127.16.140.130" port: 39335 } } peers { permanent_uuid: "af3ffde258a24902831f52d4e41f2b8e" member_type: VOTER last_known_addr { host: "127.16.140.131" port: 38535 } }
I20260709 13:03:35.281423 18258 tablet_bootstrap.cc:654] T cd15484c08564c30b04bf252e7637398 P 75bfe54886714ef780bdd0237bf9c01d: Neither blocks nor log segments found. Creating new log.
W20260709 13:03:35.281205 18181 leader_election.cc:343] T ca95951985074f5eabef6311b73a3442 P af3ffde258a24902831f52d4e41f2b8e [CANDIDATE]: Term 1 pre-election: Tablet error from VoteRequest() call to peer 75bfe54886714ef780bdd0237bf9c01d (127.16.140.130:39335): Illegal state: must be running to vote when last-logged opid is not known
I20260709 13:03:35.349013 18212 raft_consensus.cc:2468] T bfa4575c2adb4d4cb59d4087077a77ed P af3ffde258a24902831f52d4e41f2b8e [term 1 FOLLOWER]: Leader election vote request: Granting yes vote for candidate fbe12071a77c451a84f7ba150d725631 in term 1.
W20260709 13:03:35.430615 18108 outbound_call.cc:321] RPC callback for RPC call kudu.consensus.ConsensusService.UpdateConsensus -> {remote=127.16.140.131:38535, user_credentials={real_user=slave}} blocked reactor thread for 117427us
W20260709 13:03:35.433292 18181 outbound_call.cc:321] RPC callback for RPC call kudu.consensus.ConsensusService.RequestConsensusVote -> {remote=127.16.140.130:39335, user_credentials={real_user=slave}} blocked reactor thread for 162981us
I20260709 13:03:35.434262 18545 leader_election.cc:290] T 48e06c84a523417fa5e1cbeb6262b343 P fbe12071a77c451a84f7ba150d725631 [CANDIDATE]: Term 1 election: Requested vote from peers 75bfe54886714ef780bdd0237bf9c01d (127.16.140.130:39335), af3ffde258a24902831f52d4e41f2b8e (127.16.140.131:38535)
I20260709 13:03:35.435308 18538 raft_consensus.cc:493] T a29c49905af74d9bb88ab08134df02e9 P fbe12071a77c451a84f7ba150d725631 [term 0 FOLLOWER]: Starting pre-election (no leader contacted us within the election timeout)
W20260709 13:03:35.347656 18553 log.cc:927] Time spent T 94fabeced35d463faed693442a734828 P 75bfe54886714ef780bdd0237bf9c01d: Append to log took a long time: real 0.094s	user 0.000s	sys 0.001s
I20260709 13:03:35.265301 18066 raft_consensus.cc:2468] T ca95951985074f5eabef6311b73a3442 P fbe12071a77c451a84f7ba150d725631 [term 0 FOLLOWER]: Leader pre-election vote request: Granting yes vote for candidate af3ffde258a24902831f52d4e41f2b8e in term 0.
W20260709 13:03:35.442996 18032 leader_election.cc:343] T bfa4575c2adb4d4cb59d4087077a77ed P fbe12071a77c451a84f7ba150d725631 [CANDIDATE]: Term 1 pre-election: Tablet error from VoteRequest() call to peer 75bfe54886714ef780bdd0237bf9c01d (127.16.140.130:39335): Illegal state: must be running to vote when last-logged opid is not known
W20260709 13:03:35.449945 18032 leader_election.cc:343] T ca95951985074f5eabef6311b73a3442 P fbe12071a77c451a84f7ba150d725631 [CANDIDATE]: Term 1 pre-election: Tablet error from VoteRequest() call to peer 75bfe54886714ef780bdd0237bf9c01d (127.16.140.130:39335): Illegal state: must be running to vote when last-logged opid is not known
I20260709 13:03:35.458873 18141 tablet_service.cc:1917] Received RequestConsensusVote() RPC: tablet_id: "bfa4575c2adb4d4cb59d4087077a77ed" candidate_uuid: "fbe12071a77c451a84f7ba150d725631" candidate_term: 1 candidate_status { last_received { term: 0 index: 0 } } ignore_live_leader: false dest_uuid: "75bfe54886714ef780bdd0237bf9c01d"
I20260709 13:03:35.459573 18141 raft_consensus.cc:3060] T bfa4575c2adb4d4cb59d4087077a77ed P 75bfe54886714ef780bdd0237bf9c01d [term 0 FOLLOWER]: Advancing to term 1
I20260709 13:03:35.441058 18538 raft_consensus.cc:515] T a29c49905af74d9bb88ab08134df02e9 P fbe12071a77c451a84f7ba150d725631 [term 0 FOLLOWER]: Starting pre-election with config: opid_index: -1 OBSOLETE_local: false peers { permanent_uuid: "fbe12071a77c451a84f7ba150d725631" member_type: VOTER last_known_addr { host: "127.16.140.129" port: 42695 } } peers { permanent_uuid: "75bfe54886714ef780bdd0237bf9c01d" member_type: VOTER last_known_addr { host: "127.16.140.130" port: 39335 } } peers { permanent_uuid: "af3ffde258a24902831f52d4e41f2b8e" member_type: VOTER last_known_addr { host: "127.16.140.131" port: 38535 } }
I20260709 13:03:35.462703 18538 leader_election.cc:290] T a29c49905af74d9bb88ab08134df02e9 P fbe12071a77c451a84f7ba150d725631 [CANDIDATE]: Term 1 pre-election: Requested pre-vote from peers 75bfe54886714ef780bdd0237bf9c01d (127.16.140.130:39335), af3ffde258a24902831f52d4e41f2b8e (127.16.140.131:38535)
I20260709 13:03:35.351239 18540 raft_consensus.cc:515] T 9d7a9b32670b4f8f96871a80a9710187 P 75bfe54886714ef780bdd0237bf9c01d [term 1 FOLLOWER]: Starting leader election with config: opid_index: -1 OBSOLETE_local: false peers { permanent_uuid: "fbe12071a77c451a84f7ba150d725631" member_type: VOTER last_known_addr { host: "127.16.140.129" port: 42695 } } peers { permanent_uuid: "75bfe54886714ef780bdd0237bf9c01d" member_type: VOTER last_known_addr { host: "127.16.140.130" port: 39335 } } peers { permanent_uuid: "af3ffde258a24902831f52d4e41f2b8e" member_type: VOTER last_known_addr { host: "127.16.140.131" port: 38535 } }
I20260709 13:03:35.471598 18139 raft_consensus.cc:2393] T 9d7a9b32670b4f8f96871a80a9710187 P 75bfe54886714ef780bdd0237bf9c01d [term 1 FOLLOWER]: Leader election vote request: Denying vote to candidate af3ffde258a24902831f52d4e41f2b8e in current term 1: Already voted for candidate 75bfe54886714ef780bdd0237bf9c01d in this term.
I20260709 13:03:35.454900 18257 tablet_bootstrap.cc:654] T 928b1623253549549b33249dba6ca0c0 P af3ffde258a24902831f52d4e41f2b8e: Neither blocks nor log segments found. Creating new log.
I20260709 13:03:35.450842 18032 leader_election.cc:304] T ca95951985074f5eabef6311b73a3442 P fbe12071a77c451a84f7ba150d725631 [CANDIDATE]: Term 1 pre-election: Election decided. Result: candidate lost. Election summary: received 3 responses out of 3 voters: 1 yes votes; 2 no votes. yes voters: fbe12071a77c451a84f7ba150d725631; no voters: 75bfe54886714ef780bdd0237bf9c01d, af3ffde258a24902831f52d4e41f2b8e
W20260709 13:03:35.475157 18032 leader_election.cc:343] T bd9bbe10639643da815d772746389301 P fbe12071a77c451a84f7ba150d725631 [CANDIDATE]: Term 1 pre-election: Tablet error from VoteRequest() call to peer 75bfe54886714ef780bdd0237bf9c01d (127.16.140.130:39335): Illegal state: must be running to vote when last-logged opid is not known
I20260709 13:03:35.475571 18032 leader_election.cc:304] T bd9bbe10639643da815d772746389301 P fbe12071a77c451a84f7ba150d725631 [CANDIDATE]: Term 1 pre-election: Election decided. Result: candidate lost. Election summary: received 3 responses out of 3 voters: 1 yes votes; 2 no votes. yes voters: fbe12071a77c451a84f7ba150d725631; no voters: 75bfe54886714ef780bdd0237bf9c01d, af3ffde258a24902831f52d4e41f2b8e
I20260709 13:03:35.476029 18033 leader_election.cc:304] T bfa4575c2adb4d4cb59d4087077a77ed P fbe12071a77c451a84f7ba150d725631 [CANDIDATE]: Term 1 election: Election decided. Result: candidate won. Election summary: received 2 responses out of 3 voters: 2 yes votes; 0 no votes. yes voters: af3ffde258a24902831f52d4e41f2b8e, fbe12071a77c451a84f7ba150d725631; no voters: 
I20260709 13:03:35.477239 18402 raft_consensus.cc:2749] T ca95951985074f5eabef6311b73a3442 P fbe12071a77c451a84f7ba150d725631 [term 0 FOLLOWER]: Leader pre-election lost for term 1. Reason: could not achieve majority
I20260709 13:03:35.481123 18487 raft_consensus.cc:2804] T bfa4575c2adb4d4cb59d4087077a77ed P fbe12071a77c451a84f7ba150d725631 [term 1 FOLLOWER]: Leader election won for term 1
I20260709 13:03:35.481599 18487 raft_consensus.cc:697] T bfa4575c2adb4d4cb59d4087077a77ed P fbe12071a77c451a84f7ba150d725631 [term 1 LEADER]: Becoming Leader. State: Replica: fbe12071a77c451a84f7ba150d725631, State: Running, Role: LEADER
I20260709 13:03:35.482501 18487 consensus_queue.cc:237] T bfa4575c2adb4d4cb59d4087077a77ed P fbe12071a77c451a84f7ba150d725631 [LEADER]: Queue going to LEADER mode. State: All replicated index: 0, Majority replicated index: 0, Committed index: 0, Last appended: 0.0, Last appended by leader: 0, Current term: 1, Majority size: 2, State: 0, Mode: LEADER, active raft config: opid_index: -1 OBSOLETE_local: false peers { permanent_uuid: "fbe12071a77c451a84f7ba150d725631" member_type: VOTER last_known_addr { host: "127.16.140.129" port: 42695 } } peers { permanent_uuid: "75bfe54886714ef780bdd0237bf9c01d" member_type: VOTER last_known_addr { host: "127.16.140.130" port: 39335 } } peers { permanent_uuid: "af3ffde258a24902831f52d4e41f2b8e" member_type: VOTER last_known_addr { host: "127.16.140.131" port: 38535 } }
I20260709 13:03:35.477412 18545 raft_consensus.cc:2749] T bd9bbe10639643da815d772746389301 P fbe12071a77c451a84f7ba150d725631 [term 0 FOLLOWER]: Leader pre-election lost for term 1. Reason: could not achieve majority
I20260709 13:03:35.488163 18108 leader_election.cc:304] T b57362bc25e742dab0ee4bef92af9908 P 75bfe54886714ef780bdd0237bf9c01d [CANDIDATE]: Term 1 pre-election: Election decided. Result: candidate won. Election summary: received 3 responses out of 3 voters: 2 yes votes; 1 no votes. yes voters: 75bfe54886714ef780bdd0237bf9c01d, fbe12071a77c451a84f7ba150d725631; no voters: af3ffde258a24902831f52d4e41f2b8e
I20260709 13:03:35.491438 18408 raft_consensus.cc:2804] T b57362bc25e742dab0ee4bef92af9908 P 75bfe54886714ef780bdd0237bf9c01d [term 0 FOLLOWER]: Leader pre-election won for term 1
I20260709 13:03:35.491827 18408 raft_consensus.cc:493] T b57362bc25e742dab0ee4bef92af9908 P 75bfe54886714ef780bdd0237bf9c01d [term 0 FOLLOWER]: Starting leader election (no leader contacted us within the election timeout)
I20260709 13:03:35.492157 18408 raft_consensus.cc:3060] T b57362bc25e742dab0ee4bef92af9908 P 75bfe54886714ef780bdd0237bf9c01d [term 0 FOLLOWER]: Advancing to term 1
I20260709 13:03:35.498497 18216 tablet_service.cc:1917] Received RequestConsensusVote() RPC: tablet_id: "48e06c84a523417fa5e1cbeb6262b343" candidate_uuid: "fbe12071a77c451a84f7ba150d725631" candidate_term: 1 candidate_status { last_received { term: 0 index: 0 } } ignore_live_leader: false dest_uuid: "af3ffde258a24902831f52d4e41f2b8e"
I20260709 13:03:35.514720 18182 leader_election.cc:304] T ca95951985074f5eabef6311b73a3442 P af3ffde258a24902831f52d4e41f2b8e [CANDIDATE]: Term 1 pre-election: Election decided. Result: candidate won. Election summary: received 3 responses out of 3 voters: 2 yes votes; 1 no votes. yes voters: af3ffde258a24902831f52d4e41f2b8e, fbe12071a77c451a84f7ba150d725631; no voters: 75bfe54886714ef780bdd0237bf9c01d
I20260709 13:03:35.516259 18434 raft_consensus.cc:2804] T ca95951985074f5eabef6311b73a3442 P af3ffde258a24902831f52d4e41f2b8e [term 0 FOLLOWER]: Leader pre-election won for term 1
I20260709 13:03:35.516552 18181 leader_election.cc:304] T 9d7a9b32670b4f8f96871a80a9710187 P af3ffde258a24902831f52d4e41f2b8e [CANDIDATE]: Term 1 election: Election decided. Result: candidate lost. Election summary: received 3 responses out of 3 voters: 1 yes votes; 2 no votes. yes voters: af3ffde258a24902831f52d4e41f2b8e; no voters: 75bfe54886714ef780bdd0237bf9c01d, fbe12071a77c451a84f7ba150d725631
I20260709 13:03:35.516744 18434 raft_consensus.cc:493] T ca95951985074f5eabef6311b73a3442 P af3ffde258a24902831f52d4e41f2b8e [term 0 FOLLOWER]: Starting leader election (no leader contacted us within the election timeout)
I20260709 13:03:35.517213 18434 raft_consensus.cc:3060] T ca95951985074f5eabef6311b73a3442 P af3ffde258a24902831f52d4e41f2b8e [term 0 FOLLOWER]: Advancing to term 1
I20260709 13:03:35.517726 18136 tablet_service.cc:1917] Received RequestConsensusVote() RPC: tablet_id: "48e06c84a523417fa5e1cbeb6262b343" candidate_uuid: "fbe12071a77c451a84f7ba150d725631" candidate_term: 1 candidate_status { last_received { term: 0 index: 0 } } ignore_live_leader: false dest_uuid: "75bfe54886714ef780bdd0237bf9c01d"
I20260709 13:03:35.518392 18136 raft_consensus.cc:3060] T 48e06c84a523417fa5e1cbeb6262b343 P 75bfe54886714ef780bdd0237bf9c01d [term 0 FOLLOWER]: Advancing to term 1
I20260709 13:03:35.520565 18483 raft_consensus.cc:2749] T 9d7a9b32670b4f8f96871a80a9710187 P af3ffde258a24902831f52d4e41f2b8e [term 1 FOLLOWER]: Leader election lost for term 1. Reason: could not achieve majority
I20260709 13:03:35.521919 18483 consensus_queue.cc:1048] T 7fdcad81cd3e4798b40cdd405d68fa99 P af3ffde258a24902831f52d4e41f2b8e [LEADER]: Connected to new peer: Peer: permanent_uuid: "75bfe54886714ef780bdd0237bf9c01d" member_type: VOTER last_known_addr { host: "127.16.140.130" port: 39335 }, Status: LMP_MISMATCH, Last received: 0.0, Next index: 1, Last known committed idx: 0, Time since last communication: 0.001s
I20260709 13:03:35.525413 18135 tablet_service.cc:1917] Received RequestConsensusVote() RPC: tablet_id: "a29c49905af74d9bb88ab08134df02e9" candidate_uuid: "fbe12071a77c451a84f7ba150d725631" candidate_term: 1 candidate_status { last_received { term: 0 index: 0 } } ignore_live_leader: false dest_uuid: "75bfe54886714ef780bdd0237bf9c01d" is_pre_election: true
I20260709 13:03:35.525748 18136 raft_consensus.cc:2468] T 48e06c84a523417fa5e1cbeb6262b343 P 75bfe54886714ef780bdd0237bf9c01d [term 1 FOLLOWER]: Leader election vote request: Granting yes vote for candidate fbe12071a77c451a84f7ba150d725631 in term 1.
I20260709 13:03:35.532882 18216 tablet_service.cc:1917] Received RequestConsensusVote() RPC: tablet_id: "a29c49905af74d9bb88ab08134df02e9" candidate_uuid: "fbe12071a77c451a84f7ba150d725631" candidate_term: 1 candidate_status { last_received { term: 0 index: 0 } } ignore_live_leader: false dest_uuid: "af3ffde258a24902831f52d4e41f2b8e" is_pre_election: true
I20260709 13:03:35.511996 18408 raft_consensus.cc:515] T b57362bc25e742dab0ee4bef92af9908 P 75bfe54886714ef780bdd0237bf9c01d [term 1 FOLLOWER]: Starting leader election with config: opid_index: -1 OBSOLETE_local: false peers { permanent_uuid: "fbe12071a77c451a84f7ba150d725631" member_type: VOTER last_known_addr { host: "127.16.140.129" port: 42695 } } peers { permanent_uuid: "75bfe54886714ef780bdd0237bf9c01d" member_type: VOTER last_known_addr { host: "127.16.140.130" port: 39335 } } peers { permanent_uuid: "af3ffde258a24902831f52d4e41f2b8e" member_type: VOTER last_known_addr { host: "127.16.140.131" port: 38535 } }
I20260709 13:03:35.538242 18066 tablet_service.cc:1917] Received RequestConsensusVote() RPC: tablet_id: "9d7a9b32670b4f8f96871a80a9710187" candidate_uuid: "75bfe54886714ef780bdd0237bf9c01d" candidate_term: 1 candidate_status { last_received { term: 0 index: 0 } } ignore_live_leader: false dest_uuid: "fbe12071a77c451a84f7ba150d725631"
I20260709 13:03:35.541956 18259 tablet_bootstrap.cc:654] T 51e839ee17394158a835f9582802aa1b P fbe12071a77c451a84f7ba150d725631: Neither blocks nor log segments found. Creating new log.
I20260709 13:03:35.528738 18141 raft_consensus.cc:2468] T bfa4575c2adb4d4cb59d4087077a77ed P 75bfe54886714ef780bdd0237bf9c01d [term 1 FOLLOWER]: Leader election vote request: Granting yes vote for candidate fbe12071a77c451a84f7ba150d725631 in term 1.
W20260709 13:03:35.546972 18033 leader_election.cc:343] T 48e06c84a523417fa5e1cbeb6262b343 P fbe12071a77c451a84f7ba150d725631 [CANDIDATE]: Term 1 election: Tablet error from VoteRequest() call to peer af3ffde258a24902831f52d4e41f2b8e (127.16.140.131:38535): Illegal state: must be running to vote when last-logged opid is not known
W20260709 13:03:35.553591 18033 leader_election.cc:343] T a29c49905af74d9bb88ab08134df02e9 P fbe12071a77c451a84f7ba150d725631 [CANDIDATE]: Term 1 pre-election: Tablet error from VoteRequest() call to peer af3ffde258a24902831f52d4e41f2b8e (127.16.140.131:38535): Illegal state: must be running to vote when last-logged opid is not known
