I20260709 12:57:05.273641   715 raft_consensus.cc:740] T 4b0c28da4b254263bee394f5f399ec2a P 3693351f2d8c4966ace8678c7dee8a0a [term 1 LEADER]: Becoming Follower/Learner. State: Replica: 3693351f2d8c4966ace8678c7dee8a0a, State: Running, Role: LEADER
I20260709 12:57:05.274402   715 consensus_queue.cc:260] T 4b0c28da4b254263bee394f5f399ec2a P 3693351f2d8c4966ace8678c7dee8a0a [NON_LEADER]: Queue going to NON_LEADER mode. State: All replicated index: 0, Majority replicated index: 1, Committed index: 1, Last appended: 1.1, Last appended by leader: 1, Current term: 1, Majority size: -1, State: 0, Mode: NON_LEADER, active raft config: opid_index: -1 OBSOLETE_local: false peers { permanent_uuid: "b138f41df8ec40a9b18dbe6f7eecc731" member_type: VOTER last_known_addr { host: "127.0.107.193" port: 41325 } } peers { permanent_uuid: "a0e4768b69624a7688aa2e6571d3612f" member_type: VOTER last_known_addr { host: "127.0.107.194" port: 39681 } } peers { permanent_uuid: "3693351f2d8c4966ace8678c7dee8a0a" member_type: VOTER last_known_addr { host: "127.0.107.195" port: 39501 } }
I20260709 12:57:05.275601   715 raft_consensus.cc:3060] T 4b0c28da4b254263bee394f5f399ec2a P 3693351f2d8c4966ace8678c7dee8a0a [term 1 FOLLOWER]: Advancing to term 2
I20260709 12:57:05.281006   715 raft_consensus.cc:2468] T 4b0c28da4b254263bee394f5f399ec2a P 3693351f2d8c4966ace8678c7dee8a0a [term 2 FOLLOWER]: Leader election vote request: Granting yes vote for candidate a0e4768b69624a7688aa2e6571d3612f in term 2.
I20260709 12:57:05.281543   566 raft_consensus.cc:2468] T 4b0c28da4b254263bee394f5f399ec2a P b138f41df8ec40a9b18dbe6f7eecc731 [term 2 FOLLOWER]: Leader election vote request: Granting yes vote for candidate a0e4768b69624a7688aa2e6571d3612f in term 2.
I20260709 12:57:05.281529   564 raft_consensus.cc:515] T 6f3162d1a46f409cbe48127ff90f9b21 P b138f41df8ec40a9b18dbe6f7eecc731 [term 2 FOLLOWER]: Starting forced leader election with config: opid_index: -1 OBSOLETE_local: false peers { permanent_uuid: "b138f41df8ec40a9b18dbe6f7eecc731" member_type: VOTER last_known_addr { host: "127.0.107.193" port: 41325 } } peers { permanent_uuid: "a0e4768b69624a7688aa2e6571d3612f" member_type: VOTER last_known_addr { host: "127.0.107.194" port: 39681 } } peers { permanent_uuid: "3693351f2d8c4966ace8678c7dee8a0a" member_type: VOTER last_known_addr { host: "127.0.107.195" port: 39501 } }
I20260709 12:57:05.282310   606 leader_election.cc:304] T 4b0c28da4b254263bee394f5f399ec2a P a0e4768b69624a7688aa2e6571d3612f [CANDIDATE]: Term 2 election: Election decided. Result: candidate won. Election summary: received 2 responses out of 3 voters: 2 yes votes; 0 no votes. yes voters: 3693351f2d8c4966ace8678c7dee8a0a, a0e4768b69624a7688aa2e6571d3612f; no voters: 
I20260709 12:57:05.283250   856 raft_consensus.cc:2804] T 4b0c28da4b254263bee394f5f399ec2a P a0e4768b69624a7688aa2e6571d3612f [term 2 FOLLOWER]: Leader election won for term 2
I20260709 12:57:05.283835   856 raft_consensus.cc:697] T 4b0c28da4b254263bee394f5f399ec2a P a0e4768b69624a7688aa2e6571d3612f [term 2 LEADER]: Becoming Leader. State: Replica: a0e4768b69624a7688aa2e6571d3612f, State: Running, Role: LEADER
I20260709 12:57:05.284212   564 leader_election.cc:290] T 6f3162d1a46f409cbe48127ff90f9b21 P b138f41df8ec40a9b18dbe6f7eecc731 [CANDIDATE]: Term 2 election: Requested vote from peers a0e4768b69624a7688aa2e6571d3612f (127.0.107.194:39681), 3693351f2d8c4966ace8678c7dee8a0a (127.0.107.195:39501)
I20260709 12:57:05.284759   856 consensus_queue.cc:237] T 4b0c28da4b254263bee394f5f399ec2a P a0e4768b69624a7688aa2e6571d3612f [LEADER]: Queue going to LEADER mode. State: All replicated index: 0, Majority replicated index: 1, Committed index: 1, Last appended: 1.1, Last appended by leader: 1, Current term: 2, Majority size: 2, State: 0, Mode: LEADER, active raft config: opid_index: -1 OBSOLETE_local: false peers { permanent_uuid: "b138f41df8ec40a9b18dbe6f7eecc731" member_type: VOTER last_known_addr { host: "127.0.107.193" port: 41325 } } peers { permanent_uuid: "a0e4768b69624a7688aa2e6571d3612f" member_type: VOTER last_known_addr { host: "127.0.107.194" port: 39681 } } peers { permanent_uuid: "3693351f2d8c4966ace8678c7dee8a0a" member_type: VOTER last_known_addr { host: "127.0.107.195" port: 39501 } }
I20260709 12:57:05.288462   640 tablet_service.cc:1917] Received RequestConsensusVote() RPC: tablet_id: "6f3162d1a46f409cbe48127ff90f9b21" candidate_uuid: "b138f41df8ec40a9b18dbe6f7eecc731" candidate_term: 2 candidate_status { last_received { term: 1 index: 1 } } ignore_live_leader: true dest_uuid: "a0e4768b69624a7688aa2e6571d3612f"
I20260709 12:57:05.288754   715 tablet_service.cc:1917] Received RequestConsensusVote() RPC: tablet_id: "6f3162d1a46f409cbe48127ff90f9b21" candidate_uuid: "b138f41df8ec40a9b18dbe6f7eecc731" candidate_term: 2 candidate_status { last_received { term: 1 index: 1 } } ignore_live_leader: true dest_uuid: "3693351f2d8c4966ace8678c7dee8a0a"
I20260709 12:57:05.289266   640 raft_consensus.cc:3060] T 6f3162d1a46f409cbe48127ff90f9b21 P a0e4768b69624a7688aa2e6571d3612f [term 1 FOLLOWER]: Advancing to term 2
I20260709 12:57:05.289376   715 raft_consensus.cc:3055] T 6f3162d1a46f409cbe48127ff90f9b21 P 3693351f2d8c4966ace8678c7dee8a0a [term 1 LEADER]: Stepping down as leader of term 1
I20260709 12:57:05.289740   715 raft_consensus.cc:740] T 6f3162d1a46f409cbe48127ff90f9b21 P 3693351f2d8c4966ace8678c7dee8a0a [term 1 LEADER]: Becoming Follower/Learner. State: Replica: 3693351f2d8c4966ace8678c7dee8a0a, State: Running, Role: LEADER
I20260709 12:57:05.290640   715 consensus_queue.cc:260] T 6f3162d1a46f409cbe48127ff90f9b21 P 3693351f2d8c4966ace8678c7dee8a0a [NON_LEADER]: Queue going to NON_LEADER mode. State: All replicated index: 0, Majority replicated index: 1, Committed index: 1, Last appended: 1.1, Last appended by leader: 1, Current term: 1, Majority size: -1, State: 0, Mode: NON_LEADER, active raft config: opid_index: -1 OBSOLETE_local: false peers { permanent_uuid: "b138f41df8ec40a9b18dbe6f7eecc731" member_type: VOTER last_known_addr { host: "127.0.107.193" port: 41325 } } peers { permanent_uuid: "a0e4768b69624a7688aa2e6571d3612f" member_type: VOTER last_known_addr { host: "127.0.107.194" port: 39681 } } peers { permanent_uuid: "3693351f2d8c4966ace8678c7dee8a0a" member_type: VOTER last_known_addr { host: "127.0.107.195" port: 39501 } }
I20260709 12:57:05.292016   715 raft_consensus.cc:3060] T 6f3162d1a46f409cbe48127ff90f9b21 P 3693351f2d8c4966ace8678c7dee8a0a [term 1 FOLLOWER]: Advancing to term 2
I20260709 12:57:05.293598   461 catalog_manager.cc:5697] T 4b0c28da4b254263bee394f5f399ec2a P a0e4768b69624a7688aa2e6571d3612f reported cstate change: term changed from 1 to 2, leader changed from 3693351f2d8c4966ace8678c7dee8a0a (127.0.107.195) to a0e4768b69624a7688aa2e6571d3612f (127.0.107.194). New cstate: current_term: 2 leader_uuid: "a0e4768b69624a7688aa2e6571d3612f" committed_config { opid_index: -1 OBSOLETE_local: false peers { permanent_uuid: "b138f41df8ec40a9b18dbe6f7eecc731" member_type: VOTER last_known_addr { host: "127.0.107.193" port: 41325 } health_report { overall_health: UNKNOWN } } peers { permanent_uuid: "a0e4768b69624a7688aa2e6571d3612f" member_type: VOTER last_known_addr { host: "127.0.107.194" port: 39681 } health_report { overall_health: HEALTHY } } peers { permanent_uuid: "3693351f2d8c4966ace8678c7dee8a0a" member_type: VOTER last_known_addr { host: "127.0.107.195" port: 39501 } health_report { overall_health: UNKNOWN } } }
I20260709 12:57:05.297627   640 raft_consensus.cc:2468] T 6f3162d1a46f409cbe48127ff90f9b21 P a0e4768b69624a7688aa2e6571d3612f [term 2 FOLLOWER]: Leader election vote request: Granting yes vote for candidate b138f41df8ec40a9b18dbe6f7eecc731 in term 2.
I20260709 12:57:05.299458   529 leader_election.cc:304] T 6f3162d1a46f409cbe48127ff90f9b21 P b138f41df8ec40a9b18dbe6f7eecc731 [CANDIDATE]: Term 2 election: Election decided. Result: candidate won. Election summary: received 2 responses out of 3 voters: 2 yes votes; 0 no votes. yes voters: a0e4768b69624a7688aa2e6571d3612f, b138f41df8ec40a9b18dbe6f7eecc731; no voters: 
I20260709 12:57:05.299891   715 raft_consensus.cc:2468] T 6f3162d1a46f409cbe48127ff90f9b21 P 3693351f2d8c4966ace8678c7dee8a0a [term 2 FOLLOWER]: Leader election vote request: Granting yes vote for candidate b138f41df8ec40a9b18dbe6f7eecc731 in term 2.
I20260709 12:57:05.300541   833 raft_consensus.cc:2804] T 6f3162d1a46f409cbe48127ff90f9b21 P b138f41df8ec40a9b18dbe6f7eecc731 [term 2 FOLLOWER]: Leader election won for term 2
I20260709 12:57:05.301136   833 raft_consensus.cc:697] T 6f3162d1a46f409cbe48127ff90f9b21 P b138f41df8ec40a9b18dbe6f7eecc731 [term 2 LEADER]: Becoming Leader. State: Replica: b138f41df8ec40a9b18dbe6f7eecc731, State: Running, Role: LEADER
I20260709 12:57:05.302119   833 consensus_queue.cc:237] T 6f3162d1a46f409cbe48127ff90f9b21 P b138f41df8ec40a9b18dbe6f7eecc731 [LEADER]: Queue going to LEADER mode. State: All replicated index: 0, Majority replicated index: 1, Committed index: 1, Last appended: 1.1, Last appended by leader: 1, Current term: 2, Majority size: 2, State: 0, Mode: LEADER, active raft config: opid_index: -1 OBSOLETE_local: false peers { permanent_uuid: "b138f41df8ec40a9b18dbe6f7eecc731" member_type: VOTER last_known_addr { host: "127.0.107.193" port: 41325 } } peers { permanent_uuid: "a0e4768b69624a7688aa2e6571d3612f" member_type: VOTER last_known_addr { host: "127.0.107.194" port: 39681 } } peers { permanent_uuid: "3693351f2d8c4966ace8678c7dee8a0a" member_type: VOTER last_known_addr { host: "127.0.107.195" port: 39501 } }
I20260709 12:57:05.310844   461 catalog_manager.cc:5697] T 6f3162d1a46f409cbe48127ff90f9b21 P b138f41df8ec40a9b18dbe6f7eecc731 reported cstate change: term changed from 1 to 2, leader changed from 3693351f2d8c4966ace8678c7dee8a0a (127.0.107.195) to b138f41df8ec40a9b18dbe6f7eecc731 (127.0.107.193). New cstate: current_term: 2 leader_uuid: "b138f41df8ec40a9b18dbe6f7eecc731" committed_config { opid_index: -1 OBSOLETE_local: false peers { permanent_uuid: "b138f41df8ec40a9b18dbe6f7eecc731" member_type: VOTER last_known_addr { host: "127.0.107.193" port: 41325 } health_report { overall_health: HEALTHY } } peers { permanent_uuid: "a0e4768b69624a7688aa2e6571d3612f" member_type: VOTER last_known_addr { host: "127.0.107.194" port: 39681 } health_report { overall_health: UNKNOWN } } peers { permanent_uuid: "3693351f2d8c4966ace8678c7dee8a0a" member_type: VOTER last_known_addr { host: "127.0.107.195" port: 39501 } health_report { overall_health: UNKNOWN } } }
I20260709 12:57:05.424396   765 raft_consensus.cc:993] T 7a01c8684ff24ab5854ef7950afb8f3d P 3693351f2d8c4966ace8678c7dee8a0a: : Instructing follower a0e4768b69624a7688aa2e6571d3612f to start an election
I20260709 12:57:05.425053   866 raft_consensus.cc:1081] T 7a01c8684ff24ab5854ef7950afb8f3d P 3693351f2d8c4966ace8678c7dee8a0a [term 1 LEADER]: Signalling peer a0e4768b69624a7688aa2e6571d3612f to start an election
I20260709 12:57:05.427345   640 tablet_service.cc:2044] Received Run Leader Election RPC: tablet_id: "7a01c8684ff24ab5854ef7950afb8f3d"
dest_uuid: "a0e4768b69624a7688aa2e6571d3612f"
 from {username='slave'} at 127.0.0.1:55928
I20260709 12:57:05.428061   640 raft_consensus.cc:493] T 7a01c8684ff24ab5854ef7950afb8f3d P a0e4768b69624a7688aa2e6571d3612f [term 1 FOLLOWER]: Starting forced leader election (received explicit request)
I20260709 12:57:05.428447   640 raft_consensus.cc:3060] T 7a01c8684ff24ab5854ef7950afb8f3d P a0e4768b69624a7688aa2e6571d3612f [term 1 FOLLOWER]: Advancing to term 2
I20260709 12:57:05.436055   640 raft_consensus.cc:515] T 7a01c8684ff24ab5854ef7950afb8f3d P a0e4768b69624a7688aa2e6571d3612f [term 2 FOLLOWER]: Starting forced leader election with config: opid_index: -1 OBSOLETE_local: false peers { permanent_uuid: "b138f41df8ec40a9b18dbe6f7eecc731" member_type: VOTER last_known_addr { host: "127.0.107.193" port: 41325 } } peers { permanent_uuid: "a0e4768b69624a7688aa2e6571d3612f" member_type: VOTER last_known_addr { host: "127.0.107.194" port: 39681 } } peers { permanent_uuid: "3693351f2d8c4966ace8678c7dee8a0a" member_type: VOTER last_known_addr { host: "127.0.107.195" port: 39501 } }
I20260709 12:57:05.442660   640 leader_election.cc:290] T 7a01c8684ff24ab5854ef7950afb8f3d P a0e4768b69624a7688aa2e6571d3612f [CANDIDATE]: Term 2 election: Requested vote from peers b138f41df8ec40a9b18dbe6f7eecc731 (127.0.107.193:41325), 3693351f2d8c4966ace8678c7dee8a0a (127.0.107.195:39501)
I20260709 12:57:05.443647   564 tablet_service.cc:1917] Received RequestConsensusVote() RPC: tablet_id: "7a01c8684ff24ab5854ef7950afb8f3d" candidate_uuid: "a0e4768b69624a7688aa2e6571d3612f" candidate_term: 2 candidate_status { last_received { term: 1 index: 1 } } ignore_live_leader: true dest_uuid: "b138f41df8ec40a9b18dbe6f7eecc731"
I20260709 12:57:05.445164   715 tablet_service.cc:1917] Received RequestConsensusVote() RPC: tablet_id: "7a01c8684ff24ab5854ef7950afb8f3d" candidate_uuid: "a0e4768b69624a7688aa2e6571d3612f" candidate_term: 2 candidate_status { last_received { term: 1 index: 1 } } ignore_live_leader: true dest_uuid: "3693351f2d8c4966ace8678c7dee8a0a"
I20260709 12:57:05.444379   564 raft_consensus.cc:3060] T 7a01c8684ff24ab5854ef7950afb8f3d P b138f41df8ec40a9b18dbe6f7eecc731 [term 1 FOLLOWER]: Advancing to term 2
I20260709 12:57:05.445976   715 raft_consensus.cc:3055] T 7a01c8684ff24ab5854ef7950afb8f3d P 3693351f2d8c4966ace8678c7dee8a0a [term 1 LEADER]: Stepping down as leader of term 1
I20260709 12:57:05.446444   715 raft_consensus.cc:740] T 7a01c8684ff24ab5854ef7950afb8f3d P 3693351f2d8c4966ace8678c7dee8a0a [term 1 LEADER]: Becoming Follower/Learner. State: Replica: 3693351f2d8c4966ace8678c7dee8a0a, State: Running, Role: LEADER
I20260709 12:57:05.447513   715 consensus_queue.cc:260] T 7a01c8684ff24ab5854ef7950afb8f3d P 3693351f2d8c4966ace8678c7dee8a0a [NON_LEADER]: Queue going to NON_LEADER mode. State: All replicated index: 0, Majority replicated index: 1, Committed index: 1, Last appended: 1.1, Last appended by leader: 1, Current term: 1, Majority size: -1, State: 0, Mode: NON_LEADER, active raft config: opid_index: -1 OBSOLETE_local: false peers { permanent_uuid: "b138f41df8ec40a9b18dbe6f7eecc731" member_type: VOTER last_known_addr { host: "127.0.107.193" port: 41325 } } peers { permanent_uuid: "a0e4768b69624a7688aa2e6571d3612f" member_type: VOTER last_known_addr { host: "127.0.107.194" port: 39681 } } peers { permanent_uuid: "3693351f2d8c4966ace8678c7dee8a0a" member_type: VOTER last_known_addr { host: "127.0.107.195" port: 39501 } }
I20260709 12:57:05.449169   715 raft_consensus.cc:3060] T 7a01c8684ff24ab5854ef7950afb8f3d P 3693351f2d8c4966ace8678c7dee8a0a [term 1 FOLLOWER]: Advancing to term 2
I20260709 12:57:05.457763   564 raft_consensus.cc:2468] T 7a01c8684ff24ab5854ef7950afb8f3d P b138f41df8ec40a9b18dbe6f7eecc731 [term 2 FOLLOWER]: Leader election vote request: Granting yes vote for candidate a0e4768b69624a7688aa2e6571d3612f in term 2.
I20260709 12:57:05.469589   605 leader_election.cc:304] T 7a01c8684ff24ab5854ef7950afb8f3d P a0e4768b69624a7688aa2e6571d3612f [CANDIDATE]: Term 2 election: Election decided. Result: candidate won. Election summary: received 2 responses out of 3 voters: 2 yes votes; 0 no votes. yes voters: a0e4768b69624a7688aa2e6571d3612f, b138f41df8ec40a9b18dbe6f7eecc731; no voters: 
I20260709 12:57:05.471025   856 raft_consensus.cc:2804] T 7a01c8684ff24ab5854ef7950afb8f3d P a0e4768b69624a7688aa2e6571d3612f [term 2 FOLLOWER]: Leader election won for term 2
I20260709 12:57:05.471863   856 raft_consensus.cc:697] T 7a01c8684ff24ab5854ef7950afb8f3d P a0e4768b69624a7688aa2e6571d3612f [term 2 LEADER]: Becoming Leader. State: Replica: a0e4768b69624a7688aa2e6571d3612f, State: Running, Role: LEADER
I20260709 12:57:05.472942   856 consensus_queue.cc:237] T 7a01c8684ff24ab5854ef7950afb8f3d P a0e4768b69624a7688aa2e6571d3612f [LEADER]: Queue going to LEADER mode. State: All replicated index: 0, Majority replicated index: 1, Committed index: 1, Last appended: 1.1, Last appended by leader: 1, Current term: 2, Majority size: 2, State: 0, Mode: LEADER, active raft config: opid_index: -1 OBSOLETE_local: false peers { permanent_uuid: "b138f41df8ec40a9b18dbe6f7eecc731" member_type: VOTER last_known_addr { host: "127.0.107.193" port: 41325 } } peers { permanent_uuid: "a0e4768b69624a7688aa2e6571d3612f" member_type: VOTER last_known_addr { host: "127.0.107.194" port: 39681 } } peers { permanent_uuid: "3693351f2d8c4966ace8678c7dee8a0a" member_type: VOTER last_known_addr { host: "127.0.107.195" port: 39501 } }
I20260709 12:57:05.462992   715 raft_consensus.cc:2468] T 7a01c8684ff24ab5854ef7950afb8f3d P 3693351f2d8c4966ace8678c7dee8a0a [term 2 FOLLOWER]: Leader election vote request: Granting yes vote for candidate a0e4768b69624a7688aa2e6571d3612f in term 2.
I20260709 12:57:05.710462   714 raft_consensus.cc:3060] T 0bb2796d56824d07b83c91365dd89cae P 3693351f2d8c4966ace8678c7dee8a0a [term 2 FOLLOWER]: Advancing to term 3
I20260709 12:57:05.712704   461 catalog_manager.cc:5697] T 7a01c8684ff24ab5854ef7950afb8f3d P a0e4768b69624a7688aa2e6571d3612f reported cstate change: term changed from 1 to 2, leader changed from 3693351f2d8c4966ace8678c7dee8a0a (127.0.107.195) to a0e4768b69624a7688aa2e6571d3612f (127.0.107.194). New cstate: current_term: 2 leader_uuid: "a0e4768b69624a7688aa2e6571d3612f" committed_config { opid_index: -1 OBSOLETE_local: false peers { permanent_uuid: "b138f41df8ec40a9b18dbe6f7eecc731" member_type: VOTER last_known_addr { host: "127.0.107.193" port: 41325 } health_report { overall_health: UNKNOWN } } peers { permanent_uuid: "a0e4768b69624a7688aa2e6571d3612f" member_type: VOTER last_known_addr { host: "127.0.107.194" port: 39681 } health_report { overall_health: HEALTHY } } peers { permanent_uuid: "3693351f2d8c4966ace8678c7dee8a0a" member_type: VOTER last_known_addr { host: "127.0.107.195" port: 39501 } health_report { overall_health: UNKNOWN } } }
I20260709 12:57:05.714486   715 raft_consensus.cc:1275] T 4b0c28da4b254263bee394f5f399ec2a P 3693351f2d8c4966ace8678c7dee8a0a [term 2 FOLLOWER]: Refusing update from remote peer a0e4768b69624a7688aa2e6571d3612f: Log matching property violated. Preceding OpId in replica: term: 1 index: 1. Preceding OpId from leader: term: 2 index: 2. (index mismatch)
I20260709 12:57:05.718701   714 raft_consensus.cc:1275] T 0bb2796d56824d07b83c91365dd89cae P 3693351f2d8c4966ace8678c7dee8a0a [term 3 FOLLOWER]: Refusing update from remote peer b138f41df8ec40a9b18dbe6f7eecc731: Log matching property violated. Preceding OpId in replica: term: 2 index: 1. Preceding OpId from leader: term: 3 index: 2. (index mismatch)
I20260709 12:57:05.722306   862 consensus_queue.cc:1048] T 0bb2796d56824d07b83c91365dd89cae P b138f41df8ec40a9b18dbe6f7eecc731 [LEADER]: Connected to new peer: Peer: permanent_uuid: "3693351f2d8c4966ace8678c7dee8a0a" member_type: VOTER last_known_addr { host: "127.0.107.195" port: 39501 }, Status: LMP_MISMATCH, Last received: 0.0, Next index: 2, Last known committed idx: 1, Time since last communication: 0.001s
I20260709 12:57:05.723743   857 consensus_queue.cc:1048] T 4b0c28da4b254263bee394f5f399ec2a P a0e4768b69624a7688aa2e6571d3612f [LEADER]: Connected to new peer: Peer: permanent_uuid: "3693351f2d8c4966ace8678c7dee8a0a" member_type: VOTER last_known_addr { host: "127.0.107.195" port: 39501 }, Status: LMP_MISMATCH, Last received: 0.0, Next index: 2, Last known committed idx: 1, Time since last communication: 0.001s
I20260709 12:57:05.724496   866 raft_consensus.cc:993] T 82a918679c844e899bba4c4408530bf8 P 3693351f2d8c4966ace8678c7dee8a0a: : Instructing follower a0e4768b69624a7688aa2e6571d3612f to start an election
I20260709 12:57:05.724772   856 raft_consensus.cc:993] T 2a1e725f90274bcfad511c676e0cd755 P a0e4768b69624a7688aa2e6571d3612f: : Instructing follower 3693351f2d8c4966ace8678c7dee8a0a to start an election
I20260709 12:57:05.725016   866 raft_consensus.cc:1081] T 82a918679c844e899bba4c4408530bf8 P 3693351f2d8c4966ace8678c7dee8a0a [term 1 LEADER]: Signalling peer a0e4768b69624a7688aa2e6571d3612f to start an election
I20260709 12:57:05.725185   856 raft_consensus.cc:1081] T 2a1e725f90274bcfad511c676e0cd755 P a0e4768b69624a7688aa2e6571d3612f [term 1 LEADER]: Signalling peer 3693351f2d8c4966ace8678c7dee8a0a to start an election
I20260709 12:57:05.726750   640 tablet_service.cc:2044] Received Run Leader Election RPC: tablet_id: "82a918679c844e899bba4c4408530bf8"
dest_uuid: "a0e4768b69624a7688aa2e6571d3612f"
 from {username='slave'} at 127.0.0.1:55928
I20260709 12:57:05.727360   640 raft_consensus.cc:493] T 82a918679c844e899bba4c4408530bf8 P a0e4768b69624a7688aa2e6571d3612f [term 1 FOLLOWER]: Starting forced leader election (received explicit request)
I20260709 12:57:05.727913   640 raft_consensus.cc:3060] T 82a918679c844e899bba4c4408530bf8 P a0e4768b69624a7688aa2e6571d3612f [term 1 FOLLOWER]: Advancing to term 2
I20260709 12:57:05.731609   712 tablet_service.cc:2044] Received Run Leader Election RPC: tablet_id: "2a1e725f90274bcfad511c676e0cd755"
dest_uuid: "3693351f2d8c4966ace8678c7dee8a0a"
 from {username='slave'} at 127.0.0.1:46522
I20260709 12:57:05.732493   712 raft_consensus.cc:493] T 2a1e725f90274bcfad511c676e0cd755 P 3693351f2d8c4966ace8678c7dee8a0a [term 1 FOLLOWER]: Starting forced leader election (received explicit request)
I20260709 12:57:05.733024   712 raft_consensus.cc:3060] T 2a1e725f90274bcfad511c676e0cd755 P 3693351f2d8c4966ace8678c7dee8a0a [term 1 FOLLOWER]: Advancing to term 2
I20260709 12:57:05.735478   640 raft_consensus.cc:515] T 82a918679c844e899bba4c4408530bf8 P a0e4768b69624a7688aa2e6571d3612f [term 2 FOLLOWER]: Starting forced leader election with config: opid_index: -1 OBSOLETE_local: false peers { permanent_uuid: "b138f41df8ec40a9b18dbe6f7eecc731" member_type: VOTER last_known_addr { host: "127.0.107.193" port: 41325 } } peers { permanent_uuid: "a0e4768b69624a7688aa2e6571d3612f" member_type: VOTER last_known_addr { host: "127.0.107.194" port: 39681 } } peers { permanent_uuid: "3693351f2d8c4966ace8678c7dee8a0a" member_type: VOTER last_known_addr { host: "127.0.107.195" port: 39501 } }
I20260709 12:57:05.738646   564 tablet_service.cc:1917] Received RequestConsensusVote() RPC: tablet_id: "82a918679c844e899bba4c4408530bf8" candidate_uuid: "a0e4768b69624a7688aa2e6571d3612f" candidate_term: 2 candidate_status { last_received { term: 1 index: 1 } } ignore_live_leader: true dest_uuid: "b138f41df8ec40a9b18dbe6f7eecc731"
I20260709 12:57:05.739238   564 raft_consensus.cc:3060] T 82a918679c844e899bba4c4408530bf8 P b138f41df8ec40a9b18dbe6f7eecc731 [term 1 FOLLOWER]: Advancing to term 2
I20260709 12:57:05.741298   714 tablet_service.cc:1917] Received RequestConsensusVote() RPC: tablet_id: "82a918679c844e899bba4c4408530bf8" candidate_uuid: "a0e4768b69624a7688aa2e6571d3612f" candidate_term: 2 candidate_status { last_received { term: 1 index: 1 } } ignore_live_leader: true dest_uuid: "3693351f2d8c4966ace8678c7dee8a0a"
I20260709 12:57:05.742246   714 raft_consensus.cc:3055] T 82a918679c844e899bba4c4408530bf8 P 3693351f2d8c4966ace8678c7dee8a0a [term 1 LEADER]: Stepping down as leader of term 1
I20260709 12:57:05.742745   714 raft_consensus.cc:740] T 82a918679c844e899bba4c4408530bf8 P 3693351f2d8c4966ace8678c7dee8a0a [term 1 LEADER]: Becoming Follower/Learner. State: Replica: 3693351f2d8c4966ace8678c7dee8a0a, State: Running, Role: LEADER
I20260709 12:57:05.740105   640 leader_election.cc:290] T 82a918679c844e899bba4c4408530bf8 P a0e4768b69624a7688aa2e6571d3612f [CANDIDATE]: Term 2 election: Requested vote from peers b138f41df8ec40a9b18dbe6f7eecc731 (127.0.107.193:41325), 3693351f2d8c4966ace8678c7dee8a0a (127.0.107.195:39501)
I20260709 12:57:05.744006   714 consensus_queue.cc:260] T 82a918679c844e899bba4c4408530bf8 P 3693351f2d8c4966ace8678c7dee8a0a [NON_LEADER]: Queue going to NON_LEADER mode. State: All replicated index: 0, Majority replicated index: 1, Committed index: 1, Last appended: 1.1, Last appended by leader: 1, Current term: 1, Majority size: -1, State: 0, Mode: NON_LEADER, active raft config: opid_index: -1 OBSOLETE_local: false peers { permanent_uuid: "b138f41df8ec40a9b18dbe6f7eecc731" member_type: VOTER last_known_addr { host: "127.0.107.193" port: 41325 } } peers { permanent_uuid: "a0e4768b69624a7688aa2e6571d3612f" member_type: VOTER last_known_addr { host: "127.0.107.194" port: 39681 } } peers { permanent_uuid: "3693351f2d8c4966ace8678c7dee8a0a" member_type: VOTER last_known_addr { host: "127.0.107.195" port: 39501 } }
I20260709 12:57:05.745513   714 raft_consensus.cc:3060] T 82a918679c844e899bba4c4408530bf8 P 3693351f2d8c4966ace8678c7dee8a0a [term 1 FOLLOWER]: Advancing to term 2
I20260709 12:57:05.749384   564 raft_consensus.cc:2468] T 82a918679c844e899bba4c4408530bf8 P b138f41df8ec40a9b18dbe6f7eecc731 [term 2 FOLLOWER]: Leader election vote request: Granting yes vote for candidate a0e4768b69624a7688aa2e6571d3612f in term 2.
I20260709 12:57:05.749419   712 raft_consensus.cc:515] T 2a1e725f90274bcfad511c676e0cd755 P 3693351f2d8c4966ace8678c7dee8a0a [term 2 FOLLOWER]: Starting forced leader election with config: opid_index: -1 OBSOLETE_local: false peers { permanent_uuid: "b138f41df8ec40a9b18dbe6f7eecc731" member_type: VOTER last_known_addr { host: "127.0.107.193" port: 41325 } } peers { permanent_uuid: "a0e4768b69624a7688aa2e6571d3612f" member_type: VOTER last_known_addr { host: "127.0.107.194" port: 39681 } } peers { permanent_uuid: "3693351f2d8c4966ace8678c7dee8a0a" member_type: VOTER last_known_addr { host: "127.0.107.195" port: 39501 } }
I20260709 12:57:05.751806   605 leader_election.cc:304] T 82a918679c844e899bba4c4408530bf8 P a0e4768b69624a7688aa2e6571d3612f [CANDIDATE]: Term 2 election: Election decided. Result: candidate won. Election summary: received 2 responses out of 3 voters: 2 yes votes; 0 no votes. yes voters: a0e4768b69624a7688aa2e6571d3612f, b138f41df8ec40a9b18dbe6f7eecc731; no voters: 
I20260709 12:57:05.752784   856 raft_consensus.cc:2804] T 82a918679c844e899bba4c4408530bf8 P a0e4768b69624a7688aa2e6571d3612f [term 2 FOLLOWER]: Leader election won for term 2
I20260709 12:57:05.753352   856 raft_consensus.cc:697] T 82a918679c844e899bba4c4408530bf8 P a0e4768b69624a7688aa2e6571d3612f [term 2 LEADER]: Becoming Leader. State: Replica: a0e4768b69624a7688aa2e6571d3612f, State: Running, Role: LEADER
I20260709 12:57:05.753926   640 raft_consensus.cc:1275] T 0bb2796d56824d07b83c91365dd89cae P a0e4768b69624a7688aa2e6571d3612f [term 3 FOLLOWER]: Refusing update from remote peer b138f41df8ec40a9b18dbe6f7eecc731: Log matching property violated. Preceding OpId in replica: term: 2 index: 1. Preceding OpId from leader: term: 3 index: 2. (index mismatch)
I20260709 12:57:05.754263   856 consensus_queue.cc:237] T 82a918679c844e899bba4c4408530bf8 P a0e4768b69624a7688aa2e6571d3612f [LEADER]: Queue going to LEADER mode. State: All replicated index: 0, Majority replicated index: 1, Committed index: 1, Last appended: 1.1, Last appended by leader: 1, Current term: 2, Majority size: 2, State: 0, Mode: LEADER, active raft config: opid_index: -1 OBSOLETE_local: false peers { permanent_uuid: "b138f41df8ec40a9b18dbe6f7eecc731" member_type: VOTER last_known_addr { host: "127.0.107.193" port: 41325 } } peers { permanent_uuid: "a0e4768b69624a7688aa2e6571d3612f" member_type: VOTER last_known_addr { host: "127.0.107.194" port: 39681 } } peers { permanent_uuid: "3693351f2d8c4966ace8678c7dee8a0a" member_type: VOTER last_known_addr { host: "127.0.107.195" port: 39501 } }
I20260709 12:57:05.755353   712 leader_election.cc:290] T 2a1e725f90274bcfad511c676e0cd755 P 3693351f2d8c4966ace8678c7dee8a0a [CANDIDATE]: Term 2 election: Requested vote from peers b138f41df8ec40a9b18dbe6f7eecc731 (127.0.107.193:41325), a0e4768b69624a7688aa2e6571d3612f (127.0.107.194:39681)
I20260709 12:57:05.756598   862 consensus_queue.cc:1048] T 0bb2796d56824d07b83c91365dd89cae P b138f41df8ec40a9b18dbe6f7eecc731 [LEADER]: Connected to new peer: Peer: permanent_uuid: "a0e4768b69624a7688aa2e6571d3612f" member_type: VOTER last_known_addr { host: "127.0.107.194" port: 39681 }, Status: LMP_MISMATCH, Last received: 0.0, Next index: 2, Last known committed idx: 1, Time since last communication: 0.000s
I20260709 12:57:05.758983   641 tablet_service.cc:1917] Received RequestConsensusVote() RPC: tablet_id: "2a1e725f90274bcfad511c676e0cd755" candidate_uuid: "3693351f2d8c4966ace8678c7dee8a0a" candidate_term: 2 candidate_status { last_received { term: 1 index: 1 } } ignore_live_leader: true dest_uuid: "a0e4768b69624a7688aa2e6571d3612f"
I20260709 12:57:05.759701   641 raft_consensus.cc:3055] T 2a1e725f90274bcfad511c676e0cd755 P a0e4768b69624a7688aa2e6571d3612f [term 1 LEADER]: Stepping down as leader of term 1
I20260709 12:57:05.760037   641 raft_consensus.cc:740] T 2a1e725f90274bcfad511c676e0cd755 P a0e4768b69624a7688aa2e6571d3612f [term 1 LEADER]: Becoming Follower/Learner. State: Replica: a0e4768b69624a7688aa2e6571d3612f, State: Running, Role: LEADER
I20260709 12:57:05.761667   641 consensus_queue.cc:260] T 2a1e725f90274bcfad511c676e0cd755 P a0e4768b69624a7688aa2e6571d3612f [NON_LEADER]: Queue going to NON_LEADER mode. State: All replicated index: 0, Majority replicated index: 1, Committed index: 1, Last appended: 1.1, Last appended by leader: 1, Current term: 1, Majority size: -1, State: 0, Mode: NON_LEADER, active raft config: opid_index: -1 OBSOLETE_local: false peers { permanent_uuid: "b138f41df8ec40a9b18dbe6f7eecc731" member_type: VOTER last_known_addr { host: "127.0.107.193" port: 41325 } } peers { permanent_uuid: "a0e4768b69624a7688aa2e6571d3612f" member_type: VOTER last_known_addr { host: "127.0.107.194" port: 39681 } } peers { permanent_uuid: "3693351f2d8c4966ace8678c7dee8a0a" member_type: VOTER last_known_addr { host: "127.0.107.195" port: 39501 } }
I20260709 12:57:05.767773   566 raft_consensus.cc:1275] T 4b0c28da4b254263bee394f5f399ec2a P b138f41df8ec40a9b18dbe6f7eecc731 [term 2 FOLLOWER]: Refusing update from remote peer a0e4768b69624a7688aa2e6571d3612f: Log matching property violated. Preceding OpId in replica: term: 1 index: 1. Preceding OpId from leader: term: 2 index: 2. (index mismatch)
I20260709 12:57:05.763015   641 raft_consensus.cc:3060] T 2a1e725f90274bcfad511c676e0cd755 P a0e4768b69624a7688aa2e6571d3612f [term 1 FOLLOWER]: Advancing to term 2
I20260709 12:57:05.770341   857 consensus_queue.cc:1048] T 4b0c28da4b254263bee394f5f399ec2a P a0e4768b69624a7688aa2e6571d3612f [LEADER]: Connected to new peer: Peer: permanent_uuid: "b138f41df8ec40a9b18dbe6f7eecc731" member_type: VOTER last_known_addr { host: "127.0.107.193" port: 41325 }, Status: LMP_MISMATCH, Last received: 0.0, Next index: 2, Last known committed idx: 1, Time since last communication: 0.000s
I20260709 12:57:05.778697   714 raft_consensus.cc:2468] T 82a918679c844e899bba4c4408530bf8 P 3693351f2d8c4966ace8678c7dee8a0a [term 2 FOLLOWER]: Leader election vote request: Granting yes vote for candidate a0e4768b69624a7688aa2e6571d3612f in term 2.
I20260709 12:57:05.794911   564 tablet_service.cc:1917] Received RequestConsensusVote() RPC: tablet_id: "2a1e725f90274bcfad511c676e0cd755" candidate_uuid: "3693351f2d8c4966ace8678c7dee8a0a" candidate_term: 2 candidate_status { last_received { term: 1 index: 1 } } ignore_live_leader: true dest_uuid: "b138f41df8ec40a9b18dbe6f7eecc731"
I20260709 12:57:05.795830   564 raft_consensus.cc:3060] T 2a1e725f90274bcfad511c676e0cd755 P b138f41df8ec40a9b18dbe6f7eecc731 [term 1 FOLLOWER]: Advancing to term 2
I20260709 12:57:05.811753   463 catalog_manager.cc:5697] T 82a918679c844e899bba4c4408530bf8 P a0e4768b69624a7688aa2e6571d3612f reported cstate change: term changed from 1 to 2, leader changed from 3693351f2d8c4966ace8678c7dee8a0a (127.0.107.195) to a0e4768b69624a7688aa2e6571d3612f (127.0.107.194). New cstate: current_term: 2 leader_uuid: "a0e4768b69624a7688aa2e6571d3612f" committed_config { opid_index: -1 OBSOLETE_local: false peers { permanent_uuid: "b138f41df8ec40a9b18dbe6f7eecc731" member_type: VOTER last_known_addr { host: "127.0.107.193" port: 41325 } health_report { overall_health: UNKNOWN } } peers { permanent_uuid: "a0e4768b69624a7688aa2e6571d3612f" member_type: VOTER last_known_addr { host: "127.0.107.194" port: 39681 } health_report { overall_health: HEALTHY } } peers { permanent_uuid: "3693351f2d8c4966ace8678c7dee8a0a" member_type: VOTER last_known_addr { host: "127.0.107.195" port: 39501 } health_report { overall_health: UNKNOWN } } }
I20260709 12:57:05.816588   641 raft_consensus.cc:2468] T 2a1e725f90274bcfad511c676e0cd755 P a0e4768b69624a7688aa2e6571d3612f [term 2 FOLLOWER]: Leader election vote request: Granting yes vote for candidate 3693351f2d8c4966ace8678c7dee8a0a in term 2.
I20260709 12:57:05.818717   678 leader_election.cc:304] T 2a1e725f90274bcfad511c676e0cd755 P 3693351f2d8c4966ace8678c7dee8a0a [CANDIDATE]: Term 2 election: Election decided. Result: candidate won. Election summary: received 2 responses out of 3 voters: 2 yes votes; 0 no votes. yes voters: 3693351f2d8c4966ace8678c7dee8a0a, a0e4768b69624a7688aa2e6571d3612f; no voters: 
I20260709 12:57:05.820261   864 raft_consensus.cc:2804] T 2a1e725f90274bcfad511c676e0cd755 P 3693351f2d8c4966ace8678c7dee8a0a [term 2 FOLLOWER]: Leader election won for term 2
I20260709 12:57:05.820900   864 raft_consensus.cc:697] T 2a1e725f90274bcfad511c676e0cd755 P 3693351f2d8c4966ace8678c7dee8a0a [term 2 LEADER]: Becoming Leader. State: Replica: 3693351f2d8c4966ace8678c7dee8a0a, State: Running, Role: LEADER
I20260709 12:57:05.821817   864 consensus_queue.cc:237] T 2a1e725f90274bcfad511c676e0cd755 P 3693351f2d8c4966ace8678c7dee8a0a [LEADER]: Queue going to LEADER mode. State: All replicated index: 0, Majority replicated index: 1, Committed index: 1, Last appended: 1.1, Last appended by leader: 1, Current term: 2, Majority size: 2, State: 0, Mode: LEADER, active raft config: opid_index: -1 OBSOLETE_local: false peers { permanent_uuid: "b138f41df8ec40a9b18dbe6f7eecc731" member_type: VOTER last_known_addr { host: "127.0.107.193" port: 41325 } } peers { permanent_uuid: "a0e4768b69624a7688aa2e6571d3612f" member_type: VOTER last_known_addr { host: "127.0.107.194" port: 39681 } } peers { permanent_uuid: "3693351f2d8c4966ace8678c7dee8a0a" member_type: VOTER last_known_addr { host: "127.0.107.195" port: 39501 } }
I20260709 12:57:05.832600   564 raft_consensus.cc:2468] T 2a1e725f90274bcfad511c676e0cd755 P b138f41df8ec40a9b18dbe6f7eecc731 [term 2 FOLLOWER]: Leader election vote request: Granting yes vote for candidate 3693351f2d8c4966ace8678c7dee8a0a in term 2.
I20260709 12:57:05.835932   715 raft_consensus.cc:1275] T 6f3162d1a46f409cbe48127ff90f9b21 P 3693351f2d8c4966ace8678c7dee8a0a [term 2 FOLLOWER]: Refusing update from remote peer b138f41df8ec40a9b18dbe6f7eecc731: Log matching property violated. Preceding OpId in replica: term: 1 index: 1. Preceding OpId from leader: term: 2 index: 2. (index mismatch)
I20260709 12:57:05.837711   833 consensus_queue.cc:1048] T 6f3162d1a46f409cbe48127ff90f9b21 P b138f41df8ec40a9b18dbe6f7eecc731 [LEADER]: Connected to new peer: Peer: permanent_uuid: "3693351f2d8c4966ace8678c7dee8a0a" member_type: VOTER last_known_addr { host: "127.0.107.195" port: 39501 }, Status: LMP_MISMATCH, Last received: 0.0, Next index: 2, Last known committed idx: 1, Time since last communication: 0.001s
I20260709 12:57:05.847349   461 catalog_manager.cc:5697] T 2a1e725f90274bcfad511c676e0cd755 P 3693351f2d8c4966ace8678c7dee8a0a reported cstate change: term changed from 1 to 2, leader changed from a0e4768b69624a7688aa2e6571d3612f (127.0.107.194) to 3693351f2d8c4966ace8678c7dee8a0a (127.0.107.195). New cstate: current_term: 2 leader_uuid: "3693351f2d8c4966ace8678c7dee8a0a" committed_config { opid_index: -1 OBSOLETE_local: false peers { permanent_uuid: "b138f41df8ec40a9b18dbe6f7eecc731" member_type: VOTER last_known_addr { host: "127.0.107.193" port: 41325 } health_report { overall_health: UNKNOWN } } peers { permanent_uuid: "a0e4768b69624a7688aa2e6571d3612f" member_type: VOTER last_known_addr { host: "127.0.107.194" port: 39681 } health_report { overall_health: UNKNOWN } } peers { permanent_uuid: "3693351f2d8c4966ace8678c7dee8a0a" member_type: VOTER last_known_addr { host: "127.0.107.195" port: 39501 } health_report { overall_health: HEALTHY } } }
I20260709 12:57:05.866210   641 raft_consensus.cc:1275] T 6f3162d1a46f409cbe48127ff90f9b21 P a0e4768b69624a7688aa2e6571d3612f [term 2 FOLLOWER]: Refusing update from remote peer b138f41df8ec40a9b18dbe6f7eecc731: Log matching property violated. Preceding OpId in replica: term: 1 index: 1. Preceding OpId from leader: term: 2 index: 2. (index mismatch)
I20260709 12:57:05.868289   881 consensus_queue.cc:1048] T 6f3162d1a46f409cbe48127ff90f9b21 P b138f41df8ec40a9b18dbe6f7eecc731 [LEADER]: Connected to new peer: Peer: permanent_uuid: "a0e4768b69624a7688aa2e6571d3612f" member_type: VOTER last_known_addr { host: "127.0.107.194" port: 39681 }, Status: LMP_MISMATCH, Last received: 0.0, Next index: 2, Last known committed idx: 1, Time since last communication: 0.001s
I20260709 12:57:05.978145   715 raft_consensus.cc:1275] T 7a01c8684ff24ab5854ef7950afb8f3d P 3693351f2d8c4966ace8678c7dee8a0a [term 2 FOLLOWER]: Refusing update from remote peer a0e4768b69624a7688aa2e6571d3612f: Log matching property violated. Preceding OpId in replica: term: 1 index: 1. Preceding OpId from leader: term: 2 index: 2. (index mismatch)
I20260709 12:57:05.980187   856 consensus_queue.cc:1048] T 7a01c8684ff24ab5854ef7950afb8f3d P a0e4768b69624a7688aa2e6571d3612f [LEADER]: Connected to new peer: Peer: permanent_uuid: "3693351f2d8c4966ace8678c7dee8a0a" member_type: VOTER last_known_addr { host: "127.0.107.195" port: 39501 }, Status: LMP_MISMATCH, Last received: 0.0, Next index: 2, Last known committed idx: 1, Time since last communication: 0.000s
I20260709 12:57:05.990276   564 raft_consensus.cc:1275] T 7a01c8684ff24ab5854ef7950afb8f3d P b138f41df8ec40a9b18dbe6f7eecc731 [term 2 FOLLOWER]: Refusing update from remote peer a0e4768b69624a7688aa2e6571d3612f: Log matching property violated. Preceding OpId in replica: term: 1 index: 1. Preceding OpId from leader: term: 2 index: 2. (index mismatch)
I20260709 12:57:05.993091   842 consensus_queue.cc:1048] T 7a01c8684ff24ab5854ef7950afb8f3d P a0e4768b69624a7688aa2e6571d3612f [LEADER]: Connected to new peer: Peer: permanent_uuid: "b138f41df8ec40a9b18dbe6f7eecc731" member_type: VOTER last_known_addr { host: "127.0.107.193" port: 41325 }, Status: LMP_MISMATCH, Last received: 0.0, Next index: 2, Last known committed idx: 1, Time since last communication: 0.000s
I20260709 12:57:06.190681   564 raft_consensus.cc:1275] T 82a918679c844e899bba4c4408530bf8 P b138f41df8ec40a9b18dbe6f7eecc731 [term 2 FOLLOWER]: Refusing update from remote peer a0e4768b69624a7688aa2e6571d3612f: Log matching property violated. Preceding OpId in replica: term: 1 index: 1. Preceding OpId from leader: term: 2 index: 2. (index mismatch)
I20260709 12:57:06.192965   842 consensus_queue.cc:1048] T 82a918679c844e899bba4c4408530bf8 P a0e4768b69624a7688aa2e6571d3612f [LEADER]: Connected to new peer: Peer: permanent_uuid: "b138f41df8ec40a9b18dbe6f7eecc731" member_type: VOTER last_known_addr { host: "127.0.107.193" port: 41325 }, Status: LMP_MISMATCH, Last received: 0.0, Next index: 2, Last known committed idx: 1, Time since last communication: 0.000s
I20260709 12:57:06.203466   715 raft_consensus.cc:1275] T 82a918679c844e899bba4c4408530bf8 P 3693351f2d8c4966ace8678c7dee8a0a [term 2 FOLLOWER]: Refusing update from remote peer a0e4768b69624a7688aa2e6571d3612f: Log matching property violated. Preceding OpId in replica: term: 1 index: 1. Preceding OpId from leader: term: 2 index: 2. (index mismatch)
I20260709 12:57:06.205260   842 consensus_queue.cc:1048] T 82a918679c844e899bba4c4408530bf8 P a0e4768b69624a7688aa2e6571d3612f [LEADER]: Connected to new peer: Peer: permanent_uuid: "3693351f2d8c4966ace8678c7dee8a0a" member_type: VOTER last_known_addr { host: "127.0.107.195" port: 39501 }, Status: LMP_MISMATCH, Last received: 0.0, Next index: 2, Last known committed idx: 1, Time since last communication: 0.000s
I20260709 12:57:06.371994   641 raft_consensus.cc:1275] T 2a1e725f90274bcfad511c676e0cd755 P a0e4768b69624a7688aa2e6571d3612f [term 2 FOLLOWER]: Refusing update from remote peer 3693351f2d8c4966ace8678c7dee8a0a: Log matching property violated. Preceding OpId in replica: term: 1 index: 1. Preceding OpId from leader: term: 2 index: 2. (index mismatch)
I20260709 12:57:06.373397   765 consensus_queue.cc:1048] T 2a1e725f90274bcfad511c676e0cd755 P 3693351f2d8c4966ace8678c7dee8a0a [LEADER]: Connected to new peer: Peer: permanent_uuid: "a0e4768b69624a7688aa2e6571d3612f" member_type: VOTER last_known_addr { host: "127.0.107.194" port: 39681 }, Status: LMP_MISMATCH, Last received: 0.0, Next index: 2, Last known committed idx: 1, Time since last communication: 0.000s
I20260709 12:57:06.385727   564 raft_consensus.cc:1275] T 2a1e725f90274bcfad511c676e0cd755 P b138f41df8ec40a9b18dbe6f7eecc731 [term 2 FOLLOWER]: Refusing update from remote peer 3693351f2d8c4966ace8678c7dee8a0a: Log matching property violated. Preceding OpId in replica: term: 1 index: 1. Preceding OpId from leader: term: 2 index: 2. (index mismatch)
I20260709 12:57:06.387723   890 consensus_queue.cc:1048] T 2a1e725f90274bcfad511c676e0cd755 P 3693351f2d8c4966ace8678c7dee8a0a [LEADER]: Connected to new peer: Peer: permanent_uuid: "b138f41df8ec40a9b18dbe6f7eecc731" member_type: VOTER last_known_addr { host: "127.0.107.193" port: 41325 }, Status: LMP_MISMATCH, Last received: 0.0, Next index: 2, Last known committed idx: 1, Time since last communication: 0.000s
W20260709 12:57:06.595767   494 debug-util.cc:398] Leaking SignalData structure 0x7b0800062060 after lost signal to thread 434
W20260709 12:57:06.596791   494 debug-util.cc:398] Leaking SignalData structure 0x7b0800062740 after lost signal to thread 497
W20260709 12:57:06.598471   494 debug-util.cc:398] Leaking SignalData structure 0x7b08001e0da0 after lost signal to thread 590
W20260709 12:57:06.599313   494 debug-util.cc:398] Leaking SignalData structure 0x7b08001c33a0 after lost signal to thread 665
W20260709 12:57:06.600111   494 debug-util.cc:398] Leaking SignalData structure 0x7b08001f19c0 after lost signal to thread 739
I20260709 12:57:08.434784   431 auto_leader_rebalancer-test.cc:316] The leader distribution is 
I20260709 12:57:08.435927   431 auto_leader_rebalancer.cc:141] leader rebalance for table test-workload
I20260709 12:57:08.460125   566 tablet_service.cc:2072] Received LeaderStepDown RPC: tablet_id: "6f3162d1a46f409cbe48127ff90f9b21"
dest_uuid: "b138f41df8ec40a9b18dbe6f7eecc731"
mode: GRACEFUL
new_leader_uuid: "3693351f2d8c4966ace8678c7dee8a0a"
 from {username='slave'} at 127.0.0.1:36618
I20260709 12:57:08.460979   566 raft_consensus.cc:606] T 6f3162d1a46f409cbe48127ff90f9b21 P b138f41df8ec40a9b18dbe6f7eecc731 [term 2 LEADER]: Received request to transfer leadership to TS 3693351f2d8c4966ace8678c7dee8a0a
I20260709 12:57:08.478305   641 tablet_service.cc:2072] Received LeaderStepDown RPC: tablet_id: "796a64ee4e934365a130c0fb135dd6ea"
dest_uuid: "a0e4768b69624a7688aa2e6571d3612f"
mode: GRACEFUL
new_leader_uuid: "3693351f2d8c4966ace8678c7dee8a0a"
 from {username='slave'} at 127.0.0.1:55948
I20260709 12:57:08.479162   641 raft_consensus.cc:606] T 796a64ee4e934365a130c0fb135dd6ea P a0e4768b69624a7688aa2e6571d3612f [term 1 LEADER]: Received request to transfer leadership to TS 3693351f2d8c4966ace8678c7dee8a0a
I20260709 12:57:08.480943   431 auto_leader_rebalancer.cc:452] table: test-workload, leader rebalance finish, leader transfer count: 2
I20260709 12:57:08.481549   431 auto_leader_rebalancer.cc:527] All tables' leader rebalancing finished this round
I20260709 12:57:08.669195   899 raft_consensus.cc:993] T 6f3162d1a46f409cbe48127ff90f9b21 P b138f41df8ec40a9b18dbe6f7eecc731: : Instructing follower 3693351f2d8c4966ace8678c7dee8a0a to start an election
I20260709 12:57:08.669773   894 raft_consensus.cc:1081] T 6f3162d1a46f409cbe48127ff90f9b21 P b138f41df8ec40a9b18dbe6f7eecc731 [term 2 LEADER]: Signalling peer 3693351f2d8c4966ace8678c7dee8a0a to start an election
I20260709 12:57:08.671852   715 tablet_service.cc:2044] Received Run Leader Election RPC: tablet_id: "6f3162d1a46f409cbe48127ff90f9b21"
dest_uuid: "3693351f2d8c4966ace8678c7dee8a0a"
 from {username='slave'} at 127.0.0.1:46514
I20260709 12:57:08.672509   715 raft_consensus.cc:493] T 6f3162d1a46f409cbe48127ff90f9b21 P 3693351f2d8c4966ace8678c7dee8a0a [term 2 FOLLOWER]: Starting forced leader election (received explicit request)
I20260709 12:57:08.672827   715 raft_consensus.cc:3060] T 6f3162d1a46f409cbe48127ff90f9b21 P 3693351f2d8c4966ace8678c7dee8a0a [term 2 FOLLOWER]: Advancing to term 3
I20260709 12:57:08.677974   715 raft_consensus.cc:515] T 6f3162d1a46f409cbe48127ff90f9b21 P 3693351f2d8c4966ace8678c7dee8a0a [term 3 FOLLOWER]: Starting forced leader election with config: opid_index: -1 OBSOLETE_local: false peers { permanent_uuid: "b138f41df8ec40a9b18dbe6f7eecc731" member_type: VOTER last_known_addr { host: "127.0.107.193" port: 41325 } } peers { permanent_uuid: "a0e4768b69624a7688aa2e6571d3612f" member_type: VOTER last_known_addr { host: "127.0.107.194" port: 39681 } } peers { permanent_uuid: "3693351f2d8c4966ace8678c7dee8a0a" member_type: VOTER last_known_addr { host: "127.0.107.195" port: 39501 } }
I20260709 12:57:08.679816   715 leader_election.cc:290] T 6f3162d1a46f409cbe48127ff90f9b21 P 3693351f2d8c4966ace8678c7dee8a0a [CANDIDATE]: Term 3 election: Requested vote from peers b138f41df8ec40a9b18dbe6f7eecc731 (127.0.107.193:41325), a0e4768b69624a7688aa2e6571d3612f (127.0.107.194:39681)
I20260709 12:57:08.680876   566 tablet_service.cc:1917] Received RequestConsensusVote() RPC: tablet_id: "6f3162d1a46f409cbe48127ff90f9b21" candidate_uuid: "3693351f2d8c4966ace8678c7dee8a0a" candidate_term: 3 candidate_status { last_received { term: 2 index: 2 } } ignore_live_leader: true dest_uuid: "b138f41df8ec40a9b18dbe6f7eecc731"
I20260709 12:57:08.680976   641 tablet_service.cc:1917] Received RequestConsensusVote() RPC: tablet_id: "6f3162d1a46f409cbe48127ff90f9b21" candidate_uuid: "3693351f2d8c4966ace8678c7dee8a0a" candidate_term: 3 candidate_status { last_received { term: 2 index: 2 } } ignore_live_leader: true dest_uuid: "a0e4768b69624a7688aa2e6571d3612f"
I20260709 12:57:08.681710   641 raft_consensus.cc:3060] T 6f3162d1a46f409cbe48127ff90f9b21 P a0e4768b69624a7688aa2e6571d3612f [term 2 FOLLOWER]: Advancing to term 3
I20260709 12:57:08.681689   566 raft_consensus.cc:3055] T 6f3162d1a46f409cbe48127ff90f9b21 P b138f41df8ec40a9b18dbe6f7eecc731 [term 2 LEADER]: Stepping down as leader of term 2
I20260709 12:57:08.682248   566 raft_consensus.cc:740] T 6f3162d1a46f409cbe48127ff90f9b21 P b138f41df8ec40a9b18dbe6f7eecc731 [term 2 LEADER]: Becoming Follower/Learner. State: Replica: b138f41df8ec40a9b18dbe6f7eecc731, State: Running, Role: LEADER
I20260709 12:57:08.683184   566 consensus_queue.cc:260] T 6f3162d1a46f409cbe48127ff90f9b21 P b138f41df8ec40a9b18dbe6f7eecc731 [NON_LEADER]: Queue going to NON_LEADER mode. State: All replicated index: 0, Majority replicated index: 2, Committed index: 2, Last appended: 2.2, Last appended by leader: 2, Current term: 2, Majority size: -1, State: 0, Mode: NON_LEADER, active raft config: opid_index: -1 OBSOLETE_local: false peers { permanent_uuid: "b138f41df8ec40a9b18dbe6f7eecc731" member_type: VOTER last_known_addr { host: "127.0.107.193" port: 41325 } } peers { permanent_uuid: "a0e4768b69624a7688aa2e6571d3612f" member_type: VOTER last_known_addr { host: "127.0.107.194" port: 39681 } } peers { permanent_uuid: "3693351f2d8c4966ace8678c7dee8a0a" member_type: VOTER last_known_addr { host: "127.0.107.195" port: 39501 } }
I20260709 12:57:08.684679   566 raft_consensus.cc:3060] T 6f3162d1a46f409cbe48127ff90f9b21 P b138f41df8ec40a9b18dbe6f7eecc731 [term 2 FOLLOWER]: Advancing to term 3
I20260709 12:57:08.687635   641 raft_consensus.cc:2468] T 6f3162d1a46f409cbe48127ff90f9b21 P a0e4768b69624a7688aa2e6571d3612f [term 3 FOLLOWER]: Leader election vote request: Granting yes vote for candidate 3693351f2d8c4966ace8678c7dee8a0a in term 3.
I20260709 12:57:08.688868   678 leader_election.cc:304] T 6f3162d1a46f409cbe48127ff90f9b21 P 3693351f2d8c4966ace8678c7dee8a0a [CANDIDATE]: Term 3 election: Election decided. Result: candidate won. Election summary: received 2 responses out of 3 voters: 2 yes votes; 0 no votes. yes voters: 3693351f2d8c4966ace8678c7dee8a0a, a0e4768b69624a7688aa2e6571d3612f; no voters: 
I20260709 12:57:08.689620   893 raft_consensus.cc:2804] T 6f3162d1a46f409cbe48127ff90f9b21 P 3693351f2d8c4966ace8678c7dee8a0a [term 3 FOLLOWER]: Leader election won for term 3
I20260709 12:57:08.691076   893 raft_consensus.cc:697] T 6f3162d1a46f409cbe48127ff90f9b21 P 3693351f2d8c4966ace8678c7dee8a0a [term 3 LEADER]: Becoming Leader. State: Replica: 3693351f2d8c4966ace8678c7dee8a0a, State: Running, Role: LEADER
I20260709 12:57:08.692026   893 consensus_queue.cc:237] T 6f3162d1a46f409cbe48127ff90f9b21 P 3693351f2d8c4966ace8678c7dee8a0a [LEADER]: Queue going to LEADER mode. State: All replicated index: 0, Majority replicated index: 2, Committed index: 2, Last appended: 2.2, Last appended by leader: 2, Current term: 3, Majority size: 2, State: 0, Mode: LEADER, active raft config: opid_index: -1 OBSOLETE_local: false peers { permanent_uuid: "b138f41df8ec40a9b18dbe6f7eecc731" member_type: VOTER last_known_addr { host: "127.0.107.193" port: 41325 } } peers { permanent_uuid: "a0e4768b69624a7688aa2e6571d3612f" member_type: VOTER last_known_addr { host: "127.0.107.194" port: 39681 } } peers { permanent_uuid: "3693351f2d8c4966ace8678c7dee8a0a" member_type: VOTER last_known_addr { host: "127.0.107.195" port: 39501 } }
