W20260709 12:57:30.577227  1641 leader_election.cc:343] T 8a8238df60414b3d8b25f82937649e9a P 1a40ab12c220464db732562e88c32c11 [CANDIDATE]: Term 1 election: Tablet error from VoteRequest() call to peer 693257b3078444e0bd26d3e82159d452 (127.0.107.193:37007): Illegal state: must be running to vote when last-logged opid is not known
I20260709 12:57:30.581027  1792 tablet_bootstrap.cc:492] T 8a8238df60414b3d8b25f82937649e9a P 693257b3078444e0bd26d3e82159d452: No bootstrap required, opened a new log
I20260709 12:57:30.581696  1792 ts_tablet_manager.cc:1403] T 8a8238df60414b3d8b25f82937649e9a P 693257b3078444e0bd26d3e82159d452: Time spent bootstrapping tablet: real 0.153s	user 0.008s	sys 0.011s
I20260709 12:57:30.582437  1794 tablet_bootstrap.cc:654] T 27da507a1bb04525952847c678820e4e P 1a40ab12c220464db732562e88c32c11: Neither blocks nor log segments found. Creating new log.
I20260709 12:57:30.585297  1793 raft_consensus.cc:359] T 2eac534aa8b349bc923752022b0b9ab6 P fab19506de7242869c29d70c9fffb739 [term 0 FOLLOWER]: Replica starting. Triggering 0 pending ops. Active config: opid_index: -1 OBSOLETE_local: false peers { permanent_uuid: "693257b3078444e0bd26d3e82159d452" member_type: VOTER last_known_addr { host: "127.0.107.193" port: 37007 } } peers { permanent_uuid: "1a40ab12c220464db732562e88c32c11" member_type: VOTER last_known_addr { host: "127.0.107.194" port: 39729 } } peers { permanent_uuid: "fab19506de7242869c29d70c9fffb739" member_type: VOTER last_known_addr { host: "127.0.107.195" port: 43001 } }
I20260709 12:57:30.585574  1792 raft_consensus.cc:359] T 8a8238df60414b3d8b25f82937649e9a P 693257b3078444e0bd26d3e82159d452 [term 0 FOLLOWER]: Replica starting. Triggering 0 pending ops. Active config: opid_index: -1 OBSOLETE_local: false peers { permanent_uuid: "693257b3078444e0bd26d3e82159d452" member_type: VOTER last_known_addr { host: "127.0.107.193" port: 37007 } } peers { permanent_uuid: "1a40ab12c220464db732562e88c32c11" member_type: VOTER last_known_addr { host: "127.0.107.194" port: 39729 } } peers { permanent_uuid: "fab19506de7242869c29d70c9fffb739" member_type: VOTER last_known_addr { host: "127.0.107.195" port: 43001 } }
I20260709 12:57:30.586246  1793 raft_consensus.cc:385] T 2eac534aa8b349bc923752022b0b9ab6 P fab19506de7242869c29d70c9fffb739 [term 0 FOLLOWER]: Consensus starting up: Expiring failure detector timer to make a prompt election more likely
I20260709 12:57:30.586407  1792 raft_consensus.cc:385] T 8a8238df60414b3d8b25f82937649e9a P 693257b3078444e0bd26d3e82159d452 [term 0 FOLLOWER]: Consensus starting up: Expiring failure detector timer to make a prompt election more likely
I20260709 12:57:30.586609  1793 raft_consensus.cc:740] T 2eac534aa8b349bc923752022b0b9ab6 P fab19506de7242869c29d70c9fffb739 [term 0 FOLLOWER]: Becoming Follower/Learner. State: Replica: fab19506de7242869c29d70c9fffb739, State: Initialized, Role: FOLLOWER
I20260709 12:57:30.587446  1793 consensus_queue.cc:260] T 2eac534aa8b349bc923752022b0b9ab6 P fab19506de7242869c29d70c9fffb739 [NON_LEADER]: Queue going to NON_LEADER mode. State: All replicated index: 0, Majority replicated index: 0, Committed index: 0, Last appended: 0.0, Last appended by leader: 0, Current term: 0, Majority size: -1, State: 0, Mode: NON_LEADER, active raft config: opid_index: -1 OBSOLETE_local: false peers { permanent_uuid: "693257b3078444e0bd26d3e82159d452" member_type: VOTER last_known_addr { host: "127.0.107.193" port: 37007 } } peers { permanent_uuid: "1a40ab12c220464db732562e88c32c11" member_type: VOTER last_known_addr { host: "127.0.107.194" port: 39729 } } peers { permanent_uuid: "fab19506de7242869c29d70c9fffb739" member_type: VOTER last_known_addr { host: "127.0.107.195" port: 43001 } }
I20260709 12:57:30.591948  1793 ts_tablet_manager.cc:1434] T 2eac534aa8b349bc923752022b0b9ab6 P fab19506de7242869c29d70c9fffb739: Time spent starting tablet: real 0.014s	user 0.009s	sys 0.000s
I20260709 12:57:30.587003  1792 raft_consensus.cc:740] T 8a8238df60414b3d8b25f82937649e9a P 693257b3078444e0bd26d3e82159d452 [term 0 FOLLOWER]: Becoming Follower/Learner. State: Replica: 693257b3078444e0bd26d3e82159d452, State: Initialized, Role: FOLLOWER
I20260709 12:57:30.592533  1750 raft_consensus.cc:2468] T 8a8238df60414b3d8b25f82937649e9a P fab19506de7242869c29d70c9fffb739 [term 1 FOLLOWER]: Leader election vote request: Granting yes vote for candidate 1a40ab12c220464db732562e88c32c11 in term 1.
I20260709 12:57:30.593688  1793 tablet_bootstrap.cc:492] T 583de7d6884c4f96b1f47ff7066c2da9 P fab19506de7242869c29d70c9fffb739: Bootstrap starting.
I20260709 12:57:30.594076  1641 leader_election.cc:304] T 8a8238df60414b3d8b25f82937649e9a P 1a40ab12c220464db732562e88c32c11 [CANDIDATE]: Term 1 election: Election decided. Result: candidate won. Election summary: received 3 responses out of 3 voters: 2 yes votes; 1 no votes. yes voters: 1a40ab12c220464db732562e88c32c11, fab19506de7242869c29d70c9fffb739; no voters: 693257b3078444e0bd26d3e82159d452
I20260709 12:57:30.593191  1792 consensus_queue.cc:260] T 8a8238df60414b3d8b25f82937649e9a P 693257b3078444e0bd26d3e82159d452 [NON_LEADER]: Queue going to NON_LEADER mode. State: All replicated index: 0, Majority replicated index: 0, Committed index: 0, Last appended: 0.0, Last appended by leader: 0, Current term: 0, Majority size: -1, State: 0, Mode: NON_LEADER, active raft config: opid_index: -1 OBSOLETE_local: false peers { permanent_uuid: "693257b3078444e0bd26d3e82159d452" member_type: VOTER last_known_addr { host: "127.0.107.193" port: 37007 } } peers { permanent_uuid: "1a40ab12c220464db732562e88c32c11" member_type: VOTER last_known_addr { host: "127.0.107.194" port: 39729 } } peers { permanent_uuid: "fab19506de7242869c29d70c9fffb739" member_type: VOTER last_known_addr { host: "127.0.107.195" port: 43001 } }
I20260709 12:57:30.594928  1819 raft_consensus.cc:2804] T 8a8238df60414b3d8b25f82937649e9a P 1a40ab12c220464db732562e88c32c11 [term 1 FOLLOWER]: Leader election won for term 1
I20260709 12:57:30.595923  1819 raft_consensus.cc:697] T 8a8238df60414b3d8b25f82937649e9a P 1a40ab12c220464db732562e88c32c11 [term 1 LEADER]: Becoming Leader. State: Replica: 1a40ab12c220464db732562e88c32c11, State: Running, Role: LEADER
I20260709 12:57:30.597100  1792 ts_tablet_manager.cc:1434] T 8a8238df60414b3d8b25f82937649e9a P 693257b3078444e0bd26d3e82159d452: Time spent starting tablet: real 0.015s	user 0.005s	sys 0.001s
I20260709 12:57:30.596800  1819 consensus_queue.cc:237] T 8a8238df60414b3d8b25f82937649e9a P 1a40ab12c220464db732562e88c32c11 [LEADER]: Queue going to LEADER mode. State: All replicated index: 0, Majority replicated index: 0, Committed index: 0, Last appended: 0.0, Last appended by leader: 0, Current term: 1, Majority size: 2, State: 0, Mode: LEADER, active raft config: opid_index: -1 OBSOLETE_local: false peers { permanent_uuid: "693257b3078444e0bd26d3e82159d452" member_type: VOTER last_known_addr { host: "127.0.107.193" port: 37007 } } peers { permanent_uuid: "1a40ab12c220464db732562e88c32c11" member_type: VOTER last_known_addr { host: "127.0.107.194" port: 39729 } } peers { permanent_uuid: "fab19506de7242869c29d70c9fffb739" member_type: VOTER last_known_addr { host: "127.0.107.195" port: 43001 } }
I20260709 12:57:30.600795  1792 tablet_bootstrap.cc:492] T 3f8de6698b474b218d672997f3c708e3 P 693257b3078444e0bd26d3e82159d452: Bootstrap starting.
I20260709 12:57:30.603842  1794 tablet_bootstrap.cc:492] T 27da507a1bb04525952847c678820e4e P 1a40ab12c220464db732562e88c32c11: No bootstrap required, opened a new log
I20260709 12:57:30.604542  1794 ts_tablet_manager.cc:1403] T 27da507a1bb04525952847c678820e4e P 1a40ab12c220464db732562e88c32c11: Time spent bootstrapping tablet: real 0.047s	user 0.013s	sys 0.007s
I20260709 12:57:30.609632  1792 tablet_bootstrap.cc:654] T 3f8de6698b474b218d672997f3c708e3 P 693257b3078444e0bd26d3e82159d452: Neither blocks nor log segments found. Creating new log.
I20260709 12:57:30.610003  1793 tablet_bootstrap.cc:654] T 583de7d6884c4f96b1f47ff7066c2da9 P fab19506de7242869c29d70c9fffb739: Neither blocks nor log segments found. Creating new log.
I20260709 12:57:30.608980  1794 raft_consensus.cc:359] T 27da507a1bb04525952847c678820e4e P 1a40ab12c220464db732562e88c32c11 [term 0 FOLLOWER]: Replica starting. Triggering 0 pending ops. Active config: opid_index: -1 OBSOLETE_local: false peers { permanent_uuid: "693257b3078444e0bd26d3e82159d452" member_type: VOTER last_known_addr { host: "127.0.107.193" port: 37007 } } peers { permanent_uuid: "1a40ab12c220464db732562e88c32c11" member_type: VOTER last_known_addr { host: "127.0.107.194" port: 39729 } } peers { permanent_uuid: "fab19506de7242869c29d70c9fffb739" member_type: VOTER last_known_addr { host: "127.0.107.195" port: 43001 } }
I20260709 12:57:30.610754  1794 raft_consensus.cc:385] T 27da507a1bb04525952847c678820e4e P 1a40ab12c220464db732562e88c32c11 [term 0 FOLLOWER]: Consensus starting up: Expiring failure detector timer to make a prompt election more likely
I20260709 12:57:30.611123  1794 raft_consensus.cc:740] T 27da507a1bb04525952847c678820e4e P 1a40ab12c220464db732562e88c32c11 [term 0 FOLLOWER]: Becoming Follower/Learner. State: Replica: 1a40ab12c220464db732562e88c32c11, State: Initialized, Role: FOLLOWER
I20260709 12:57:30.612264  1794 consensus_queue.cc:260] T 27da507a1bb04525952847c678820e4e P 1a40ab12c220464db732562e88c32c11 [NON_LEADER]: Queue going to NON_LEADER mode. State: All replicated index: 0, Majority replicated index: 0, Committed index: 0, Last appended: 0.0, Last appended by leader: 0, Current term: 0, Majority size: -1, State: 0, Mode: NON_LEADER, active raft config: opid_index: -1 OBSOLETE_local: false peers { permanent_uuid: "693257b3078444e0bd26d3e82159d452" member_type: VOTER last_known_addr { host: "127.0.107.193" port: 37007 } } peers { permanent_uuid: "1a40ab12c220464db732562e88c32c11" member_type: VOTER last_known_addr { host: "127.0.107.194" port: 39729 } } peers { permanent_uuid: "fab19506de7242869c29d70c9fffb739" member_type: VOTER last_known_addr { host: "127.0.107.195" port: 43001 } }
I20260709 12:57:30.623435  1794 ts_tablet_manager.cc:1434] T 27da507a1bb04525952847c678820e4e P 1a40ab12c220464db732562e88c32c11: Time spent starting tablet: real 0.017s	user 0.007s	sys 0.000s
I20260709 12:57:30.623625  1499 catalog_manager.cc:5697] T 8a8238df60414b3d8b25f82937649e9a P 1a40ab12c220464db732562e88c32c11 reported cstate change: term changed from 0 to 1, leader changed from <none> to 1a40ab12c220464db732562e88c32c11 (127.0.107.194). New cstate: current_term: 1 leader_uuid: "1a40ab12c220464db732562e88c32c11" committed_config { opid_index: -1 OBSOLETE_local: false peers { permanent_uuid: "693257b3078444e0bd26d3e82159d452" member_type: VOTER last_known_addr { host: "127.0.107.193" port: 37007 } health_report { overall_health: UNKNOWN } } peers { permanent_uuid: "1a40ab12c220464db732562e88c32c11" member_type: VOTER last_known_addr { host: "127.0.107.194" port: 39729 } health_report { overall_health: HEALTHY } } peers { permanent_uuid: "fab19506de7242869c29d70c9fffb739" member_type: VOTER last_known_addr { host: "127.0.107.195" port: 43001 } health_report { overall_health: UNKNOWN } } }
I20260709 12:57:30.624739  1794 tablet_bootstrap.cc:492] T 3eaa544af67a451a8d99cb7cc0f7e452 P 1a40ab12c220464db732562e88c32c11: Bootstrap starting.
I20260709 12:57:30.635071  1869 consensus_queue.cc:1048] T 46080b3c17204e34b7cfa66296431876 P fab19506de7242869c29d70c9fffb739 [LEADER]: Connected to new peer: Peer: permanent_uuid: "1a40ab12c220464db732562e88c32c11" member_type: VOTER last_known_addr { host: "127.0.107.194" port: 39729 }, Status: LMP_MISMATCH, Last received: 0.0, Next index: 1, Last known committed idx: 0, Time since last communication: 0.001s
I20260709 12:57:30.639629  1793 tablet_bootstrap.cc:492] T 583de7d6884c4f96b1f47ff7066c2da9 P fab19506de7242869c29d70c9fffb739: No bootstrap required, opened a new log
I20260709 12:57:30.640204  1793 ts_tablet_manager.cc:1403] T 583de7d6884c4f96b1f47ff7066c2da9 P fab19506de7242869c29d70c9fffb739: Time spent bootstrapping tablet: real 0.047s	user 0.015s	sys 0.017s
I20260709 12:57:30.640851  1794 tablet_bootstrap.cc:654] T 3eaa544af67a451a8d99cb7cc0f7e452 P 1a40ab12c220464db732562e88c32c11: Neither blocks nor log segments found. Creating new log.
I20260709 12:57:30.640321  1792 tablet_bootstrap.cc:492] T 3f8de6698b474b218d672997f3c708e3 P 693257b3078444e0bd26d3e82159d452: No bootstrap required, opened a new log
I20260709 12:57:30.643992  1792 ts_tablet_manager.cc:1403] T 3f8de6698b474b218d672997f3c708e3 P 693257b3078444e0bd26d3e82159d452: Time spent bootstrapping tablet: real 0.043s	user 0.025s	sys 0.010s
I20260709 12:57:30.643302  1793 raft_consensus.cc:359] T 583de7d6884c4f96b1f47ff7066c2da9 P fab19506de7242869c29d70c9fffb739 [term 0 FOLLOWER]: Replica starting. Triggering 0 pending ops. Active config: opid_index: -1 OBSOLETE_local: false peers { permanent_uuid: "693257b3078444e0bd26d3e82159d452" member_type: VOTER last_known_addr { host: "127.0.107.193" port: 37007 } } peers { permanent_uuid: "1a40ab12c220464db732562e88c32c11" member_type: VOTER last_known_addr { host: "127.0.107.194" port: 39729 } } peers { permanent_uuid: "fab19506de7242869c29d70c9fffb739" member_type: VOTER last_known_addr { host: "127.0.107.195" port: 43001 } }
I20260709 12:57:30.644840  1793 raft_consensus.cc:385] T 583de7d6884c4f96b1f47ff7066c2da9 P fab19506de7242869c29d70c9fffb739 [term 0 FOLLOWER]: Consensus starting up: Expiring failure detector timer to make a prompt election more likely
I20260709 12:57:30.645131  1793 raft_consensus.cc:740] T 583de7d6884c4f96b1f47ff7066c2da9 P fab19506de7242869c29d70c9fffb739 [term 0 FOLLOWER]: Becoming Follower/Learner. State: Replica: fab19506de7242869c29d70c9fffb739, State: Initialized, Role: FOLLOWER
W20260709 12:57:30.645212  1715 consensus_peers.cc:597] T e88aab1e8ec54d79b537a6d2dfbacdac P fab19506de7242869c29d70c9fffb739 -> Peer 1a40ab12c220464db732562e88c32c11 (127.0.107.194:39729): Couldn't send request to peer 1a40ab12c220464db732562e88c32c11. Error code: TABLET_NOT_RUNNING (12). Status: Illegal state: Tablet not RUNNING: INITIALIZED. This is attempt 1: this message will repeat every 5th retry.
I20260709 12:57:30.646013  1793 consensus_queue.cc:260] T 583de7d6884c4f96b1f47ff7066c2da9 P fab19506de7242869c29d70c9fffb739 [NON_LEADER]: Queue going to NON_LEADER mode. State: All replicated index: 0, Majority replicated index: 0, Committed index: 0, Last appended: 0.0, Last appended by leader: 0, Current term: 0, Majority size: -1, State: 0, Mode: NON_LEADER, active raft config: opid_index: -1 OBSOLETE_local: false peers { permanent_uuid: "693257b3078444e0bd26d3e82159d452" member_type: VOTER last_known_addr { host: "127.0.107.193" port: 37007 } } peers { permanent_uuid: "1a40ab12c220464db732562e88c32c11" member_type: VOTER last_known_addr { host: "127.0.107.194" port: 39729 } } peers { permanent_uuid: "fab19506de7242869c29d70c9fffb739" member_type: VOTER last_known_addr { host: "127.0.107.195" port: 43001 } }
I20260709 12:57:30.649385  1793 ts_tablet_manager.cc:1434] T 583de7d6884c4f96b1f47ff7066c2da9 P fab19506de7242869c29d70c9fffb739: Time spent starting tablet: real 0.009s	user 0.008s	sys 0.000s
I20260709 12:57:30.650774  1793 tablet_bootstrap.cc:492] T 5e60b8714c5d46e8a8676914b0595721 P fab19506de7242869c29d70c9fffb739: Bootstrap starting.
I20260709 12:57:30.653919  1792 raft_consensus.cc:359] T 3f8de6698b474b218d672997f3c708e3 P 693257b3078444e0bd26d3e82159d452 [term 0 FOLLOWER]: Replica starting. Triggering 0 pending ops. Active config: opid_index: -1 OBSOLETE_local: false peers { permanent_uuid: "693257b3078444e0bd26d3e82159d452" member_type: VOTER last_known_addr { host: "127.0.107.193" port: 37007 } } peers { permanent_uuid: "1a40ab12c220464db732562e88c32c11" member_type: VOTER last_known_addr { host: "127.0.107.194" port: 39729 } } peers { permanent_uuid: "fab19506de7242869c29d70c9fffb739" member_type: VOTER last_known_addr { host: "127.0.107.195" port: 43001 } }
I20260709 12:57:30.654826  1792 raft_consensus.cc:385] T 3f8de6698b474b218d672997f3c708e3 P 693257b3078444e0bd26d3e82159d452 [term 0 FOLLOWER]: Consensus starting up: Expiring failure detector timer to make a prompt election more likely
I20260709 12:57:30.655234  1792 raft_consensus.cc:740] T 3f8de6698b474b218d672997f3c708e3 P 693257b3078444e0bd26d3e82159d452 [term 0 FOLLOWER]: Becoming Follower/Learner. State: Replica: 693257b3078444e0bd26d3e82159d452, State: Initialized, Role: FOLLOWER
I20260709 12:57:30.656210  1792 consensus_queue.cc:260] T 3f8de6698b474b218d672997f3c708e3 P 693257b3078444e0bd26d3e82159d452 [NON_LEADER]: Queue going to NON_LEADER mode. State: All replicated index: 0, Majority replicated index: 0, Committed index: 0, Last appended: 0.0, Last appended by leader: 0, Current term: 0, Majority size: -1, State: 0, Mode: NON_LEADER, active raft config: opid_index: -1 OBSOLETE_local: false peers { permanent_uuid: "693257b3078444e0bd26d3e82159d452" member_type: VOTER last_known_addr { host: "127.0.107.193" port: 37007 } } peers { permanent_uuid: "1a40ab12c220464db732562e88c32c11" member_type: VOTER last_known_addr { host: "127.0.107.194" port: 39729 } } peers { permanent_uuid: "fab19506de7242869c29d70c9fffb739" member_type: VOTER last_known_addr { host: "127.0.107.195" port: 43001 } }
I20260709 12:57:30.658963  1793 tablet_bootstrap.cc:654] T 5e60b8714c5d46e8a8676914b0595721 P fab19506de7242869c29d70c9fffb739: Neither blocks nor log segments found. Creating new log.
I20260709 12:57:30.659019  1792 ts_tablet_manager.cc:1434] T 3f8de6698b474b218d672997f3c708e3 P 693257b3078444e0bd26d3e82159d452: Time spent starting tablet: real 0.015s	user 0.003s	sys 0.005s
I20260709 12:57:30.661171  1792 tablet_bootstrap.cc:492] T 27da507a1bb04525952847c678820e4e P 693257b3078444e0bd26d3e82159d452: Bootstrap starting.
I20260709 12:57:30.661639  1794 tablet_bootstrap.cc:492] T 3eaa544af67a451a8d99cb7cc0f7e452 P 1a40ab12c220464db732562e88c32c11: No bootstrap required, opened a new log
I20260709 12:57:30.662161  1794 ts_tablet_manager.cc:1403] T 3eaa544af67a451a8d99cb7cc0f7e452 P 1a40ab12c220464db732562e88c32c11: Time spent bootstrapping tablet: real 0.038s	user 0.012s	sys 0.000s
I20260709 12:57:30.664633  1819 raft_consensus.cc:493] T 15c13780577e4e7f939bed39d7e72045 P 1a40ab12c220464db732562e88c32c11 [term 0 FOLLOWER]: Starting pre-election (no leader contacted us within the election timeout)
I20260709 12:57:30.665223  1819 raft_consensus.cc:515] T 15c13780577e4e7f939bed39d7e72045 P 1a40ab12c220464db732562e88c32c11 [term 0 FOLLOWER]: Starting pre-election with config: opid_index: -1 OBSOLETE_local: false peers { permanent_uuid: "693257b3078444e0bd26d3e82159d452" member_type: VOTER last_known_addr { host: "127.0.107.193" port: 37007 } } peers { permanent_uuid: "1a40ab12c220464db732562e88c32c11" member_type: VOTER last_known_addr { host: "127.0.107.194" port: 39729 } } peers { permanent_uuid: "fab19506de7242869c29d70c9fffb739" member_type: VOTER last_known_addr { host: "127.0.107.195" port: 43001 } }
I20260709 12:57:30.665946  1794 raft_consensus.cc:359] T 3eaa544af67a451a8d99cb7cc0f7e452 P 1a40ab12c220464db732562e88c32c11 [term 0 FOLLOWER]: Replica starting. Triggering 0 pending ops. Active config: opid_index: -1 OBSOLETE_local: false peers { permanent_uuid: "693257b3078444e0bd26d3e82159d452" member_type: VOTER last_known_addr { host: "127.0.107.193" port: 37007 } } peers { permanent_uuid: "1a40ab12c220464db732562e88c32c11" member_type: VOTER last_known_addr { host: "127.0.107.194" port: 39729 } } peers { permanent_uuid: "fab19506de7242869c29d70c9fffb739" member_type: VOTER last_known_addr { host: "127.0.107.195" port: 43001 } }
I20260709 12:57:30.666694  1794 raft_consensus.cc:385] T 3eaa544af67a451a8d99cb7cc0f7e452 P 1a40ab12c220464db732562e88c32c11 [term 0 FOLLOWER]: Consensus starting up: Expiring failure detector timer to make a prompt election more likely
I20260709 12:57:30.666942  1794 raft_consensus.cc:740] T 3eaa544af67a451a8d99cb7cc0f7e452 P 1a40ab12c220464db732562e88c32c11 [term 0 FOLLOWER]: Becoming Follower/Learner. State: Replica: 1a40ab12c220464db732562e88c32c11, State: Initialized, Role: FOLLOWER
I20260709 12:57:30.668139  1819 leader_election.cc:290] T 15c13780577e4e7f939bed39d7e72045 P 1a40ab12c220464db732562e88c32c11 [CANDIDATE]: Term 1 pre-election: Requested pre-vote from peers 693257b3078444e0bd26d3e82159d452 (127.0.107.193:37007), fab19506de7242869c29d70c9fffb739 (127.0.107.195:43001)
I20260709 12:57:30.668372  1792 tablet_bootstrap.cc:654] T 27da507a1bb04525952847c678820e4e P 693257b3078444e0bd26d3e82159d452: Neither blocks nor log segments found. Creating new log.
I20260709 12:57:30.670430  1750 tablet_service.cc:1917] Received RequestConsensusVote() RPC: tablet_id: "15c13780577e4e7f939bed39d7e72045" candidate_uuid: "1a40ab12c220464db732562e88c32c11" candidate_term: 1 candidate_status { last_received { term: 0 index: 0 } } ignore_live_leader: false dest_uuid: "fab19506de7242869c29d70c9fffb739" is_pre_election: true
I20260709 12:57:30.671104  1602 tablet_service.cc:1917] Received RequestConsensusVote() RPC: tablet_id: "15c13780577e4e7f939bed39d7e72045" candidate_uuid: "1a40ab12c220464db732562e88c32c11" candidate_term: 1 candidate_status { last_received { term: 0 index: 0 } } ignore_live_leader: false dest_uuid: "693257b3078444e0bd26d3e82159d452" is_pre_election: true
I20260709 12:57:30.671247  1750 raft_consensus.cc:2468] T 15c13780577e4e7f939bed39d7e72045 P fab19506de7242869c29d70c9fffb739 [term 0 FOLLOWER]: Leader pre-election vote request: Granting yes vote for candidate 1a40ab12c220464db732562e88c32c11 in term 0.
I20260709 12:57:30.672885  1879 raft_consensus.cc:493] T 46080b3c17204e34b7cfa66296431876 P 693257b3078444e0bd26d3e82159d452 [term 0 FOLLOWER]: Starting pre-election (no leader contacted us within the election timeout)
W20260709 12:57:30.672983  1641 leader_election.cc:343] T 15c13780577e4e7f939bed39d7e72045 P 1a40ab12c220464db732562e88c32c11 [CANDIDATE]: Term 1 pre-election: Tablet error from VoteRequest() call to peer 693257b3078444e0bd26d3e82159d452 (127.0.107.193:37007): Illegal state: must be running to vote when last-logged opid is not known
I20260709 12:57:30.673537  1879 raft_consensus.cc:515] T 46080b3c17204e34b7cfa66296431876 P 693257b3078444e0bd26d3e82159d452 [term 0 FOLLOWER]: Starting pre-election with config: opid_index: -1 OBSOLETE_local: false peers { permanent_uuid: "693257b3078444e0bd26d3e82159d452" member_type: VOTER last_known_addr { host: "127.0.107.193" port: 37007 } } peers { permanent_uuid: "1a40ab12c220464db732562e88c32c11" member_type: VOTER last_known_addr { host: "127.0.107.194" port: 39729 } } peers { permanent_uuid: "fab19506de7242869c29d70c9fffb739" member_type: VOTER last_known_addr { host: "127.0.107.195" port: 43001 } }
I20260709 12:57:30.673817  1641 leader_election.cc:304] T 15c13780577e4e7f939bed39d7e72045 P 1a40ab12c220464db732562e88c32c11 [CANDIDATE]: Term 1 pre-election: Election decided. Result: candidate won. Election summary: received 3 responses out of 3 voters: 2 yes votes; 1 no votes. yes voters: 1a40ab12c220464db732562e88c32c11, fab19506de7242869c29d70c9fffb739; no voters: 693257b3078444e0bd26d3e82159d452
I20260709 12:57:30.674973  1819 raft_consensus.cc:2804] T 15c13780577e4e7f939bed39d7e72045 P 1a40ab12c220464db732562e88c32c11 [term 0 FOLLOWER]: Leader pre-election won for term 1
I20260709 12:57:30.675364  1819 raft_consensus.cc:493] T 15c13780577e4e7f939bed39d7e72045 P 1a40ab12c220464db732562e88c32c11 [term 0 FOLLOWER]: Starting leader election (no leader contacted us within the election timeout)
I20260709 12:57:30.675745  1819 raft_consensus.cc:3060] T 15c13780577e4e7f939bed39d7e72045 P 1a40ab12c220464db732562e88c32c11 [term 0 FOLLOWER]: Advancing to term 1
I20260709 12:57:30.684098  1602 raft_consensus.cc:3060] T 46080b3c17204e34b7cfa66296431876 P 693257b3078444e0bd26d3e82159d452 [term 0 FOLLOWER]: Advancing to term 1
I20260709 12:57:30.686517  1879 leader_election.cc:290] T 46080b3c17204e34b7cfa66296431876 P 693257b3078444e0bd26d3e82159d452 [CANDIDATE]: Term 1 pre-election: Requested pre-vote from peers 1a40ab12c220464db732562e88c32c11 (127.0.107.194:39729), fab19506de7242869c29d70c9fffb739 (127.0.107.195:43001)
I20260709 12:57:30.686847  1677 tablet_service.cc:1917] Received RequestConsensusVote() RPC: tablet_id: "46080b3c17204e34b7cfa66296431876" candidate_uuid: "693257b3078444e0bd26d3e82159d452" candidate_term: 1 candidate_status { last_received { term: 0 index: 0 } } ignore_live_leader: false dest_uuid: "1a40ab12c220464db732562e88c32c11" is_pre_election: true
I20260709 12:57:30.690459  1917 consensus_queue.cc:1048] T e88aab1e8ec54d79b537a6d2dfbacdac P fab19506de7242869c29d70c9fffb739 [LEADER]: Connected to new peer: Peer: permanent_uuid: "693257b3078444e0bd26d3e82159d452" member_type: VOTER last_known_addr { host: "127.0.107.193" port: 37007 }, Status: LMP_MISMATCH, Last received: 0.0, Next index: 1, Last known committed idx: 0, Time since last communication: 0.001s
I20260709 12:57:30.694227  1750 tablet_service.cc:1917] Received RequestConsensusVote() RPC: tablet_id: "46080b3c17204e34b7cfa66296431876" candidate_uuid: "693257b3078444e0bd26d3e82159d452" candidate_term: 1 candidate_status { last_received { term: 0 index: 0 } } ignore_live_leader: false dest_uuid: "fab19506de7242869c29d70c9fffb739" is_pre_election: true
I20260709 12:57:30.697211  1566 leader_election.cc:304] T 46080b3c17204e34b7cfa66296431876 P 693257b3078444e0bd26d3e82159d452 [CANDIDATE]: Term 1 pre-election: Election decided. Result: candidate lost. Election summary: received 3 responses out of 3 voters: 1 yes votes; 2 no votes. yes voters: 693257b3078444e0bd26d3e82159d452; no voters: 1a40ab12c220464db732562e88c32c11, fab19506de7242869c29d70c9fffb739
I20260709 12:57:30.719864  1794 consensus_queue.cc:260] T 3eaa544af67a451a8d99cb7cc0f7e452 P 1a40ab12c220464db732562e88c32c11 [NON_LEADER]: Queue going to NON_LEADER mode. State: All replicated index: 0, Majority replicated index: 0, Committed index: 0, Last appended: 0.0, Last appended by leader: 0, Current term: 0, Majority size: -1, State: 0, Mode: NON_LEADER, active raft config: opid_index: -1 OBSOLETE_local: false peers { permanent_uuid: "693257b3078444e0bd26d3e82159d452" member_type: VOTER last_known_addr { host: "127.0.107.193" port: 37007 } } peers { permanent_uuid: "1a40ab12c220464db732562e88c32c11" member_type: VOTER last_known_addr { host: "127.0.107.194" port: 39729 } } peers { permanent_uuid: "fab19506de7242869c29d70c9fffb739" member_type: VOTER last_known_addr { host: "127.0.107.195" port: 43001 } }
I20260709 12:57:30.715507  1819 raft_consensus.cc:515] T 15c13780577e4e7f939bed39d7e72045 P 1a40ab12c220464db732562e88c32c11 [term 1 FOLLOWER]: Starting leader election with config: opid_index: -1 OBSOLETE_local: false peers { permanent_uuid: "693257b3078444e0bd26d3e82159d452" member_type: VOTER last_known_addr { host: "127.0.107.193" port: 37007 } } peers { permanent_uuid: "1a40ab12c220464db732562e88c32c11" member_type: VOTER last_known_addr { host: "127.0.107.194" port: 39729 } } peers { permanent_uuid: "fab19506de7242869c29d70c9fffb739" member_type: VOTER last_known_addr { host: "127.0.107.195" port: 43001 } }
I20260709 12:57:30.731134  1819 leader_election.cc:290] T 15c13780577e4e7f939bed39d7e72045 P 1a40ab12c220464db732562e88c32c11 [CANDIDATE]: Term 1 election: Requested vote from peers 693257b3078444e0bd26d3e82159d452 (127.0.107.193:37007), fab19506de7242869c29d70c9fffb739 (127.0.107.195:43001)
I20260709 12:57:30.732007  1794 ts_tablet_manager.cc:1434] T 3eaa544af67a451a8d99cb7cc0f7e452 P 1a40ab12c220464db732562e88c32c11: Time spent starting tablet: real 0.070s	user 0.009s	sys 0.002s
I20260709 12:57:30.775357  1793 tablet_bootstrap.cc:492] T 5e60b8714c5d46e8a8676914b0595721 P fab19506de7242869c29d70c9fffb739: No bootstrap required, opened a new log
I20260709 12:57:30.776257  1793 ts_tablet_manager.cc:1403] T 5e60b8714c5d46e8a8676914b0595721 P fab19506de7242869c29d70c9fffb739: Time spent bootstrapping tablet: real 0.126s	user 0.034s	sys 0.031s
I20260709 12:57:30.733675  1794 tablet_bootstrap.cc:492] T a5eeee076cc0489bb6f13e55dbc52d06 P 1a40ab12c220464db732562e88c32c11: Bootstrap starting.
I20260709 12:57:30.732971  1603 tablet_service.cc:1917] Received RequestConsensusVote() RPC: tablet_id: "15c13780577e4e7f939bed39d7e72045" candidate_uuid: "1a40ab12c220464db732562e88c32c11" candidate_term: 1 candidate_status { last_received { term: 0 index: 0 } } ignore_live_leader: false dest_uuid: "693257b3078444e0bd26d3e82159d452"
I20260709 12:57:30.786144  1793 raft_consensus.cc:359] T 5e60b8714c5d46e8a8676914b0595721 P fab19506de7242869c29d70c9fffb739 [term 0 FOLLOWER]: Replica starting. Triggering 0 pending ops. Active config: opid_index: -1 OBSOLETE_local: false peers { permanent_uuid: "693257b3078444e0bd26d3e82159d452" member_type: VOTER last_known_addr { host: "127.0.107.193" port: 37007 } } peers { permanent_uuid: "1a40ab12c220464db732562e88c32c11" member_type: VOTER last_known_addr { host: "127.0.107.194" port: 39729 } } peers { permanent_uuid: "fab19506de7242869c29d70c9fffb739" member_type: VOTER last_known_addr { host: "127.0.107.195" port: 43001 } }
I20260709 12:57:30.787037  1793 raft_consensus.cc:385] T 5e60b8714c5d46e8a8676914b0595721 P fab19506de7242869c29d70c9fffb739 [term 0 FOLLOWER]: Consensus starting up: Expiring failure detector timer to make a prompt election more likely
I20260709 12:57:30.787334  1793 raft_consensus.cc:740] T 5e60b8714c5d46e8a8676914b0595721 P fab19506de7242869c29d70c9fffb739 [term 0 FOLLOWER]: Becoming Follower/Learner. State: Replica: fab19506de7242869c29d70c9fffb739, State: Initialized, Role: FOLLOWER
I20260709 12:57:30.754017  1819 raft_consensus.cc:493] T 27da507a1bb04525952847c678820e4e P 1a40ab12c220464db732562e88c32c11 [term 0 FOLLOWER]: Starting pre-election (no leader contacted us within the election timeout)
I20260709 12:57:30.788178  1793 consensus_queue.cc:260] T 5e60b8714c5d46e8a8676914b0595721 P fab19506de7242869c29d70c9fffb739 [NON_LEADER]: Queue going to NON_LEADER mode. State: All replicated index: 0, Majority replicated index: 0, Committed index: 0, Last appended: 0.0, Last appended by leader: 0, Current term: 0, Majority size: -1, State: 0, Mode: NON_LEADER, active raft config: opid_index: -1 OBSOLETE_local: false peers { permanent_uuid: "693257b3078444e0bd26d3e82159d452" member_type: VOTER last_known_addr { host: "127.0.107.193" port: 37007 } } peers { permanent_uuid: "1a40ab12c220464db732562e88c32c11" member_type: VOTER last_known_addr { host: "127.0.107.194" port: 39729 } } peers { permanent_uuid: "fab19506de7242869c29d70c9fffb739" member_type: VOTER last_known_addr { host: "127.0.107.195" port: 43001 } }
I20260709 12:57:30.733103  1750 tablet_service.cc:1917] Received RequestConsensusVote() RPC: tablet_id: "15c13780577e4e7f939bed39d7e72045" candidate_uuid: "1a40ab12c220464db732562e88c32c11" candidate_term: 1 candidate_status { last_received { term: 0 index: 0 } } ignore_live_leader: false dest_uuid: "fab19506de7242869c29d70c9fffb739"
I20260709 12:57:30.753891  1866 consensus_queue.cc:1048] T 3d7ba20be4524b828e4259656531c103 P 693257b3078444e0bd26d3e82159d452 [LEADER]: Connected to new peer: Peer: permanent_uuid: "fab19506de7242869c29d70c9fffb739" member_type: VOTER last_known_addr { host: "127.0.107.195" port: 43001 }, Status: LMP_MISMATCH, Last received: 0.0, Next index: 1, Last known committed idx: 0, Time since last communication: 0.036s
I20260709 12:57:30.792035  1750 raft_consensus.cc:3060] T 15c13780577e4e7f939bed39d7e72045 P fab19506de7242869c29d70c9fffb739 [term 0 FOLLOWER]: Advancing to term 1
W20260709 12:57:30.813207  1641 leader_election.cc:343] T 15c13780577e4e7f939bed39d7e72045 P 1a40ab12c220464db732562e88c32c11 [CANDIDATE]: Term 1 election: Tablet error from VoteRequest() call to peer 693257b3078444e0bd26d3e82159d452 (127.0.107.193:37007): Illegal state: must be running to vote when last-logged opid is not known
I20260709 12:57:30.828328  1922 raft_consensus.cc:493] T 3f8de6698b474b218d672997f3c708e3 P 693257b3078444e0bd26d3e82159d452 [term 0 FOLLOWER]: Starting pre-election (no leader contacted us within the election timeout)
I20260709 12:57:30.791873  1819 raft_consensus.cc:515] T 27da507a1bb04525952847c678820e4e P 1a40ab12c220464db732562e88c32c11 [term 0 FOLLOWER]: Starting pre-election with config: opid_index: -1 OBSOLETE_local: false peers { permanent_uuid: "693257b3078444e0bd26d3e82159d452" member_type: VOTER last_known_addr { host: "127.0.107.193" port: 37007 } } peers { permanent_uuid: "1a40ab12c220464db732562e88c32c11" member_type: VOTER last_known_addr { host: "127.0.107.194" port: 39729 } } peers { permanent_uuid: "fab19506de7242869c29d70c9fffb739" member_type: VOTER last_known_addr { host: "127.0.107.195" port: 43001 } }
I20260709 12:57:30.836254  1922 raft_consensus.cc:515] T 3f8de6698b474b218d672997f3c708e3 P 693257b3078444e0bd26d3e82159d452 [term 0 FOLLOWER]: Starting pre-election with config: opid_index: -1 OBSOLETE_local: false peers { permanent_uuid: "693257b3078444e0bd26d3e82159d452" member_type: VOTER last_known_addr { host: "127.0.107.193" port: 37007 } } peers { permanent_uuid: "1a40ab12c220464db732562e88c32c11" member_type: VOTER last_known_addr { host: "127.0.107.194" port: 39729 } } peers { permanent_uuid: "fab19506de7242869c29d70c9fffb739" member_type: VOTER last_known_addr { host: "127.0.107.195" port: 43001 } }
I20260709 12:57:30.837855  1792 tablet_bootstrap.cc:492] T 27da507a1bb04525952847c678820e4e P 693257b3078444e0bd26d3e82159d452: No bootstrap required, opened a new log
I20260709 12:57:30.844513  1792 ts_tablet_manager.cc:1403] T 27da507a1bb04525952847c678820e4e P 693257b3078444e0bd26d3e82159d452: Time spent bootstrapping tablet: real 0.184s	user 0.026s	sys 0.033s
I20260709 12:57:30.843166  1794 tablet_bootstrap.cc:654] T a5eeee076cc0489bb6f13e55dbc52d06 P 1a40ab12c220464db732562e88c32c11: Neither blocks nor log segments found. Creating new log.
I20260709 12:57:30.858047  1819 leader_election.cc:290] T 27da507a1bb04525952847c678820e4e P 1a40ab12c220464db732562e88c32c11 [CANDIDATE]: Term 1 pre-election: Requested pre-vote from peers 693257b3078444e0bd26d3e82159d452 (127.0.107.193:37007), fab19506de7242869c29d70c9fffb739 (127.0.107.195:43001)
I20260709 12:57:30.863159  1678 raft_consensus.cc:3060] T 3d7ba20be4524b828e4259656531c103 P 1a40ab12c220464db732562e88c32c11 [term 0 FOLLOWER]: Advancing to term 1
I20260709 12:57:30.863255  1793 ts_tablet_manager.cc:1434] T 5e60b8714c5d46e8a8676914b0595721 P fab19506de7242869c29d70c9fffb739: Time spent starting tablet: real 0.086s	user 0.046s	sys 0.029s
I20260709 12:57:30.865818  1749 tablet_service.cc:1917] Received RequestConsensusVote() RPC: tablet_id: "27da507a1bb04525952847c678820e4e" candidate_uuid: "1a40ab12c220464db732562e88c32c11" candidate_term: 1 candidate_status { last_received { term: 0 index: 0 } } ignore_live_leader: false dest_uuid: "fab19506de7242869c29d70c9fffb739" is_pre_election: true
W20260709 12:57:30.867904  1641 leader_election.cc:343] T 27da507a1bb04525952847c678820e4e P 1a40ab12c220464db732562e88c32c11 [CANDIDATE]: Term 1 pre-election: Tablet error from VoteRequest() call to peer fab19506de7242869c29d70c9fffb739 (127.0.107.195:43001): Illegal state: must be running to vote when last-logged opid is not known
I20260709 12:57:30.868777  1859 raft_consensus.cc:493] T 3eaa544af67a451a8d99cb7cc0f7e452 P 1a40ab12c220464db732562e88c32c11 [term 0 FOLLOWER]: Starting pre-election (no leader contacted us within the election timeout)
I20260709 12:57:30.869606  1859 raft_consensus.cc:515] T 3eaa544af67a451a8d99cb7cc0f7e452 P 1a40ab12c220464db732562e88c32c11 [term 0 FOLLOWER]: Starting pre-election with config: opid_index: -1 OBSOLETE_local: false peers { permanent_uuid: "693257b3078444e0bd26d3e82159d452" member_type: VOTER last_known_addr { host: "127.0.107.193" port: 37007 } } peers { permanent_uuid: "1a40ab12c220464db732562e88c32c11" member_type: VOTER last_known_addr { host: "127.0.107.194" port: 39729 } } peers { permanent_uuid: "fab19506de7242869c29d70c9fffb739" member_type: VOTER last_known_addr { host: "127.0.107.195" port: 43001 } }
I20260709 12:57:30.873416  1859 leader_election.cc:290] T 3eaa544af67a451a8d99cb7cc0f7e452 P 1a40ab12c220464db732562e88c32c11 [CANDIDATE]: Term 1 pre-election: Requested pre-vote from peers 693257b3078444e0bd26d3e82159d452 (127.0.107.193:37007), fab19506de7242869c29d70c9fffb739 (127.0.107.195:43001)
I20260709 12:57:30.889968  1752 tablet_service.cc:1917] Received RequestConsensusVote() RPC: tablet_id: "3eaa544af67a451a8d99cb7cc0f7e452" candidate_uuid: "1a40ab12c220464db732562e88c32c11" candidate_term: 1 candidate_status { last_received { term: 0 index: 0 } } ignore_live_leader: false dest_uuid: "fab19506de7242869c29d70c9fffb739" is_pre_election: true
I20260709 12:57:30.890410  1793 tablet_bootstrap.cc:492] T 27da507a1bb04525952847c678820e4e P fab19506de7242869c29d70c9fffb739: Bootstrap starting.
W20260709 12:57:30.910135  1641 leader_election.cc:343] T 3eaa544af67a451a8d99cb7cc0f7e452 P 1a40ab12c220464db732562e88c32c11 [CANDIDATE]: Term 1 pre-election: Tablet error from VoteRequest() call to peer fab19506de7242869c29d70c9fffb739 (127.0.107.195:43001): Illegal state: must be running to vote when last-logged opid is not known
I20260709 12:57:30.913100  1879 raft_consensus.cc:2749] T 46080b3c17204e34b7cfa66296431876 P 693257b3078444e0bd26d3e82159d452 [term 1 FOLLOWER]: Leader pre-election lost for term 1. Reason: could not achieve majority
I20260709 12:57:30.941069  1794 tablet_bootstrap.cc:492] T a5eeee076cc0489bb6f13e55dbc52d06 P 1a40ab12c220464db732562e88c32c11: No bootstrap required, opened a new log
I20260709 12:57:30.941728  1794 ts_tablet_manager.cc:1403] T a5eeee076cc0489bb6f13e55dbc52d06 P 1a40ab12c220464db732562e88c32c11: Time spent bootstrapping tablet: real 0.208s	user 0.032s	sys 0.041s
W20260709 12:57:30.950019  1549 auto_rebalancer.cc:288] Could not retrieve cluster info: Service unavailable: Tablet not running
I20260709 12:57:30.951385  1917 consensus_queue.cc:1048] T 46080b3c17204e34b7cfa66296431876 P fab19506de7242869c29d70c9fffb739 [LEADER]: Connected to new peer: Peer: permanent_uuid: "693257b3078444e0bd26d3e82159d452" member_type: VOTER last_known_addr { host: "127.0.107.193" port: 37007 }, Status: LMP_MISMATCH, Last received: 0.0, Next index: 1, Last known committed idx: 0, Time since last communication: 0.001s
I20260709 12:57:30.952852  1794 raft_consensus.cc:359] T a5eeee076cc0489bb6f13e55dbc52d06 P 1a40ab12c220464db732562e88c32c11 [term 0 FOLLOWER]: Replica starting. Triggering 0 pending ops. Active config: opid_index: -1 OBSOLETE_local: false peers { permanent_uuid: "693257b3078444e0bd26d3e82159d452" member_type: VOTER last_known_addr { host: "127.0.107.193" port: 37007 } } peers { permanent_uuid: "1a40ab12c220464db732562e88c32c11" member_type: VOTER last_known_addr { host: "127.0.107.194" port: 39729 } } peers { permanent_uuid: "fab19506de7242869c29d70c9fffb739" member_type: VOTER last_known_addr { host: "127.0.107.195" port: 43001 } }
I20260709 12:57:30.953759  1794 raft_consensus.cc:385] T a5eeee076cc0489bb6f13e55dbc52d06 P 1a40ab12c220464db732562e88c32c11 [term 0 FOLLOWER]: Consensus starting up: Expiring failure detector timer to make a prompt election more likely
I20260709 12:57:30.954061  1794 raft_consensus.cc:740] T a5eeee076cc0489bb6f13e55dbc52d06 P 1a40ab12c220464db732562e88c32c11 [term 0 FOLLOWER]: Becoming Follower/Learner. State: Replica: 1a40ab12c220464db732562e88c32c11, State: Initialized, Role: FOLLOWER
I20260709 12:57:30.956238  1792 raft_consensus.cc:359] T 27da507a1bb04525952847c678820e4e P 693257b3078444e0bd26d3e82159d452 [term 0 FOLLOWER]: Replica starting. Triggering 0 pending ops. Active config: opid_index: -1 OBSOLETE_local: false peers { permanent_uuid: "693257b3078444e0bd26d3e82159d452" member_type: VOTER last_known_addr { host: "127.0.107.193" port: 37007 } } peers { permanent_uuid: "1a40ab12c220464db732562e88c32c11" member_type: VOTER last_known_addr { host: "127.0.107.194" port: 39729 } } peers { permanent_uuid: "fab19506de7242869c29d70c9fffb739" member_type: VOTER last_known_addr { host: "127.0.107.195" port: 43001 } }
I20260709 12:57:30.957051  1792 raft_consensus.cc:385] T 27da507a1bb04525952847c678820e4e P 693257b3078444e0bd26d3e82159d452 [term 0 FOLLOWER]: Consensus starting up: Expiring failure detector timer to make a prompt election more likely
I20260709 12:57:30.957324  1792 raft_consensus.cc:740] T 27da507a1bb04525952847c678820e4e P 693257b3078444e0bd26d3e82159d452 [term 0 FOLLOWER]: Becoming Follower/Learner. State: Replica: 693257b3078444e0bd26d3e82159d452, State: Initialized, Role: FOLLOWER
I20260709 12:57:30.939450  1602 tablet_service.cc:1917] Received RequestConsensusVote() RPC: tablet_id: "27da507a1bb04525952847c678820e4e" candidate_uuid: "1a40ab12c220464db732562e88c32c11" candidate_term: 1 candidate_status { last_received { term: 0 index: 0 } } ignore_live_leader: false dest_uuid: "693257b3078444e0bd26d3e82159d452" is_pre_election: true
I20260709 12:57:30.990911  1676 tablet_service.cc:1917] Received RequestConsensusVote() RPC: tablet_id: "3f8de6698b474b218d672997f3c708e3" candidate_uuid: "693257b3078444e0bd26d3e82159d452" candidate_term: 1 candidate_status { last_received { term: 0 index: 0 } } ignore_live_leader: false dest_uuid: "1a40ab12c220464db732562e88c32c11" is_pre_election: true
I20260709 12:57:31.000034  1922 leader_election.cc:290] T 3f8de6698b474b218d672997f3c708e3 P 693257b3078444e0bd26d3e82159d452 [CANDIDATE]: Term 1 pre-election: Requested pre-vote from peers 1a40ab12c220464db732562e88c32c11 (127.0.107.194:39729), fab19506de7242869c29d70c9fffb739 (127.0.107.195:43001)
I20260709 12:57:31.008733  1922 raft_consensus.cc:493] T 8a8238df60414b3d8b25f82937649e9a P 693257b3078444e0bd26d3e82159d452 [term 0 FOLLOWER]: Starting pre-election (no leader contacted us within the election timeout)
I20260709 12:57:31.008586  1794 consensus_queue.cc:260] T a5eeee076cc0489bb6f13e55dbc52d06 P 1a40ab12c220464db732562e88c32c11 [NON_LEADER]: Queue going to NON_LEADER mode. State: All replicated index: 0, Majority replicated index: 0, Committed index: 0, Last appended: 0.0, Last appended by leader: 0, Current term: 0, Majority size: -1, State: 0, Mode: NON_LEADER, active raft config: opid_index: -1 OBSOLETE_local: false peers { permanent_uuid: "693257b3078444e0bd26d3e82159d452" member_type: VOTER last_known_addr { host: "127.0.107.193" port: 37007 } } peers { permanent_uuid: "1a40ab12c220464db732562e88c32c11" member_type: VOTER last_known_addr { host: "127.0.107.194" port: 39729 } } peers { permanent_uuid: "fab19506de7242869c29d70c9fffb739" member_type: VOTER last_known_addr { host: "127.0.107.195" port: 43001 } }
I20260709 12:57:31.009347  1922 raft_consensus.cc:515] T 8a8238df60414b3d8b25f82937649e9a P 693257b3078444e0bd26d3e82159d452 [term 0 FOLLOWER]: Starting pre-election with config: opid_index: -1 OBSOLETE_local: false peers { permanent_uuid: "693257b3078444e0bd26d3e82159d452" member_type: VOTER last_known_addr { host: "127.0.107.193" port: 37007 } } peers { permanent_uuid: "1a40ab12c220464db732562e88c32c11" member_type: VOTER last_known_addr { host: "127.0.107.194" port: 39729 } } peers { permanent_uuid: "fab19506de7242869c29d70c9fffb739" member_type: VOTER last_known_addr { host: "127.0.107.195" port: 43001 } }
I20260709 12:57:31.010607  1819 raft_consensus.cc:493] T 3d7ba20be4524b828e4259656531c103 P 1a40ab12c220464db732562e88c32c11 [term 1 FOLLOWER]: Starting pre-election (no leader contacted us within the election timeout)
I20260709 12:57:31.011071  1794 ts_tablet_manager.cc:1434] T a5eeee076cc0489bb6f13e55dbc52d06 P 1a40ab12c220464db732562e88c32c11: Time spent starting tablet: real 0.069s	user 0.004s	sys 0.004s
I20260709 12:57:31.011166  1819 raft_consensus.cc:515] T 3d7ba20be4524b828e4259656531c103 P 1a40ab12c220464db732562e88c32c11 [term 1 FOLLOWER]: Starting pre-election with config: opid_index: -1 OBSOLETE_local: false peers { permanent_uuid: "693257b3078444e0bd26d3e82159d452" member_type: VOTER last_known_addr { host: "127.0.107.193" port: 37007 } } peers { permanent_uuid: "1a40ab12c220464db732562e88c32c11" member_type: VOTER last_known_addr { host: "127.0.107.194" port: 39729 } } peers { permanent_uuid: "fab19506de7242869c29d70c9fffb739" member_type: VOTER last_known_addr { host: "127.0.107.195" port: 43001 } }
I20260709 12:57:31.011878  1922 leader_election.cc:290] T 8a8238df60414b3d8b25f82937649e9a P 693257b3078444e0bd26d3e82159d452 [CANDIDATE]: Term 1 pre-election: Requested pre-vote from peers 1a40ab12c220464db732562e88c32c11 (127.0.107.194:39729), fab19506de7242869c29d70c9fffb739 (127.0.107.195:43001)
I20260709 12:57:31.012172  1794 tablet_bootstrap.cc:492] T 3f8de6698b474b218d672997f3c708e3 P 1a40ab12c220464db732562e88c32c11: Bootstrap starting.
I20260709 12:57:31.014511  1972 raft_consensus.cc:493] T 583de7d6884c4f96b1f47ff7066c2da9 P fab19506de7242869c29d70c9fffb739 [term 0 FOLLOWER]: Starting pre-election (no leader contacted us within the election timeout)
I20260709 12:57:31.015021  1972 raft_consensus.cc:515] T 583de7d6884c4f96b1f47ff7066c2da9 P fab19506de7242869c29d70c9fffb739 [term 0 FOLLOWER]: Starting pre-election with config: opid_index: -1 OBSOLETE_local: false peers { permanent_uuid: "693257b3078444e0bd26d3e82159d452" member_type: VOTER last_known_addr { host: "127.0.107.193" port: 37007 } } peers { permanent_uuid: "1a40ab12c220464db732562e88c32c11" member_type: VOTER last_known_addr { host: "127.0.107.194" port: 39729 } } peers { permanent_uuid: "fab19506de7242869c29d70c9fffb739" member_type: VOTER last_known_addr { host: "127.0.107.195" port: 43001 } }
I20260709 12:57:31.017138  1972 leader_election.cc:290] T 583de7d6884c4f96b1f47ff7066c2da9 P fab19506de7242869c29d70c9fffb739 [CANDIDATE]: Term 1 pre-election: Requested pre-vote from peers 693257b3078444e0bd26d3e82159d452 (127.0.107.193:37007), 1a40ab12c220464db732562e88c32c11 (127.0.107.194:39729)
I20260709 12:57:31.013870  1792 consensus_queue.cc:260] T 27da507a1bb04525952847c678820e4e P 693257b3078444e0bd26d3e82159d452 [NON_LEADER]: Queue going to NON_LEADER mode. State: All replicated index: 0, Majority replicated index: 0, Committed index: 0, Last appended: 0.0, Last appended by leader: 0, Current term: 0, Majority size: -1, State: 0, Mode: NON_LEADER, active raft config: opid_index: -1 OBSOLETE_local: false peers { permanent_uuid: "693257b3078444e0bd26d3e82159d452" member_type: VOTER last_known_addr { host: "127.0.107.193" port: 37007 } } peers { permanent_uuid: "1a40ab12c220464db732562e88c32c11" member_type: VOTER last_known_addr { host: "127.0.107.194" port: 39729 } } peers { permanent_uuid: "fab19506de7242869c29d70c9fffb739" member_type: VOTER last_known_addr { host: "127.0.107.195" port: 43001 } }
I20260709 12:57:31.011468  1600 tablet_service.cc:1917] Received RequestConsensusVote() RPC: tablet_id: "3eaa544af67a451a8d99cb7cc0f7e452" candidate_uuid: "1a40ab12c220464db732562e88c32c11" candidate_term: 1 candidate_status { last_received { term: 0 index: 0 } } ignore_live_leader: false dest_uuid: "693257b3078444e0bd26d3e82159d452" is_pre_election: true
I20260709 12:57:31.020376  1602 raft_consensus.cc:2468] T 27da507a1bb04525952847c678820e4e P 693257b3078444e0bd26d3e82159d452 [term 0 FOLLOWER]: Leader pre-election vote request: Granting yes vote for candidate 1a40ab12c220464db732562e88c32c11 in term 0.
W20260709 12:57:31.021544  1641 leader_election.cc:343] T 3eaa544af67a451a8d99cb7cc0f7e452 P 1a40ab12c220464db732562e88c32c11 [CANDIDATE]: Term 1 pre-election: Tablet error from VoteRequest() call to peer 693257b3078444e0bd26d3e82159d452 (127.0.107.193:37007): Illegal state: must be running to vote when last-logged opid is not known
I20260709 12:57:31.022249  1641 leader_election.cc:304] T 3eaa544af67a451a8d99cb7cc0f7e452 P 1a40ab12c220464db732562e88c32c11 [CANDIDATE]: Term 1 pre-election: Election decided. Result: candidate lost. Election summary: received 3 responses out of 3 voters: 1 yes votes; 2 no votes. yes voters: 1a40ab12c220464db732562e88c32c11; no voters: 693257b3078444e0bd26d3e82159d452, fab19506de7242869c29d70c9fffb739
I20260709 12:57:31.007696  1917 raft_consensus.cc:493] T 69370730433544db93e2c777aba2b9b2 P fab19506de7242869c29d70c9fffb739 [term 0 FOLLOWER]: Starting pre-election (no leader contacted us within the election timeout)
I20260709 12:57:31.024361  1871 raft_consensus.cc:2749] T 3eaa544af67a451a8d99cb7cc0f7e452 P 1a40ab12c220464db732562e88c32c11 [term 0 FOLLOWER]: Leader pre-election lost for term 1. Reason: could not achieve majority
I20260709 12:57:31.029117  1792 ts_tablet_manager.cc:1434] T 27da507a1bb04525952847c678820e4e P 693257b3078444e0bd26d3e82159d452: Time spent starting tablet: real 0.184s	user 0.010s	sys 0.005s
I20260709 12:57:31.032265  1793 tablet_bootstrap.cc:654] T 27da507a1bb04525952847c678820e4e P fab19506de7242869c29d70c9fffb739: Neither blocks nor log segments found. Creating new log.
I20260709 12:57:31.035787  1917 raft_consensus.cc:515] T 69370730433544db93e2c777aba2b9b2 P fab19506de7242869c29d70c9fffb739 [term 0 FOLLOWER]: Starting pre-election with config: opid_index: -1 OBSOLETE_local: false peers { permanent_uuid: "693257b3078444e0bd26d3e82159d452" member_type: VOTER last_known_addr { host: "127.0.107.193" port: 37007 } } peers { permanent_uuid: "1a40ab12c220464db732562e88c32c11" member_type: VOTER last_known_addr { host: "127.0.107.194" port: 39729 } } peers { permanent_uuid: "fab19506de7242869c29d70c9fffb739" member_type: VOTER last_known_addr { host: "127.0.107.195" port: 43001 } }
