I20260709 13:03:26.652424 15098 tablet_bootstrap.cc:492] T ccde882a7202443a976d3ade1d1230de P 24e6889a7d554c0995e9be78676259b3: No bootstrap required, opened a new log
I20260709 13:03:26.652840 15098 ts_tablet_manager.cc:1403] T ccde882a7202443a976d3ade1d1230de P 24e6889a7d554c0995e9be78676259b3: Time spent bootstrapping tablet: real 0.039s	user 0.009s	sys 0.014s
I20260709 13:03:26.652974 15133 raft_consensus.cc:515] T f126ce4d9d534b89be076298fffc9a7b P e2764fd65f5f45ac8dc06892d23bbd06 [term 1 FOLLOWER]: Starting leader election with config: opid_index: -1 OBSOLETE_local: false peers { permanent_uuid: "e2764fd65f5f45ac8dc06892d23bbd06" member_type: VOTER last_known_addr { host: "127.13.119.65" port: 43197 } } peers { permanent_uuid: "24e6889a7d554c0995e9be78676259b3" member_type: VOTER last_known_addr { host: "127.13.119.66" port: 40187 } } peers { permanent_uuid: "92f6a00aed984d688f3abb0fb9967897" member_type: VOTER last_known_addr { host: "127.13.119.67" port: 34587 } }
I20260709 13:03:26.653524 15097 tablet_bootstrap.cc:492] T d8bc32f2aac74387a87127dc7ecaec86 P 92f6a00aed984d688f3abb0fb9967897: No bootstrap required, opened a new log
I20260709 13:03:26.654021 15097 ts_tablet_manager.cc:1403] T d8bc32f2aac74387a87127dc7ecaec86 P 92f6a00aed984d688f3abb0fb9967897: Time spent bootstrapping tablet: real 0.056s	user 0.011s	sys 0.020s
I20260709 13:03:26.655391 14982 tablet_service.cc:1917] Received RequestConsensusVote() RPC: tablet_id: "f126ce4d9d534b89be076298fffc9a7b" candidate_uuid: "e2764fd65f5f45ac8dc06892d23bbd06" candidate_term: 1 candidate_status { last_received { term: 0 index: 0 } } ignore_live_leader: false dest_uuid: "24e6889a7d554c0995e9be78676259b3"
I20260709 13:03:26.655963 14982 raft_consensus.cc:3060] T f126ce4d9d534b89be076298fffc9a7b P 24e6889a7d554c0995e9be78676259b3 [term 0 FOLLOWER]: Advancing to term 1
I20260709 13:03:26.655768 15098 raft_consensus.cc:359] T ccde882a7202443a976d3ade1d1230de P 24e6889a7d554c0995e9be78676259b3 [term 0 FOLLOWER]: Replica starting. Triggering 0 pending ops. Active config: opid_index: -1 OBSOLETE_local: false peers { permanent_uuid: "e2764fd65f5f45ac8dc06892d23bbd06" member_type: VOTER last_known_addr { host: "127.13.119.65" port: 43197 } } peers { permanent_uuid: "24e6889a7d554c0995e9be78676259b3" member_type: VOTER last_known_addr { host: "127.13.119.66" port: 40187 } } peers { permanent_uuid: "92f6a00aed984d688f3abb0fb9967897" member_type: VOTER last_known_addr { host: "127.13.119.67" port: 34587 } }
I20260709 13:03:26.656495 15098 raft_consensus.cc:385] T ccde882a7202443a976d3ade1d1230de P 24e6889a7d554c0995e9be78676259b3 [term 0 FOLLOWER]: Consensus starting up: Expiring failure detector timer to make a prompt election more likely
I20260709 13:03:26.656348 15056 tablet_service.cc:1917] Received RequestConsensusVote() RPC: tablet_id: "f126ce4d9d534b89be076298fffc9a7b" candidate_uuid: "e2764fd65f5f45ac8dc06892d23bbd06" candidate_term: 1 candidate_status { last_received { term: 0 index: 0 } } ignore_live_leader: false dest_uuid: "92f6a00aed984d688f3abb0fb9967897"
I20260709 13:03:26.656785 15098 raft_consensus.cc:740] T ccde882a7202443a976d3ade1d1230de P 24e6889a7d554c0995e9be78676259b3 [term 0 FOLLOWER]: Becoming Follower/Learner. State: Replica: 24e6889a7d554c0995e9be78676259b3, State: Initialized, Role: FOLLOWER
I20260709 13:03:26.657078 15056 raft_consensus.cc:3060] T f126ce4d9d534b89be076298fffc9a7b P 92f6a00aed984d688f3abb0fb9967897 [term 0 FOLLOWER]: Advancing to term 1
I20260709 13:03:26.657445 15098 consensus_queue.cc:260] T ccde882a7202443a976d3ade1d1230de P 24e6889a7d554c0995e9be78676259b3 [NON_LEADER]: Queue going to NON_LEADER mode. State: All replicated index: 0, Majority replicated index: 0, Committed index: 0, Last appended: 0.0, Last appended by leader: 0, Current term: 0, Majority size: -1, State: 0, Mode: NON_LEADER, active raft config: opid_index: -1 OBSOLETE_local: false peers { permanent_uuid: "e2764fd65f5f45ac8dc06892d23bbd06" member_type: VOTER last_known_addr { host: "127.13.119.65" port: 43197 } } peers { permanent_uuid: "24e6889a7d554c0995e9be78676259b3" member_type: VOTER last_known_addr { host: "127.13.119.66" port: 40187 } } peers { permanent_uuid: "92f6a00aed984d688f3abb0fb9967897" member_type: VOTER last_known_addr { host: "127.13.119.67" port: 34587 } }
I20260709 13:03:26.659592 15098 ts_tablet_manager.cc:1434] T ccde882a7202443a976d3ade1d1230de P 24e6889a7d554c0995e9be78676259b3: Time spent starting tablet: real 0.006s	user 0.006s	sys 0.000s
I20260709 13:03:26.660502 15098 tablet_bootstrap.cc:492] T 8ac348792e9d4c31b8b669bf57e76b6f P 24e6889a7d554c0995e9be78676259b3: Bootstrap starting.
I20260709 13:03:26.661187 15099 tablet_bootstrap.cc:654] T 7917ab3bb2214e059752c04e14d97b5c P e2764fd65f5f45ac8dc06892d23bbd06: Neither blocks nor log segments found. Creating new log.
I20260709 13:03:26.662631 14982 raft_consensus.cc:2468] T f126ce4d9d534b89be076298fffc9a7b P 24e6889a7d554c0995e9be78676259b3 [term 1 FOLLOWER]: Leader election vote request: Granting yes vote for candidate e2764fd65f5f45ac8dc06892d23bbd06 in term 1.
I20260709 13:03:26.663838 15120 raft_consensus.cc:493] T c75c7d09f5ac416e82e32d484718a32c P e2764fd65f5f45ac8dc06892d23bbd06 [term 0 FOLLOWER]: Starting pre-election (no leader contacted us within the election timeout)
I20260709 13:03:26.664350 15120 raft_consensus.cc:515] T c75c7d09f5ac416e82e32d484718a32c P e2764fd65f5f45ac8dc06892d23bbd06 [term 0 FOLLOWER]: Starting pre-election with config: opid_index: -1 OBSOLETE_local: false peers { permanent_uuid: "e2764fd65f5f45ac8dc06892d23bbd06" member_type: VOTER last_known_addr { host: "127.13.119.65" port: 43197 } } peers { permanent_uuid: "24e6889a7d554c0995e9be78676259b3" member_type: VOTER last_known_addr { host: "127.13.119.66" port: 40187 } } peers { permanent_uuid: "92f6a00aed984d688f3abb0fb9967897" member_type: VOTER last_known_addr { host: "127.13.119.67" port: 34587 } }
I20260709 13:03:26.665248 14874 leader_election.cc:304] T f126ce4d9d534b89be076298fffc9a7b P e2764fd65f5f45ac8dc06892d23bbd06 [CANDIDATE]: Term 1 election: Election decided. Result: candidate won. Election summary: received 2 responses out of 3 voters: 2 yes votes; 0 no votes. yes voters: 24e6889a7d554c0995e9be78676259b3, e2764fd65f5f45ac8dc06892d23bbd06; no voters: 
I20260709 13:03:26.666894 14983 tablet_service.cc:1917] Received RequestConsensusVote() RPC: tablet_id: "c75c7d09f5ac416e82e32d484718a32c" candidate_uuid: "e2764fd65f5f45ac8dc06892d23bbd06" candidate_term: 1 candidate_status { last_received { term: 0 index: 0 } } ignore_live_leader: false dest_uuid: "24e6889a7d554c0995e9be78676259b3" is_pre_election: true
I20260709 13:03:26.658900 15097 raft_consensus.cc:359] T d8bc32f2aac74387a87127dc7ecaec86 P 92f6a00aed984d688f3abb0fb9967897 [term 0 FOLLOWER]: Replica starting. Triggering 0 pending ops. Active config: opid_index: -1 OBSOLETE_local: false peers { permanent_uuid: "e2764fd65f5f45ac8dc06892d23bbd06" member_type: VOTER last_known_addr { host: "127.13.119.65" port: 43197 } } peers { permanent_uuid: "24e6889a7d554c0995e9be78676259b3" member_type: VOTER last_known_addr { host: "127.13.119.66" port: 40187 } } peers { permanent_uuid: "92f6a00aed984d688f3abb0fb9967897" member_type: VOTER last_known_addr { host: "127.13.119.67" port: 34587 } }
I20260709 13:03:26.667218 15057 tablet_service.cc:1917] Received RequestConsensusVote() RPC: tablet_id: "c75c7d09f5ac416e82e32d484718a32c" candidate_uuid: "e2764fd65f5f45ac8dc06892d23bbd06" candidate_term: 1 candidate_status { last_received { term: 0 index: 0 } } ignore_live_leader: false dest_uuid: "92f6a00aed984d688f3abb0fb9967897" is_pre_election: true
I20260709 13:03:26.667462 15097 raft_consensus.cc:385] T d8bc32f2aac74387a87127dc7ecaec86 P 92f6a00aed984d688f3abb0fb9967897 [term 0 FOLLOWER]: Consensus starting up: Expiring failure detector timer to make a prompt election more likely
I20260709 13:03:26.667616 14983 raft_consensus.cc:2393] T c75c7d09f5ac416e82e32d484718a32c P 24e6889a7d554c0995e9be78676259b3 [term 1 FOLLOWER]: Leader pre-election vote request: Denying vote to candidate e2764fd65f5f45ac8dc06892d23bbd06 in current term 1: Already voted for candidate 92f6a00aed984d688f3abb0fb9967897 in this term.
I20260709 13:03:26.667882 15097 raft_consensus.cc:740] T d8bc32f2aac74387a87127dc7ecaec86 P 92f6a00aed984d688f3abb0fb9967897 [term 0 FOLLOWER]: Becoming Follower/Learner. State: Replica: 92f6a00aed984d688f3abb0fb9967897, State: Initialized, Role: FOLLOWER
I20260709 13:03:26.668772 14871 leader_election.cc:304] T c75c7d09f5ac416e82e32d484718a32c P e2764fd65f5f45ac8dc06892d23bbd06 [CANDIDATE]: Term 1 pre-election: Election decided. Result: candidate lost. Election summary: received 3 responses out of 3 voters: 1 yes votes; 2 no votes. yes voters: e2764fd65f5f45ac8dc06892d23bbd06; no voters: 24e6889a7d554c0995e9be78676259b3, 92f6a00aed984d688f3abb0fb9967897
I20260709 13:03:26.668911 15097 consensus_queue.cc:260] T d8bc32f2aac74387a87127dc7ecaec86 P 92f6a00aed984d688f3abb0fb9967897 [NON_LEADER]: Queue going to NON_LEADER mode. State: All replicated index: 0, Majority replicated index: 0, Committed index: 0, Last appended: 0.0, Last appended by leader: 0, Current term: 0, Majority size: -1, State: 0, Mode: NON_LEADER, active raft config: opid_index: -1 OBSOLETE_local: false peers { permanent_uuid: "e2764fd65f5f45ac8dc06892d23bbd06" member_type: VOTER last_known_addr { host: "127.13.119.65" port: 43197 } } peers { permanent_uuid: "24e6889a7d554c0995e9be78676259b3" member_type: VOTER last_known_addr { host: "127.13.119.66" port: 40187 } } peers { permanent_uuid: "92f6a00aed984d688f3abb0fb9967897" member_type: VOTER last_known_addr { host: "127.13.119.67" port: 34587 } }
I20260709 13:03:26.670526 15120 leader_election.cc:290] T c75c7d09f5ac416e82e32d484718a32c P e2764fd65f5f45ac8dc06892d23bbd06 [CANDIDATE]: Term 1 pre-election: Requested pre-vote from peers 24e6889a7d554c0995e9be78676259b3 (127.13.119.66:40187), 92f6a00aed984d688f3abb0fb9967897 (127.13.119.67:34587)
I20260709 13:03:26.671008 15120 raft_consensus.cc:2804] T f126ce4d9d534b89be076298fffc9a7b P e2764fd65f5f45ac8dc06892d23bbd06 [term 1 FOLLOWER]: Leader election won for term 1
I20260709 13:03:26.671420 15120 raft_consensus.cc:697] T f126ce4d9d534b89be076298fffc9a7b P e2764fd65f5f45ac8dc06892d23bbd06 [term 1 LEADER]: Becoming Leader. State: Replica: e2764fd65f5f45ac8dc06892d23bbd06, State: Running, Role: LEADER
I20260709 13:03:26.673470 15120 consensus_queue.cc:237] T f126ce4d9d534b89be076298fffc9a7b P e2764fd65f5f45ac8dc06892d23bbd06 [LEADER]: Queue going to LEADER mode. State: All replicated index: 0, Majority replicated index: 0, Committed index: 0, Last appended: 0.0, Last appended by leader: 0, Current term: 1, Majority size: 2, State: 0, Mode: LEADER, active raft config: opid_index: -1 OBSOLETE_local: false peers { permanent_uuid: "e2764fd65f5f45ac8dc06892d23bbd06" member_type: VOTER last_known_addr { host: "127.13.119.65" port: 43197 } } peers { permanent_uuid: "24e6889a7d554c0995e9be78676259b3" member_type: VOTER last_known_addr { host: "127.13.119.66" port: 40187 } } peers { permanent_uuid: "92f6a00aed984d688f3abb0fb9967897" member_type: VOTER last_known_addr { host: "127.13.119.67" port: 34587 } }
I20260709 13:03:26.673834 14804 catalog_manager.cc:5697] T d8bc32f2aac74387a87127dc7ecaec86 P e2764fd65f5f45ac8dc06892d23bbd06 reported cstate change: term changed from 0 to 1, leader changed from <none> to e2764fd65f5f45ac8dc06892d23bbd06 (127.13.119.65). New cstate: current_term: 1 leader_uuid: "e2764fd65f5f45ac8dc06892d23bbd06" committed_config { opid_index: -1 OBSOLETE_local: false peers { permanent_uuid: "e2764fd65f5f45ac8dc06892d23bbd06" member_type: VOTER last_known_addr { host: "127.13.119.65" port: 43197 } health_report { overall_health: HEALTHY } } peers { permanent_uuid: "24e6889a7d554c0995e9be78676259b3" member_type: VOTER last_known_addr { host: "127.13.119.66" port: 40187 } health_report { overall_health: UNKNOWN } } peers { permanent_uuid: "92f6a00aed984d688f3abb0fb9967897" member_type: VOTER last_known_addr { host: "127.13.119.67" port: 34587 } health_report { overall_health: UNKNOWN } } }
I20260709 13:03:26.663610 15056 raft_consensus.cc:2468] T f126ce4d9d534b89be076298fffc9a7b P 92f6a00aed984d688f3abb0fb9967897 [term 1 FOLLOWER]: Leader election vote request: Granting yes vote for candidate e2764fd65f5f45ac8dc06892d23bbd06 in term 1.
I20260709 13:03:26.677946 15133 leader_election.cc:290] T f126ce4d9d534b89be076298fffc9a7b P e2764fd65f5f45ac8dc06892d23bbd06 [CANDIDATE]: Term 1 election: Requested vote from peers 24e6889a7d554c0995e9be78676259b3 (127.13.119.66:40187), 92f6a00aed984d688f3abb0fb9967897 (127.13.119.67:34587)
I20260709 13:03:26.678108 15097 ts_tablet_manager.cc:1434] T d8bc32f2aac74387a87127dc7ecaec86 P 92f6a00aed984d688f3abb0fb9967897: Time spent starting tablet: real 0.024s	user 0.006s	sys 0.000s
I20260709 13:03:26.681681 15097 tablet_bootstrap.cc:492] T 239893020d254e4c8bb68fb618b153d0 P 92f6a00aed984d688f3abb0fb9967897: Bootstrap starting.
I20260709 13:03:26.667260 15098 tablet_bootstrap.cc:654] T 8ac348792e9d4c31b8b669bf57e76b6f P 24e6889a7d554c0995e9be78676259b3: Neither blocks nor log segments found. Creating new log.
I20260709 13:03:26.693567 14806 catalog_manager.cc:5697] T dc09a419b3914277b7b0041389519827 P 24e6889a7d554c0995e9be78676259b3 reported cstate change: term changed from 0 to 1, leader changed from <none> to 24e6889a7d554c0995e9be78676259b3 (127.13.119.66). New cstate: current_term: 1 leader_uuid: "24e6889a7d554c0995e9be78676259b3" committed_config { opid_index: -1 OBSOLETE_local: false peers { permanent_uuid: "e2764fd65f5f45ac8dc06892d23bbd06" member_type: VOTER last_known_addr { host: "127.13.119.65" port: 43197 } health_report { overall_health: UNKNOWN } } peers { permanent_uuid: "24e6889a7d554c0995e9be78676259b3" member_type: VOTER last_known_addr { host: "127.13.119.66" port: 40187 } health_report { overall_health: HEALTHY } } peers { permanent_uuid: "92f6a00aed984d688f3abb0fb9967897" member_type: VOTER last_known_addr { host: "127.13.119.67" port: 34587 } health_report { overall_health: UNKNOWN } } }
I20260709 13:03:26.679375 15165 raft_consensus.cc:3060] T c75c7d09f5ac416e82e32d484718a32c P e2764fd65f5f45ac8dc06892d23bbd06 [term 0 FOLLOWER]: Advancing to term 1
I20260709 13:03:26.709514 15098 tablet_bootstrap.cc:492] T 8ac348792e9d4c31b8b669bf57e76b6f P 24e6889a7d554c0995e9be78676259b3: No bootstrap required, opened a new log
I20260709 13:03:26.709954 15098 ts_tablet_manager.cc:1403] T 8ac348792e9d4c31b8b669bf57e76b6f P 24e6889a7d554c0995e9be78676259b3: Time spent bootstrapping tablet: real 0.050s	user 0.016s	sys 0.009s
I20260709 13:03:26.712468 15098 raft_consensus.cc:359] T 8ac348792e9d4c31b8b669bf57e76b6f P 24e6889a7d554c0995e9be78676259b3 [term 0 FOLLOWER]: Replica starting. Triggering 0 pending ops. Active config: opid_index: -1 OBSOLETE_local: false peers { permanent_uuid: "e2764fd65f5f45ac8dc06892d23bbd06" member_type: VOTER last_known_addr { host: "127.13.119.65" port: 43197 } } peers { permanent_uuid: "24e6889a7d554c0995e9be78676259b3" member_type: VOTER last_known_addr { host: "127.13.119.66" port: 40187 } } peers { permanent_uuid: "92f6a00aed984d688f3abb0fb9967897" member_type: VOTER last_known_addr { host: "127.13.119.67" port: 34587 } }
I20260709 13:03:26.713068 15098 raft_consensus.cc:385] T 8ac348792e9d4c31b8b669bf57e76b6f P 24e6889a7d554c0995e9be78676259b3 [term 0 FOLLOWER]: Consensus starting up: Expiring failure detector timer to make a prompt election more likely
I20260709 13:03:26.713337 15098 raft_consensus.cc:740] T 8ac348792e9d4c31b8b669bf57e76b6f P 24e6889a7d554c0995e9be78676259b3 [term 0 FOLLOWER]: Becoming Follower/Learner. State: Replica: 24e6889a7d554c0995e9be78676259b3, State: Initialized, Role: FOLLOWER
I20260709 13:03:26.713888 15097 tablet_bootstrap.cc:654] T 239893020d254e4c8bb68fb618b153d0 P 92f6a00aed984d688f3abb0fb9967897: Neither blocks nor log segments found. Creating new log.
I20260709 13:03:26.714035 15098 consensus_queue.cc:260] T 8ac348792e9d4c31b8b669bf57e76b6f P 24e6889a7d554c0995e9be78676259b3 [NON_LEADER]: Queue going to NON_LEADER mode. State: All replicated index: 0, Majority replicated index: 0, Committed index: 0, Last appended: 0.0, Last appended by leader: 0, Current term: 0, Majority size: -1, State: 0, Mode: NON_LEADER, active raft config: opid_index: -1 OBSOLETE_local: false peers { permanent_uuid: "e2764fd65f5f45ac8dc06892d23bbd06" member_type: VOTER last_known_addr { host: "127.13.119.65" port: 43197 } } peers { permanent_uuid: "24e6889a7d554c0995e9be78676259b3" member_type: VOTER last_known_addr { host: "127.13.119.66" port: 40187 } } peers { permanent_uuid: "92f6a00aed984d688f3abb0fb9967897" member_type: VOTER last_known_addr { host: "127.13.119.67" port: 34587 } }
I20260709 13:03:26.716058 15098 ts_tablet_manager.cc:1434] T 8ac348792e9d4c31b8b669bf57e76b6f P 24e6889a7d554c0995e9be78676259b3: Time spent starting tablet: real 0.006s	user 0.007s	sys 0.001s
I20260709 13:03:26.716861 15098 tablet_bootstrap.cc:492] T 7917ab3bb2214e059752c04e14d97b5c P 24e6889a7d554c0995e9be78676259b3: Bootstrap starting.
I20260709 13:03:26.717424 15165 raft_consensus.cc:2749] T c75c7d09f5ac416e82e32d484718a32c P e2764fd65f5f45ac8dc06892d23bbd06 [term 1 FOLLOWER]: Leader pre-election lost for term 1. Reason: could not achieve majority
I20260709 13:03:26.722128 15098 tablet_bootstrap.cc:654] T 7917ab3bb2214e059752c04e14d97b5c P 24e6889a7d554c0995e9be78676259b3: Neither blocks nor log segments found. Creating new log.
I20260709 13:03:26.724231 15097 tablet_bootstrap.cc:492] T 239893020d254e4c8bb68fb618b153d0 P 92f6a00aed984d688f3abb0fb9967897: No bootstrap required, opened a new log
I20260709 13:03:26.724769 15097 ts_tablet_manager.cc:1403] T 239893020d254e4c8bb68fb618b153d0 P 92f6a00aed984d688f3abb0fb9967897: Time spent bootstrapping tablet: real 0.043s	user 0.010s	sys 0.005s
I20260709 13:03:26.728072 15097 raft_consensus.cc:359] T 239893020d254e4c8bb68fb618b153d0 P 92f6a00aed984d688f3abb0fb9967897 [term 0 FOLLOWER]: Replica starting. Triggering 0 pending ops. Active config: opid_index: -1 OBSOLETE_local: false peers { permanent_uuid: "e2764fd65f5f45ac8dc06892d23bbd06" member_type: VOTER last_known_addr { host: "127.13.119.65" port: 43197 } } peers { permanent_uuid: "24e6889a7d554c0995e9be78676259b3" member_type: VOTER last_known_addr { host: "127.13.119.66" port: 40187 } } peers { permanent_uuid: "92f6a00aed984d688f3abb0fb9967897" member_type: VOTER last_known_addr { host: "127.13.119.67" port: 34587 } }
I20260709 13:03:26.728864 15097 raft_consensus.cc:385] T 239893020d254e4c8bb68fb618b153d0 P 92f6a00aed984d688f3abb0fb9967897 [term 0 FOLLOWER]: Consensus starting up: Expiring failure detector timer to make a prompt election more likely
I20260709 13:03:26.729146 15097 raft_consensus.cc:740] T 239893020d254e4c8bb68fb618b153d0 P 92f6a00aed984d688f3abb0fb9967897 [term 0 FOLLOWER]: Becoming Follower/Learner. State: Replica: 92f6a00aed984d688f3abb0fb9967897, State: Initialized, Role: FOLLOWER
I20260709 13:03:26.706188 14804 catalog_manager.cc:5697] T f126ce4d9d534b89be076298fffc9a7b P e2764fd65f5f45ac8dc06892d23bbd06 reported cstate change: term changed from 0 to 1, leader changed from <none> to e2764fd65f5f45ac8dc06892d23bbd06 (127.13.119.65). New cstate: current_term: 1 leader_uuid: "e2764fd65f5f45ac8dc06892d23bbd06" committed_config { opid_index: -1 OBSOLETE_local: false peers { permanent_uuid: "e2764fd65f5f45ac8dc06892d23bbd06" member_type: VOTER last_known_addr { host: "127.13.119.65" port: 43197 } health_report { overall_health: HEALTHY } } peers { permanent_uuid: "24e6889a7d554c0995e9be78676259b3" member_type: VOTER last_known_addr { host: "127.13.119.66" port: 40187 } health_report { overall_health: UNKNOWN } } peers { permanent_uuid: "92f6a00aed984d688f3abb0fb9967897" member_type: VOTER last_known_addr { host: "127.13.119.67" port: 34587 } health_report { overall_health: UNKNOWN } } }
I20260709 13:03:26.729792 15097 consensus_queue.cc:260] T 239893020d254e4c8bb68fb618b153d0 P 92f6a00aed984d688f3abb0fb9967897 [NON_LEADER]: Queue going to NON_LEADER mode. State: All replicated index: 0, Majority replicated index: 0, Committed index: 0, Last appended: 0.0, Last appended by leader: 0, Current term: 0, Majority size: -1, State: 0, Mode: NON_LEADER, active raft config: opid_index: -1 OBSOLETE_local: false peers { permanent_uuid: "e2764fd65f5f45ac8dc06892d23bbd06" member_type: VOTER last_known_addr { host: "127.13.119.65" port: 43197 } } peers { permanent_uuid: "24e6889a7d554c0995e9be78676259b3" member_type: VOTER last_known_addr { host: "127.13.119.66" port: 40187 } } peers { permanent_uuid: "92f6a00aed984d688f3abb0fb9967897" member_type: VOTER last_known_addr { host: "127.13.119.67" port: 34587 } }
I20260709 13:03:26.730639 15099 tablet_bootstrap.cc:492] T 7917ab3bb2214e059752c04e14d97b5c P e2764fd65f5f45ac8dc06892d23bbd06: No bootstrap required, opened a new log
I20260709 13:03:26.731029 15099 ts_tablet_manager.cc:1403] T 7917ab3bb2214e059752c04e14d97b5c P e2764fd65f5f45ac8dc06892d23bbd06: Time spent bootstrapping tablet: real 0.099s	user 0.018s	sys 0.052s
I20260709 13:03:26.733529 15099 raft_consensus.cc:359] T 7917ab3bb2214e059752c04e14d97b5c P e2764fd65f5f45ac8dc06892d23bbd06 [term 0 FOLLOWER]: Replica starting. Triggering 0 pending ops. Active config: opid_index: -1 OBSOLETE_local: false peers { permanent_uuid: "e2764fd65f5f45ac8dc06892d23bbd06" member_type: VOTER last_known_addr { host: "127.13.119.65" port: 43197 } } peers { permanent_uuid: "24e6889a7d554c0995e9be78676259b3" member_type: VOTER last_known_addr { host: "127.13.119.66" port: 40187 } } peers { permanent_uuid: "92f6a00aed984d688f3abb0fb9967897" member_type: VOTER last_known_addr { host: "127.13.119.67" port: 34587 } }
I20260709 13:03:26.734108 15099 raft_consensus.cc:385] T 7917ab3bb2214e059752c04e14d97b5c P e2764fd65f5f45ac8dc06892d23bbd06 [term 0 FOLLOWER]: Consensus starting up: Expiring failure detector timer to make a prompt election more likely
I20260709 13:03:26.734277 15097 ts_tablet_manager.cc:1434] T 239893020d254e4c8bb68fb618b153d0 P 92f6a00aed984d688f3abb0fb9967897: Time spent starting tablet: real 0.009s	user 0.006s	sys 0.000s
I20260709 13:03:26.734369 15099 raft_consensus.cc:740] T 7917ab3bb2214e059752c04e14d97b5c P e2764fd65f5f45ac8dc06892d23bbd06 [term 0 FOLLOWER]: Becoming Follower/Learner. State: Replica: e2764fd65f5f45ac8dc06892d23bbd06, State: Initialized, Role: FOLLOWER
I20260709 13:03:26.735191 15097 tablet_bootstrap.cc:492] T 7917ab3bb2214e059752c04e14d97b5c P 92f6a00aed984d688f3abb0fb9967897: Bootstrap starting.
I20260709 13:03:26.735189 15099 consensus_queue.cc:260] T 7917ab3bb2214e059752c04e14d97b5c P e2764fd65f5f45ac8dc06892d23bbd06 [NON_LEADER]: Queue going to NON_LEADER mode. State: All replicated index: 0, Majority replicated index: 0, Committed index: 0, Last appended: 0.0, Last appended by leader: 0, Current term: 0, Majority size: -1, State: 0, Mode: NON_LEADER, active raft config: opid_index: -1 OBSOLETE_local: false peers { permanent_uuid: "e2764fd65f5f45ac8dc06892d23bbd06" member_type: VOTER last_known_addr { host: "127.13.119.65" port: 43197 } } peers { permanent_uuid: "24e6889a7d554c0995e9be78676259b3" member_type: VOTER last_known_addr { host: "127.13.119.66" port: 40187 } } peers { permanent_uuid: "92f6a00aed984d688f3abb0fb9967897" member_type: VOTER last_known_addr { host: "127.13.119.67" port: 34587 } }
I20260709 13:03:26.737187 15099 ts_tablet_manager.cc:1434] T 7917ab3bb2214e059752c04e14d97b5c P e2764fd65f5f45ac8dc06892d23bbd06: Time spent starting tablet: real 0.006s	user 0.006s	sys 0.000s
I20260709 13:03:26.738075 15099 tablet_bootstrap.cc:492] T 8ac348792e9d4c31b8b669bf57e76b6f P e2764fd65f5f45ac8dc06892d23bbd06: Bootstrap starting.
I20260709 13:03:26.743521 15099 tablet_bootstrap.cc:654] T 8ac348792e9d4c31b8b669bf57e76b6f P e2764fd65f5f45ac8dc06892d23bbd06: Neither blocks nor log segments found. Creating new log.
I20260709 13:03:26.744784 15097 tablet_bootstrap.cc:654] T 7917ab3bb2214e059752c04e14d97b5c P 92f6a00aed984d688f3abb0fb9967897: Neither blocks nor log segments found. Creating new log.
I20260709 13:03:26.746523 15106 raft_consensus.cc:493] T 45acaab29ff5465d81d1a9199c2fa8d5 P 24e6889a7d554c0995e9be78676259b3 [term 0 FOLLOWER]: Starting pre-election (no leader contacted us within the election timeout)
I20260709 13:03:26.747689 15106 raft_consensus.cc:515] T 45acaab29ff5465d81d1a9199c2fa8d5 P 24e6889a7d554c0995e9be78676259b3 [term 0 FOLLOWER]: Starting pre-election with config: opid_index: -1 OBSOLETE_local: false peers { permanent_uuid: "92f6a00aed984d688f3abb0fb9967897" member_type: VOTER last_known_addr { host: "127.13.119.67" port: 34587 } } peers { permanent_uuid: "e2764fd65f5f45ac8dc06892d23bbd06" member_type: VOTER last_known_addr { host: "127.13.119.65" port: 43197 } } peers { permanent_uuid: "24e6889a7d554c0995e9be78676259b3" member_type: VOTER last_known_addr { host: "127.13.119.66" port: 40187 } }
I20260709 13:03:26.748154 15098 tablet_bootstrap.cc:492] T 7917ab3bb2214e059752c04e14d97b5c P 24e6889a7d554c0995e9be78676259b3: No bootstrap required, opened a new log
I20260709 13:03:26.748637 15098 ts_tablet_manager.cc:1403] T 7917ab3bb2214e059752c04e14d97b5c P 24e6889a7d554c0995e9be78676259b3: Time spent bootstrapping tablet: real 0.032s	user 0.006s	sys 0.008s
I20260709 13:03:26.749748 15106 leader_election.cc:290] T 45acaab29ff5465d81d1a9199c2fa8d5 P 24e6889a7d554c0995e9be78676259b3 [CANDIDATE]: Term 1 pre-election: Requested pre-vote from peers 92f6a00aed984d688f3abb0fb9967897 (127.13.119.67:34587), e2764fd65f5f45ac8dc06892d23bbd06 (127.13.119.65:43197)
I20260709 13:03:26.750754 15097 tablet_bootstrap.cc:492] T 7917ab3bb2214e059752c04e14d97b5c P 92f6a00aed984d688f3abb0fb9967897: No bootstrap required, opened a new log
I20260709 13:03:26.750898 15099 tablet_bootstrap.cc:492] T 8ac348792e9d4c31b8b669bf57e76b6f P e2764fd65f5f45ac8dc06892d23bbd06: No bootstrap required, opened a new log
I20260709 13:03:26.751147 15097 ts_tablet_manager.cc:1403] T 7917ab3bb2214e059752c04e14d97b5c P 92f6a00aed984d688f3abb0fb9967897: Time spent bootstrapping tablet: real 0.016s	user 0.010s	sys 0.000s
I20260709 13:03:26.751340 15099 ts_tablet_manager.cc:1403] T 8ac348792e9d4c31b8b669bf57e76b6f P e2764fd65f5f45ac8dc06892d23bbd06: Time spent bootstrapping tablet: real 0.013s	user 0.010s	sys 0.000s
I20260709 13:03:26.751183 15098 raft_consensus.cc:359] T 7917ab3bb2214e059752c04e14d97b5c P 24e6889a7d554c0995e9be78676259b3 [term 0 FOLLOWER]: Replica starting. Triggering 0 pending ops. Active config: opid_index: -1 OBSOLETE_local: false peers { permanent_uuid: "e2764fd65f5f45ac8dc06892d23bbd06" member_type: VOTER last_known_addr { host: "127.13.119.65" port: 43197 } } peers { permanent_uuid: "24e6889a7d554c0995e9be78676259b3" member_type: VOTER last_known_addr { host: "127.13.119.66" port: 40187 } } peers { permanent_uuid: "92f6a00aed984d688f3abb0fb9967897" member_type: VOTER last_known_addr { host: "127.13.119.67" port: 34587 } }
I20260709 13:03:26.751981 15098 raft_consensus.cc:385] T 7917ab3bb2214e059752c04e14d97b5c P 24e6889a7d554c0995e9be78676259b3 [term 0 FOLLOWER]: Consensus starting up: Expiring failure detector timer to make a prompt election more likely
I20260709 13:03:26.752012 15056 tablet_service.cc:1917] Received RequestConsensusVote() RPC: tablet_id: "45acaab29ff5465d81d1a9199c2fa8d5" candidate_uuid: "24e6889a7d554c0995e9be78676259b3" candidate_term: 1 candidate_status { last_received { term: 0 index: 0 } } ignore_live_leader: false dest_uuid: "92f6a00aed984d688f3abb0fb9967897" is_pre_election: true
I20260709 13:03:26.752362 15098 raft_consensus.cc:740] T 7917ab3bb2214e059752c04e14d97b5c P 24e6889a7d554c0995e9be78676259b3 [term 0 FOLLOWER]: Becoming Follower/Learner. State: Replica: 24e6889a7d554c0995e9be78676259b3, State: Initialized, Role: FOLLOWER
I20260709 13:03:26.752693 15056 raft_consensus.cc:2468] T 45acaab29ff5465d81d1a9199c2fa8d5 P 92f6a00aed984d688f3abb0fb9967897 [term 0 FOLLOWER]: Leader pre-election vote request: Granting yes vote for candidate 24e6889a7d554c0995e9be78676259b3 in term 0.
I20260709 13:03:26.753432 15098 consensus_queue.cc:260] T 7917ab3bb2214e059752c04e14d97b5c P 24e6889a7d554c0995e9be78676259b3 [NON_LEADER]: Queue going to NON_LEADER mode. State: All replicated index: 0, Majority replicated index: 0, Committed index: 0, Last appended: 0.0, Last appended by leader: 0, Current term: 0, Majority size: -1, State: 0, Mode: NON_LEADER, active raft config: opid_index: -1 OBSOLETE_local: false peers { permanent_uuid: "e2764fd65f5f45ac8dc06892d23bbd06" member_type: VOTER last_known_addr { host: "127.13.119.65" port: 43197 } } peers { permanent_uuid: "24e6889a7d554c0995e9be78676259b3" member_type: VOTER last_known_addr { host: "127.13.119.66" port: 40187 } } peers { permanent_uuid: "92f6a00aed984d688f3abb0fb9967897" member_type: VOTER last_known_addr { host: "127.13.119.67" port: 34587 } }
I20260709 13:03:26.754153 15099 raft_consensus.cc:359] T 8ac348792e9d4c31b8b669bf57e76b6f P e2764fd65f5f45ac8dc06892d23bbd06 [term 0 FOLLOWER]: Replica starting. Triggering 0 pending ops. Active config: opid_index: -1 OBSOLETE_local: false peers { permanent_uuid: "e2764fd65f5f45ac8dc06892d23bbd06" member_type: VOTER last_known_addr { host: "127.13.119.65" port: 43197 } } peers { permanent_uuid: "24e6889a7d554c0995e9be78676259b3" member_type: VOTER last_known_addr { host: "127.13.119.66" port: 40187 } } peers { permanent_uuid: "92f6a00aed984d688f3abb0fb9967897" member_type: VOTER last_known_addr { host: "127.13.119.67" port: 34587 } }
I20260709 13:03:26.754426 15097 raft_consensus.cc:359] T 7917ab3bb2214e059752c04e14d97b5c P 92f6a00aed984d688f3abb0fb9967897 [term 0 FOLLOWER]: Replica starting. Triggering 0 pending ops. Active config: opid_index: -1 OBSOLETE_local: false peers { permanent_uuid: "e2764fd65f5f45ac8dc06892d23bbd06" member_type: VOTER last_known_addr { host: "127.13.119.65" port: 43197 } } peers { permanent_uuid: "24e6889a7d554c0995e9be78676259b3" member_type: VOTER last_known_addr { host: "127.13.119.66" port: 40187 } } peers { permanent_uuid: "92f6a00aed984d688f3abb0fb9967897" member_type: VOTER last_known_addr { host: "127.13.119.67" port: 34587 } }
I20260709 13:03:26.753712 14908 tablet_service.cc:1917] Received RequestConsensusVote() RPC: tablet_id: "45acaab29ff5465d81d1a9199c2fa8d5" candidate_uuid: "24e6889a7d554c0995e9be78676259b3" candidate_term: 1 candidate_status { last_received { term: 0 index: 0 } } ignore_live_leader: false dest_uuid: "e2764fd65f5f45ac8dc06892d23bbd06" is_pre_election: true
I20260709 13:03:26.754793 15099 raft_consensus.cc:385] T 8ac348792e9d4c31b8b669bf57e76b6f P e2764fd65f5f45ac8dc06892d23bbd06 [term 0 FOLLOWER]: Consensus starting up: Expiring failure detector timer to make a prompt election more likely
I20260709 13:03:26.755072 15097 raft_consensus.cc:385] T 7917ab3bb2214e059752c04e14d97b5c P 92f6a00aed984d688f3abb0fb9967897 [term 0 FOLLOWER]: Consensus starting up: Expiring failure detector timer to make a prompt election more likely
I20260709 13:03:26.755200 15099 raft_consensus.cc:740] T 8ac348792e9d4c31b8b669bf57e76b6f P e2764fd65f5f45ac8dc06892d23bbd06 [term 0 FOLLOWER]: Becoming Follower/Learner. State: Replica: e2764fd65f5f45ac8dc06892d23bbd06, State: Initialized, Role: FOLLOWER
I20260709 13:03:26.754840 14946 leader_election.cc:304] T 45acaab29ff5465d81d1a9199c2fa8d5 P 24e6889a7d554c0995e9be78676259b3 [CANDIDATE]: Term 1 pre-election: Election decided. Result: candidate won. Election summary: received 2 responses out of 3 voters: 2 yes votes; 0 no votes. yes voters: 24e6889a7d554c0995e9be78676259b3, 92f6a00aed984d688f3abb0fb9967897; no voters: 
I20260709 13:03:26.755456 15098 ts_tablet_manager.cc:1434] T 7917ab3bb2214e059752c04e14d97b5c P 24e6889a7d554c0995e9be78676259b3: Time spent starting tablet: real 0.007s	user 0.007s	sys 0.000s
I20260709 13:03:26.755399 15097 raft_consensus.cc:740] T 7917ab3bb2214e059752c04e14d97b5c P 92f6a00aed984d688f3abb0fb9967897 [term 0 FOLLOWER]: Becoming Follower/Learner. State: Replica: 92f6a00aed984d688f3abb0fb9967897, State: Initialized, Role: FOLLOWER
I20260709 13:03:26.756012 15099 consensus_queue.cc:260] T 8ac348792e9d4c31b8b669bf57e76b6f P e2764fd65f5f45ac8dc06892d23bbd06 [NON_LEADER]: Queue going to NON_LEADER mode. State: All replicated index: 0, Majority replicated index: 0, Committed index: 0, Last appended: 0.0, Last appended by leader: 0, Current term: 0, Majority size: -1, State: 0, Mode: NON_LEADER, active raft config: opid_index: -1 OBSOLETE_local: false peers { permanent_uuid: "e2764fd65f5f45ac8dc06892d23bbd06" member_type: VOTER last_known_addr { host: "127.13.119.65" port: 43197 } } peers { permanent_uuid: "24e6889a7d554c0995e9be78676259b3" member_type: VOTER last_known_addr { host: "127.13.119.66" port: 40187 } } peers { permanent_uuid: "92f6a00aed984d688f3abb0fb9967897" member_type: VOTER last_known_addr { host: "127.13.119.67" port: 34587 } }
I20260709 13:03:26.756291 15097 consensus_queue.cc:260] T 7917ab3bb2214e059752c04e14d97b5c P 92f6a00aed984d688f3abb0fb9967897 [NON_LEADER]: Queue going to NON_LEADER mode. State: All replicated index: 0, Majority replicated index: 0, Committed index: 0, Last appended: 0.0, Last appended by leader: 0, Current term: 0, Majority size: -1, State: 0, Mode: NON_LEADER, active raft config: opid_index: -1 OBSOLETE_local: false peers { permanent_uuid: "e2764fd65f5f45ac8dc06892d23bbd06" member_type: VOTER last_known_addr { host: "127.13.119.65" port: 43197 } } peers { permanent_uuid: "24e6889a7d554c0995e9be78676259b3" member_type: VOTER last_known_addr { host: "127.13.119.66" port: 40187 } } peers { permanent_uuid: "92f6a00aed984d688f3abb0fb9967897" member_type: VOTER last_known_addr { host: "127.13.119.67" port: 34587 } }
I20260709 13:03:26.757973 15099 ts_tablet_manager.cc:1434] T 8ac348792e9d4c31b8b669bf57e76b6f P e2764fd65f5f45ac8dc06892d23bbd06: Time spent starting tablet: real 0.006s	user 0.005s	sys 0.000s
I20260709 13:03:26.758185 15097 ts_tablet_manager.cc:1434] T 7917ab3bb2214e059752c04e14d97b5c P 92f6a00aed984d688f3abb0fb9967897: Time spent starting tablet: real 0.007s	user 0.006s	sys 0.000s
I20260709 13:03:26.756378 15130 raft_consensus.cc:2804] T 45acaab29ff5465d81d1a9199c2fa8d5 P 24e6889a7d554c0995e9be78676259b3 [term 0 FOLLOWER]: Leader pre-election won for term 1
I20260709 13:03:26.758726 15130 raft_consensus.cc:493] T 45acaab29ff5465d81d1a9199c2fa8d5 P 24e6889a7d554c0995e9be78676259b3 [term 0 FOLLOWER]: Starting leader election (no leader contacted us within the election timeout)
I20260709 13:03:26.758867 15098 tablet_bootstrap.cc:492] T 1f5e2e0410d040118bbf1d4319506999 P 24e6889a7d554c0995e9be78676259b3: Bootstrap starting.
I20260709 13:03:26.759021 15097 tablet_bootstrap.cc:492] T e62a9faeda8f43579e11d26eee2e97ed P 92f6a00aed984d688f3abb0fb9967897: Bootstrap starting.
I20260709 13:03:26.759083 15130 raft_consensus.cc:3060] T 45acaab29ff5465d81d1a9199c2fa8d5 P 24e6889a7d554c0995e9be78676259b3 [term 0 FOLLOWER]: Advancing to term 1
I20260709 13:03:26.755257 14908 raft_consensus.cc:2468] T 45acaab29ff5465d81d1a9199c2fa8d5 P e2764fd65f5f45ac8dc06892d23bbd06 [term 0 FOLLOWER]: Leader pre-election vote request: Granting yes vote for candidate 24e6889a7d554c0995e9be78676259b3 in term 0.
I20260709 13:03:26.764863 15097 tablet_bootstrap.cc:654] T e62a9faeda8f43579e11d26eee2e97ed P 92f6a00aed984d688f3abb0fb9967897: Neither blocks nor log segments found. Creating new log.
I20260709 13:03:26.767951 15130 raft_consensus.cc:515] T 45acaab29ff5465d81d1a9199c2fa8d5 P 24e6889a7d554c0995e9be78676259b3 [term 1 FOLLOWER]: Starting leader election with config: opid_index: -1 OBSOLETE_local: false peers { permanent_uuid: "92f6a00aed984d688f3abb0fb9967897" member_type: VOTER last_known_addr { host: "127.13.119.67" port: 34587 } } peers { permanent_uuid: "e2764fd65f5f45ac8dc06892d23bbd06" member_type: VOTER last_known_addr { host: "127.13.119.65" port: 43197 } } peers { permanent_uuid: "24e6889a7d554c0995e9be78676259b3" member_type: VOTER last_known_addr { host: "127.13.119.66" port: 40187 } }
I20260709 13:03:26.769258 15098 tablet_bootstrap.cc:654] T 1f5e2e0410d040118bbf1d4319506999 P 24e6889a7d554c0995e9be78676259b3: Neither blocks nor log segments found. Creating new log.
I20260709 13:03:26.774361 15056 tablet_service.cc:1917] Received RequestConsensusVote() RPC: tablet_id: "45acaab29ff5465d81d1a9199c2fa8d5" candidate_uuid: "24e6889a7d554c0995e9be78676259b3" candidate_term: 1 candidate_status { last_received { term: 0 index: 0 } } ignore_live_leader: false dest_uuid: "92f6a00aed984d688f3abb0fb9967897"
I20260709 13:03:26.775012 15056 raft_consensus.cc:3060] T 45acaab29ff5465d81d1a9199c2fa8d5 P 92f6a00aed984d688f3abb0fb9967897 [term 0 FOLLOWER]: Advancing to term 1
I20260709 13:03:26.775916 15099 tablet_bootstrap.cc:492] T e62a9faeda8f43579e11d26eee2e97ed P e2764fd65f5f45ac8dc06892d23bbd06: Bootstrap starting.
I20260709 13:03:26.780442 15098 tablet_bootstrap.cc:492] T 1f5e2e0410d040118bbf1d4319506999 P 24e6889a7d554c0995e9be78676259b3: No bootstrap required, opened a new log
I20260709 13:03:26.780903 15098 ts_tablet_manager.cc:1403] T 1f5e2e0410d040118bbf1d4319506999 P 24e6889a7d554c0995e9be78676259b3: Time spent bootstrapping tablet: real 0.022s	user 0.014s	sys 0.003s
I20260709 13:03:26.781466 15103 raft_consensus.cc:493] T ccde882a7202443a976d3ade1d1230de P 92f6a00aed984d688f3abb0fb9967897 [term 0 FOLLOWER]: Starting pre-election (no leader contacted us within the election timeout)
I20260709 13:03:26.784330 15099 tablet_bootstrap.cc:654] T e62a9faeda8f43579e11d26eee2e97ed P e2764fd65f5f45ac8dc06892d23bbd06: Neither blocks nor log segments found. Creating new log.
I20260709 13:03:26.784123 14908 tablet_service.cc:1917] Received RequestConsensusVote() RPC: tablet_id: "45acaab29ff5465d81d1a9199c2fa8d5" candidate_uuid: "24e6889a7d554c0995e9be78676259b3" candidate_term: 1 candidate_status { last_received { term: 0 index: 0 } } ignore_live_leader: false dest_uuid: "e2764fd65f5f45ac8dc06892d23bbd06"
I20260709 13:03:26.784723 14908 raft_consensus.cc:3060] T 45acaab29ff5465d81d1a9199c2fa8d5 P e2764fd65f5f45ac8dc06892d23bbd06 [term 0 FOLLOWER]: Advancing to term 1
I20260709 13:03:26.784346 15103 raft_consensus.cc:515] T ccde882a7202443a976d3ade1d1230de P 92f6a00aed984d688f3abb0fb9967897 [term 0 FOLLOWER]: Starting pre-election with config: opid_index: -1 OBSOLETE_local: false peers { permanent_uuid: "e2764fd65f5f45ac8dc06892d23bbd06" member_type: VOTER last_known_addr { host: "127.13.119.65" port: 43197 } } peers { permanent_uuid: "24e6889a7d554c0995e9be78676259b3" member_type: VOTER last_known_addr { host: "127.13.119.66" port: 40187 } } peers { permanent_uuid: "92f6a00aed984d688f3abb0fb9967897" member_type: VOTER last_known_addr { host: "127.13.119.67" port: 34587 } }
I20260709 13:03:26.787554 14907 tablet_service.cc:1917] Received RequestConsensusVote() RPC: tablet_id: "ccde882a7202443a976d3ade1d1230de" candidate_uuid: "92f6a00aed984d688f3abb0fb9967897" candidate_term: 1 candidate_status { last_received { term: 0 index: 0 } } ignore_live_leader: false dest_uuid: "e2764fd65f5f45ac8dc06892d23bbd06" is_pre_election: true
W20260709 13:03:26.788847 15021 leader_election.cc:343] T ccde882a7202443a976d3ade1d1230de P 92f6a00aed984d688f3abb0fb9967897 [CANDIDATE]: Term 1 pre-election: Tablet error from VoteRequest() call to peer e2764fd65f5f45ac8dc06892d23bbd06 (127.13.119.65:43197): Illegal state: must be running to vote when last-logged opid is not known
I20260709 13:03:26.790200 15103 leader_election.cc:290] T ccde882a7202443a976d3ade1d1230de P 92f6a00aed984d688f3abb0fb9967897 [CANDIDATE]: Term 1 pre-election: Requested pre-vote from peers e2764fd65f5f45ac8dc06892d23bbd06 (127.13.119.65:43197), 24e6889a7d554c0995e9be78676259b3 (127.13.119.66:40187)
I20260709 13:03:26.791438 15097 tablet_bootstrap.cc:492] T e62a9faeda8f43579e11d26eee2e97ed P 92f6a00aed984d688f3abb0fb9967897: No bootstrap required, opened a new log
I20260709 13:03:26.791217 14982 tablet_service.cc:1917] Received RequestConsensusVote() RPC: tablet_id: "ccde882a7202443a976d3ade1d1230de" candidate_uuid: "92f6a00aed984d688f3abb0fb9967897" candidate_term: 1 candidate_status { last_received { term: 0 index: 0 } } ignore_live_leader: false dest_uuid: "24e6889a7d554c0995e9be78676259b3" is_pre_election: true
I20260709 13:03:26.782310 15056 raft_consensus.cc:2468] T 45acaab29ff5465d81d1a9199c2fa8d5 P 92f6a00aed984d688f3abb0fb9967897 [term 1 FOLLOWER]: Leader election vote request: Granting yes vote for candidate 24e6889a7d554c0995e9be78676259b3 in term 1.
I20260709 13:03:26.791904 15097 ts_tablet_manager.cc:1403] T e62a9faeda8f43579e11d26eee2e97ed P 92f6a00aed984d688f3abb0fb9967897: Time spent bootstrapping tablet: real 0.033s	user 0.015s	sys 0.008s
I20260709 13:03:26.792044 14982 raft_consensus.cc:2468] T ccde882a7202443a976d3ade1d1230de P 24e6889a7d554c0995e9be78676259b3 [term 0 FOLLOWER]: Leader pre-election vote request: Granting yes vote for candidate 92f6a00aed984d688f3abb0fb9967897 in term 0.
I20260709 13:03:26.794312 14946 leader_election.cc:304] T 45acaab29ff5465d81d1a9199c2fa8d5 P 24e6889a7d554c0995e9be78676259b3 [CANDIDATE]: Term 1 election: Election decided. Result: candidate won. Election summary: received 2 responses out of 3 voters: 2 yes votes; 0 no votes. yes voters: 24e6889a7d554c0995e9be78676259b3, 92f6a00aed984d688f3abb0fb9967897; no voters: 
I20260709 13:03:26.795281 15023 leader_election.cc:304] T ccde882a7202443a976d3ade1d1230de P 92f6a00aed984d688f3abb0fb9967897 [CANDIDATE]: Term 1 pre-election: Election decided. Result: candidate won. Election summary: received 3 responses out of 3 voters: 2 yes votes; 1 no votes. yes voters: 24e6889a7d554c0995e9be78676259b3, 92f6a00aed984d688f3abb0fb9967897; no voters: e2764fd65f5f45ac8dc06892d23bbd06
I20260709 13:03:26.795876 15097 raft_consensus.cc:359] T e62a9faeda8f43579e11d26eee2e97ed P 92f6a00aed984d688f3abb0fb9967897 [term 0 FOLLOWER]: Replica starting. Triggering 0 pending ops. Active config: opid_index: -1 OBSOLETE_local: false peers { permanent_uuid: "e2764fd65f5f45ac8dc06892d23bbd06" member_type: VOTER last_known_addr { host: "127.13.119.65" port: 43197 } } peers { permanent_uuid: "24e6889a7d554c0995e9be78676259b3" member_type: VOTER last_known_addr { host: "127.13.119.66" port: 40187 } } peers { permanent_uuid: "92f6a00aed984d688f3abb0fb9967897" member_type: VOTER last_known_addr { host: "127.13.119.67" port: 34587 } }
I20260709 13:03:26.796368 15106 raft_consensus.cc:2804] T 45acaab29ff5465d81d1a9199c2fa8d5 P 24e6889a7d554c0995e9be78676259b3 [term 1 FOLLOWER]: Leader election won for term 1
I20260709 13:03:26.796499 15097 raft_consensus.cc:385] T e62a9faeda8f43579e11d26eee2e97ed P 92f6a00aed984d688f3abb0fb9967897 [term 0 FOLLOWER]: Consensus starting up: Expiring failure detector timer to make a prompt election more likely
I20260709 13:03:26.796780 15097 raft_consensus.cc:740] T e62a9faeda8f43579e11d26eee2e97ed P 92f6a00aed984d688f3abb0fb9967897 [term 0 FOLLOWER]: Becoming Follower/Learner. State: Replica: 92f6a00aed984d688f3abb0fb9967897, State: Initialized, Role: FOLLOWER
I20260709 13:03:26.796866 15106 raft_consensus.cc:697] T 45acaab29ff5465d81d1a9199c2fa8d5 P 24e6889a7d554c0995e9be78676259b3 [term 1 LEADER]: Becoming Leader. State: Replica: 24e6889a7d554c0995e9be78676259b3, State: Running, Role: LEADER
I20260709 13:03:26.797030 14908 raft_consensus.cc:2468] T 45acaab29ff5465d81d1a9199c2fa8d5 P e2764fd65f5f45ac8dc06892d23bbd06 [term 1 FOLLOWER]: Leader election vote request: Granting yes vote for candidate 24e6889a7d554c0995e9be78676259b3 in term 1.
I20260709 13:03:26.797441 15097 consensus_queue.cc:260] T e62a9faeda8f43579e11d26eee2e97ed P 92f6a00aed984d688f3abb0fb9967897 [NON_LEADER]: Queue going to NON_LEADER mode. State: All replicated index: 0, Majority replicated index: 0, Committed index: 0, Last appended: 0.0, Last appended by leader: 0, Current term: 0, Majority size: -1, State: 0, Mode: NON_LEADER, active raft config: opid_index: -1 OBSOLETE_local: false peers { permanent_uuid: "e2764fd65f5f45ac8dc06892d23bbd06" member_type: VOTER last_known_addr { host: "127.13.119.65" port: 43197 } } peers { permanent_uuid: "24e6889a7d554c0995e9be78676259b3" member_type: VOTER last_known_addr { host: "127.13.119.66" port: 40187 } } peers { permanent_uuid: "92f6a00aed984d688f3abb0fb9967897" member_type: VOTER last_known_addr { host: "127.13.119.67" port: 34587 } }
I20260709 13:03:26.797667 15106 consensus_queue.cc:237] T 45acaab29ff5465d81d1a9199c2fa8d5 P 24e6889a7d554c0995e9be78676259b3 [LEADER]: Queue going to LEADER mode. State: All replicated index: 0, Majority replicated index: 0, Committed index: 0, Last appended: 0.0, Last appended by leader: 0, Current term: 1, Majority size: 2, State: 0, Mode: LEADER, active raft config: opid_index: -1 OBSOLETE_local: false peers { permanent_uuid: "92f6a00aed984d688f3abb0fb9967897" member_type: VOTER last_known_addr { host: "127.13.119.67" port: 34587 } } peers { permanent_uuid: "e2764fd65f5f45ac8dc06892d23bbd06" member_type: VOTER last_known_addr { host: "127.13.119.65" port: 43197 } } peers { permanent_uuid: "24e6889a7d554c0995e9be78676259b3" member_type: VOTER last_known_addr { host: "127.13.119.66" port: 40187 } }
I20260709 13:03:26.797957 15130 leader_election.cc:290] T 45acaab29ff5465d81d1a9199c2fa8d5 P 24e6889a7d554c0995e9be78676259b3 [CANDIDATE]: Term 1 election: Requested vote from peers 92f6a00aed984d688f3abb0fb9967897 (127.13.119.67:34587), e2764fd65f5f45ac8dc06892d23bbd06 (127.13.119.65:43197)
I20260709 13:03:26.793036 15098 raft_consensus.cc:359] T 1f5e2e0410d040118bbf1d4319506999 P 24e6889a7d554c0995e9be78676259b3 [term 0 FOLLOWER]: Replica starting. Triggering 0 pending ops. Active config: opid_index: -1 OBSOLETE_local: false peers { permanent_uuid: "e2764fd65f5f45ac8dc06892d23bbd06" member_type: VOTER last_known_addr { host: "127.13.119.65" port: 43197 } } peers { permanent_uuid: "24e6889a7d554c0995e9be78676259b3" member_type: VOTER last_known_addr { host: "127.13.119.66" port: 40187 } } peers { permanent_uuid: "92f6a00aed984d688f3abb0fb9967897" member_type: VOTER last_known_addr { host: "127.13.119.67" port: 34587 } }
I20260709 13:03:26.798548 15149 raft_consensus.cc:2804] T ccde882a7202443a976d3ade1d1230de P 92f6a00aed984d688f3abb0fb9967897 [term 0 FOLLOWER]: Leader pre-election won for term 1
I20260709 13:03:26.798704 15098 raft_consensus.cc:385] T 1f5e2e0410d040118bbf1d4319506999 P 24e6889a7d554c0995e9be78676259b3 [term 0 FOLLOWER]: Consensus starting up: Expiring failure detector timer to make a prompt election more likely
I20260709 13:03:26.800285 15149 raft_consensus.cc:493] T ccde882a7202443a976d3ade1d1230de P 92f6a00aed984d688f3abb0fb9967897 [term 0 FOLLOWER]: Starting leader election (no leader contacted us within the election timeout)
I20260709 13:03:26.800335 15098 raft_consensus.cc:740] T 1f5e2e0410d040118bbf1d4319506999 P 24e6889a7d554c0995e9be78676259b3 [term 0 FOLLOWER]: Becoming Follower/Learner. State: Replica: 24e6889a7d554c0995e9be78676259b3, State: Initialized, Role: FOLLOWER
I20260709 13:03:26.799681 15097 ts_tablet_manager.cc:1434] T e62a9faeda8f43579e11d26eee2e97ed P 92f6a00aed984d688f3abb0fb9967897: Time spent starting tablet: real 0.006s	user 0.002s	sys 0.000s
I20260709 13:03:26.800761 15149 raft_consensus.cc:3060] T ccde882a7202443a976d3ade1d1230de P 92f6a00aed984d688f3abb0fb9967897 [term 0 FOLLOWER]: Advancing to term 1
I20260709 13:03:26.801694 15097 tablet_bootstrap.cc:492] T 8ac348792e9d4c31b8b669bf57e76b6f P 92f6a00aed984d688f3abb0fb9967897: Bootstrap starting.
I20260709 13:03:26.804029 15098 consensus_queue.cc:260] T 1f5e2e0410d040118bbf1d4319506999 P 24e6889a7d554c0995e9be78676259b3 [NON_LEADER]: Queue going to NON_LEADER mode. State: All replicated index: 0, Majority replicated index: 0, Committed index: 0, Last appended: 0.0, Last appended by leader: 0, Current term: 0, Majority size: -1, State: 0, Mode: NON_LEADER, active raft config: opid_index: -1 OBSOLETE_local: false peers { permanent_uuid: "e2764fd65f5f45ac8dc06892d23bbd06" member_type: VOTER last_known_addr { host: "127.13.119.65" port: 43197 } } peers { permanent_uuid: "24e6889a7d554c0995e9be78676259b3" member_type: VOTER last_known_addr { host: "127.13.119.66" port: 40187 } } peers { permanent_uuid: "92f6a00aed984d688f3abb0fb9967897" member_type: VOTER last_known_addr { host: "127.13.119.67" port: 34587 } }
I20260709 13:03:26.806582 15098 ts_tablet_manager.cc:1434] T 1f5e2e0410d040118bbf1d4319506999 P 24e6889a7d554c0995e9be78676259b3: Time spent starting tablet: real 0.025s	user 0.003s	sys 0.001s
I20260709 13:03:26.807629 15098 tablet_bootstrap.cc:492] T bc10e056d4d547838e385c278f1102d9 P 24e6889a7d554c0995e9be78676259b3: Bootstrap starting.
I20260709 13:03:26.807497 15149 raft_consensus.cc:515] T ccde882a7202443a976d3ade1d1230de P 92f6a00aed984d688f3abb0fb9967897 [term 1 FOLLOWER]: Starting leader election with config: opid_index: -1 OBSOLETE_local: false peers { permanent_uuid: "e2764fd65f5f45ac8dc06892d23bbd06" member_type: VOTER last_known_addr { host: "127.13.119.65" port: 43197 } } peers { permanent_uuid: "24e6889a7d554c0995e9be78676259b3" member_type: VOTER last_known_addr { host: "127.13.119.66" port: 40187 } } peers { permanent_uuid: "92f6a00aed984d688f3abb0fb9967897" member_type: VOTER last_known_addr { host: "127.13.119.67" port: 34587 } }
I20260709 13:03:26.809629 15149 leader_election.cc:290] T ccde882a7202443a976d3ade1d1230de P 92f6a00aed984d688f3abb0fb9967897 [CANDIDATE]: Term 1 election: Requested vote from peers e2764fd65f5f45ac8dc06892d23bbd06 (127.13.119.65:43197), 24e6889a7d554c0995e9be78676259b3 (127.13.119.66:40187)
