I20260709 13:03:23.454092 11615 tablet_service.cc:1917] Received RequestConsensusVote() RPC: tablet_id: "ebf00976d3224cd79b0c5c89c5f2f93f" candidate_uuid: "08334a1c40294891b3cd0ac8a4ed9ec2" candidate_term: 1 candidate_status { last_received { term: 0 index: 0 } } ignore_live_leader: false dest_uuid: "0bcbfd9f6cdc4ef28c97f4e8c252c0c4" is_pre_election: true
I20260709 13:03:23.454705 11615 raft_consensus.cc:2468] T ebf00976d3224cd79b0c5c89c5f2f93f P 0bcbfd9f6cdc4ef28c97f4e8c252c0c4 [term 0 FOLLOWER]: Leader pre-election vote request: Granting yes vote for candidate 08334a1c40294891b3cd0ac8a4ed9ec2 in term 0.
I20260709 13:03:23.455507 11464 tablet_service.cc:1917] Received RequestConsensusVote() RPC: tablet_id: "ebf00976d3224cd79b0c5c89c5f2f93f" candidate_uuid: "08334a1c40294891b3cd0ac8a4ed9ec2" candidate_term: 1 candidate_status { last_received { term: 0 index: 0 } } ignore_live_leader: false dest_uuid: "892d9df29a8d48f2b838ece02330bb6d" is_pre_election: true
I20260709 13:03:23.456139 11507 leader_election.cc:304] T ebf00976d3224cd79b0c5c89c5f2f93f P 08334a1c40294891b3cd0ac8a4ed9ec2 [CANDIDATE]: Term 1 pre-election: Election decided. Result: candidate won. Election summary: received 2 responses out of 3 voters: 2 yes votes; 0 no votes. yes voters: 08334a1c40294891b3cd0ac8a4ed9ec2, 0bcbfd9f6cdc4ef28c97f4e8c252c0c4; no voters: 
W20260709 13:03:23.457017 11506 leader_election.cc:343] T ebf00976d3224cd79b0c5c89c5f2f93f P 08334a1c40294891b3cd0ac8a4ed9ec2 [CANDIDATE]: Term 1 pre-election: Tablet error from VoteRequest() call to peer 892d9df29a8d48f2b838ece02330bb6d (127.10.32.65:42393): Illegal state: must be running to vote when last-logged opid is not known
I20260709 13:03:23.457952 11688 raft_consensus.cc:2804] T ebf00976d3224cd79b0c5c89c5f2f93f P 08334a1c40294891b3cd0ac8a4ed9ec2 [term 0 FOLLOWER]: Leader pre-election won for term 1
I20260709 13:03:23.461896 11688 raft_consensus.cc:493] T ebf00976d3224cd79b0c5c89c5f2f93f P 08334a1c40294891b3cd0ac8a4ed9ec2 [term 0 FOLLOWER]: Starting leader election (no leader contacted us within the election timeout)
I20260709 13:03:23.462311 11688 raft_consensus.cc:3060] T ebf00976d3224cd79b0c5c89c5f2f93f P 08334a1c40294891b3cd0ac8a4ed9ec2 [term 0 FOLLOWER]: Advancing to term 1
I20260709 13:03:23.454069 11661 ts_tablet_manager.cc:1403] T ebf00976d3224cd79b0c5c89c5f2f93f P 892d9df29a8d48f2b838ece02330bb6d: Time spent bootstrapping tablet: real 0.042s	user 0.009s	sys 0.000s
I20260709 13:03:23.466950 11753 consensus_queue.cc:1048] T aa0c1ae666fc4ff1ba2c549587dd3c59 P 08334a1c40294891b3cd0ac8a4ed9ec2 [LEADER]: Connected to new peer: Peer: permanent_uuid: "892d9df29a8d48f2b838ece02330bb6d" member_type: VOTER last_known_addr { host: "127.10.32.65" port: 42393 }, Status: LMP_MISMATCH, Last received: 0.0, Next index: 1, Last known committed idx: 0, Time since last communication: 0.000s
I20260709 13:03:23.467624 11656 tablet_bootstrap.cc:654] T 9ca11bfb3f6a4ab39daf60c838843743 P 0bcbfd9f6cdc4ef28c97f4e8c252c0c4: Neither blocks nor log segments found. Creating new log.
I20260709 13:03:23.468390 11661 raft_consensus.cc:359] T ebf00976d3224cd79b0c5c89c5f2f93f P 892d9df29a8d48f2b838ece02330bb6d [term 0 FOLLOWER]: Replica starting. Triggering 0 pending ops. Active config: opid_index: -1 OBSOLETE_local: false peers { permanent_uuid: "892d9df29a8d48f2b838ece02330bb6d" member_type: VOTER last_known_addr { host: "127.10.32.65" port: 42393 } } peers { permanent_uuid: "08334a1c40294891b3cd0ac8a4ed9ec2" member_type: VOTER last_known_addr { host: "127.10.32.66" port: 44719 } } peers { permanent_uuid: "0bcbfd9f6cdc4ef28c97f4e8c252c0c4" member_type: VOTER last_known_addr { host: "127.10.32.67" port: 35307 } }
I20260709 13:03:23.469044 11661 raft_consensus.cc:385] T ebf00976d3224cd79b0c5c89c5f2f93f P 892d9df29a8d48f2b838ece02330bb6d [term 0 FOLLOWER]: Consensus starting up: Expiring failure detector timer to make a prompt election more likely
I20260709 13:03:23.469327 11661 raft_consensus.cc:740] T ebf00976d3224cd79b0c5c89c5f2f93f P 892d9df29a8d48f2b838ece02330bb6d [term 0 FOLLOWER]: Becoming Follower/Learner. State: Replica: 892d9df29a8d48f2b838ece02330bb6d, State: Initialized, Role: FOLLOWER
I20260709 13:03:23.469334 11685 raft_consensus.cc:515] T dc98de448e03429e9d641ac1d4999e53 P 0bcbfd9f6cdc4ef28c97f4e8c252c0c4 [term 1 FOLLOWER]: Starting leader election with config: opid_index: -1 OBSOLETE_local: false peers { permanent_uuid: "892d9df29a8d48f2b838ece02330bb6d" member_type: VOTER last_known_addr { host: "127.10.32.65" port: 42393 } } peers { permanent_uuid: "08334a1c40294891b3cd0ac8a4ed9ec2" member_type: VOTER last_known_addr { host: "127.10.32.66" port: 44719 } } peers { permanent_uuid: "0bcbfd9f6cdc4ef28c97f4e8c252c0c4" member_type: VOTER last_known_addr { host: "127.10.32.67" port: 35307 } }
I20260709 13:03:23.470116 11661 consensus_queue.cc:260] T ebf00976d3224cd79b0c5c89c5f2f93f P 892d9df29a8d48f2b838ece02330bb6d [NON_LEADER]: Queue going to NON_LEADER mode. State: All replicated index: 0, Majority replicated index: 0, Committed index: 0, Last appended: 0.0, Last appended by leader: 0, Current term: 0, Majority size: -1, State: 0, Mode: NON_LEADER, active raft config: opid_index: -1 OBSOLETE_local: false peers { permanent_uuid: "892d9df29a8d48f2b838ece02330bb6d" member_type: VOTER last_known_addr { host: "127.10.32.65" port: 42393 } } peers { permanent_uuid: "08334a1c40294891b3cd0ac8a4ed9ec2" member_type: VOTER last_known_addr { host: "127.10.32.66" port: 44719 } } peers { permanent_uuid: "0bcbfd9f6cdc4ef28c97f4e8c252c0c4" member_type: VOTER last_known_addr { host: "127.10.32.67" port: 35307 } }
I20260709 13:03:23.472051 11464 tablet_service.cc:1917] Received RequestConsensusVote() RPC: tablet_id: "dc98de448e03429e9d641ac1d4999e53" candidate_uuid: "0bcbfd9f6cdc4ef28c97f4e8c252c0c4" candidate_term: 1 candidate_status { last_received { term: 0 index: 0 } } ignore_live_leader: false dest_uuid: "892d9df29a8d48f2b838ece02330bb6d"
I20260709 13:03:23.472592 11464 raft_consensus.cc:3060] T dc98de448e03429e9d641ac1d4999e53 P 892d9df29a8d48f2b838ece02330bb6d [term 0 FOLLOWER]: Advancing to term 1
I20260709 13:03:23.473667 11659 raft_consensus.cc:385] T dc98de448e03429e9d641ac1d4999e53 P 08334a1c40294891b3cd0ac8a4ed9ec2 [term 0 FOLLOWER]: Consensus starting up: Expiring failure detector timer to make a prompt election more likely
I20260709 13:03:23.473991 11659 raft_consensus.cc:740] T dc98de448e03429e9d641ac1d4999e53 P 08334a1c40294891b3cd0ac8a4ed9ec2 [term 0 FOLLOWER]: Becoming Follower/Learner. State: Replica: 08334a1c40294891b3cd0ac8a4ed9ec2, State: Initialized, Role: FOLLOWER
I20260709 13:03:23.474623 11659 consensus_queue.cc:260] T dc98de448e03429e9d641ac1d4999e53 P 08334a1c40294891b3cd0ac8a4ed9ec2 [NON_LEADER]: Queue going to NON_LEADER mode. State: All replicated index: 0, Majority replicated index: 0, Committed index: 0, Last appended: 0.0, Last appended by leader: 0, Current term: 0, Majority size: -1, State: 0, Mode: NON_LEADER, active raft config: opid_index: -1 OBSOLETE_local: false peers { permanent_uuid: "892d9df29a8d48f2b838ece02330bb6d" member_type: VOTER last_known_addr { host: "127.10.32.65" port: 42393 } } peers { permanent_uuid: "08334a1c40294891b3cd0ac8a4ed9ec2" member_type: VOTER last_known_addr { host: "127.10.32.66" port: 44719 } } peers { permanent_uuid: "0bcbfd9f6cdc4ef28c97f4e8c252c0c4" member_type: VOTER last_known_addr { host: "127.10.32.67" port: 35307 } }
I20260709 13:03:23.475502 11542 raft_consensus.cc:2468] T dc98de448e03429e9d641ac1d4999e53 P 08334a1c40294891b3cd0ac8a4ed9ec2 [term 0 FOLLOWER]: Leader pre-election vote request: Granting yes vote for candidate 0bcbfd9f6cdc4ef28c97f4e8c252c0c4 in term 0.
I20260709 13:03:23.476613 11659 ts_tablet_manager.cc:1434] T dc98de448e03429e9d641ac1d4999e53 P 08334a1c40294891b3cd0ac8a4ed9ec2: Time spent starting tablet: real 0.041s	user 0.005s	sys 0.000s
I20260709 13:03:23.478430 11661 ts_tablet_manager.cc:1434] T ebf00976d3224cd79b0c5c89c5f2f93f P 892d9df29a8d48f2b838ece02330bb6d: Time spent starting tablet: real 0.012s	user 0.005s	sys 0.001s
I20260709 13:03:23.479496 11661 tablet_bootstrap.cc:492] T 9ca11bfb3f6a4ab39daf60c838843743 P 892d9df29a8d48f2b838ece02330bb6d: Bootstrap starting.
I20260709 13:03:23.480098 11542 tablet_service.cc:1917] Received RequestConsensusVote() RPC: tablet_id: "dc98de448e03429e9d641ac1d4999e53" candidate_uuid: "0bcbfd9f6cdc4ef28c97f4e8c252c0c4" candidate_term: 1 candidate_status { last_received { term: 0 index: 0 } } ignore_live_leader: false dest_uuid: "08334a1c40294891b3cd0ac8a4ed9ec2"
I20260709 13:03:23.480644 11542 raft_consensus.cc:3060] T dc98de448e03429e9d641ac1d4999e53 P 08334a1c40294891b3cd0ac8a4ed9ec2 [term 0 FOLLOWER]: Advancing to term 1
I20260709 13:03:23.477481 11659 tablet_bootstrap.cc:492] T ddea107362324bb7b7efc25e82d4a95a P 08334a1c40294891b3cd0ac8a4ed9ec2: Bootstrap starting.
I20260709 13:03:23.486984 11685 leader_election.cc:290] T dc98de448e03429e9d641ac1d4999e53 P 0bcbfd9f6cdc4ef28c97f4e8c252c0c4 [CANDIDATE]: Term 1 election: Requested vote from peers 892d9df29a8d48f2b838ece02330bb6d (127.10.32.65:42393), 08334a1c40294891b3cd0ac8a4ed9ec2 (127.10.32.66:44719)
I20260709 13:03:23.490701 11542 raft_consensus.cc:2468] T dc98de448e03429e9d641ac1d4999e53 P 08334a1c40294891b3cd0ac8a4ed9ec2 [term 1 FOLLOWER]: Leader election vote request: Granting yes vote for candidate 0bcbfd9f6cdc4ef28c97f4e8c252c0c4 in term 1.
I20260709 13:03:23.491256 11659 tablet_bootstrap.cc:654] T ddea107362324bb7b7efc25e82d4a95a P 08334a1c40294891b3cd0ac8a4ed9ec2: Neither blocks nor log segments found. Creating new log.
I20260709 13:03:23.494405 11753 raft_consensus.cc:493] T 9df0036270ab42939990f1607aaeb72c P 08334a1c40294891b3cd0ac8a4ed9ec2 [term 0 FOLLOWER]: Starting pre-election (no leader contacted us within the election timeout)
I20260709 13:03:23.494627 11661 tablet_bootstrap.cc:654] T 9ca11bfb3f6a4ab39daf60c838843743 P 892d9df29a8d48f2b838ece02330bb6d: Neither blocks nor log segments found. Creating new log.
I20260709 13:03:23.494905 11753 raft_consensus.cc:515] T 9df0036270ab42939990f1607aaeb72c P 08334a1c40294891b3cd0ac8a4ed9ec2 [term 0 FOLLOWER]: Starting pre-election with config: opid_index: -1 OBSOLETE_local: false peers { permanent_uuid: "892d9df29a8d48f2b838ece02330bb6d" member_type: VOTER last_known_addr { host: "127.10.32.65" port: 42393 } } peers { permanent_uuid: "08334a1c40294891b3cd0ac8a4ed9ec2" member_type: VOTER last_known_addr { host: "127.10.32.66" port: 44719 } } peers { permanent_uuid: "0bcbfd9f6cdc4ef28c97f4e8c252c0c4" member_type: VOTER last_known_addr { host: "127.10.32.67" port: 35307 } }
I20260709 13:03:23.493315 11580 leader_election.cc:304] T dc98de448e03429e9d641ac1d4999e53 P 0bcbfd9f6cdc4ef28c97f4e8c252c0c4 [CANDIDATE]: Term 1 election: Election decided. Result: candidate won. Election summary: received 2 responses out of 3 voters: 2 yes votes; 0 no votes. yes voters: 08334a1c40294891b3cd0ac8a4ed9ec2, 0bcbfd9f6cdc4ef28c97f4e8c252c0c4; no voters: 
I20260709 13:03:23.496097 11685 raft_consensus.cc:2804] T dc98de448e03429e9d641ac1d4999e53 P 0bcbfd9f6cdc4ef28c97f4e8c252c0c4 [term 1 FOLLOWER]: Leader election won for term 1
I20260709 13:03:23.496762 11685 raft_consensus.cc:697] T dc98de448e03429e9d641ac1d4999e53 P 0bcbfd9f6cdc4ef28c97f4e8c252c0c4 [term 1 LEADER]: Becoming Leader. State: Replica: 0bcbfd9f6cdc4ef28c97f4e8c252c0c4, State: Running, Role: LEADER
I20260709 13:03:23.497011 11753 leader_election.cc:290] T 9df0036270ab42939990f1607aaeb72c P 08334a1c40294891b3cd0ac8a4ed9ec2 [CANDIDATE]: Term 1 pre-election: Requested pre-vote from peers 892d9df29a8d48f2b838ece02330bb6d (127.10.32.65:42393), 0bcbfd9f6cdc4ef28c97f4e8c252c0c4 (127.10.32.67:35307)
I20260709 13:03:23.497726 11685 consensus_queue.cc:237] T dc98de448e03429e9d641ac1d4999e53 P 0bcbfd9f6cdc4ef28c97f4e8c252c0c4 [LEADER]: Queue going to LEADER mode. State: All replicated index: 0, Majority replicated index: 0, Committed index: 0, Last appended: 0.0, Last appended by leader: 0, Current term: 1, Majority size: 2, State: 0, Mode: LEADER, active raft config: opid_index: -1 OBSOLETE_local: false peers { permanent_uuid: "892d9df29a8d48f2b838ece02330bb6d" member_type: VOTER last_known_addr { host: "127.10.32.65" port: 42393 } } peers { permanent_uuid: "08334a1c40294891b3cd0ac8a4ed9ec2" member_type: VOTER last_known_addr { host: "127.10.32.66" port: 44719 } } peers { permanent_uuid: "0bcbfd9f6cdc4ef28c97f4e8c252c0c4" member_type: VOTER last_known_addr { host: "127.10.32.67" port: 35307 } }
I20260709 13:03:23.498965 11467 tablet_service.cc:1917] Received RequestConsensusVote() RPC: tablet_id: "9df0036270ab42939990f1607aaeb72c" candidate_uuid: "08334a1c40294891b3cd0ac8a4ed9ec2" candidate_term: 1 candidate_status { last_received { term: 0 index: 0 } } ignore_live_leader: false dest_uuid: "892d9df29a8d48f2b838ece02330bb6d" is_pre_election: true
I20260709 13:03:23.499703 11464 raft_consensus.cc:2468] T dc98de448e03429e9d641ac1d4999e53 P 892d9df29a8d48f2b838ece02330bb6d [term 1 FOLLOWER]: Leader election vote request: Granting yes vote for candidate 0bcbfd9f6cdc4ef28c97f4e8c252c0c4 in term 1.
I20260709 13:03:23.507241 11659 tablet_bootstrap.cc:492] T ddea107362324bb7b7efc25e82d4a95a P 08334a1c40294891b3cd0ac8a4ed9ec2: No bootstrap required, opened a new log
I20260709 13:03:23.507267 11615 tablet_service.cc:1917] Received RequestConsensusVote() RPC: tablet_id: "9df0036270ab42939990f1607aaeb72c" candidate_uuid: "08334a1c40294891b3cd0ac8a4ed9ec2" candidate_term: 1 candidate_status { last_received { term: 0 index: 0 } } ignore_live_leader: false dest_uuid: "0bcbfd9f6cdc4ef28c97f4e8c252c0c4" is_pre_election: true
I20260709 13:03:23.507792 11659 ts_tablet_manager.cc:1403] T ddea107362324bb7b7efc25e82d4a95a P 08334a1c40294891b3cd0ac8a4ed9ec2: Time spent bootstrapping tablet: real 0.030s	user 0.004s	sys 0.008s
I20260709 13:03:23.508095 11615 raft_consensus.cc:2393] T 9df0036270ab42939990f1607aaeb72c P 0bcbfd9f6cdc4ef28c97f4e8c252c0c4 [term 1 FOLLOWER]: Leader pre-election vote request: Denying vote to candidate 08334a1c40294891b3cd0ac8a4ed9ec2 in current term 1: Already voted for candidate 892d9df29a8d48f2b838ece02330bb6d in this term.
I20260709 13:03:23.509774 11507 leader_election.cc:304] T 9df0036270ab42939990f1607aaeb72c P 08334a1c40294891b3cd0ac8a4ed9ec2 [CANDIDATE]: Term 1 pre-election: Election decided. Result: candidate lost. Election summary: received 3 responses out of 3 voters: 1 yes votes; 2 no votes. yes voters: 08334a1c40294891b3cd0ac8a4ed9ec2; no voters: 0bcbfd9f6cdc4ef28c97f4e8c252c0c4, 892d9df29a8d48f2b838ece02330bb6d
I20260709 13:03:23.510495 11667 raft_consensus.cc:3060] T 9df0036270ab42939990f1607aaeb72c P 08334a1c40294891b3cd0ac8a4ed9ec2 [term 0 FOLLOWER]: Advancing to term 1
I20260709 13:03:23.510532 11659 raft_consensus.cc:359] T ddea107362324bb7b7efc25e82d4a95a P 08334a1c40294891b3cd0ac8a4ed9ec2 [term 0 FOLLOWER]: Replica starting. Triggering 0 pending ops. Active config: opid_index: -1 OBSOLETE_local: false peers { permanent_uuid: "892d9df29a8d48f2b838ece02330bb6d" member_type: VOTER last_known_addr { host: "127.10.32.65" port: 42393 } } peers { permanent_uuid: "08334a1c40294891b3cd0ac8a4ed9ec2" member_type: VOTER last_known_addr { host: "127.10.32.66" port: 44719 } } peers { permanent_uuid: "0bcbfd9f6cdc4ef28c97f4e8c252c0c4" member_type: VOTER last_known_addr { host: "127.10.32.67" port: 35307 } }
I20260709 13:03:23.512866 11659 raft_consensus.cc:385] T ddea107362324bb7b7efc25e82d4a95a P 08334a1c40294891b3cd0ac8a4ed9ec2 [term 0 FOLLOWER]: Consensus starting up: Expiring failure detector timer to make a prompt election more likely
I20260709 13:03:23.497548 11753 consensus_queue.cc:1048] T aa0c1ae666fc4ff1ba2c549587dd3c59 P 08334a1c40294891b3cd0ac8a4ed9ec2 [LEADER]: Connected to new peer: Peer: permanent_uuid: "0bcbfd9f6cdc4ef28c97f4e8c252c0c4" member_type: VOTER last_known_addr { host: "127.10.32.67" port: 35307 }, Status: LMP_MISMATCH, Last received: 0.0, Next index: 1, Last known committed idx: 0, Time since last communication: 0.016s
I20260709 13:03:23.513234 11659 raft_consensus.cc:740] T ddea107362324bb7b7efc25e82d4a95a P 08334a1c40294891b3cd0ac8a4ed9ec2 [term 0 FOLLOWER]: Becoming Follower/Learner. State: Replica: 08334a1c40294891b3cd0ac8a4ed9ec2, State: Initialized, Role: FOLLOWER
I20260709 13:03:23.515173 11659 consensus_queue.cc:260] T ddea107362324bb7b7efc25e82d4a95a P 08334a1c40294891b3cd0ac8a4ed9ec2 [NON_LEADER]: Queue going to NON_LEADER mode. State: All replicated index: 0, Majority replicated index: 0, Committed index: 0, Last appended: 0.0, Last appended by leader: 0, Current term: 0, Majority size: -1, State: 0, Mode: NON_LEADER, active raft config: opid_index: -1 OBSOLETE_local: false peers { permanent_uuid: "892d9df29a8d48f2b838ece02330bb6d" member_type: VOTER last_known_addr { host: "127.10.32.65" port: 42393 } } peers { permanent_uuid: "08334a1c40294891b3cd0ac8a4ed9ec2" member_type: VOTER last_known_addr { host: "127.10.32.66" port: 44719 } } peers { permanent_uuid: "0bcbfd9f6cdc4ef28c97f4e8c252c0c4" member_type: VOTER last_known_addr { host: "127.10.32.67" port: 35307 } }
I20260709 13:03:23.515657 11688 raft_consensus.cc:515] T ebf00976d3224cd79b0c5c89c5f2f93f P 08334a1c40294891b3cd0ac8a4ed9ec2 [term 1 FOLLOWER]: Starting leader election with config: opid_index: -1 OBSOLETE_local: false peers { permanent_uuid: "892d9df29a8d48f2b838ece02330bb6d" member_type: VOTER last_known_addr { host: "127.10.32.65" port: 42393 } } peers { permanent_uuid: "08334a1c40294891b3cd0ac8a4ed9ec2" member_type: VOTER last_known_addr { host: "127.10.32.66" port: 44719 } } peers { permanent_uuid: "0bcbfd9f6cdc4ef28c97f4e8c252c0c4" member_type: VOTER last_known_addr { host: "127.10.32.67" port: 35307 } }
I20260709 13:03:23.517217 11659 ts_tablet_manager.cc:1434] T ddea107362324bb7b7efc25e82d4a95a P 08334a1c40294891b3cd0ac8a4ed9ec2: Time spent starting tablet: real 0.009s	user 0.005s	sys 0.001s
I20260709 13:03:23.518124 11659 tablet_bootstrap.cc:492] T 9ca11bfb3f6a4ab39daf60c838843743 P 08334a1c40294891b3cd0ac8a4ed9ec2: Bootstrap starting.
I20260709 13:03:23.519987 11464 tablet_service.cc:1917] Received RequestConsensusVote() RPC: tablet_id: "ebf00976d3224cd79b0c5c89c5f2f93f" candidate_uuid: "08334a1c40294891b3cd0ac8a4ed9ec2" candidate_term: 1 candidate_status { last_received { term: 0 index: 0 } } ignore_live_leader: false dest_uuid: "892d9df29a8d48f2b838ece02330bb6d"
I20260709 13:03:23.520586 11464 raft_consensus.cc:3060] T ebf00976d3224cd79b0c5c89c5f2f93f P 892d9df29a8d48f2b838ece02330bb6d [term 0 FOLLOWER]: Advancing to term 1
I20260709 13:03:23.521914 11688 leader_election.cc:290] T ebf00976d3224cd79b0c5c89c5f2f93f P 08334a1c40294891b3cd0ac8a4ed9ec2 [CANDIDATE]: Term 1 election: Requested vote from peers 892d9df29a8d48f2b838ece02330bb6d (127.10.32.65:42393), 0bcbfd9f6cdc4ef28c97f4e8c252c0c4 (127.10.32.67:35307)
I20260709 13:03:23.522972 11667 raft_consensus.cc:2749] T 9df0036270ab42939990f1607aaeb72c P 08334a1c40294891b3cd0ac8a4ed9ec2 [term 1 FOLLOWER]: Leader pre-election lost for term 1. Reason: could not achieve majority
I20260709 13:03:23.524960 11613 tablet_service.cc:1917] Received RequestConsensusVote() RPC: tablet_id: "ebf00976d3224cd79b0c5c89c5f2f93f" candidate_uuid: "08334a1c40294891b3cd0ac8a4ed9ec2" candidate_term: 1 candidate_status { last_received { term: 0 index: 0 } } ignore_live_leader: false dest_uuid: "0bcbfd9f6cdc4ef28c97f4e8c252c0c4"
I20260709 13:03:23.525724 11613 raft_consensus.cc:3060] T ebf00976d3224cd79b0c5c89c5f2f93f P 0bcbfd9f6cdc4ef28c97f4e8c252c0c4 [term 0 FOLLOWER]: Advancing to term 1
I20260709 13:03:23.530467 11661 tablet_bootstrap.cc:492] T 9ca11bfb3f6a4ab39daf60c838843743 P 892d9df29a8d48f2b838ece02330bb6d: No bootstrap required, opened a new log
I20260709 13:03:23.530897 11661 ts_tablet_manager.cc:1403] T 9ca11bfb3f6a4ab39daf60c838843743 P 892d9df29a8d48f2b838ece02330bb6d: Time spent bootstrapping tablet: real 0.052s	user 0.008s	sys 0.016s
I20260709 13:03:23.532464 11688 raft_consensus.cc:493] T ca7d5f15b58f46d4aa0792f57a161ff3 P 08334a1c40294891b3cd0ac8a4ed9ec2 [term 0 FOLLOWER]: Starting pre-election (no leader contacted us within the election timeout)
I20260709 13:03:23.532900 11688 raft_consensus.cc:515] T ca7d5f15b58f46d4aa0792f57a161ff3 P 08334a1c40294891b3cd0ac8a4ed9ec2 [term 0 FOLLOWER]: Starting pre-election with config: opid_index: -1 OBSOLETE_local: false peers { permanent_uuid: "892d9df29a8d48f2b838ece02330bb6d" member_type: VOTER last_known_addr { host: "127.10.32.65" port: 42393 } } peers { permanent_uuid: "08334a1c40294891b3cd0ac8a4ed9ec2" member_type: VOTER last_known_addr { host: "127.10.32.66" port: 44719 } } peers { permanent_uuid: "0bcbfd9f6cdc4ef28c97f4e8c252c0c4" member_type: VOTER last_known_addr { host: "127.10.32.67" port: 35307 } }
I20260709 13:03:23.533624 11661 raft_consensus.cc:359] T 9ca11bfb3f6a4ab39daf60c838843743 P 892d9df29a8d48f2b838ece02330bb6d [term 0 FOLLOWER]: Replica starting. Triggering 0 pending ops. Active config: opid_index: -1 OBSOLETE_local: false peers { permanent_uuid: "892d9df29a8d48f2b838ece02330bb6d" member_type: VOTER last_known_addr { host: "127.10.32.65" port: 42393 } } peers { permanent_uuid: "08334a1c40294891b3cd0ac8a4ed9ec2" member_type: VOTER last_known_addr { host: "127.10.32.66" port: 44719 } } peers { permanent_uuid: "0bcbfd9f6cdc4ef28c97f4e8c252c0c4" member_type: VOTER last_known_addr { host: "127.10.32.67" port: 35307 } }
I20260709 13:03:23.534277 11661 raft_consensus.cc:385] T 9ca11bfb3f6a4ab39daf60c838843743 P 892d9df29a8d48f2b838ece02330bb6d [term 0 FOLLOWER]: Consensus starting up: Expiring failure detector timer to make a prompt election more likely
I20260709 13:03:23.534540 11661 raft_consensus.cc:740] T 9ca11bfb3f6a4ab39daf60c838843743 P 892d9df29a8d48f2b838ece02330bb6d [term 0 FOLLOWER]: Becoming Follower/Learner. State: Replica: 892d9df29a8d48f2b838ece02330bb6d, State: Initialized, Role: FOLLOWER
I20260709 13:03:23.535254 11688 leader_election.cc:290] T ca7d5f15b58f46d4aa0792f57a161ff3 P 08334a1c40294891b3cd0ac8a4ed9ec2 [CANDIDATE]: Term 1 pre-election: Requested pre-vote from peers 892d9df29a8d48f2b838ece02330bb6d (127.10.32.65:42393), 0bcbfd9f6cdc4ef28c97f4e8c252c0c4 (127.10.32.67:35307)
I20260709 13:03:23.535738 11467 tablet_service.cc:1917] Received RequestConsensusVote() RPC: tablet_id: "ca7d5f15b58f46d4aa0792f57a161ff3" candidate_uuid: "08334a1c40294891b3cd0ac8a4ed9ec2" candidate_term: 1 candidate_status { last_received { term: 0 index: 0 } } ignore_live_leader: false dest_uuid: "892d9df29a8d48f2b838ece02330bb6d" is_pre_election: true
I20260709 13:03:23.536521 11467 raft_consensus.cc:2468] T ca7d5f15b58f46d4aa0792f57a161ff3 P 892d9df29a8d48f2b838ece02330bb6d [term 0 FOLLOWER]: Leader pre-election vote request: Granting yes vote for candidate 08334a1c40294891b3cd0ac8a4ed9ec2 in term 0.
I20260709 13:03:23.536872 11659 tablet_bootstrap.cc:654] T 9ca11bfb3f6a4ab39daf60c838843743 P 08334a1c40294891b3cd0ac8a4ed9ec2: Neither blocks nor log segments found. Creating new log.
I20260709 13:03:23.538166 11506 leader_election.cc:304] T ca7d5f15b58f46d4aa0792f57a161ff3 P 08334a1c40294891b3cd0ac8a4ed9ec2 [CANDIDATE]: Term 1 pre-election: Election decided. Result: candidate won. Election summary: received 2 responses out of 3 voters: 2 yes votes; 0 no votes. yes voters: 08334a1c40294891b3cd0ac8a4ed9ec2, 892d9df29a8d48f2b838ece02330bb6d; no voters: 
I20260709 13:03:23.539330 11688 raft_consensus.cc:2804] T ca7d5f15b58f46d4aa0792f57a161ff3 P 08334a1c40294891b3cd0ac8a4ed9ec2 [term 0 FOLLOWER]: Leader pre-election won for term 1
I20260709 13:03:23.539645 11613 raft_consensus.cc:2468] T ebf00976d3224cd79b0c5c89c5f2f93f P 0bcbfd9f6cdc4ef28c97f4e8c252c0c4 [term 1 FOLLOWER]: Leader election vote request: Granting yes vote for candidate 08334a1c40294891b3cd0ac8a4ed9ec2 in term 1.
I20260709 13:03:23.539860 11688 raft_consensus.cc:493] T ca7d5f15b58f46d4aa0792f57a161ff3 P 08334a1c40294891b3cd0ac8a4ed9ec2 [term 0 FOLLOWER]: Starting leader election (no leader contacted us within the election timeout)
I20260709 13:03:23.540514 11688 raft_consensus.cc:3060] T ca7d5f15b58f46d4aa0792f57a161ff3 P 08334a1c40294891b3cd0ac8a4ed9ec2 [term 0 FOLLOWER]: Advancing to term 1
I20260709 13:03:23.540411 11661 consensus_queue.cc:260] T 9ca11bfb3f6a4ab39daf60c838843743 P 892d9df29a8d48f2b838ece02330bb6d [NON_LEADER]: Queue going to NON_LEADER mode. State: All replicated index: 0, Majority replicated index: 0, Committed index: 0, Last appended: 0.0, Last appended by leader: 0, Current term: 0, Majority size: -1, State: 0, Mode: NON_LEADER, active raft config: opid_index: -1 OBSOLETE_local: false peers { permanent_uuid: "892d9df29a8d48f2b838ece02330bb6d" member_type: VOTER last_known_addr { host: "127.10.32.65" port: 42393 } } peers { permanent_uuid: "08334a1c40294891b3cd0ac8a4ed9ec2" member_type: VOTER last_known_addr { host: "127.10.32.66" port: 44719 } } peers { permanent_uuid: "0bcbfd9f6cdc4ef28c97f4e8c252c0c4" member_type: VOTER last_known_addr { host: "127.10.32.67" port: 35307 } }
I20260709 13:03:23.541693 11612 tablet_service.cc:1917] Received RequestConsensusVote() RPC: tablet_id: "ca7d5f15b58f46d4aa0792f57a161ff3" candidate_uuid: "08334a1c40294891b3cd0ac8a4ed9ec2" candidate_term: 1 candidate_status { last_received { term: 0 index: 0 } } ignore_live_leader: false dest_uuid: "0bcbfd9f6cdc4ef28c97f4e8c252c0c4" is_pre_election: true
I20260709 13:03:23.542330 11612 raft_consensus.cc:2468] T ca7d5f15b58f46d4aa0792f57a161ff3 P 0bcbfd9f6cdc4ef28c97f4e8c252c0c4 [term 0 FOLLOWER]: Leader pre-election vote request: Granting yes vote for candidate 08334a1c40294891b3cd0ac8a4ed9ec2 in term 0.
I20260709 13:03:23.543638 11507 leader_election.cc:304] T ebf00976d3224cd79b0c5c89c5f2f93f P 08334a1c40294891b3cd0ac8a4ed9ec2 [CANDIDATE]: Term 1 election: Election decided. Result: candidate won. Election summary: received 2 responses out of 3 voters: 2 yes votes; 0 no votes. yes voters: 08334a1c40294891b3cd0ac8a4ed9ec2, 0bcbfd9f6cdc4ef28c97f4e8c252c0c4; no voters: 
I20260709 13:03:23.544708 11753 raft_consensus.cc:2804] T ebf00976d3224cd79b0c5c89c5f2f93f P 08334a1c40294891b3cd0ac8a4ed9ec2 [term 1 FOLLOWER]: Leader election won for term 1
I20260709 13:03:23.545327 11753 raft_consensus.cc:697] T ebf00976d3224cd79b0c5c89c5f2f93f P 08334a1c40294891b3cd0ac8a4ed9ec2 [term 1 LEADER]: Becoming Leader. State: Replica: 08334a1c40294891b3cd0ac8a4ed9ec2, State: Running, Role: LEADER
I20260709 13:03:23.546172 11753 consensus_queue.cc:237] T ebf00976d3224cd79b0c5c89c5f2f93f P 08334a1c40294891b3cd0ac8a4ed9ec2 [LEADER]: Queue going to LEADER mode. State: All replicated index: 0, Majority replicated index: 0, Committed index: 0, Last appended: 0.0, Last appended by leader: 0, Current term: 1, Majority size: 2, State: 0, Mode: LEADER, active raft config: opid_index: -1 OBSOLETE_local: false peers { permanent_uuid: "892d9df29a8d48f2b838ece02330bb6d" member_type: VOTER last_known_addr { host: "127.10.32.65" port: 42393 } } peers { permanent_uuid: "08334a1c40294891b3cd0ac8a4ed9ec2" member_type: VOTER last_known_addr { host: "127.10.32.66" port: 44719 } } peers { permanent_uuid: "0bcbfd9f6cdc4ef28c97f4e8c252c0c4" member_type: VOTER last_known_addr { host: "127.10.32.67" port: 35307 } }
I20260709 13:03:23.547537 11661 ts_tablet_manager.cc:1434] T 9ca11bfb3f6a4ab39daf60c838843743 P 892d9df29a8d48f2b838ece02330bb6d: Time spent starting tablet: real 0.016s	user 0.005s	sys 0.000s
I20260709 13:03:23.548432 11661 tablet_bootstrap.cc:492] T 171c981461bb4ca7845220fc64301486 P 892d9df29a8d48f2b838ece02330bb6d: Bootstrap starting.
I20260709 13:03:23.548899 11464 raft_consensus.cc:2468] T ebf00976d3224cd79b0c5c89c5f2f93f P 892d9df29a8d48f2b838ece02330bb6d [term 1 FOLLOWER]: Leader election vote request: Granting yes vote for candidate 08334a1c40294891b3cd0ac8a4ed9ec2 in term 1.
I20260709 13:03:23.553748 11695 consensus_queue.cc:1048] T 9df0036270ab42939990f1607aaeb72c P 892d9df29a8d48f2b838ece02330bb6d [LEADER]: Connected to new peer: Peer: permanent_uuid: "08334a1c40294891b3cd0ac8a4ed9ec2" member_type: VOTER last_known_addr { host: "127.10.32.66" port: 44719 }, Status: LMP_MISMATCH, Last received: 0.0, Next index: 1, Last known committed idx: 0, Time since last communication: 0.001s
I20260709 13:03:23.557463 11661 tablet_bootstrap.cc:654] T 171c981461bb4ca7845220fc64301486 P 892d9df29a8d48f2b838ece02330bb6d: Neither blocks nor log segments found. Creating new log.
I20260709 13:03:23.561842 11656 tablet_bootstrap.cc:492] T 9ca11bfb3f6a4ab39daf60c838843743 P 0bcbfd9f6cdc4ef28c97f4e8c252c0c4: No bootstrap required, opened a new log
I20260709 13:03:23.562263 11656 ts_tablet_manager.cc:1403] T 9ca11bfb3f6a4ab39daf60c838843743 P 0bcbfd9f6cdc4ef28c97f4e8c252c0c4: Time spent bootstrapping tablet: real 0.125s	user 0.022s	sys 0.009s
I20260709 13:03:23.564960 11656 raft_consensus.cc:359] T 9ca11bfb3f6a4ab39daf60c838843743 P 0bcbfd9f6cdc4ef28c97f4e8c252c0c4 [term 0 FOLLOWER]: Replica starting. Triggering 0 pending ops. Active config: opid_index: -1 OBSOLETE_local: false peers { permanent_uuid: "892d9df29a8d48f2b838ece02330bb6d" member_type: VOTER last_known_addr { host: "127.10.32.65" port: 42393 } } peers { permanent_uuid: "08334a1c40294891b3cd0ac8a4ed9ec2" member_type: VOTER last_known_addr { host: "127.10.32.66" port: 44719 } } peers { permanent_uuid: "0bcbfd9f6cdc4ef28c97f4e8c252c0c4" member_type: VOTER last_known_addr { host: "127.10.32.67" port: 35307 } }
I20260709 13:03:23.565654 11656 raft_consensus.cc:385] T 9ca11bfb3f6a4ab39daf60c838843743 P 0bcbfd9f6cdc4ef28c97f4e8c252c0c4 [term 0 FOLLOWER]: Consensus starting up: Expiring failure detector timer to make a prompt election more likely
I20260709 13:03:23.565896 11656 raft_consensus.cc:740] T 9ca11bfb3f6a4ab39daf60c838843743 P 0bcbfd9f6cdc4ef28c97f4e8c252c0c4 [term 0 FOLLOWER]: Becoming Follower/Learner. State: Replica: 0bcbfd9f6cdc4ef28c97f4e8c252c0c4, State: Initialized, Role: FOLLOWER
I20260709 13:03:23.566522 11656 consensus_queue.cc:260] T 9ca11bfb3f6a4ab39daf60c838843743 P 0bcbfd9f6cdc4ef28c97f4e8c252c0c4 [NON_LEADER]: Queue going to NON_LEADER mode. State: All replicated index: 0, Majority replicated index: 0, Committed index: 0, Last appended: 0.0, Last appended by leader: 0, Current term: 0, Majority size: -1, State: 0, Mode: NON_LEADER, active raft config: opid_index: -1 OBSOLETE_local: false peers { permanent_uuid: "892d9df29a8d48f2b838ece02330bb6d" member_type: VOTER last_known_addr { host: "127.10.32.65" port: 42393 } } peers { permanent_uuid: "08334a1c40294891b3cd0ac8a4ed9ec2" member_type: VOTER last_known_addr { host: "127.10.32.66" port: 44719 } } peers { permanent_uuid: "0bcbfd9f6cdc4ef28c97f4e8c252c0c4" member_type: VOTER last_known_addr { host: "127.10.32.67" port: 35307 } }
I20260709 13:03:23.568409 11656 ts_tablet_manager.cc:1434] T 9ca11bfb3f6a4ab39daf60c838843743 P 0bcbfd9f6cdc4ef28c97f4e8c252c0c4: Time spent starting tablet: real 0.006s	user 0.004s	sys 0.000s
I20260709 13:03:23.569216 11656 tablet_bootstrap.cc:492] T 7d89a794dc2f4819bef78e12a134019a P 0bcbfd9f6cdc4ef28c97f4e8c252c0c4: Bootstrap starting.
I20260709 13:03:23.571650 11363 catalog_manager.cc:5697] T ebf00976d3224cd79b0c5c89c5f2f93f P 08334a1c40294891b3cd0ac8a4ed9ec2 reported cstate change: term changed from 0 to 1, leader changed from <none> to 08334a1c40294891b3cd0ac8a4ed9ec2 (127.10.32.66). New cstate: current_term: 1 leader_uuid: "08334a1c40294891b3cd0ac8a4ed9ec2" committed_config { opid_index: -1 OBSOLETE_local: false peers { permanent_uuid: "892d9df29a8d48f2b838ece02330bb6d" member_type: VOTER last_known_addr { host: "127.10.32.65" port: 42393 } health_report { overall_health: UNKNOWN } } peers { permanent_uuid: "08334a1c40294891b3cd0ac8a4ed9ec2" member_type: VOTER last_known_addr { host: "127.10.32.66" port: 44719 } health_report { overall_health: HEALTHY } } peers { permanent_uuid: "0bcbfd9f6cdc4ef28c97f4e8c252c0c4" member_type: VOTER last_known_addr { host: "127.10.32.67" port: 35307 } health_report { overall_health: UNKNOWN } } }
I20260709 13:03:23.574852 11656 tablet_bootstrap.cc:654] T 7d89a794dc2f4819bef78e12a134019a P 0bcbfd9f6cdc4ef28c97f4e8c252c0c4: Neither blocks nor log segments found. Creating new log.
I20260709 13:03:23.583071 11688 raft_consensus.cc:515] T ca7d5f15b58f46d4aa0792f57a161ff3 P 08334a1c40294891b3cd0ac8a4ed9ec2 [term 1 FOLLOWER]: Starting leader election with config: opid_index: -1 OBSOLETE_local: false peers { permanent_uuid: "892d9df29a8d48f2b838ece02330bb6d" member_type: VOTER last_known_addr { host: "127.10.32.65" port: 42393 } } peers { permanent_uuid: "08334a1c40294891b3cd0ac8a4ed9ec2" member_type: VOTER last_known_addr { host: "127.10.32.66" port: 44719 } } peers { permanent_uuid: "0bcbfd9f6cdc4ef28c97f4e8c252c0c4" member_type: VOTER last_known_addr { host: "127.10.32.67" port: 35307 } }
I20260709 13:03:23.583467 11365 catalog_manager.cc:5697] T dc98de448e03429e9d641ac1d4999e53 P 0bcbfd9f6cdc4ef28c97f4e8c252c0c4 reported cstate change: term changed from 0 to 1, leader changed from <none> to 0bcbfd9f6cdc4ef28c97f4e8c252c0c4 (127.10.32.67). New cstate: current_term: 1 leader_uuid: "0bcbfd9f6cdc4ef28c97f4e8c252c0c4" committed_config { opid_index: -1 OBSOLETE_local: false peers { permanent_uuid: "892d9df29a8d48f2b838ece02330bb6d" member_type: VOTER last_known_addr { host: "127.10.32.65" port: 42393 } health_report { overall_health: UNKNOWN } } peers { permanent_uuid: "08334a1c40294891b3cd0ac8a4ed9ec2" member_type: VOTER last_known_addr { host: "127.10.32.66" port: 44719 } health_report { overall_health: UNKNOWN } } peers { permanent_uuid: "0bcbfd9f6cdc4ef28c97f4e8c252c0c4" member_type: VOTER last_known_addr { host: "127.10.32.67" port: 35307 } health_report { overall_health: HEALTHY } } }
I20260709 13:03:23.585064 11688 leader_election.cc:290] T ca7d5f15b58f46d4aa0792f57a161ff3 P 08334a1c40294891b3cd0ac8a4ed9ec2 [CANDIDATE]: Term 1 election: Requested vote from peers 892d9df29a8d48f2b838ece02330bb6d (127.10.32.65:42393), 0bcbfd9f6cdc4ef28c97f4e8c252c0c4 (127.10.32.67:35307)
I20260709 13:03:23.585872 11685 raft_consensus.cc:493] T bf7d88815daa48a993d2b47d15719495 P 0bcbfd9f6cdc4ef28c97f4e8c252c0c4 [term 0 FOLLOWER]: Starting pre-election (no leader contacted us within the election timeout)
I20260709 13:03:23.586230 11464 tablet_service.cc:1917] Received RequestConsensusVote() RPC: tablet_id: "ca7d5f15b58f46d4aa0792f57a161ff3" candidate_uuid: "08334a1c40294891b3cd0ac8a4ed9ec2" candidate_term: 1 candidate_status { last_received { term: 0 index: 0 } } ignore_live_leader: false dest_uuid: "892d9df29a8d48f2b838ece02330bb6d"
I20260709 13:03:23.586812 11464 raft_consensus.cc:3060] T ca7d5f15b58f46d4aa0792f57a161ff3 P 892d9df29a8d48f2b838ece02330bb6d [term 0 FOLLOWER]: Advancing to term 1
I20260709 13:03:23.586369 11685 raft_consensus.cc:515] T bf7d88815daa48a993d2b47d15719495 P 0bcbfd9f6cdc4ef28c97f4e8c252c0c4 [term 0 FOLLOWER]: Starting pre-election with config: opid_index: -1 OBSOLETE_local: false peers { permanent_uuid: "892d9df29a8d48f2b838ece02330bb6d" member_type: VOTER last_known_addr { host: "127.10.32.65" port: 42393 } } peers { permanent_uuid: "08334a1c40294891b3cd0ac8a4ed9ec2" member_type: VOTER last_known_addr { host: "127.10.32.66" port: 44719 } } peers { permanent_uuid: "0bcbfd9f6cdc4ef28c97f4e8c252c0c4" member_type: VOTER last_known_addr { host: "127.10.32.67" port: 35307 } }
I20260709 13:03:23.590981 11685 leader_election.cc:290] T bf7d88815daa48a993d2b47d15719495 P 0bcbfd9f6cdc4ef28c97f4e8c252c0c4 [CANDIDATE]: Term 1 pre-election: Requested pre-vote from peers 892d9df29a8d48f2b838ece02330bb6d (127.10.32.65:42393), 08334a1c40294891b3cd0ac8a4ed9ec2 (127.10.32.66:44719)
I20260709 13:03:23.591769 11465 tablet_service.cc:1917] Received RequestConsensusVote() RPC: tablet_id: "bf7d88815daa48a993d2b47d15719495" candidate_uuid: "0bcbfd9f6cdc4ef28c97f4e8c252c0c4" candidate_term: 1 candidate_status { last_received { term: 0 index: 0 } } ignore_live_leader: false dest_uuid: "892d9df29a8d48f2b838ece02330bb6d" is_pre_election: true
I20260709 13:03:23.593271 11659 tablet_bootstrap.cc:492] T 9ca11bfb3f6a4ab39daf60c838843743 P 08334a1c40294891b3cd0ac8a4ed9ec2: No bootstrap required, opened a new log
W20260709 13:03:23.593396 11580 leader_election.cc:343] T bf7d88815daa48a993d2b47d15719495 P 0bcbfd9f6cdc4ef28c97f4e8c252c0c4 [CANDIDATE]: Term 1 pre-election: Tablet error from VoteRequest() call to peer 892d9df29a8d48f2b838ece02330bb6d (127.10.32.65:42393): Illegal state: must be running to vote when last-logged opid is not known
I20260709 13:03:23.593745 11659 ts_tablet_manager.cc:1403] T 9ca11bfb3f6a4ab39daf60c838843743 P 08334a1c40294891b3cd0ac8a4ed9ec2: Time spent bootstrapping tablet: real 0.076s	user 0.013s	sys 0.001s
I20260709 13:03:23.594857 11464 raft_consensus.cc:2468] T ca7d5f15b58f46d4aa0792f57a161ff3 P 892d9df29a8d48f2b838ece02330bb6d [term 1 FOLLOWER]: Leader election vote request: Granting yes vote for candidate 08334a1c40294891b3cd0ac8a4ed9ec2 in term 1.
I20260709 13:03:23.596272 11659 raft_consensus.cc:359] T 9ca11bfb3f6a4ab39daf60c838843743 P 08334a1c40294891b3cd0ac8a4ed9ec2 [term 0 FOLLOWER]: Replica starting. Triggering 0 pending ops. Active config: opid_index: -1 OBSOLETE_local: false peers { permanent_uuid: "892d9df29a8d48f2b838ece02330bb6d" member_type: VOTER last_known_addr { host: "127.10.32.65" port: 42393 } } peers { permanent_uuid: "08334a1c40294891b3cd0ac8a4ed9ec2" member_type: VOTER last_known_addr { host: "127.10.32.66" port: 44719 } } peers { permanent_uuid: "0bcbfd9f6cdc4ef28c97f4e8c252c0c4" member_type: VOTER last_known_addr { host: "127.10.32.67" port: 35307 } }
I20260709 13:03:23.596915 11659 raft_consensus.cc:385] T 9ca11bfb3f6a4ab39daf60c838843743 P 08334a1c40294891b3cd0ac8a4ed9ec2 [term 0 FOLLOWER]: Consensus starting up: Expiring failure detector timer to make a prompt election more likely
I20260709 13:03:23.596896 11506 leader_election.cc:304] T ca7d5f15b58f46d4aa0792f57a161ff3 P 08334a1c40294891b3cd0ac8a4ed9ec2 [CANDIDATE]: Term 1 election: Election decided. Result: candidate won. Election summary: received 2 responses out of 3 voters: 2 yes votes; 0 no votes. yes voters: 08334a1c40294891b3cd0ac8a4ed9ec2, 892d9df29a8d48f2b838ece02330bb6d; no voters: 
I20260709 13:03:23.597376 11659 raft_consensus.cc:740] T 9ca11bfb3f6a4ab39daf60c838843743 P 08334a1c40294891b3cd0ac8a4ed9ec2 [term 0 FOLLOWER]: Becoming Follower/Learner. State: Replica: 08334a1c40294891b3cd0ac8a4ed9ec2, State: Initialized, Role: FOLLOWER
I20260709 13:03:23.598127 11688 raft_consensus.cc:2804] T ca7d5f15b58f46d4aa0792f57a161ff3 P 08334a1c40294891b3cd0ac8a4ed9ec2 [term 1 FOLLOWER]: Leader election won for term 1
I20260709 13:03:23.598050 11659 consensus_queue.cc:260] T 9ca11bfb3f6a4ab39daf60c838843743 P 08334a1c40294891b3cd0ac8a4ed9ec2 [NON_LEADER]: Queue going to NON_LEADER mode. State: All replicated index: 0, Majority replicated index: 0, Committed index: 0, Last appended: 0.0, Last appended by leader: 0, Current term: 0, Majority size: -1, State: 0, Mode: NON_LEADER, active raft config: opid_index: -1 OBSOLETE_local: false peers { permanent_uuid: "892d9df29a8d48f2b838ece02330bb6d" member_type: VOTER last_known_addr { host: "127.10.32.65" port: 42393 } } peers { permanent_uuid: "08334a1c40294891b3cd0ac8a4ed9ec2" member_type: VOTER last_known_addr { host: "127.10.32.66" port: 44719 } } peers { permanent_uuid: "0bcbfd9f6cdc4ef28c97f4e8c252c0c4" member_type: VOTER last_known_addr { host: "127.10.32.67" port: 35307 } }
I20260709 13:03:23.598717 11688 raft_consensus.cc:697] T ca7d5f15b58f46d4aa0792f57a161ff3 P 08334a1c40294891b3cd0ac8a4ed9ec2 [term 1 LEADER]: Becoming Leader. State: Replica: 08334a1c40294891b3cd0ac8a4ed9ec2, State: Running, Role: LEADER
I20260709 13:03:23.600234 11659 ts_tablet_manager.cc:1434] T 9ca11bfb3f6a4ab39daf60c838843743 P 08334a1c40294891b3cd0ac8a4ed9ec2: Time spent starting tablet: real 0.006s	user 0.005s	sys 0.000s
I20260709 13:03:23.599821 11688 consensus_queue.cc:237] T ca7d5f15b58f46d4aa0792f57a161ff3 P 08334a1c40294891b3cd0ac8a4ed9ec2 [LEADER]: Queue going to LEADER mode. State: All replicated index: 0, Majority replicated index: 0, Committed index: 0, Last appended: 0.0, Last appended by leader: 0, Current term: 1, Majority size: 2, State: 0, Mode: LEADER, active raft config: opid_index: -1 OBSOLETE_local: false peers { permanent_uuid: "892d9df29a8d48f2b838ece02330bb6d" member_type: VOTER last_known_addr { host: "127.10.32.65" port: 42393 } } peers { permanent_uuid: "08334a1c40294891b3cd0ac8a4ed9ec2" member_type: VOTER last_known_addr { host: "127.10.32.66" port: 44719 } } peers { permanent_uuid: "0bcbfd9f6cdc4ef28c97f4e8c252c0c4" member_type: VOTER last_known_addr { host: "127.10.32.67" port: 35307 } }
I20260709 13:03:23.601137 11659 tablet_bootstrap.cc:492] T 171c981461bb4ca7845220fc64301486 P 08334a1c40294891b3cd0ac8a4ed9ec2: Bootstrap starting.
I20260709 13:03:23.602626 11695 consensus_queue.cc:1048] T 9df0036270ab42939990f1607aaeb72c P 892d9df29a8d48f2b838ece02330bb6d [LEADER]: Connected to new peer: Peer: permanent_uuid: "0bcbfd9f6cdc4ef28c97f4e8c252c0c4" member_type: VOTER last_known_addr { host: "127.10.32.67" port: 35307 }, Status: LMP_MISMATCH, Last received: 0.0, Next index: 1, Last known committed idx: 0, Time since last communication: 0.001s
I20260709 13:03:23.604801 11721 raft_consensus.cc:493] T ddea107362324bb7b7efc25e82d4a95a P 08334a1c40294891b3cd0ac8a4ed9ec2 [term 0 FOLLOWER]: Starting pre-election (no leader contacted us within the election timeout)
I20260709 13:03:23.605245 11721 raft_consensus.cc:515] T ddea107362324bb7b7efc25e82d4a95a P 08334a1c40294891b3cd0ac8a4ed9ec2 [term 0 FOLLOWER]: Starting pre-election with config: opid_index: -1 OBSOLETE_local: false peers { permanent_uuid: "892d9df29a8d48f2b838ece02330bb6d" member_type: VOTER last_known_addr { host: "127.10.32.65" port: 42393 } } peers { permanent_uuid: "08334a1c40294891b3cd0ac8a4ed9ec2" member_type: VOTER last_known_addr { host: "127.10.32.66" port: 44719 } } peers { permanent_uuid: "0bcbfd9f6cdc4ef28c97f4e8c252c0c4" member_type: VOTER last_known_addr { host: "127.10.32.67" port: 35307 } }
I20260709 13:03:23.607265 11721 leader_election.cc:290] T ddea107362324bb7b7efc25e82d4a95a P 08334a1c40294891b3cd0ac8a4ed9ec2 [CANDIDATE]: Term 1 pre-election: Requested pre-vote from peers 892d9df29a8d48f2b838ece02330bb6d (127.10.32.65:42393), 0bcbfd9f6cdc4ef28c97f4e8c252c0c4 (127.10.32.67:35307)
I20260709 13:03:23.608987 11464 tablet_service.cc:1917] Received RequestConsensusVote() RPC: tablet_id: "ddea107362324bb7b7efc25e82d4a95a" candidate_uuid: "08334a1c40294891b3cd0ac8a4ed9ec2" candidate_term: 1 candidate_status { last_received { term: 0 index: 0 } } ignore_live_leader: false dest_uuid: "892d9df29a8d48f2b838ece02330bb6d" is_pre_election: true
W20260709 13:03:23.610240 11506 leader_election.cc:343] T ddea107362324bb7b7efc25e82d4a95a P 08334a1c40294891b3cd0ac8a4ed9ec2 [CANDIDATE]: Term 1 pre-election: Tablet error from VoteRequest() call to peer 892d9df29a8d48f2b838ece02330bb6d (127.10.32.65:42393): Illegal state: must be running to vote when last-logged opid is not known
I20260709 13:03:23.612210 11659 tablet_bootstrap.cc:654] T 171c981461bb4ca7845220fc64301486 P 08334a1c40294891b3cd0ac8a4ed9ec2: Neither blocks nor log segments found. Creating new log.
I20260709 13:03:23.613842 11661 tablet_bootstrap.cc:492] T 171c981461bb4ca7845220fc64301486 P 892d9df29a8d48f2b838ece02330bb6d: No bootstrap required, opened a new log
I20260709 13:03:23.614337 11661 ts_tablet_manager.cc:1403] T 171c981461bb4ca7845220fc64301486 P 892d9df29a8d48f2b838ece02330bb6d: Time spent bootstrapping tablet: real 0.066s	user 0.010s	sys 0.009s
I20260709 13:03:23.616675 11661 raft_consensus.cc:359] T 171c981461bb4ca7845220fc64301486 P 892d9df29a8d48f2b838ece02330bb6d [term 0 FOLLOWER]: Replica starting. Triggering 0 pending ops. Active config: opid_index: -1 OBSOLETE_local: false peers { permanent_uuid: "892d9df29a8d48f2b838ece02330bb6d" member_type: VOTER last_known_addr { host: "127.10.32.65" port: 42393 } } peers { permanent_uuid: "08334a1c40294891b3cd0ac8a4ed9ec2" member_type: VOTER last_known_addr { host: "127.10.32.66" port: 44719 } } peers { permanent_uuid: "0bcbfd9f6cdc4ef28c97f4e8c252c0c4" member_type: VOTER last_known_addr { host: "127.10.32.67" port: 35307 } }
I20260709 13:03:23.617306 11661 raft_consensus.cc:385] T 171c981461bb4ca7845220fc64301486 P 892d9df29a8d48f2b838ece02330bb6d [term 0 FOLLOWER]: Consensus starting up: Expiring failure detector timer to make a prompt election more likely
I20260709 13:03:23.617558 11661 raft_consensus.cc:740] T 171c981461bb4ca7845220fc64301486 P 892d9df29a8d48f2b838ece02330bb6d [term 0 FOLLOWER]: Becoming Follower/Learner. State: Replica: 892d9df29a8d48f2b838ece02330bb6d, State: Initialized, Role: FOLLOWER
I20260709 13:03:23.619722 11661 consensus_queue.cc:260] T 171c981461bb4ca7845220fc64301486 P 892d9df29a8d48f2b838ece02330bb6d [NON_LEADER]: Queue going to NON_LEADER mode. State: All replicated index: 0, Majority replicated index: 0, Committed index: 0, Last appended: 0.0, Last appended by leader: 0, Current term: 0, Majority size: -1, State: 0, Mode: NON_LEADER, active raft config: opid_index: -1 OBSOLETE_local: false peers { permanent_uuid: "892d9df29a8d48f2b838ece02330bb6d" member_type: VOTER last_known_addr { host: "127.10.32.65" port: 42393 } } peers { permanent_uuid: "08334a1c40294891b3cd0ac8a4ed9ec2" member_type: VOTER last_known_addr { host: "127.10.32.66" port: 44719 } } peers { permanent_uuid: "0bcbfd9f6cdc4ef28c97f4e8c252c0c4" member_type: VOTER last_known_addr { host: "127.10.32.67" port: 35307 } }
I20260709 13:03:23.621573 11661 ts_tablet_manager.cc:1434] T 171c981461bb4ca7845220fc64301486 P 892d9df29a8d48f2b838ece02330bb6d: Time spent starting tablet: real 0.007s	user 0.005s	sys 0.000s
I20260709 13:03:23.622390 11661 tablet_bootstrap.cc:492] T 7d89a794dc2f4819bef78e12a134019a P 892d9df29a8d48f2b838ece02330bb6d: Bootstrap starting.
I20260709 13:03:23.627830 11661 tablet_bootstrap.cc:654] T 7d89a794dc2f4819bef78e12a134019a P 892d9df29a8d48f2b838ece02330bb6d: Neither blocks nor log segments found. Creating new log.
W20260709 13:03:23.633762 11507 outbound_call.cc:321] RPC callback for RPC call kudu.consensus.ConsensusService.UpdateConsensus -> {remote=127.10.32.67:35307, user_credentials={real_user=slave}} blocked reactor thread for 50591.8us
I20260709 13:03:23.635723 11613 tablet_service.cc:1917] Received RequestConsensusVote() RPC: tablet_id: "ca7d5f15b58f46d4aa0792f57a161ff3" candidate_uuid: "08334a1c40294891b3cd0ac8a4ed9ec2" candidate_term: 1 candidate_status { last_received { term: 0 index: 0 } } ignore_live_leader: false dest_uuid: "0bcbfd9f6cdc4ef28c97f4e8c252c0c4"
I20260709 13:03:23.636303 11613 raft_consensus.cc:3060] T ca7d5f15b58f46d4aa0792f57a161ff3 P 0bcbfd9f6cdc4ef28c97f4e8c252c0c4 [term 0 FOLLOWER]: Advancing to term 1
I20260709 13:03:23.641855 11661 tablet_bootstrap.cc:492] T 7d89a794dc2f4819bef78e12a134019a P 892d9df29a8d48f2b838ece02330bb6d: No bootstrap required, opened a new log
I20260709 13:03:23.642314 11661 ts_tablet_manager.cc:1403] T 7d89a794dc2f4819bef78e12a134019a P 892d9df29a8d48f2b838ece02330bb6d: Time spent bootstrapping tablet: real 0.020s	user 0.008s	sys 0.007s
I20260709 13:03:23.644029 11685 raft_consensus.cc:493] T 9ca11bfb3f6a4ab39daf60c838843743 P 0bcbfd9f6cdc4ef28c97f4e8c252c0c4 [term 0 FOLLOWER]: Starting pre-election (no leader contacted us within the election timeout)
I20260709 13:03:23.644469 11685 raft_consensus.cc:515] T 9ca11bfb3f6a4ab39daf60c838843743 P 0bcbfd9f6cdc4ef28c97f4e8c252c0c4 [term 0 FOLLOWER]: Starting pre-election with config: opid_index: -1 OBSOLETE_local: false peers { permanent_uuid: "892d9df29a8d48f2b838ece02330bb6d" member_type: VOTER last_known_addr { host: "127.10.32.65" port: 42393 } } peers { permanent_uuid: "08334a1c40294891b3cd0ac8a4ed9ec2" member_type: VOTER last_known_addr { host: "127.10.32.66" port: 44719 } } peers { permanent_uuid: "0bcbfd9f6cdc4ef28c97f4e8c252c0c4" member_type: VOTER last_known_addr { host: "127.10.32.67" port: 35307 } }
I20260709 13:03:23.644754 11661 raft_consensus.cc:359] T 7d89a794dc2f4819bef78e12a134019a P 892d9df29a8d48f2b838ece02330bb6d [term 0 FOLLOWER]: Replica starting. Triggering 0 pending ops. Active config: opid_index: -1 OBSOLETE_local: false peers { permanent_uuid: "892d9df29a8d48f2b838ece02330bb6d" member_type: VOTER last_known_addr { host: "127.10.32.65" port: 42393 } } peers { permanent_uuid: "08334a1c40294891b3cd0ac8a4ed9ec2" member_type: VOTER last_known_addr { host: "127.10.32.66" port: 44719 } } peers { permanent_uuid: "0bcbfd9f6cdc4ef28c97f4e8c252c0c4" member_type: VOTER last_known_addr { host: "127.10.32.67" port: 35307 } }
I20260709 13:03:23.645349 11661 raft_consensus.cc:385] T 7d89a794dc2f4819bef78e12a134019a P 892d9df29a8d48f2b838ece02330bb6d [term 0 FOLLOWER]: Consensus starting up: Expiring failure detector timer to make a prompt election more likely
I20260709 13:03:23.645599 11661 raft_consensus.cc:740] T 7d89a794dc2f4819bef78e12a134019a P 892d9df29a8d48f2b838ece02330bb6d [term 0 FOLLOWER]: Becoming Follower/Learner. State: Replica: 892d9df29a8d48f2b838ece02330bb6d, State: Initialized, Role: FOLLOWER
I20260709 13:03:23.646445 11685 leader_election.cc:290] T 9ca11bfb3f6a4ab39daf60c838843743 P 0bcbfd9f6cdc4ef28c97f4e8c252c0c4 [CANDIDATE]: Term 1 pre-election: Requested pre-vote from peers 892d9df29a8d48f2b838ece02330bb6d (127.10.32.65:42393), 08334a1c40294891b3cd0ac8a4ed9ec2 (127.10.32.66:44719)
