I20260709 13:03:07.448624  7957 tablet_service.cc:1917] Received RequestConsensusVote() RPC: tablet_id: "e57c5eb573ac44309c27035faf80538a" candidate_uuid: "c3e58813abbe4473b34bee2d6bf89a39" candidate_term: 1 candidate_status { last_received { term: 0 index: 0 } } ignore_live_leader: false dest_uuid: "65f9c019943f45a38477af57e93424bf"
I20260709 13:03:07.449131  8071 ts_tablet_manager.cc:1434] T d3ddfe6454bc4e2497a17d2efff41e47 P c3e58813abbe4473b34bee2d6bf89a39: Time spent starting tablet: real 0.040s	user 0.012s	sys 0.003s
I20260709 13:03:07.449941  8072 tablet_bootstrap.cc:492] T e57c5eb573ac44309c27035faf80538a P 65f9c019943f45a38477af57e93424bf: No bootstrap required, opened a new log
I20260709 13:03:07.450177  8071 tablet_bootstrap.cc:492] T ea96c92e679e4dcf87a0b8800d2eb56a P c3e58813abbe4473b34bee2d6bf89a39: Bootstrap starting.
W20260709 13:03:07.450146  7997 leader_election.cc:343] T e57c5eb573ac44309c27035faf80538a P c3e58813abbe4473b34bee2d6bf89a39 [CANDIDATE]: Term 1 election: Tablet error from VoteRequest() call to peer 65f9c019943f45a38477af57e93424bf (127.7.24.130:33453): Illegal state: must be running to vote when last-logged opid is not known
I20260709 13:03:07.450443  8072 ts_tablet_manager.cc:1403] T e57c5eb573ac44309c27035faf80538a P 65f9c019943f45a38477af57e93424bf: Time spent bootstrapping tablet: real 0.042s	user 0.009s	sys 0.010s
I20260709 13:03:07.453317  8072 raft_consensus.cc:359] T e57c5eb573ac44309c27035faf80538a P 65f9c019943f45a38477af57e93424bf [term 0 FOLLOWER]: Replica starting. Triggering 0 pending ops. Active config: opid_index: -1 OBSOLETE_local: false peers { permanent_uuid: "4f61414287ec460d9431bd8c76fb8ea0" member_type: VOTER last_known_addr { host: "127.7.24.129" port: 35671 } } peers { permanent_uuid: "65f9c019943f45a38477af57e93424bf" member_type: VOTER last_known_addr { host: "127.7.24.130" port: 33453 } } peers { permanent_uuid: "c3e58813abbe4473b34bee2d6bf89a39" member_type: VOTER last_known_addr { host: "127.7.24.131" port: 38303 } }
I20260709 13:03:07.454155  8072 raft_consensus.cc:385] T e57c5eb573ac44309c27035faf80538a P 65f9c019943f45a38477af57e93424bf [term 0 FOLLOWER]: Consensus starting up: Expiring failure detector timer to make a prompt election more likely
I20260709 13:03:07.454483  8072 raft_consensus.cc:740] T e57c5eb573ac44309c27035faf80538a P 65f9c019943f45a38477af57e93424bf [term 0 FOLLOWER]: Becoming Follower/Learner. State: Replica: 65f9c019943f45a38477af57e93424bf, State: Initialized, Role: FOLLOWER
I20260709 13:03:07.455577  8072 consensus_queue.cc:260] T e57c5eb573ac44309c27035faf80538a P 65f9c019943f45a38477af57e93424bf [NON_LEADER]: Queue going to NON_LEADER mode. State: All replicated index: 0, Majority replicated index: 0, Committed index: 0, Last appended: 0.0, Last appended by leader: 0, Current term: 0, Majority size: -1, State: 0, Mode: NON_LEADER, active raft config: opid_index: -1 OBSOLETE_local: false peers { permanent_uuid: "4f61414287ec460d9431bd8c76fb8ea0" member_type: VOTER last_known_addr { host: "127.7.24.129" port: 35671 } } peers { permanent_uuid: "65f9c019943f45a38477af57e93424bf" member_type: VOTER last_known_addr { host: "127.7.24.130" port: 33453 } } peers { permanent_uuid: "c3e58813abbe4473b34bee2d6bf89a39" member_type: VOTER last_known_addr { host: "127.7.24.131" port: 38303 } }
I20260709 13:03:07.458002  8072 ts_tablet_manager.cc:1434] T e57c5eb573ac44309c27035faf80538a P 65f9c019943f45a38477af57e93424bf: Time spent starting tablet: real 0.007s	user 0.005s	sys 0.002s
I20260709 13:03:07.457957  7882 tablet_service.cc:1917] Received RequestConsensusVote() RPC: tablet_id: "e57c5eb573ac44309c27035faf80538a" candidate_uuid: "c3e58813abbe4473b34bee2d6bf89a39" candidate_term: 1 candidate_status { last_received { term: 0 index: 0 } } ignore_live_leader: false dest_uuid: "4f61414287ec460d9431bd8c76fb8ea0"
I20260709 13:03:07.458784  7882 raft_consensus.cc:3060] T e57c5eb573ac44309c27035faf80538a P 4f61414287ec460d9431bd8c76fb8ea0 [term 0 FOLLOWER]: Advancing to term 1
I20260709 13:03:07.459172  8072 tablet_bootstrap.cc:492] T 67c6eeee7e01480c918b716d261dcbf3 P 65f9c019943f45a38477af57e93424bf: Bootstrap starting.
I20260709 13:03:07.460019  7957 tablet_service.cc:1917] Received RequestConsensusVote() RPC: tablet_id: "6c0ed286ccc046daafaa9406760b9068" candidate_uuid: "4f61414287ec460d9431bd8c76fb8ea0" candidate_term: 1 candidate_status { last_received { term: 0 index: 0 } } ignore_live_leader: false dest_uuid: "65f9c019943f45a38477af57e93424bf" is_pre_election: true
I20260709 13:03:07.460598  7957 raft_consensus.cc:2468] T 6c0ed286ccc046daafaa9406760b9068 P 65f9c019943f45a38477af57e93424bf [term 0 FOLLOWER]: Leader pre-election vote request: Granting yes vote for candidate 4f61414287ec460d9431bd8c76fb8ea0 in term 0.
I20260709 13:03:07.462319  8071 tablet_bootstrap.cc:654] T ea96c92e679e4dcf87a0b8800d2eb56a P c3e58813abbe4473b34bee2d6bf89a39: Neither blocks nor log segments found. Creating new log.
I20260709 13:03:07.462075  7848 leader_election.cc:304] T 6c0ed286ccc046daafaa9406760b9068 P 4f61414287ec460d9431bd8c76fb8ea0 [CANDIDATE]: Term 1 pre-election: Election decided. Result: candidate won. Election summary: received 2 responses out of 3 voters: 2 yes votes; 0 no votes. yes voters: 4f61414287ec460d9431bd8c76fb8ea0, 65f9c019943f45a38477af57e93424bf; no voters: 
I20260709 13:03:07.464798  8031 tablet_service.cc:1917] Received RequestConsensusVote() RPC: tablet_id: "6c0ed286ccc046daafaa9406760b9068" candidate_uuid: "4f61414287ec460d9431bd8c76fb8ea0" candidate_term: 1 candidate_status { last_received { term: 0 index: 0 } } ignore_live_leader: false dest_uuid: "c3e58813abbe4473b34bee2d6bf89a39" is_pre_election: true
W20260709 13:03:07.466636  7847 leader_election.cc:343] T 6c0ed286ccc046daafaa9406760b9068 P 4f61414287ec460d9431bd8c76fb8ea0 [CANDIDATE]: Term 1 pre-election: Tablet error from VoteRequest() call to peer c3e58813abbe4473b34bee2d6bf89a39 (127.7.24.131:38303): Illegal state: must be running to vote when last-logged opid is not known
I20260709 13:03:07.467101  8072 tablet_bootstrap.cc:654] T 67c6eeee7e01480c918b716d261dcbf3 P 65f9c019943f45a38477af57e93424bf: Neither blocks nor log segments found. Creating new log.
I20260709 13:03:07.472124  7882 raft_consensus.cc:2468] T e57c5eb573ac44309c27035faf80538a P 4f61414287ec460d9431bd8c76fb8ea0 [term 1 FOLLOWER]: Leader election vote request: Granting yes vote for candidate c3e58813abbe4473b34bee2d6bf89a39 in term 1.
I20260709 13:03:07.474418  8076 raft_consensus.cc:2804] T 6c0ed286ccc046daafaa9406760b9068 P 4f61414287ec460d9431bd8c76fb8ea0 [term 0 FOLLOWER]: Leader pre-election won for term 1
I20260709 13:03:07.474928  8076 raft_consensus.cc:493] T 6c0ed286ccc046daafaa9406760b9068 P 4f61414287ec460d9431bd8c76fb8ea0 [term 0 FOLLOWER]: Starting leader election (no leader contacted us within the election timeout)
I20260709 13:03:07.475351  8076 raft_consensus.cc:3060] T 6c0ed286ccc046daafaa9406760b9068 P 4f61414287ec460d9431bd8c76fb8ea0 [term 0 FOLLOWER]: Advancing to term 1
I20260709 13:03:07.485903  7994 leader_election.cc:304] T e57c5eb573ac44309c27035faf80538a P c3e58813abbe4473b34bee2d6bf89a39 [CANDIDATE]: Term 1 election: Election decided. Result: candidate won. Election summary: received 3 responses out of 3 voters: 2 yes votes; 1 no votes. yes voters: 4f61414287ec460d9431bd8c76fb8ea0, c3e58813abbe4473b34bee2d6bf89a39; no voters: 65f9c019943f45a38477af57e93424bf
I20260709 13:03:07.486865  8091 raft_consensus.cc:2804] T e57c5eb573ac44309c27035faf80538a P c3e58813abbe4473b34bee2d6bf89a39 [term 1 FOLLOWER]: Leader election won for term 1
I20260709 13:03:07.487394  8091 raft_consensus.cc:697] T e57c5eb573ac44309c27035faf80538a P c3e58813abbe4473b34bee2d6bf89a39 [term 1 LEADER]: Becoming Leader. State: Replica: c3e58813abbe4473b34bee2d6bf89a39, State: Running, Role: LEADER
I20260709 13:03:07.487082  8076 raft_consensus.cc:515] T 6c0ed286ccc046daafaa9406760b9068 P 4f61414287ec460d9431bd8c76fb8ea0 [term 1 FOLLOWER]: Starting leader election with config: opid_index: -1 OBSOLETE_local: false peers { permanent_uuid: "4f61414287ec460d9431bd8c76fb8ea0" member_type: VOTER last_known_addr { host: "127.7.24.129" port: 35671 } } peers { permanent_uuid: "65f9c019943f45a38477af57e93424bf" member_type: VOTER last_known_addr { host: "127.7.24.130" port: 33453 } } peers { permanent_uuid: "c3e58813abbe4473b34bee2d6bf89a39" member_type: VOTER last_known_addr { host: "127.7.24.131" port: 38303 } }
I20260709 13:03:07.487875  8073 tablet_bootstrap.cc:492] T d3ddfe6454bc4e2497a17d2efff41e47 P 4f61414287ec460d9431bd8c76fb8ea0: No bootstrap required, opened a new log
I20260709 13:03:07.488219  8072 tablet_bootstrap.cc:492] T 67c6eeee7e01480c918b716d261dcbf3 P 65f9c019943f45a38477af57e93424bf: No bootstrap required, opened a new log
I20260709 13:03:07.488376  8073 ts_tablet_manager.cc:1403] T d3ddfe6454bc4e2497a17d2efff41e47 P 4f61414287ec460d9431bd8c76fb8ea0: Time spent bootstrapping tablet: real 0.065s	user 0.012s	sys 0.006s
I20260709 13:03:07.488865  8072 ts_tablet_manager.cc:1403] T 67c6eeee7e01480c918b716d261dcbf3 P 65f9c019943f45a38477af57e93424bf: Time spent bootstrapping tablet: real 0.030s	user 0.014s	sys 0.004s
I20260709 13:03:07.489885  7957 tablet_service.cc:1917] Received RequestConsensusVote() RPC: tablet_id: "6c0ed286ccc046daafaa9406760b9068" candidate_uuid: "4f61414287ec460d9431bd8c76fb8ea0" candidate_term: 1 candidate_status { last_received { term: 0 index: 0 } } ignore_live_leader: false dest_uuid: "65f9c019943f45a38477af57e93424bf"
I20260709 13:03:07.490435  7957 raft_consensus.cc:3060] T 6c0ed286ccc046daafaa9406760b9068 P 65f9c019943f45a38477af57e93424bf [term 0 FOLLOWER]: Advancing to term 1
I20260709 13:03:07.491281  8071 tablet_bootstrap.cc:492] T ea96c92e679e4dcf87a0b8800d2eb56a P c3e58813abbe4473b34bee2d6bf89a39: No bootstrap required, opened a new log
I20260709 13:03:07.491748  8071 ts_tablet_manager.cc:1403] T ea96c92e679e4dcf87a0b8800d2eb56a P c3e58813abbe4473b34bee2d6bf89a39: Time spent bootstrapping tablet: real 0.042s	user 0.010s	sys 0.011s
I20260709 13:03:07.491847  8072 raft_consensus.cc:359] T 67c6eeee7e01480c918b716d261dcbf3 P 65f9c019943f45a38477af57e93424bf [term 0 FOLLOWER]: Replica starting. Triggering 0 pending ops. Active config: opid_index: -1 OBSOLETE_local: false peers { permanent_uuid: "c3e58813abbe4473b34bee2d6bf89a39" member_type: VOTER last_known_addr { host: "127.7.24.131" port: 38303 } } peers { permanent_uuid: "65f9c019943f45a38477af57e93424bf" member_type: VOTER last_known_addr { host: "127.7.24.130" port: 33453 } } peers { permanent_uuid: "4f61414287ec460d9431bd8c76fb8ea0" member_type: VOTER last_known_addr { host: "127.7.24.129" port: 35671 } }
I20260709 13:03:07.492003  8073 raft_consensus.cc:359] T d3ddfe6454bc4e2497a17d2efff41e47 P 4f61414287ec460d9431bd8c76fb8ea0 [term 0 FOLLOWER]: Replica starting. Triggering 0 pending ops. Active config: opid_index: -1 OBSOLETE_local: false peers { permanent_uuid: "4f61414287ec460d9431bd8c76fb8ea0" member_type: VOTER last_known_addr { host: "127.7.24.129" port: 35671 } } peers { permanent_uuid: "65f9c019943f45a38477af57e93424bf" member_type: VOTER last_known_addr { host: "127.7.24.130" port: 33453 } } peers { permanent_uuid: "c3e58813abbe4473b34bee2d6bf89a39" member_type: VOTER last_known_addr { host: "127.7.24.131" port: 38303 } }
I20260709 13:03:07.488209  8091 consensus_queue.cc:237] T e57c5eb573ac44309c27035faf80538a P c3e58813abbe4473b34bee2d6bf89a39 [LEADER]: Queue going to LEADER mode. State: All replicated index: 0, Majority replicated index: 0, Committed index: 0, Last appended: 0.0, Last appended by leader: 0, Current term: 1, Majority size: 2, State: 0, Mode: LEADER, active raft config: opid_index: -1 OBSOLETE_local: false peers { permanent_uuid: "4f61414287ec460d9431bd8c76fb8ea0" member_type: VOTER last_known_addr { host: "127.7.24.129" port: 35671 } } peers { permanent_uuid: "65f9c019943f45a38477af57e93424bf" member_type: VOTER last_known_addr { host: "127.7.24.130" port: 33453 } } peers { permanent_uuid: "c3e58813abbe4473b34bee2d6bf89a39" member_type: VOTER last_known_addr { host: "127.7.24.131" port: 38303 } }
I20260709 13:03:07.492820  8073 raft_consensus.cc:385] T d3ddfe6454bc4e2497a17d2efff41e47 P 4f61414287ec460d9431bd8c76fb8ea0 [term 0 FOLLOWER]: Consensus starting up: Expiring failure detector timer to make a prompt election more likely
I20260709 13:03:07.493124  8073 raft_consensus.cc:740] T d3ddfe6454bc4e2497a17d2efff41e47 P 4f61414287ec460d9431bd8c76fb8ea0 [term 0 FOLLOWER]: Becoming Follower/Learner. State: Replica: 4f61414287ec460d9431bd8c76fb8ea0, State: Initialized, Role: FOLLOWER
I20260709 13:03:07.493901  8073 consensus_queue.cc:260] T d3ddfe6454bc4e2497a17d2efff41e47 P 4f61414287ec460d9431bd8c76fb8ea0 [NON_LEADER]: Queue going to NON_LEADER mode. State: All replicated index: 0, Majority replicated index: 0, Committed index: 0, Last appended: 0.0, Last appended by leader: 0, Current term: 0, Majority size: -1, State: 0, Mode: NON_LEADER, active raft config: opid_index: -1 OBSOLETE_local: false peers { permanent_uuid: "4f61414287ec460d9431bd8c76fb8ea0" member_type: VOTER last_known_addr { host: "127.7.24.129" port: 35671 } } peers { permanent_uuid: "65f9c019943f45a38477af57e93424bf" member_type: VOTER last_known_addr { host: "127.7.24.130" port: 33453 } } peers { permanent_uuid: "c3e58813abbe4473b34bee2d6bf89a39" member_type: VOTER last_known_addr { host: "127.7.24.131" port: 38303 } }
I20260709 13:03:07.495441  8031 tablet_service.cc:1917] Received RequestConsensusVote() RPC: tablet_id: "6c0ed286ccc046daafaa9406760b9068" candidate_uuid: "4f61414287ec460d9431bd8c76fb8ea0" candidate_term: 1 candidate_status { last_received { term: 0 index: 0 } } ignore_live_leader: false dest_uuid: "c3e58813abbe4473b34bee2d6bf89a39"
I20260709 13:03:07.495857  8072 raft_consensus.cc:385] T 67c6eeee7e01480c918b716d261dcbf3 P 65f9c019943f45a38477af57e93424bf [term 0 FOLLOWER]: Consensus starting up: Expiring failure detector timer to make a prompt election more likely
I20260709 13:03:07.496595  8072 raft_consensus.cc:740] T 67c6eeee7e01480c918b716d261dcbf3 P 65f9c019943f45a38477af57e93424bf [term 0 FOLLOWER]: Becoming Follower/Learner. State: Replica: 65f9c019943f45a38477af57e93424bf, State: Initialized, Role: FOLLOWER
W20260709 13:03:07.496882  7847 leader_election.cc:343] T 6c0ed286ccc046daafaa9406760b9068 P 4f61414287ec460d9431bd8c76fb8ea0 [CANDIDATE]: Term 1 election: Tablet error from VoteRequest() call to peer c3e58813abbe4473b34bee2d6bf89a39 (127.7.24.131:38303): Illegal state: must be running to vote when last-logged opid is not known
I20260709 13:03:07.497267  8076 leader_election.cc:290] T 6c0ed286ccc046daafaa9406760b9068 P 4f61414287ec460d9431bd8c76fb8ea0 [CANDIDATE]: Term 1 election: Requested vote from peers 65f9c019943f45a38477af57e93424bf (127.7.24.130:33453), c3e58813abbe4473b34bee2d6bf89a39 (127.7.24.131:38303)
I20260709 13:03:07.497469  7957 raft_consensus.cc:2468] T 6c0ed286ccc046daafaa9406760b9068 P 65f9c019943f45a38477af57e93424bf [term 1 FOLLOWER]: Leader election vote request: Granting yes vote for candidate 4f61414287ec460d9431bd8c76fb8ea0 in term 1.
I20260709 13:03:07.498905  8072 consensus_queue.cc:260] T 67c6eeee7e01480c918b716d261dcbf3 P 65f9c019943f45a38477af57e93424bf [NON_LEADER]: Queue going to NON_LEADER mode. State: All replicated index: 0, Majority replicated index: 0, Committed index: 0, Last appended: 0.0, Last appended by leader: 0, Current term: 0, Majority size: -1, State: 0, Mode: NON_LEADER, active raft config: opid_index: -1 OBSOLETE_local: false peers { permanent_uuid: "c3e58813abbe4473b34bee2d6bf89a39" member_type: VOTER last_known_addr { host: "127.7.24.131" port: 38303 } } peers { permanent_uuid: "65f9c019943f45a38477af57e93424bf" member_type: VOTER last_known_addr { host: "127.7.24.130" port: 33453 } } peers { permanent_uuid: "4f61414287ec460d9431bd8c76fb8ea0" member_type: VOTER last_known_addr { host: "127.7.24.129" port: 35671 } }
I20260709 13:03:07.502909  7848 leader_election.cc:304] T 6c0ed286ccc046daafaa9406760b9068 P 4f61414287ec460d9431bd8c76fb8ea0 [CANDIDATE]: Term 1 election: Election decided. Result: candidate won. Election summary: received 3 responses out of 3 voters: 2 yes votes; 1 no votes. yes voters: 4f61414287ec460d9431bd8c76fb8ea0, 65f9c019943f45a38477af57e93424bf; no voters: c3e58813abbe4473b34bee2d6bf89a39
I20260709 13:03:07.503973  8072 ts_tablet_manager.cc:1434] T 67c6eeee7e01480c918b716d261dcbf3 P 65f9c019943f45a38477af57e93424bf: Time spent starting tablet: real 0.015s	user 0.006s	sys 0.000s
I20260709 13:03:07.504019  8076 raft_consensus.cc:2804] T 6c0ed286ccc046daafaa9406760b9068 P 4f61414287ec460d9431bd8c76fb8ea0 [term 1 FOLLOWER]: Leader election won for term 1
I20260709 13:03:07.504676  8076 raft_consensus.cc:697] T 6c0ed286ccc046daafaa9406760b9068 P 4f61414287ec460d9431bd8c76fb8ea0 [term 1 LEADER]: Becoming Leader. State: Replica: 4f61414287ec460d9431bd8c76fb8ea0, State: Running, Role: LEADER
I20260709 13:03:07.505365  8072 tablet_bootstrap.cc:492] T ea96c92e679e4dcf87a0b8800d2eb56a P 65f9c019943f45a38477af57e93424bf: Bootstrap starting.
I20260709 13:03:07.499843  8071 raft_consensus.cc:359] T ea96c92e679e4dcf87a0b8800d2eb56a P c3e58813abbe4473b34bee2d6bf89a39 [term 0 FOLLOWER]: Replica starting. Triggering 0 pending ops. Active config: opid_index: -1 OBSOLETE_local: false peers { permanent_uuid: "4f61414287ec460d9431bd8c76fb8ea0" member_type: VOTER last_known_addr { host: "127.7.24.129" port: 35671 } } peers { permanent_uuid: "65f9c019943f45a38477af57e93424bf" member_type: VOTER last_known_addr { host: "127.7.24.130" port: 33453 } } peers { permanent_uuid: "c3e58813abbe4473b34bee2d6bf89a39" member_type: VOTER last_known_addr { host: "127.7.24.131" port: 38303 } }
I20260709 13:03:07.510033  8071 raft_consensus.cc:385] T ea96c92e679e4dcf87a0b8800d2eb56a P c3e58813abbe4473b34bee2d6bf89a39 [term 0 FOLLOWER]: Consensus starting up: Expiring failure detector timer to make a prompt election more likely
I20260709 13:03:07.510475  8071 raft_consensus.cc:740] T ea96c92e679e4dcf87a0b8800d2eb56a P c3e58813abbe4473b34bee2d6bf89a39 [term 0 FOLLOWER]: Becoming Follower/Learner. State: Replica: c3e58813abbe4473b34bee2d6bf89a39, State: Initialized, Role: FOLLOWER
I20260709 13:03:07.505455  8076 consensus_queue.cc:237] T 6c0ed286ccc046daafaa9406760b9068 P 4f61414287ec460d9431bd8c76fb8ea0 [LEADER]: Queue going to LEADER mode. State: All replicated index: 0, Majority replicated index: 0, Committed index: 0, Last appended: 0.0, Last appended by leader: 0, Current term: 1, Majority size: 2, State: 0, Mode: LEADER, active raft config: opid_index: -1 OBSOLETE_local: false peers { permanent_uuid: "4f61414287ec460d9431bd8c76fb8ea0" member_type: VOTER last_known_addr { host: "127.7.24.129" port: 35671 } } peers { permanent_uuid: "65f9c019943f45a38477af57e93424bf" member_type: VOTER last_known_addr { host: "127.7.24.130" port: 33453 } } peers { permanent_uuid: "c3e58813abbe4473b34bee2d6bf89a39" member_type: VOTER last_known_addr { host: "127.7.24.131" port: 38303 } }
I20260709 13:03:07.511603  8071 consensus_queue.cc:260] T ea96c92e679e4dcf87a0b8800d2eb56a P c3e58813abbe4473b34bee2d6bf89a39 [NON_LEADER]: Queue going to NON_LEADER mode. State: All replicated index: 0, Majority replicated index: 0, Committed index: 0, Last appended: 0.0, Last appended by leader: 0, Current term: 0, Majority size: -1, State: 0, Mode: NON_LEADER, active raft config: opid_index: -1 OBSOLETE_local: false peers { permanent_uuid: "4f61414287ec460d9431bd8c76fb8ea0" member_type: VOTER last_known_addr { host: "127.7.24.129" port: 35671 } } peers { permanent_uuid: "65f9c019943f45a38477af57e93424bf" member_type: VOTER last_known_addr { host: "127.7.24.130" port: 33453 } } peers { permanent_uuid: "c3e58813abbe4473b34bee2d6bf89a39" member_type: VOTER last_known_addr { host: "127.7.24.131" port: 38303 } }
I20260709 13:03:07.514586  8071 ts_tablet_manager.cc:1434] T ea96c92e679e4dcf87a0b8800d2eb56a P c3e58813abbe4473b34bee2d6bf89a39: Time spent starting tablet: real 0.023s	user 0.007s	sys 0.002s
I20260709 13:03:07.515873  8071 tablet_bootstrap.cc:492] T 06059efece55460a937221eb02fcf6c2 P c3e58813abbe4473b34bee2d6bf89a39: Bootstrap starting.
I20260709 13:03:07.515081  7780 catalog_manager.cc:5697] T e57c5eb573ac44309c27035faf80538a P c3e58813abbe4473b34bee2d6bf89a39 reported cstate change: term changed from 0 to 1, leader changed from <none> to c3e58813abbe4473b34bee2d6bf89a39 (127.7.24.131). New cstate: current_term: 1 leader_uuid: "c3e58813abbe4473b34bee2d6bf89a39" committed_config { opid_index: -1 OBSOLETE_local: false peers { permanent_uuid: "4f61414287ec460d9431bd8c76fb8ea0" member_type: VOTER last_known_addr { host: "127.7.24.129" port: 35671 } health_report { overall_health: UNKNOWN } } peers { permanent_uuid: "65f9c019943f45a38477af57e93424bf" member_type: VOTER last_known_addr { host: "127.7.24.130" port: 33453 } health_report { overall_health: UNKNOWN } } peers { permanent_uuid: "c3e58813abbe4473b34bee2d6bf89a39" member_type: VOTER last_known_addr { host: "127.7.24.131" port: 38303 } health_report { overall_health: HEALTHY } } }
I20260709 13:03:07.519783  8079 raft_consensus.cc:493] T e57c5eb573ac44309c27035faf80538a P 65f9c019943f45a38477af57e93424bf [term 0 FOLLOWER]: Starting pre-election (no leader contacted us within the election timeout)
I20260709 13:03:07.520332  8079 raft_consensus.cc:515] T e57c5eb573ac44309c27035faf80538a P 65f9c019943f45a38477af57e93424bf [term 0 FOLLOWER]: Starting pre-election with config: opid_index: -1 OBSOLETE_local: false peers { permanent_uuid: "4f61414287ec460d9431bd8c76fb8ea0" member_type: VOTER last_known_addr { host: "127.7.24.129" port: 35671 } } peers { permanent_uuid: "65f9c019943f45a38477af57e93424bf" member_type: VOTER last_known_addr { host: "127.7.24.130" port: 33453 } } peers { permanent_uuid: "c3e58813abbe4473b34bee2d6bf89a39" member_type: VOTER last_known_addr { host: "127.7.24.131" port: 38303 } }
I20260709 13:03:07.523618  8091 raft_consensus.cc:493] T ea96c92e679e4dcf87a0b8800d2eb56a P c3e58813abbe4473b34bee2d6bf89a39 [term 0 FOLLOWER]: Starting pre-election (no leader contacted us within the election timeout)
I20260709 13:03:07.524147  8091 raft_consensus.cc:515] T ea96c92e679e4dcf87a0b8800d2eb56a P c3e58813abbe4473b34bee2d6bf89a39 [term 0 FOLLOWER]: Starting pre-election with config: opid_index: -1 OBSOLETE_local: false peers { permanent_uuid: "4f61414287ec460d9431bd8c76fb8ea0" member_type: VOTER last_known_addr { host: "127.7.24.129" port: 35671 } } peers { permanent_uuid: "65f9c019943f45a38477af57e93424bf" member_type: VOTER last_known_addr { host: "127.7.24.130" port: 33453 } } peers { permanent_uuid: "c3e58813abbe4473b34bee2d6bf89a39" member_type: VOTER last_known_addr { host: "127.7.24.131" port: 38303 } }
I20260709 13:03:07.528321  8091 leader_election.cc:290] T ea96c92e679e4dcf87a0b8800d2eb56a P c3e58813abbe4473b34bee2d6bf89a39 [CANDIDATE]: Term 1 pre-election: Requested pre-vote from peers 4f61414287ec460d9431bd8c76fb8ea0 (127.7.24.129:35671), 65f9c019943f45a38477af57e93424bf (127.7.24.130:33453)
I20260709 13:03:07.528612  8079 leader_election.cc:290] T e57c5eb573ac44309c27035faf80538a P 65f9c019943f45a38477af57e93424bf [CANDIDATE]: Term 1 pre-election: Requested pre-vote from peers 4f61414287ec460d9431bd8c76fb8ea0 (127.7.24.129:35671), c3e58813abbe4473b34bee2d6bf89a39 (127.7.24.131:38303)
I20260709 13:03:07.529070  7882 tablet_service.cc:1917] Received RequestConsensusVote() RPC: tablet_id: "ea96c92e679e4dcf87a0b8800d2eb56a" candidate_uuid: "c3e58813abbe4473b34bee2d6bf89a39" candidate_term: 1 candidate_status { last_received { term: 0 index: 0 } } ignore_live_leader: false dest_uuid: "4f61414287ec460d9431bd8c76fb8ea0" is_pre_election: true
I20260709 13:03:07.529717  7882 raft_consensus.cc:2468] T ea96c92e679e4dcf87a0b8800d2eb56a P 4f61414287ec460d9431bd8c76fb8ea0 [term 0 FOLLOWER]: Leader pre-election vote request: Granting yes vote for candidate c3e58813abbe4473b34bee2d6bf89a39 in term 0.
I20260709 13:03:07.529774  7957 tablet_service.cc:1917] Received RequestConsensusVote() RPC: tablet_id: "ea96c92e679e4dcf87a0b8800d2eb56a" candidate_uuid: "c3e58813abbe4473b34bee2d6bf89a39" candidate_term: 1 candidate_status { last_received { term: 0 index: 0 } } ignore_live_leader: false dest_uuid: "65f9c019943f45a38477af57e93424bf" is_pre_election: true
I20260709 13:03:07.531134  7994 leader_election.cc:304] T ea96c92e679e4dcf87a0b8800d2eb56a P c3e58813abbe4473b34bee2d6bf89a39 [CANDIDATE]: Term 1 pre-election: Election decided. Result: candidate won. Election summary: received 2 responses out of 3 voters: 2 yes votes; 0 no votes. yes voters: 4f61414287ec460d9431bd8c76fb8ea0, c3e58813abbe4473b34bee2d6bf89a39; no voters: 
I20260709 13:03:07.532021  8091 raft_consensus.cc:2804] T ea96c92e679e4dcf87a0b8800d2eb56a P c3e58813abbe4473b34bee2d6bf89a39 [term 0 FOLLOWER]: Leader pre-election won for term 1
I20260709 13:03:07.531430  7779 catalog_manager.cc:5697] T 6c0ed286ccc046daafaa9406760b9068 P 4f61414287ec460d9431bd8c76fb8ea0 reported cstate change: term changed from 0 to 1, leader changed from <none> to 4f61414287ec460d9431bd8c76fb8ea0 (127.7.24.129). New cstate: current_term: 1 leader_uuid: "4f61414287ec460d9431bd8c76fb8ea0" committed_config { opid_index: -1 OBSOLETE_local: false peers { permanent_uuid: "4f61414287ec460d9431bd8c76fb8ea0" member_type: VOTER last_known_addr { host: "127.7.24.129" port: 35671 } health_report { overall_health: HEALTHY } } peers { permanent_uuid: "65f9c019943f45a38477af57e93424bf" member_type: VOTER last_known_addr { host: "127.7.24.130" port: 33453 } health_report { overall_health: UNKNOWN } } peers { permanent_uuid: "c3e58813abbe4473b34bee2d6bf89a39" member_type: VOTER last_known_addr { host: "127.7.24.131" port: 38303 } health_report { overall_health: UNKNOWN } } }
W20260709 13:03:07.532346  7997 leader_election.cc:343] T ea96c92e679e4dcf87a0b8800d2eb56a P c3e58813abbe4473b34bee2d6bf89a39 [CANDIDATE]: Term 1 pre-election: Tablet error from VoteRequest() call to peer 65f9c019943f45a38477af57e93424bf (127.7.24.130:33453): Illegal state: must be running to vote when last-logged opid is not known
I20260709 13:03:07.532433  8091 raft_consensus.cc:493] T ea96c92e679e4dcf87a0b8800d2eb56a P c3e58813abbe4473b34bee2d6bf89a39 [term 0 FOLLOWER]: Starting leader election (no leader contacted us within the election timeout)
I20260709 13:03:07.532905  8091 raft_consensus.cc:3060] T ea96c92e679e4dcf87a0b8800d2eb56a P c3e58813abbe4473b34bee2d6bf89a39 [term 0 FOLLOWER]: Advancing to term 1
I20260709 13:03:07.538292  8073 ts_tablet_manager.cc:1434] T d3ddfe6454bc4e2497a17d2efff41e47 P 4f61414287ec460d9431bd8c76fb8ea0: Time spent starting tablet: real 0.049s	user 0.011s	sys 0.026s
I20260709 13:03:07.539438  8073 tablet_bootstrap.cc:492] T 67c6eeee7e01480c918b716d261dcbf3 P 4f61414287ec460d9431bd8c76fb8ea0: Bootstrap starting.
I20260709 13:03:07.539667  8072 tablet_bootstrap.cc:654] T ea96c92e679e4dcf87a0b8800d2eb56a P 65f9c019943f45a38477af57e93424bf: Neither blocks nor log segments found. Creating new log.
I20260709 13:03:07.544044  8071 tablet_bootstrap.cc:654] T 06059efece55460a937221eb02fcf6c2 P c3e58813abbe4473b34bee2d6bf89a39: Neither blocks nor log segments found. Creating new log.
I20260709 13:03:07.543849  8091 raft_consensus.cc:515] T ea96c92e679e4dcf87a0b8800d2eb56a P c3e58813abbe4473b34bee2d6bf89a39 [term 1 FOLLOWER]: Starting leader election with config: opid_index: -1 OBSOLETE_local: false peers { permanent_uuid: "4f61414287ec460d9431bd8c76fb8ea0" member_type: VOTER last_known_addr { host: "127.7.24.129" port: 35671 } } peers { permanent_uuid: "65f9c019943f45a38477af57e93424bf" member_type: VOTER last_known_addr { host: "127.7.24.130" port: 33453 } } peers { permanent_uuid: "c3e58813abbe4473b34bee2d6bf89a39" member_type: VOTER last_known_addr { host: "127.7.24.131" port: 38303 } }
I20260709 13:03:07.547714  8073 tablet_bootstrap.cc:654] T 67c6eeee7e01480c918b716d261dcbf3 P 4f61414287ec460d9431bd8c76fb8ea0: Neither blocks nor log segments found. Creating new log.
I20260709 13:03:07.547638  7957 tablet_service.cc:1917] Received RequestConsensusVote() RPC: tablet_id: "ea96c92e679e4dcf87a0b8800d2eb56a" candidate_uuid: "c3e58813abbe4473b34bee2d6bf89a39" candidate_term: 1 candidate_status { last_received { term: 0 index: 0 } } ignore_live_leader: false dest_uuid: "65f9c019943f45a38477af57e93424bf"
I20260709 13:03:07.547638  7882 tablet_service.cc:1917] Received RequestConsensusVote() RPC: tablet_id: "ea96c92e679e4dcf87a0b8800d2eb56a" candidate_uuid: "c3e58813abbe4473b34bee2d6bf89a39" candidate_term: 1 candidate_status { last_received { term: 0 index: 0 } } ignore_live_leader: false dest_uuid: "4f61414287ec460d9431bd8c76fb8ea0"
I20260709 13:03:07.548709  7882 raft_consensus.cc:3060] T ea96c92e679e4dcf87a0b8800d2eb56a P 4f61414287ec460d9431bd8c76fb8ea0 [term 0 FOLLOWER]: Advancing to term 1
W20260709 13:03:07.549945  7997 leader_election.cc:343] T ea96c92e679e4dcf87a0b8800d2eb56a P c3e58813abbe4473b34bee2d6bf89a39 [CANDIDATE]: Term 1 election: Tablet error from VoteRequest() call to peer 65f9c019943f45a38477af57e93424bf (127.7.24.130:33453): Illegal state: must be running to vote when last-logged opid is not known
I20260709 13:03:07.551466  8091 leader_election.cc:290] T ea96c92e679e4dcf87a0b8800d2eb56a P c3e58813abbe4473b34bee2d6bf89a39 [CANDIDATE]: Term 1 election: Requested vote from peers 4f61414287ec460d9431bd8c76fb8ea0 (127.7.24.129:35671), 65f9c019943f45a38477af57e93424bf (127.7.24.130:33453)
I20260709 13:03:07.558450  7881 tablet_service.cc:1917] Received RequestConsensusVote() RPC: tablet_id: "e57c5eb573ac44309c27035faf80538a" candidate_uuid: "65f9c019943f45a38477af57e93424bf" candidate_term: 1 candidate_status { last_received { term: 0 index: 0 } } ignore_live_leader: false dest_uuid: "4f61414287ec460d9431bd8c76fb8ea0" is_pre_election: true
I20260709 13:03:07.560353  7881 raft_consensus.cc:2393] T e57c5eb573ac44309c27035faf80538a P 4f61414287ec460d9431bd8c76fb8ea0 [term 1 FOLLOWER]: Leader pre-election vote request: Denying vote to candidate 65f9c019943f45a38477af57e93424bf in current term 1: Already voted for candidate c3e58813abbe4473b34bee2d6bf89a39 in this term.
W20260709 13:03:07.577706  7828 auto_rebalancer.cc:288] Could not retrieve cluster info: Service unavailable: Tablet not running
I20260709 13:03:07.579121  8096 raft_consensus.cc:493] T 61e923085c234189895ee8027331c599 P 4f61414287ec460d9431bd8c76fb8ea0 [term 0 FOLLOWER]: Starting pre-election (no leader contacted us within the election timeout)
I20260709 13:03:07.579810  8096 raft_consensus.cc:515] T 61e923085c234189895ee8027331c599 P 4f61414287ec460d9431bd8c76fb8ea0 [term 0 FOLLOWER]: Starting pre-election with config: opid_index: -1 OBSOLETE_local: false peers { permanent_uuid: "4f61414287ec460d9431bd8c76fb8ea0" member_type: VOTER last_known_addr { host: "127.7.24.129" port: 35671 } } peers { permanent_uuid: "65f9c019943f45a38477af57e93424bf" member_type: VOTER last_known_addr { host: "127.7.24.130" port: 33453 } } peers { permanent_uuid: "c3e58813abbe4473b34bee2d6bf89a39" member_type: VOTER last_known_addr { host: "127.7.24.131" port: 38303 } }
I20260709 13:03:07.581785  8079 raft_consensus.cc:493] T 67c6eeee7e01480c918b716d261dcbf3 P 65f9c019943f45a38477af57e93424bf [term 0 FOLLOWER]: Starting pre-election (no leader contacted us within the election timeout)
I20260709 13:03:07.582449  8079 raft_consensus.cc:515] T 67c6eeee7e01480c918b716d261dcbf3 P 65f9c019943f45a38477af57e93424bf [term 0 FOLLOWER]: Starting pre-election with config: opid_index: -1 OBSOLETE_local: false peers { permanent_uuid: "c3e58813abbe4473b34bee2d6bf89a39" member_type: VOTER last_known_addr { host: "127.7.24.131" port: 38303 } } peers { permanent_uuid: "65f9c019943f45a38477af57e93424bf" member_type: VOTER last_known_addr { host: "127.7.24.130" port: 33453 } } peers { permanent_uuid: "4f61414287ec460d9431bd8c76fb8ea0" member_type: VOTER last_known_addr { host: "127.7.24.129" port: 35671 } }
I20260709 13:03:07.583640  7957 tablet_service.cc:1917] Received RequestConsensusVote() RPC: tablet_id: "61e923085c234189895ee8027331c599" candidate_uuid: "4f61414287ec460d9431bd8c76fb8ea0" candidate_term: 1 candidate_status { last_received { term: 0 index: 0 } } ignore_live_leader: false dest_uuid: "65f9c019943f45a38477af57e93424bf" is_pre_election: true
I20260709 13:03:07.585059  8079 leader_election.cc:290] T 67c6eeee7e01480c918b716d261dcbf3 P 65f9c019943f45a38477af57e93424bf [CANDIDATE]: Term 1 pre-election: Requested pre-vote from peers c3e58813abbe4473b34bee2d6bf89a39 (127.7.24.131:38303), 4f61414287ec460d9431bd8c76fb8ea0 (127.7.24.129:35671)
W20260709 13:03:07.585847  7848 leader_election.cc:343] T 61e923085c234189895ee8027331c599 P 4f61414287ec460d9431bd8c76fb8ea0 [CANDIDATE]: Term 1 pre-election: Tablet error from VoteRequest() call to peer 65f9c019943f45a38477af57e93424bf (127.7.24.130:33453): Illegal state: must be running to vote when last-logged opid is not known
I20260709 13:03:07.587909  7881 tablet_service.cc:1917] Received RequestConsensusVote() RPC: tablet_id: "67c6eeee7e01480c918b716d261dcbf3" candidate_uuid: "65f9c019943f45a38477af57e93424bf" candidate_term: 1 candidate_status { last_received { term: 0 index: 0 } } ignore_live_leader: false dest_uuid: "4f61414287ec460d9431bd8c76fb8ea0" is_pre_election: true
I20260709 13:03:07.588728  8031 tablet_service.cc:1917] Received RequestConsensusVote() RPC: tablet_id: "61e923085c234189895ee8027331c599" candidate_uuid: "4f61414287ec460d9431bd8c76fb8ea0" candidate_term: 1 candidate_status { last_received { term: 0 index: 0 } } ignore_live_leader: false dest_uuid: "c3e58813abbe4473b34bee2d6bf89a39" is_pre_election: true
W20260709 13:03:07.589931  7920 leader_election.cc:343] T 67c6eeee7e01480c918b716d261dcbf3 P 65f9c019943f45a38477af57e93424bf [CANDIDATE]: Term 1 pre-election: Tablet error from VoteRequest() call to peer 4f61414287ec460d9431bd8c76fb8ea0 (127.7.24.129:35671): Illegal state: must be running to vote when last-logged opid is not known
W20260709 13:03:07.590677  7847 leader_election.cc:343] T 61e923085c234189895ee8027331c599 P 4f61414287ec460d9431bd8c76fb8ea0 [CANDIDATE]: Term 1 pre-election: Tablet error from VoteRequest() call to peer c3e58813abbe4473b34bee2d6bf89a39 (127.7.24.131:38303): Illegal state: must be running to vote when last-logged opid is not known
I20260709 13:03:07.591289  7847 leader_election.cc:304] T 61e923085c234189895ee8027331c599 P 4f61414287ec460d9431bd8c76fb8ea0 [CANDIDATE]: Term 1 pre-election: Election decided. Result: candidate lost. Election summary: received 3 responses out of 3 voters: 1 yes votes; 2 no votes. yes voters: 4f61414287ec460d9431bd8c76fb8ea0; no voters: 65f9c019943f45a38477af57e93424bf, c3e58813abbe4473b34bee2d6bf89a39
I20260709 13:03:07.592460  8076 raft_consensus.cc:2749] T 61e923085c234189895ee8027331c599 P 4f61414287ec460d9431bd8c76fb8ea0 [term 0 FOLLOWER]: Leader pre-election lost for term 1. Reason: could not achieve majority
I20260709 13:03:07.593279  8091 raft_consensus.cc:493] T 67c6eeee7e01480c918b716d261dcbf3 P c3e58813abbe4473b34bee2d6bf89a39 [term 0 FOLLOWER]: Starting pre-election (no leader contacted us within the election timeout)
I20260709 13:03:07.593494  8096 leader_election.cc:290] T 61e923085c234189895ee8027331c599 P 4f61414287ec460d9431bd8c76fb8ea0 [CANDIDATE]: Term 1 pre-election: Requested pre-vote from peers 65f9c019943f45a38477af57e93424bf (127.7.24.130:33453), c3e58813abbe4473b34bee2d6bf89a39 (127.7.24.131:38303)
I20260709 13:03:07.593959  8091 raft_consensus.cc:515] T 67c6eeee7e01480c918b716d261dcbf3 P c3e58813abbe4473b34bee2d6bf89a39 [term 0 FOLLOWER]: Starting pre-election with config: opid_index: -1 OBSOLETE_local: false peers { permanent_uuid: "c3e58813abbe4473b34bee2d6bf89a39" member_type: VOTER last_known_addr { host: "127.7.24.131" port: 38303 } } peers { permanent_uuid: "65f9c019943f45a38477af57e93424bf" member_type: VOTER last_known_addr { host: "127.7.24.130" port: 33453 } } peers { permanent_uuid: "4f61414287ec460d9431bd8c76fb8ea0" member_type: VOTER last_known_addr { host: "127.7.24.129" port: 35671 } }
I20260709 13:03:07.590643  7882 raft_consensus.cc:2468] T ea96c92e679e4dcf87a0b8800d2eb56a P 4f61414287ec460d9431bd8c76fb8ea0 [term 1 FOLLOWER]: Leader election vote request: Granting yes vote for candidate c3e58813abbe4473b34bee2d6bf89a39 in term 1.
I20260709 13:03:07.598114  8091 leader_election.cc:290] T 67c6eeee7e01480c918b716d261dcbf3 P c3e58813abbe4473b34bee2d6bf89a39 [CANDIDATE]: Term 1 pre-election: Requested pre-vote from peers 65f9c019943f45a38477af57e93424bf (127.7.24.130:33453), 4f61414287ec460d9431bd8c76fb8ea0 (127.7.24.129:35671)
I20260709 13:03:07.599776  7957 tablet_service.cc:1917] Received RequestConsensusVote() RPC: tablet_id: "67c6eeee7e01480c918b716d261dcbf3" candidate_uuid: "c3e58813abbe4473b34bee2d6bf89a39" candidate_term: 1 candidate_status { last_received { term: 0 index: 0 } } ignore_live_leader: false dest_uuid: "65f9c019943f45a38477af57e93424bf" is_pre_election: true
I20260709 13:03:07.600629  7957 raft_consensus.cc:2468] T 67c6eeee7e01480c918b716d261dcbf3 P 65f9c019943f45a38477af57e93424bf [term 0 FOLLOWER]: Leader pre-election vote request: Granting yes vote for candidate c3e58813abbe4473b34bee2d6bf89a39 in term 0.
I20260709 13:03:07.603296  7882 tablet_service.cc:1917] Received RequestConsensusVote() RPC: tablet_id: "67c6eeee7e01480c918b716d261dcbf3" candidate_uuid: "c3e58813abbe4473b34bee2d6bf89a39" candidate_term: 1 candidate_status { last_received { term: 0 index: 0 } } ignore_live_leader: false dest_uuid: "4f61414287ec460d9431bd8c76fb8ea0" is_pre_election: true
I20260709 13:03:07.603251  7994 leader_election.cc:304] T ea96c92e679e4dcf87a0b8800d2eb56a P c3e58813abbe4473b34bee2d6bf89a39 [CANDIDATE]: Term 1 election: Election decided. Result: candidate won. Election summary: received 3 responses out of 3 voters: 2 yes votes; 1 no votes. yes voters: 4f61414287ec460d9431bd8c76fb8ea0, c3e58813abbe4473b34bee2d6bf89a39; no voters: 65f9c019943f45a38477af57e93424bf
I20260709 13:03:07.604878  7997 leader_election.cc:304] T 67c6eeee7e01480c918b716d261dcbf3 P c3e58813abbe4473b34bee2d6bf89a39 [CANDIDATE]: Term 1 pre-election: Election decided. Result: candidate won. Election summary: received 2 responses out of 3 voters: 2 yes votes; 0 no votes. yes voters: 65f9c019943f45a38477af57e93424bf, c3e58813abbe4473b34bee2d6bf89a39; no voters: 
W20260709 13:03:07.606098  7994 leader_election.cc:343] T 67c6eeee7e01480c918b716d261dcbf3 P c3e58813abbe4473b34bee2d6bf89a39 [CANDIDATE]: Term 1 pre-election: Tablet error from VoteRequest() call to peer 4f61414287ec460d9431bd8c76fb8ea0 (127.7.24.129:35671): Illegal state: must be running to vote when last-logged opid is not known
I20260709 13:03:07.606149  8078 raft_consensus.cc:2804] T ea96c92e679e4dcf87a0b8800d2eb56a P c3e58813abbe4473b34bee2d6bf89a39 [term 1 FOLLOWER]: Leader election won for term 1
I20260709 13:03:07.607613  8091 raft_consensus.cc:2804] T 67c6eeee7e01480c918b716d261dcbf3 P c3e58813abbe4473b34bee2d6bf89a39 [term 0 FOLLOWER]: Leader pre-election won for term 1
I20260709 13:03:07.608737  8091 raft_consensus.cc:493] T 67c6eeee7e01480c918b716d261dcbf3 P c3e58813abbe4473b34bee2d6bf89a39 [term 0 FOLLOWER]: Starting leader election (no leader contacted us within the election timeout)
I20260709 13:03:07.609794  8091 raft_consensus.cc:3060] T 67c6eeee7e01480c918b716d261dcbf3 P c3e58813abbe4473b34bee2d6bf89a39 [term 0 FOLLOWER]: Advancing to term 1
I20260709 13:03:07.629199  8073 tablet_bootstrap.cc:492] T 67c6eeee7e01480c918b716d261dcbf3 P 4f61414287ec460d9431bd8c76fb8ea0: No bootstrap required, opened a new log
I20260709 13:03:07.630057  8073 ts_tablet_manager.cc:1403] T 67c6eeee7e01480c918b716d261dcbf3 P 4f61414287ec460d9431bd8c76fb8ea0: Time spent bootstrapping tablet: real 0.091s	user 0.041s	sys 0.037s
I20260709 13:03:07.633595  8071 tablet_bootstrap.cc:492] T 06059efece55460a937221eb02fcf6c2 P c3e58813abbe4473b34bee2d6bf89a39: No bootstrap required, opened a new log
I20260709 13:03:07.633378  8073 raft_consensus.cc:359] T 67c6eeee7e01480c918b716d261dcbf3 P 4f61414287ec460d9431bd8c76fb8ea0 [term 0 FOLLOWER]: Replica starting. Triggering 0 pending ops. Active config: opid_index: -1 OBSOLETE_local: false peers { permanent_uuid: "c3e58813abbe4473b34bee2d6bf89a39" member_type: VOTER last_known_addr { host: "127.7.24.131" port: 38303 } } peers { permanent_uuid: "65f9c019943f45a38477af57e93424bf" member_type: VOTER last_known_addr { host: "127.7.24.130" port: 33453 } } peers { permanent_uuid: "4f61414287ec460d9431bd8c76fb8ea0" member_type: VOTER last_known_addr { host: "127.7.24.129" port: 35671 } }
I20260709 13:03:07.634196  8072 tablet_bootstrap.cc:492] T ea96c92e679e4dcf87a0b8800d2eb56a P 65f9c019943f45a38477af57e93424bf: No bootstrap required, opened a new log
I20260709 13:03:07.634227  8071 ts_tablet_manager.cc:1403] T 06059efece55460a937221eb02fcf6c2 P c3e58813abbe4473b34bee2d6bf89a39: Time spent bootstrapping tablet: real 0.119s	user 0.046s	sys 0.043s
I20260709 13:03:07.634325  8073 raft_consensus.cc:385] T 67c6eeee7e01480c918b716d261dcbf3 P 4f61414287ec460d9431bd8c76fb8ea0 [term 0 FOLLOWER]: Consensus starting up: Expiring failure detector timer to make a prompt election more likely
I20260709 13:03:07.634917  8072 ts_tablet_manager.cc:1403] T ea96c92e679e4dcf87a0b8800d2eb56a P 65f9c019943f45a38477af57e93424bf: Time spent bootstrapping tablet: real 0.130s	user 0.034s	sys 0.044s
I20260709 13:03:07.634949  8073 raft_consensus.cc:740] T 67c6eeee7e01480c918b716d261dcbf3 P 4f61414287ec460d9431bd8c76fb8ea0 [term 0 FOLLOWER]: Becoming Follower/Learner. State: Replica: 4f61414287ec460d9431bd8c76fb8ea0, State: Initialized, Role: FOLLOWER
I20260709 13:03:07.636075  8073 consensus_queue.cc:260] T 67c6eeee7e01480c918b716d261dcbf3 P 4f61414287ec460d9431bd8c76fb8ea0 [NON_LEADER]: Queue going to NON_LEADER mode. State: All replicated index: 0, Majority replicated index: 0, Committed index: 0, Last appended: 0.0, Last appended by leader: 0, Current term: 0, Majority size: -1, State: 0, Mode: NON_LEADER, active raft config: opid_index: -1 OBSOLETE_local: false peers { permanent_uuid: "c3e58813abbe4473b34bee2d6bf89a39" member_type: VOTER last_known_addr { host: "127.7.24.131" port: 38303 } } peers { permanent_uuid: "65f9c019943f45a38477af57e93424bf" member_type: VOTER last_known_addr { host: "127.7.24.130" port: 33453 } } peers { permanent_uuid: "4f61414287ec460d9431bd8c76fb8ea0" member_type: VOTER last_known_addr { host: "127.7.24.129" port: 35671 } }
I20260709 13:03:07.636590  8031 tablet_service.cc:1917] Received RequestConsensusVote() RPC: tablet_id: "e57c5eb573ac44309c27035faf80538a" candidate_uuid: "65f9c019943f45a38477af57e93424bf" candidate_term: 1 candidate_status { last_received { term: 0 index: 0 } } ignore_live_leader: false dest_uuid: "c3e58813abbe4473b34bee2d6bf89a39" is_pre_election: true
I20260709 13:03:07.636626  8030 tablet_service.cc:1917] Received RequestConsensusVote() RPC: tablet_id: "67c6eeee7e01480c918b716d261dcbf3" candidate_uuid: "65f9c019943f45a38477af57e93424bf" candidate_term: 1 candidate_status { last_received { term: 0 index: 0 } } ignore_live_leader: false dest_uuid: "c3e58813abbe4473b34bee2d6bf89a39" is_pre_election: true
I20260709 13:03:07.638067  8072 raft_consensus.cc:359] T ea96c92e679e4dcf87a0b8800d2eb56a P 65f9c019943f45a38477af57e93424bf [term 0 FOLLOWER]: Replica starting. Triggering 0 pending ops. Active config: opid_index: -1 OBSOLETE_local: false peers { permanent_uuid: "4f61414287ec460d9431bd8c76fb8ea0" member_type: VOTER last_known_addr { host: "127.7.24.129" port: 35671 } } peers { permanent_uuid: "65f9c019943f45a38477af57e93424bf" member_type: VOTER last_known_addr { host: "127.7.24.130" port: 33453 } } peers { permanent_uuid: "c3e58813abbe4473b34bee2d6bf89a39" member_type: VOTER last_known_addr { host: "127.7.24.131" port: 38303 } }
I20260709 13:03:07.638424  7922 leader_election.cc:304] T e57c5eb573ac44309c27035faf80538a P 65f9c019943f45a38477af57e93424bf [CANDIDATE]: Term 1 pre-election: Election decided. Result: candidate lost. Election summary: received 3 responses out of 3 voters: 1 yes votes; 2 no votes. yes voters: 65f9c019943f45a38477af57e93424bf; no voters: 4f61414287ec460d9431bd8c76fb8ea0, c3e58813abbe4473b34bee2d6bf89a39
I20260709 13:03:07.638756  8073 ts_tablet_manager.cc:1434] T 67c6eeee7e01480c918b716d261dcbf3 P 4f61414287ec460d9431bd8c76fb8ea0: Time spent starting tablet: real 0.008s	user 0.006s	sys 0.001s
I20260709 13:03:07.638775  8071 raft_consensus.cc:359] T 06059efece55460a937221eb02fcf6c2 P c3e58813abbe4473b34bee2d6bf89a39 [term 0 FOLLOWER]: Replica starting. Triggering 0 pending ops. Active config: opid_index: -1 OBSOLETE_local: false peers { permanent_uuid: "4f61414287ec460d9431bd8c76fb8ea0" member_type: VOTER last_known_addr { host: "127.7.24.129" port: 35671 } } peers { permanent_uuid: "65f9c019943f45a38477af57e93424bf" member_type: VOTER last_known_addr { host: "127.7.24.130" port: 33453 } } peers { permanent_uuid: "c3e58813abbe4473b34bee2d6bf89a39" member_type: VOTER last_known_addr { host: "127.7.24.131" port: 38303 } }
I20260709 13:03:07.639616  8079 raft_consensus.cc:3060] T e57c5eb573ac44309c27035faf80538a P 65f9c019943f45a38477af57e93424bf [term 0 FOLLOWER]: Advancing to term 1
I20260709 13:03:07.639837  8073 tablet_bootstrap.cc:492] T 06059efece55460a937221eb02fcf6c2 P 4f61414287ec460d9431bd8c76fb8ea0: Bootstrap starting.
I20260709 13:03:07.639880  8071 raft_consensus.cc:385] T 06059efece55460a937221eb02fcf6c2 P c3e58813abbe4473b34bee2d6bf89a39 [term 0 FOLLOWER]: Consensus starting up: Expiring failure detector timer to make a prompt election more likely
I20260709 13:03:07.640455  8071 raft_consensus.cc:740] T 06059efece55460a937221eb02fcf6c2 P c3e58813abbe4473b34bee2d6bf89a39 [term 0 FOLLOWER]: Becoming Follower/Learner. State: Replica: c3e58813abbe4473b34bee2d6bf89a39, State: Initialized, Role: FOLLOWER
I20260709 13:03:07.641407  8071 consensus_queue.cc:260] T 06059efece55460a937221eb02fcf6c2 P c3e58813abbe4473b34bee2d6bf89a39 [NON_LEADER]: Queue going to NON_LEADER mode. State: All replicated index: 0, Majority replicated index: 0, Committed index: 0, Last appended: 0.0, Last appended by leader: 0, Current term: 0, Majority size: -1, State: 0, Mode: NON_LEADER, active raft config: opid_index: -1 OBSOLETE_local: false peers { permanent_uuid: "4f61414287ec460d9431bd8c76fb8ea0" member_type: VOTER last_known_addr { host: "127.7.24.129" port: 35671 } } peers { permanent_uuid: "65f9c019943f45a38477af57e93424bf" member_type: VOTER last_known_addr { host: "127.7.24.130" port: 33453 } } peers { permanent_uuid: "c3e58813abbe4473b34bee2d6bf89a39" member_type: VOTER last_known_addr { host: "127.7.24.131" port: 38303 } }
I20260709 13:03:07.645593  8072 raft_consensus.cc:385] T ea96c92e679e4dcf87a0b8800d2eb56a P 65f9c019943f45a38477af57e93424bf [term 0 FOLLOWER]: Consensus starting up: Expiring failure detector timer to make a prompt election more likely
I20260709 13:03:07.646054  8072 raft_consensus.cc:740] T ea96c92e679e4dcf87a0b8800d2eb56a P 65f9c019943f45a38477af57e93424bf [term 0 FOLLOWER]: Becoming Follower/Learner. State: Replica: 65f9c019943f45a38477af57e93424bf, State: Initialized, Role: FOLLOWER
I20260709 13:03:07.647127  8073 tablet_bootstrap.cc:654] T 06059efece55460a937221eb02fcf6c2 P 4f61414287ec460d9431bd8c76fb8ea0: Neither blocks nor log segments found. Creating new log.
I20260709 13:03:07.648415  8079 raft_consensus.cc:2749] T e57c5eb573ac44309c27035faf80538a P 65f9c019943f45a38477af57e93424bf [term 1 FOLLOWER]: Leader pre-election lost for term 1. Reason: could not achieve majority
I20260709 13:03:07.649262  8072 consensus_queue.cc:260] T ea96c92e679e4dcf87a0b8800d2eb56a P 65f9c019943f45a38477af57e93424bf [NON_LEADER]: Queue going to NON_LEADER mode. State: All replicated index: 0, Majority replicated index: 0, Committed index: 0, Last appended: 0.0, Last appended by leader: 0, Current term: 0, Majority size: -1, State: 0, Mode: NON_LEADER, active raft config: opid_index: -1 OBSOLETE_local: false peers { permanent_uuid: "4f61414287ec460d9431bd8c76fb8ea0" member_type: VOTER last_known_addr { host: "127.7.24.129" port: 35671 } } peers { permanent_uuid: "65f9c019943f45a38477af57e93424bf" member_type: VOTER last_known_addr { host: "127.7.24.130" port: 33453 } } peers { permanent_uuid: "c3e58813abbe4473b34bee2d6bf89a39" member_type: VOTER last_known_addr { host: "127.7.24.131" port: 38303 } }
I20260709 13:03:07.649833  8078 raft_consensus.cc:697] T ea96c92e679e4dcf87a0b8800d2eb56a P c3e58813abbe4473b34bee2d6bf89a39 [term 1 LEADER]: Becoming Leader. State: Replica: c3e58813abbe4473b34bee2d6bf89a39, State: Running, Role: LEADER
I20260709 13:03:07.651341  8071 ts_tablet_manager.cc:1434] T 06059efece55460a937221eb02fcf6c2 P c3e58813abbe4473b34bee2d6bf89a39: Time spent starting tablet: real 0.016s	user 0.006s	sys 0.008s
I20260709 13:03:07.652405  8071 tablet_bootstrap.cc:492] T 61e923085c234189895ee8027331c599 P c3e58813abbe4473b34bee2d6bf89a39: Bootstrap starting.
I20260709 13:03:07.650791  8078 consensus_queue.cc:237] T ea96c92e679e4dcf87a0b8800d2eb56a P c3e58813abbe4473b34bee2d6bf89a39 [LEADER]: Queue going to LEADER mode. State: All replicated index: 0, Majority replicated index: 0, Committed index: 0, Last appended: 0.0, Last appended by leader: 0, Current term: 1, Majority size: 2, State: 0, Mode: LEADER, active raft config: opid_index: -1 OBSOLETE_local: false peers { permanent_uuid: "4f61414287ec460d9431bd8c76fb8ea0" member_type: VOTER last_known_addr { host: "127.7.24.129" port: 35671 } } peers { permanent_uuid: "65f9c019943f45a38477af57e93424bf" member_type: VOTER last_known_addr { host: "127.7.24.130" port: 33453 } } peers { permanent_uuid: "c3e58813abbe4473b34bee2d6bf89a39" member_type: VOTER last_known_addr { host: "127.7.24.131" port: 38303 } }
