I20260709 13:03:22.751889 15237 leader_election.cc:304] T bb63f62e77304f56bf0efecded22a196 P 988e6214d2d64def8b034c8352c36ab7 [CANDIDATE]: Term 1 election: Election decided. Result: candidate won. Election summary: received 2 responses out of 3 voters: 2 yes votes; 0 no votes. yes voters: 988e6214d2d64def8b034c8352c36ab7, f72d3fa6d33249dabf224e4efb08ee16; no voters: 
I20260709 13:03:22.752619 15716 raft_consensus.cc:2804] T bb63f62e77304f56bf0efecded22a196 P 988e6214d2d64def8b034c8352c36ab7 [term 1 FOLLOWER]: Leader election won for term 1
I20260709 13:03:22.752413 15650 consensus_queue.cc:237] T d4e2d78eee3b4b799787f34601635095 P f72d3fa6d33249dabf224e4efb08ee16 [LEADER]: Queue going to LEADER mode. State: All replicated index: 0, Majority replicated index: 0, Committed index: 0, Last appended: 0.0, Last appended by leader: 0, Current term: 1, Majority size: 2, State: 0, Mode: LEADER, active raft config: opid_index: -1 OBSOLETE_local: false peers { permanent_uuid: "988e6214d2d64def8b034c8352c36ab7" member_type: VOTER last_known_addr { host: "127.13.207.129" port: 46245 } } peers { permanent_uuid: "133072b2340f498a9a2d593287b29529" member_type: VOTER last_known_addr { host: "127.13.207.130" port: 39309 } } peers { permanent_uuid: "f72d3fa6d33249dabf224e4efb08ee16" member_type: VOTER last_known_addr { host: "127.13.207.131" port: 33519 } }
I20260709 13:03:22.753094 15716 raft_consensus.cc:697] T bb63f62e77304f56bf0efecded22a196 P 988e6214d2d64def8b034c8352c36ab7 [term 1 LEADER]: Becoming Leader. State: Replica: 988e6214d2d64def8b034c8352c36ab7, State: Running, Role: LEADER
I20260709 13:03:22.754208 15716 consensus_queue.cc:237] T bb63f62e77304f56bf0efecded22a196 P 988e6214d2d64def8b034c8352c36ab7 [LEADER]: Queue going to LEADER mode. State: All replicated index: 0, Majority replicated index: 0, Committed index: 0, Last appended: 0.0, Last appended by leader: 0, Current term: 1, Majority size: 2, State: 0, Mode: LEADER, active raft config: opid_index: -1 OBSOLETE_local: false peers { permanent_uuid: "988e6214d2d64def8b034c8352c36ab7" member_type: VOTER last_known_addr { host: "127.13.207.129" port: 46245 } } peers { permanent_uuid: "133072b2340f498a9a2d593287b29529" member_type: VOTER last_known_addr { host: "127.13.207.130" port: 39309 } } peers { permanent_uuid: "f72d3fa6d33249dabf224e4efb08ee16" member_type: VOTER last_known_addr { host: "127.13.207.131" port: 33519 } }
I20260709 13:03:22.758060 15462 raft_consensus.cc:359] T d4e2d78eee3b4b799787f34601635095 P 133072b2340f498a9a2d593287b29529 [term 0 FOLLOWER]: Replica starting. Triggering 0 pending ops. Active config: opid_index: -1 OBSOLETE_local: false peers { permanent_uuid: "988e6214d2d64def8b034c8352c36ab7" member_type: VOTER last_known_addr { host: "127.13.207.129" port: 46245 } } peers { permanent_uuid: "133072b2340f498a9a2d593287b29529" member_type: VOTER last_known_addr { host: "127.13.207.130" port: 39309 } } peers { permanent_uuid: "f72d3fa6d33249dabf224e4efb08ee16" member_type: VOTER last_known_addr { host: "127.13.207.131" port: 33519 } }
I20260709 13:03:22.759884 15462 raft_consensus.cc:385] T d4e2d78eee3b4b799787f34601635095 P 133072b2340f498a9a2d593287b29529 [term 0 FOLLOWER]: Consensus starting up: Expiring failure detector timer to make a prompt election more likely
I20260709 13:03:22.760190 15462 raft_consensus.cc:740] T d4e2d78eee3b4b799787f34601635095 P 133072b2340f498a9a2d593287b29529 [term 0 FOLLOWER]: Becoming Follower/Learner. State: Replica: 133072b2340f498a9a2d593287b29529, State: Initialized, Role: FOLLOWER
I20260709 13:03:22.762758 15462 consensus_queue.cc:260] T d4e2d78eee3b4b799787f34601635095 P 133072b2340f498a9a2d593287b29529 [NON_LEADER]: Queue going to NON_LEADER mode. State: All replicated index: 0, Majority replicated index: 0, Committed index: 0, Last appended: 0.0, Last appended by leader: 0, Current term: 0, Majority size: -1, State: 0, Mode: NON_LEADER, active raft config: opid_index: -1 OBSOLETE_local: false peers { permanent_uuid: "988e6214d2d64def8b034c8352c36ab7" member_type: VOTER last_known_addr { host: "127.13.207.129" port: 46245 } } peers { permanent_uuid: "133072b2340f498a9a2d593287b29529" member_type: VOTER last_known_addr { host: "127.13.207.130" port: 39309 } } peers { permanent_uuid: "f72d3fa6d33249dabf224e4efb08ee16" member_type: VOTER last_known_addr { host: "127.13.207.131" port: 33519 } }
I20260709 13:03:22.766144 15487 raft_consensus.cc:493] T 1388752f7db54ba585023fb3db2eef7c P 988e6214d2d64def8b034c8352c36ab7 [term 0 FOLLOWER]: Starting pre-election (no leader contacted us within the election timeout)
I20260709 13:03:22.766650 15487 raft_consensus.cc:515] T 1388752f7db54ba585023fb3db2eef7c P 988e6214d2d64def8b034c8352c36ab7 [term 0 FOLLOWER]: Starting pre-election with config: opid_index: -1 OBSOLETE_local: false peers { permanent_uuid: "988e6214d2d64def8b034c8352c36ab7" member_type: VOTER last_known_addr { host: "127.13.207.129" port: 46245 } } peers { permanent_uuid: "133072b2340f498a9a2d593287b29529" member_type: VOTER last_known_addr { host: "127.13.207.130" port: 39309 } } peers { permanent_uuid: "f72d3fa6d33249dabf224e4efb08ee16" member_type: VOTER last_known_addr { host: "127.13.207.131" port: 33519 } }
I20260709 13:03:22.771971 15487 leader_election.cc:290] T 1388752f7db54ba585023fb3db2eef7c P 988e6214d2d64def8b034c8352c36ab7 [CANDIDATE]: Term 1 pre-election: Requested pre-vote from peers 133072b2340f498a9a2d593287b29529 (127.13.207.130:39309), f72d3fa6d33249dabf224e4efb08ee16 (127.13.207.131:33519)
I20260709 13:03:22.782795 15343 tablet_service.cc:1917] Received RequestConsensusVote() RPC: tablet_id: "1388752f7db54ba585023fb3db2eef7c" candidate_uuid: "988e6214d2d64def8b034c8352c36ab7" candidate_term: 1 candidate_status { last_received { term: 0 index: 0 } } ignore_live_leader: false dest_uuid: "133072b2340f498a9a2d593287b29529" is_pre_election: true
I20260709 13:03:22.771140 15710 raft_consensus.cc:493] T a81fd9711d774f3994497f3d5e86317e P 988e6214d2d64def8b034c8352c36ab7 [term 0 FOLLOWER]: Starting pre-election (no leader contacted us within the election timeout)
I20260709 13:03:22.782708 15418 tablet_service.cc:1917] Received RequestConsensusVote() RPC: tablet_id: "1388752f7db54ba585023fb3db2eef7c" candidate_uuid: "988e6214d2d64def8b034c8352c36ab7" candidate_term: 1 candidate_status { last_received { term: 0 index: 0 } } ignore_live_leader: false dest_uuid: "f72d3fa6d33249dabf224e4efb08ee16" is_pre_election: true
I20260709 13:03:22.783985 15710 raft_consensus.cc:515] T a81fd9711d774f3994497f3d5e86317e P 988e6214d2d64def8b034c8352c36ab7 [term 0 FOLLOWER]: Starting pre-election with config: opid_index: -1 OBSOLETE_local: false peers { permanent_uuid: "988e6214d2d64def8b034c8352c36ab7" member_type: VOTER last_known_addr { host: "127.13.207.129" port: 46245 } } peers { permanent_uuid: "133072b2340f498a9a2d593287b29529" member_type: VOTER last_known_addr { host: "127.13.207.130" port: 39309 } } peers { permanent_uuid: "f72d3fa6d33249dabf224e4efb08ee16" member_type: VOTER last_known_addr { host: "127.13.207.131" port: 33519 } }
I20260709 13:03:22.785830 15710 leader_election.cc:290] T a81fd9711d774f3994497f3d5e86317e P 988e6214d2d64def8b034c8352c36ab7 [CANDIDATE]: Term 1 pre-election: Requested pre-vote from peers 133072b2340f498a9a2d593287b29529 (127.13.207.130:39309), f72d3fa6d33249dabf224e4efb08ee16 (127.13.207.131:33519)
I20260709 13:03:22.789266 15343 tablet_service.cc:1917] Received RequestConsensusVote() RPC: tablet_id: "a81fd9711d774f3994497f3d5e86317e" candidate_uuid: "988e6214d2d64def8b034c8352c36ab7" candidate_term: 1 candidate_status { last_received { term: 0 index: 0 } } ignore_live_leader: false dest_uuid: "133072b2340f498a9a2d593287b29529" is_pre_election: true
I20260709 13:03:22.788874 15169 catalog_manager.cc:5697] T a55d3f5419a843ee8b2b58320869a35d P 988e6214d2d64def8b034c8352c36ab7 reported cstate change: term changed from 0 to 1, leader changed from <none> to 988e6214d2d64def8b034c8352c36ab7 (127.13.207.129). New cstate: current_term: 1 leader_uuid: "988e6214d2d64def8b034c8352c36ab7" committed_config { opid_index: -1 OBSOLETE_local: false peers { permanent_uuid: "988e6214d2d64def8b034c8352c36ab7" member_type: VOTER last_known_addr { host: "127.13.207.129" port: 46245 } health_report { overall_health: HEALTHY } } peers { permanent_uuid: "133072b2340f498a9a2d593287b29529" member_type: VOTER last_known_addr { host: "127.13.207.130" port: 39309 } health_report { overall_health: UNKNOWN } } peers { permanent_uuid: "f72d3fa6d33249dabf224e4efb08ee16" member_type: VOTER last_known_addr { host: "127.13.207.131" port: 33519 } health_report { overall_health: UNKNOWN } } }
I20260709 13:03:22.791337 15345 raft_consensus.cc:2468] T bb63f62e77304f56bf0efecded22a196 P 133072b2340f498a9a2d593287b29529 [term 1 FOLLOWER]: Leader election vote request: Granting yes vote for candidate 988e6214d2d64def8b034c8352c36ab7 in term 1.
I20260709 13:03:22.795413 15462 ts_tablet_manager.cc:1434] T d4e2d78eee3b4b799787f34601635095 P 133072b2340f498a9a2d593287b29529: Time spent starting tablet: real 0.049s	user 0.007s	sys 0.000s
I20260709 13:03:22.797508 15650 consensus_queue.cc:1048] T e2336873e4e249f880fc9ef28c0de411 P f72d3fa6d33249dabf224e4efb08ee16 [LEADER]: Connected to new peer: Peer: permanent_uuid: "133072b2340f498a9a2d593287b29529" member_type: VOTER last_known_addr { host: "127.13.207.130" port: 39309 }, Status: LMP_MISMATCH, Last received: 0.0, Next index: 1, Last known committed idx: 0, Time since last communication: 0.000s
W20260709 13:03:22.794431 15237 leader_election.cc:343] T 1388752f7db54ba585023fb3db2eef7c P 988e6214d2d64def8b034c8352c36ab7 [CANDIDATE]: Term 1 pre-election: Tablet error from VoteRequest() call to peer f72d3fa6d33249dabf224e4efb08ee16 (127.13.207.131:33519): Illegal state: must be running to vote when last-logged opid is not known
I20260709 13:03:22.804422 15418 tablet_service.cc:1917] Received RequestConsensusVote() RPC: tablet_id: "a81fd9711d774f3994497f3d5e86317e" candidate_uuid: "988e6214d2d64def8b034c8352c36ab7" candidate_term: 1 candidate_status { last_received { term: 0 index: 0 } } ignore_live_leader: false dest_uuid: "f72d3fa6d33249dabf224e4efb08ee16" is_pre_election: true
W20260709 13:03:22.805927 15237 leader_election.cc:343] T a81fd9711d774f3994497f3d5e86317e P 988e6214d2d64def8b034c8352c36ab7 [CANDIDATE]: Term 1 pre-election: Tablet error from VoteRequest() call to peer f72d3fa6d33249dabf224e4efb08ee16 (127.13.207.131:33519): Illegal state: must be running to vote when last-logged opid is not known
I20260709 13:03:22.806612 15167 catalog_manager.cc:5697] T 4871767fdda343658e318a06c4bc0fee P f72d3fa6d33249dabf224e4efb08ee16 reported cstate change: term changed from 0 to 1, leader changed from <none> to f72d3fa6d33249dabf224e4efb08ee16 (127.13.207.131). New cstate: current_term: 1 leader_uuid: "f72d3fa6d33249dabf224e4efb08ee16" committed_config { opid_index: -1 OBSOLETE_local: false peers { permanent_uuid: "988e6214d2d64def8b034c8352c36ab7" member_type: VOTER last_known_addr { host: "127.13.207.129" port: 46245 } health_report { overall_health: UNKNOWN } } peers { permanent_uuid: "133072b2340f498a9a2d593287b29529" member_type: VOTER last_known_addr { host: "127.13.207.130" port: 39309 } health_report { overall_health: UNKNOWN } } peers { permanent_uuid: "f72d3fa6d33249dabf224e4efb08ee16" member_type: VOTER last_known_addr { host: "127.13.207.131" port: 33519 } health_report { overall_health: HEALTHY } } }
W20260709 13:03:22.814446 15234 leader_election.cc:343] T 1388752f7db54ba585023fb3db2eef7c P 988e6214d2d64def8b034c8352c36ab7 [CANDIDATE]: Term 1 pre-election: Tablet error from VoteRequest() call to peer 133072b2340f498a9a2d593287b29529 (127.13.207.130:39309): Illegal state: must be running to vote when last-logged opid is not known
I20260709 13:03:22.820056 15524 raft_consensus.cc:493] T a55d3f5419a843ee8b2b58320869a35d P f72d3fa6d33249dabf224e4efb08ee16 [term 0 FOLLOWER]: Starting pre-election (no leader contacted us within the election timeout)
I20260709 13:03:22.820675 15524 raft_consensus.cc:515] T a55d3f5419a843ee8b2b58320869a35d P f72d3fa6d33249dabf224e4efb08ee16 [term 0 FOLLOWER]: Starting pre-election with config: opid_index: -1 OBSOLETE_local: false peers { permanent_uuid: "988e6214d2d64def8b034c8352c36ab7" member_type: VOTER last_known_addr { host: "127.13.207.129" port: 46245 } } peers { permanent_uuid: "133072b2340f498a9a2d593287b29529" member_type: VOTER last_known_addr { host: "127.13.207.130" port: 39309 } } peers { permanent_uuid: "f72d3fa6d33249dabf224e4efb08ee16" member_type: VOTER last_known_addr { host: "127.13.207.131" port: 33519 } }
I20260709 13:03:22.830307 15465 tablet_bootstrap.cc:492] T 1388752f7db54ba585023fb3db2eef7c P f72d3fa6d33249dabf224e4efb08ee16: No bootstrap required, opened a new log
I20260709 13:03:22.830825 15465 ts_tablet_manager.cc:1403] T 1388752f7db54ba585023fb3db2eef7c P f72d3fa6d33249dabf224e4efb08ee16: Time spent bootstrapping tablet: real 0.190s	user 0.024s	sys 0.011s
I20260709 13:03:22.822674 15524 leader_election.cc:290] T a55d3f5419a843ee8b2b58320869a35d P f72d3fa6d33249dabf224e4efb08ee16 [CANDIDATE]: Term 1 pre-election: Requested pre-vote from peers 988e6214d2d64def8b034c8352c36ab7 (127.13.207.129:46245), 133072b2340f498a9a2d593287b29529 (127.13.207.130:39309)
I20260709 13:03:22.835026 15465 raft_consensus.cc:359] T 1388752f7db54ba585023fb3db2eef7c P f72d3fa6d33249dabf224e4efb08ee16 [term 0 FOLLOWER]: Replica starting. Triggering 0 pending ops. Active config: opid_index: -1 OBSOLETE_local: false peers { permanent_uuid: "988e6214d2d64def8b034c8352c36ab7" member_type: VOTER last_known_addr { host: "127.13.207.129" port: 46245 } } peers { permanent_uuid: "133072b2340f498a9a2d593287b29529" member_type: VOTER last_known_addr { host: "127.13.207.130" port: 39309 } } peers { permanent_uuid: "f72d3fa6d33249dabf224e4efb08ee16" member_type: VOTER last_known_addr { host: "127.13.207.131" port: 33519 } }
I20260709 13:03:22.835678 15465 raft_consensus.cc:385] T 1388752f7db54ba585023fb3db2eef7c P f72d3fa6d33249dabf224e4efb08ee16 [term 0 FOLLOWER]: Consensus starting up: Expiring failure detector timer to make a prompt election more likely
I20260709 13:03:22.832424 15462 tablet_bootstrap.cc:492] T 52081276e3304e5481104f1ded60b677 P 133072b2340f498a9a2d593287b29529: Bootstrap starting.
I20260709 13:03:22.835971 15465 raft_consensus.cc:740] T 1388752f7db54ba585023fb3db2eef7c P f72d3fa6d33249dabf224e4efb08ee16 [term 0 FOLLOWER]: Becoming Follower/Learner. State: Replica: f72d3fa6d33249dabf224e4efb08ee16, State: Initialized, Role: FOLLOWER
I20260709 13:03:22.833977 15343 tablet_service.cc:1917] Received RequestConsensusVote() RPC: tablet_id: "a55d3f5419a843ee8b2b58320869a35d" candidate_uuid: "f72d3fa6d33249dabf224e4efb08ee16" candidate_term: 1 candidate_status { last_received { term: 0 index: 0 } } ignore_live_leader: false dest_uuid: "133072b2340f498a9a2d593287b29529" is_pre_election: true
I20260709 13:03:22.836690 15465 consensus_queue.cc:260] T 1388752f7db54ba585023fb3db2eef7c P f72d3fa6d33249dabf224e4efb08ee16 [NON_LEADER]: Queue going to NON_LEADER mode. State: All replicated index: 0, Majority replicated index: 0, Committed index: 0, Last appended: 0.0, Last appended by leader: 0, Current term: 0, Majority size: -1, State: 0, Mode: NON_LEADER, active raft config: opid_index: -1 OBSOLETE_local: false peers { permanent_uuid: "988e6214d2d64def8b034c8352c36ab7" member_type: VOTER last_known_addr { host: "127.13.207.129" port: 46245 } } peers { permanent_uuid: "133072b2340f498a9a2d593287b29529" member_type: VOTER last_known_addr { host: "127.13.207.130" port: 39309 } } peers { permanent_uuid: "f72d3fa6d33249dabf224e4efb08ee16" member_type: VOTER last_known_addr { host: "127.13.207.131" port: 33519 } }
I20260709 13:03:22.837133 15343 raft_consensus.cc:2393] T a55d3f5419a843ee8b2b58320869a35d P 133072b2340f498a9a2d593287b29529 [term 1 FOLLOWER]: Leader pre-election vote request: Denying vote to candidate f72d3fa6d33249dabf224e4efb08ee16 in current term 1: Already voted for candidate 988e6214d2d64def8b034c8352c36ab7 in this term.
I20260709 13:03:22.833094 15268 tablet_service.cc:1917] Received RequestConsensusVote() RPC: tablet_id: "a55d3f5419a843ee8b2b58320869a35d" candidate_uuid: "f72d3fa6d33249dabf224e4efb08ee16" candidate_term: 1 candidate_status { last_received { term: 0 index: 0 } } ignore_live_leader: false dest_uuid: "988e6214d2d64def8b034c8352c36ab7" is_pre_election: true
I20260709 13:03:22.838188 15465 ts_tablet_manager.cc:1434] T 1388752f7db54ba585023fb3db2eef7c P f72d3fa6d33249dabf224e4efb08ee16: Time spent starting tablet: real 0.007s	user 0.003s	sys 0.000s
I20260709 13:03:22.842114 15383 leader_election.cc:304] T a55d3f5419a843ee8b2b58320869a35d P f72d3fa6d33249dabf224e4efb08ee16 [CANDIDATE]: Term 1 pre-election: Election decided. Result: candidate lost. Election summary: received 3 responses out of 3 voters: 1 yes votes; 2 no votes. yes voters: f72d3fa6d33249dabf224e4efb08ee16; no voters: 133072b2340f498a9a2d593287b29529, 988e6214d2d64def8b034c8352c36ab7
I20260709 13:03:22.843854 15477 raft_consensus.cc:3060] T a55d3f5419a843ee8b2b58320869a35d P f72d3fa6d33249dabf224e4efb08ee16 [term 0 FOLLOWER]: Advancing to term 1
I20260709 13:03:22.848578 15465 tablet_bootstrap.cc:492] T 52081276e3304e5481104f1ded60b677 P f72d3fa6d33249dabf224e4efb08ee16: Bootstrap starting.
I20260709 13:03:22.849905 15477 raft_consensus.cc:2749] T a55d3f5419a843ee8b2b58320869a35d P f72d3fa6d33249dabf224e4efb08ee16 [term 1 FOLLOWER]: Leader pre-election lost for term 1. Reason: could not achieve majority
I20260709 13:03:22.851292 15524 consensus_queue.cc:1048] T e2336873e4e249f880fc9ef28c0de411 P f72d3fa6d33249dabf224e4efb08ee16 [LEADER]: Connected to new peer: Peer: permanent_uuid: "988e6214d2d64def8b034c8352c36ab7" member_type: VOTER last_known_addr { host: "127.13.207.129" port: 46245 }, Status: LMP_MISMATCH, Last received: 0.0, Next index: 1, Last known committed idx: 0, Time since last communication: 0.006s
I20260709 13:03:22.868992 15462 tablet_bootstrap.cc:654] T 52081276e3304e5481104f1ded60b677 P 133072b2340f498a9a2d593287b29529: Neither blocks nor log segments found. Creating new log.
I20260709 13:03:22.869374 15460 tablet_bootstrap.cc:492] T f75058f075374695be381d71b1db34b7 P 988e6214d2d64def8b034c8352c36ab7: No bootstrap required, opened a new log
I20260709 13:03:22.869849 15460 ts_tablet_manager.cc:1403] T f75058f075374695be381d71b1db34b7 P 988e6214d2d64def8b034c8352c36ab7: Time spent bootstrapping tablet: real 0.202s	user 0.023s	sys 0.019s
I20260709 13:03:22.876296 15460 raft_consensus.cc:359] T f75058f075374695be381d71b1db34b7 P 988e6214d2d64def8b034c8352c36ab7 [term 0 FOLLOWER]: Replica starting. Triggering 0 pending ops. Active config: opid_index: -1 OBSOLETE_local: false peers { permanent_uuid: "988e6214d2d64def8b034c8352c36ab7" member_type: VOTER last_known_addr { host: "127.13.207.129" port: 46245 } } peers { permanent_uuid: "133072b2340f498a9a2d593287b29529" member_type: VOTER last_known_addr { host: "127.13.207.130" port: 39309 } } peers { permanent_uuid: "f72d3fa6d33249dabf224e4efb08ee16" member_type: VOTER last_known_addr { host: "127.13.207.131" port: 33519 } }
I20260709 13:03:22.877019 15460 raft_consensus.cc:385] T f75058f075374695be381d71b1db34b7 P 988e6214d2d64def8b034c8352c36ab7 [term 0 FOLLOWER]: Consensus starting up: Expiring failure detector timer to make a prompt election more likely
I20260709 13:03:22.877234 15460 raft_consensus.cc:740] T f75058f075374695be381d71b1db34b7 P 988e6214d2d64def8b034c8352c36ab7 [term 0 FOLLOWER]: Becoming Follower/Learner. State: Replica: 988e6214d2d64def8b034c8352c36ab7, State: Initialized, Role: FOLLOWER
I20260709 13:03:22.877854 15460 consensus_queue.cc:260] T f75058f075374695be381d71b1db34b7 P 988e6214d2d64def8b034c8352c36ab7 [NON_LEADER]: Queue going to NON_LEADER mode. State: All replicated index: 0, Majority replicated index: 0, Committed index: 0, Last appended: 0.0, Last appended by leader: 0, Current term: 0, Majority size: -1, State: 0, Mode: NON_LEADER, active raft config: opid_index: -1 OBSOLETE_local: false peers { permanent_uuid: "988e6214d2d64def8b034c8352c36ab7" member_type: VOTER last_known_addr { host: "127.13.207.129" port: 46245 } } peers { permanent_uuid: "133072b2340f498a9a2d593287b29529" member_type: VOTER last_known_addr { host: "127.13.207.130" port: 39309 } } peers { permanent_uuid: "f72d3fa6d33249dabf224e4efb08ee16" member_type: VOTER last_known_addr { host: "127.13.207.131" port: 33519 } }
I20260709 13:03:22.873665 15169 catalog_manager.cc:5697] T d4e2d78eee3b4b799787f34601635095 P f72d3fa6d33249dabf224e4efb08ee16 reported cstate change: term changed from 0 to 1, leader changed from <none> to f72d3fa6d33249dabf224e4efb08ee16 (127.13.207.131). New cstate: current_term: 1 leader_uuid: "f72d3fa6d33249dabf224e4efb08ee16" committed_config { opid_index: -1 OBSOLETE_local: false peers { permanent_uuid: "988e6214d2d64def8b034c8352c36ab7" member_type: VOTER last_known_addr { host: "127.13.207.129" port: 46245 } health_report { overall_health: UNKNOWN } } peers { permanent_uuid: "133072b2340f498a9a2d593287b29529" member_type: VOTER last_known_addr { host: "127.13.207.130" port: 39309 } health_report { overall_health: UNKNOWN } } peers { permanent_uuid: "f72d3fa6d33249dabf224e4efb08ee16" member_type: VOTER last_known_addr { host: "127.13.207.131" port: 33519 } health_report { overall_health: HEALTHY } } }
I20260709 13:03:22.879696 15460 ts_tablet_manager.cc:1434] T f75058f075374695be381d71b1db34b7 P 988e6214d2d64def8b034c8352c36ab7: Time spent starting tablet: real 0.010s	user 0.007s	sys 0.001s
I20260709 13:03:22.883301 15465 tablet_bootstrap.cc:654] T 52081276e3304e5481104f1ded60b677 P f72d3fa6d33249dabf224e4efb08ee16: Neither blocks nor log segments found. Creating new log.
I20260709 13:03:22.893108 15648 raft_consensus.cc:493] T 1388752f7db54ba585023fb3db2eef7c P f72d3fa6d33249dabf224e4efb08ee16 [term 0 FOLLOWER]: Starting pre-election (no leader contacted us within the election timeout)
I20260709 13:03:22.888230 15234 leader_election.cc:304] T 1388752f7db54ba585023fb3db2eef7c P 988e6214d2d64def8b034c8352c36ab7 [CANDIDATE]: Term 1 pre-election: Election decided. Result: candidate lost. Election summary: received 3 responses out of 3 voters: 1 yes votes; 2 no votes. yes voters: 988e6214d2d64def8b034c8352c36ab7; no voters: 133072b2340f498a9a2d593287b29529, f72d3fa6d33249dabf224e4efb08ee16
I20260709 13:03:22.927791 15648 raft_consensus.cc:515] T 1388752f7db54ba585023fb3db2eef7c P f72d3fa6d33249dabf224e4efb08ee16 [term 0 FOLLOWER]: Starting pre-election with config: opid_index: -1 OBSOLETE_local: false peers { permanent_uuid: "988e6214d2d64def8b034c8352c36ab7" member_type: VOTER last_known_addr { host: "127.13.207.129" port: 46245 } } peers { permanent_uuid: "133072b2340f498a9a2d593287b29529" member_type: VOTER last_known_addr { host: "127.13.207.130" port: 39309 } } peers { permanent_uuid: "f72d3fa6d33249dabf224e4efb08ee16" member_type: VOTER last_known_addr { host: "127.13.207.131" port: 33519 } }
I20260709 13:03:22.928584 15716 raft_consensus.cc:2749] T 1388752f7db54ba585023fb3db2eef7c P 988e6214d2d64def8b034c8352c36ab7 [term 0 FOLLOWER]: Leader pre-election lost for term 1. Reason: could not achieve majority
W20260709 13:03:22.928260 15234 outbound_call.cc:321] RPC callback for RPC call kudu.consensus.ConsensusService.RequestConsensusVote -> {remote=127.13.207.130:39309, user_credentials={real_user=slave}} blocked reactor thread for 133193us
W20260709 13:03:22.929593 15234 leader_election.cc:343] T a81fd9711d774f3994497f3d5e86317e P 988e6214d2d64def8b034c8352c36ab7 [CANDIDATE]: Term 1 pre-election: Tablet error from VoteRequest() call to peer 133072b2340f498a9a2d593287b29529 (127.13.207.130:39309): Illegal state: must be running to vote when last-logged opid is not known
I20260709 13:03:22.909302 15462 tablet_bootstrap.cc:492] T 52081276e3304e5481104f1ded60b677 P 133072b2340f498a9a2d593287b29529: No bootstrap required, opened a new log
I20260709 13:03:22.929914 15234 leader_election.cc:304] T a81fd9711d774f3994497f3d5e86317e P 988e6214d2d64def8b034c8352c36ab7 [CANDIDATE]: Term 1 pre-election: Election decided. Result: candidate lost. Election summary: received 3 responses out of 3 voters: 1 yes votes; 2 no votes. yes voters: 988e6214d2d64def8b034c8352c36ab7; no voters: 133072b2340f498a9a2d593287b29529, f72d3fa6d33249dabf224e4efb08ee16
I20260709 13:03:22.930506 15462 ts_tablet_manager.cc:1403] T 52081276e3304e5481104f1ded60b677 P 133072b2340f498a9a2d593287b29529: Time spent bootstrapping tablet: real 0.112s	user 0.006s	sys 0.008s
I20260709 13:03:22.930677 15716 raft_consensus.cc:2749] T a81fd9711d774f3994497f3d5e86317e P 988e6214d2d64def8b034c8352c36ab7 [term 0 FOLLOWER]: Leader pre-election lost for term 1. Reason: could not achieve majority
W20260709 13:03:22.931241 15217 auto_rebalancer.cc:288] Could not retrieve cluster info: Service unavailable: Tablet not running
I20260709 13:03:22.912024 15710 consensus_queue.cc:1048] T 8282f0a3d0704b0cb5c1cfbc4283947d P 988e6214d2d64def8b034c8352c36ab7 [LEADER]: Connected to new peer: Peer: permanent_uuid: "f72d3fa6d33249dabf224e4efb08ee16" member_type: VOTER last_known_addr { host: "127.13.207.131" port: 33519 }, Status: LMP_MISMATCH, Last received: 0.0, Next index: 1, Last known committed idx: 0, Time since last communication: 0.020s
I20260709 13:03:22.888955 15460 tablet_bootstrap.cc:492] T e321e8b875774a88a495b0a9722e29d7 P 988e6214d2d64def8b034c8352c36ab7: Bootstrap starting.
I20260709 13:03:22.915092 15165 catalog_manager.cc:5697] T bb63f62e77304f56bf0efecded22a196 P 988e6214d2d64def8b034c8352c36ab7 reported cstate change: term changed from 0 to 1, leader changed from <none> to 988e6214d2d64def8b034c8352c36ab7 (127.13.207.129). New cstate: current_term: 1 leader_uuid: "988e6214d2d64def8b034c8352c36ab7" committed_config { opid_index: -1 OBSOLETE_local: false peers { permanent_uuid: "988e6214d2d64def8b034c8352c36ab7" member_type: VOTER last_known_addr { host: "127.13.207.129" port: 46245 } health_report { overall_health: HEALTHY } } peers { permanent_uuid: "133072b2340f498a9a2d593287b29529" member_type: VOTER last_known_addr { host: "127.13.207.130" port: 39309 } health_report { overall_health: UNKNOWN } } peers { permanent_uuid: "f72d3fa6d33249dabf224e4efb08ee16" member_type: VOTER last_known_addr { host: "127.13.207.131" port: 33519 } health_report { overall_health: UNKNOWN } } }
I20260709 13:03:22.933163 15462 raft_consensus.cc:359] T 52081276e3304e5481104f1ded60b677 P 133072b2340f498a9a2d593287b29529 [term 0 FOLLOWER]: Replica starting. Triggering 0 pending ops. Active config: opid_index: -1 OBSOLETE_local: false peers { permanent_uuid: "988e6214d2d64def8b034c8352c36ab7" member_type: VOTER last_known_addr { host: "127.13.207.129" port: 46245 } } peers { permanent_uuid: "133072b2340f498a9a2d593287b29529" member_type: VOTER last_known_addr { host: "127.13.207.130" port: 39309 } } peers { permanent_uuid: "f72d3fa6d33249dabf224e4efb08ee16" member_type: VOTER last_known_addr { host: "127.13.207.131" port: 33519 } }
I20260709 13:03:22.933755 15462 raft_consensus.cc:385] T 52081276e3304e5481104f1ded60b677 P 133072b2340f498a9a2d593287b29529 [term 0 FOLLOWER]: Consensus starting up: Expiring failure detector timer to make a prompt election more likely
I20260709 13:03:22.934012 15462 raft_consensus.cc:740] T 52081276e3304e5481104f1ded60b677 P 133072b2340f498a9a2d593287b29529 [term 0 FOLLOWER]: Becoming Follower/Learner. State: Replica: 133072b2340f498a9a2d593287b29529, State: Initialized, Role: FOLLOWER
I20260709 13:03:22.934294 15268 tablet_service.cc:1917] Received RequestConsensusVote() RPC: tablet_id: "1388752f7db54ba585023fb3db2eef7c" candidate_uuid: "f72d3fa6d33249dabf224e4efb08ee16" candidate_term: 1 candidate_status { last_received { term: 0 index: 0 } } ignore_live_leader: false dest_uuid: "988e6214d2d64def8b034c8352c36ab7" is_pre_election: true
I20260709 13:03:22.929932 15648 leader_election.cc:290] T 1388752f7db54ba585023fb3db2eef7c P f72d3fa6d33249dabf224e4efb08ee16 [CANDIDATE]: Term 1 pre-election: Requested pre-vote from peers 988e6214d2d64def8b034c8352c36ab7 (127.13.207.129:46245), 133072b2340f498a9a2d593287b29529 (127.13.207.130:39309)
I20260709 13:03:22.934568 15462 consensus_queue.cc:260] T 52081276e3304e5481104f1ded60b677 P 133072b2340f498a9a2d593287b29529 [NON_LEADER]: Queue going to NON_LEADER mode. State: All replicated index: 0, Majority replicated index: 0, Committed index: 0, Last appended: 0.0, Last appended by leader: 0, Current term: 0, Majority size: -1, State: 0, Mode: NON_LEADER, active raft config: opid_index: -1 OBSOLETE_local: false peers { permanent_uuid: "988e6214d2d64def8b034c8352c36ab7" member_type: VOTER last_known_addr { host: "127.13.207.129" port: 46245 } } peers { permanent_uuid: "133072b2340f498a9a2d593287b29529" member_type: VOTER last_known_addr { host: "127.13.207.130" port: 39309 } } peers { permanent_uuid: "f72d3fa6d33249dabf224e4efb08ee16" member_type: VOTER last_known_addr { host: "127.13.207.131" port: 33519 } }
I20260709 13:03:22.937363 15268 raft_consensus.cc:2468] T 1388752f7db54ba585023fb3db2eef7c P 988e6214d2d64def8b034c8352c36ab7 [term 0 FOLLOWER]: Leader pre-election vote request: Granting yes vote for candidate f72d3fa6d33249dabf224e4efb08ee16 in term 0.
I20260709 13:03:22.914667 15465 tablet_bootstrap.cc:492] T 52081276e3304e5481104f1ded60b677 P f72d3fa6d33249dabf224e4efb08ee16: No bootstrap required, opened a new log
I20260709 13:03:22.938253 15465 ts_tablet_manager.cc:1403] T 52081276e3304e5481104f1ded60b677 P f72d3fa6d33249dabf224e4efb08ee16: Time spent bootstrapping tablet: real 0.099s	user 0.017s	sys 0.015s
I20260709 13:03:22.938588 15386 leader_election.cc:304] T 1388752f7db54ba585023fb3db2eef7c P f72d3fa6d33249dabf224e4efb08ee16 [CANDIDATE]: Term 1 pre-election: Election decided. Result: candidate won. Election summary: received 2 responses out of 3 voters: 2 yes votes; 0 no votes. yes voters: 988e6214d2d64def8b034c8352c36ab7, f72d3fa6d33249dabf224e4efb08ee16; no voters: 
I20260709 13:03:22.939397 15524 raft_consensus.cc:2804] T 1388752f7db54ba585023fb3db2eef7c P f72d3fa6d33249dabf224e4efb08ee16 [term 0 FOLLOWER]: Leader pre-election won for term 1
I20260709 13:03:22.939736 15524 raft_consensus.cc:493] T 1388752f7db54ba585023fb3db2eef7c P f72d3fa6d33249dabf224e4efb08ee16 [term 0 FOLLOWER]: Starting leader election (no leader contacted us within the election timeout)
I20260709 13:03:22.939854 15345 tablet_service.cc:1917] Received RequestConsensusVote() RPC: tablet_id: "1388752f7db54ba585023fb3db2eef7c" candidate_uuid: "f72d3fa6d33249dabf224e4efb08ee16" candidate_term: 1 candidate_status { last_received { term: 0 index: 0 } } ignore_live_leader: false dest_uuid: "133072b2340f498a9a2d593287b29529" is_pre_election: true
I20260709 13:03:22.940160 15524 raft_consensus.cc:3060] T 1388752f7db54ba585023fb3db2eef7c P f72d3fa6d33249dabf224e4efb08ee16 [term 0 FOLLOWER]: Advancing to term 1
I20260709 13:03:22.940790 15465 raft_consensus.cc:359] T 52081276e3304e5481104f1ded60b677 P f72d3fa6d33249dabf224e4efb08ee16 [term 0 FOLLOWER]: Replica starting. Triggering 0 pending ops. Active config: opid_index: -1 OBSOLETE_local: false peers { permanent_uuid: "988e6214d2d64def8b034c8352c36ab7" member_type: VOTER last_known_addr { host: "127.13.207.129" port: 46245 } } peers { permanent_uuid: "133072b2340f498a9a2d593287b29529" member_type: VOTER last_known_addr { host: "127.13.207.130" port: 39309 } } peers { permanent_uuid: "f72d3fa6d33249dabf224e4efb08ee16" member_type: VOTER last_known_addr { host: "127.13.207.131" port: 33519 } }
I20260709 13:03:22.941438 15465 raft_consensus.cc:385] T 52081276e3304e5481104f1ded60b677 P f72d3fa6d33249dabf224e4efb08ee16 [term 0 FOLLOWER]: Consensus starting up: Expiring failure detector timer to make a prompt election more likely
I20260709 13:03:22.941716 15465 raft_consensus.cc:740] T 52081276e3304e5481104f1ded60b677 P f72d3fa6d33249dabf224e4efb08ee16 [term 0 FOLLOWER]: Becoming Follower/Learner. State: Replica: f72d3fa6d33249dabf224e4efb08ee16, State: Initialized, Role: FOLLOWER
I20260709 13:03:22.942385 15465 consensus_queue.cc:260] T 52081276e3304e5481104f1ded60b677 P f72d3fa6d33249dabf224e4efb08ee16 [NON_LEADER]: Queue going to NON_LEADER mode. State: All replicated index: 0, Majority replicated index: 0, Committed index: 0, Last appended: 0.0, Last appended by leader: 0, Current term: 0, Majority size: -1, State: 0, Mode: NON_LEADER, active raft config: opid_index: -1 OBSOLETE_local: false peers { permanent_uuid: "988e6214d2d64def8b034c8352c36ab7" member_type: VOTER last_known_addr { host: "127.13.207.129" port: 46245 } } peers { permanent_uuid: "133072b2340f498a9a2d593287b29529" member_type: VOTER last_known_addr { host: "127.13.207.130" port: 39309 } } peers { permanent_uuid: "f72d3fa6d33249dabf224e4efb08ee16" member_type: VOTER last_known_addr { host: "127.13.207.131" port: 33519 } }
I20260709 13:03:22.944384 15465 ts_tablet_manager.cc:1434] T 52081276e3304e5481104f1ded60b677 P f72d3fa6d33249dabf224e4efb08ee16: Time spent starting tablet: real 0.006s	user 0.005s	sys 0.000s
I20260709 13:03:22.941197 15460 tablet_bootstrap.cc:654] T e321e8b875774a88a495b0a9722e29d7 P 988e6214d2d64def8b034c8352c36ab7: Neither blocks nor log segments found. Creating new log.
I20260709 13:03:22.945333 15465 tablet_bootstrap.cc:492] T 77a3f86f8cfe4393a1816bc6df9e43f6 P f72d3fa6d33249dabf224e4efb08ee16: Bootstrap starting.
W20260709 13:03:22.947260 15383 leader_election.cc:343] T 1388752f7db54ba585023fb3db2eef7c P f72d3fa6d33249dabf224e4efb08ee16 [CANDIDATE]: Term 1 pre-election: Tablet error from VoteRequest() call to peer 133072b2340f498a9a2d593287b29529 (127.13.207.130:39309): Illegal state: must be running to vote when last-logged opid is not known
I20260709 13:03:22.948638 15462 ts_tablet_manager.cc:1434] T 52081276e3304e5481104f1ded60b677 P 133072b2340f498a9a2d593287b29529: Time spent starting tablet: real 0.018s	user 0.003s	sys 0.003s
I20260709 13:03:22.949657 15462 tablet_bootstrap.cc:492] T 77a3f86f8cfe4393a1816bc6df9e43f6 P 133072b2340f498a9a2d593287b29529: Bootstrap starting.
I20260709 13:03:22.955626 15524 raft_consensus.cc:515] T 1388752f7db54ba585023fb3db2eef7c P f72d3fa6d33249dabf224e4efb08ee16 [term 1 FOLLOWER]: Starting leader election with config: opid_index: -1 OBSOLETE_local: false peers { permanent_uuid: "988e6214d2d64def8b034c8352c36ab7" member_type: VOTER last_known_addr { host: "127.13.207.129" port: 46245 } } peers { permanent_uuid: "133072b2340f498a9a2d593287b29529" member_type: VOTER last_known_addr { host: "127.13.207.130" port: 39309 } } peers { permanent_uuid: "f72d3fa6d33249dabf224e4efb08ee16" member_type: VOTER last_known_addr { host: "127.13.207.131" port: 33519 } }
I20260709 13:03:22.958310 15268 tablet_service.cc:1917] Received RequestConsensusVote() RPC: tablet_id: "1388752f7db54ba585023fb3db2eef7c" candidate_uuid: "f72d3fa6d33249dabf224e4efb08ee16" candidate_term: 1 candidate_status { last_received { term: 0 index: 0 } } ignore_live_leader: false dest_uuid: "988e6214d2d64def8b034c8352c36ab7"
I20260709 13:03:22.958880 15268 raft_consensus.cc:3060] T 1388752f7db54ba585023fb3db2eef7c P 988e6214d2d64def8b034c8352c36ab7 [term 0 FOLLOWER]: Advancing to term 1
I20260709 13:03:22.965059 15465 tablet_bootstrap.cc:654] T 77a3f86f8cfe4393a1816bc6df9e43f6 P f72d3fa6d33249dabf224e4efb08ee16: Neither blocks nor log segments found. Creating new log.
I20260709 13:03:22.965559 15268 raft_consensus.cc:2468] T 1388752f7db54ba585023fb3db2eef7c P 988e6214d2d64def8b034c8352c36ab7 [term 1 FOLLOWER]: Leader election vote request: Granting yes vote for candidate f72d3fa6d33249dabf224e4efb08ee16 in term 1.
I20260709 13:03:22.966707 15386 leader_election.cc:304] T 1388752f7db54ba585023fb3db2eef7c P f72d3fa6d33249dabf224e4efb08ee16 [CANDIDATE]: Term 1 election: Election decided. Result: candidate won. Election summary: received 2 responses out of 3 voters: 2 yes votes; 0 no votes. yes voters: 988e6214d2d64def8b034c8352c36ab7, f72d3fa6d33249dabf224e4efb08ee16; no voters: 
I20260709 13:03:22.967571 15648 raft_consensus.cc:2804] T 1388752f7db54ba585023fb3db2eef7c P f72d3fa6d33249dabf224e4efb08ee16 [term 1 FOLLOWER]: Leader election won for term 1
I20260709 13:03:22.968039 15648 raft_consensus.cc:697] T 1388752f7db54ba585023fb3db2eef7c P f72d3fa6d33249dabf224e4efb08ee16 [term 1 LEADER]: Becoming Leader. State: Replica: f72d3fa6d33249dabf224e4efb08ee16, State: Running, Role: LEADER
I20260709 13:03:22.956066 15462 tablet_bootstrap.cc:654] T 77a3f86f8cfe4393a1816bc6df9e43f6 P 133072b2340f498a9a2d593287b29529: Neither blocks nor log segments found. Creating new log.
I20260709 13:03:22.970234 15648 consensus_queue.cc:237] T 1388752f7db54ba585023fb3db2eef7c P f72d3fa6d33249dabf224e4efb08ee16 [LEADER]: Queue going to LEADER mode. State: All replicated index: 0, Majority replicated index: 0, Committed index: 0, Last appended: 0.0, Last appended by leader: 0, Current term: 1, Majority size: 2, State: 0, Mode: LEADER, active raft config: opid_index: -1 OBSOLETE_local: false peers { permanent_uuid: "988e6214d2d64def8b034c8352c36ab7" member_type: VOTER last_known_addr { host: "127.13.207.129" port: 46245 } } peers { permanent_uuid: "133072b2340f498a9a2d593287b29529" member_type: VOTER last_known_addr { host: "127.13.207.130" port: 39309 } } peers { permanent_uuid: "f72d3fa6d33249dabf224e4efb08ee16" member_type: VOTER last_known_addr { host: "127.13.207.131" port: 33519 } }
I20260709 13:03:22.983021 15345 tablet_service.cc:1917] Received RequestConsensusVote() RPC: tablet_id: "1388752f7db54ba585023fb3db2eef7c" candidate_uuid: "f72d3fa6d33249dabf224e4efb08ee16" candidate_term: 1 candidate_status { last_received { term: 0 index: 0 } } ignore_live_leader: false dest_uuid: "133072b2340f498a9a2d593287b29529"
I20260709 13:03:22.984241 15462 tablet_bootstrap.cc:492] T 77a3f86f8cfe4393a1816bc6df9e43f6 P 133072b2340f498a9a2d593287b29529: No bootstrap required, opened a new log
W20260709 13:03:22.984424 15383 leader_election.cc:343] T 1388752f7db54ba585023fb3db2eef7c P f72d3fa6d33249dabf224e4efb08ee16 [CANDIDATE]: Term 1 election: Tablet error from VoteRequest() call to peer 133072b2340f498a9a2d593287b29529 (127.13.207.130:39309): Illegal state: must be running to vote when last-logged opid is not known
I20260709 13:03:22.984826 15462 ts_tablet_manager.cc:1403] T 77a3f86f8cfe4393a1816bc6df9e43f6 P 133072b2340f498a9a2d593287b29529: Time spent bootstrapping tablet: real 0.035s	user 0.010s	sys 0.007s
I20260709 13:03:22.986253 15524 leader_election.cc:290] T 1388752f7db54ba585023fb3db2eef7c P f72d3fa6d33249dabf224e4efb08ee16 [CANDIDATE]: Term 1 election: Requested vote from peers 988e6214d2d64def8b034c8352c36ab7 (127.13.207.129:46245), 133072b2340f498a9a2d593287b29529 (127.13.207.130:39309)
I20260709 13:03:22.988325 15462 raft_consensus.cc:359] T 77a3f86f8cfe4393a1816bc6df9e43f6 P 133072b2340f498a9a2d593287b29529 [term 0 FOLLOWER]: Replica starting. Triggering 0 pending ops. Active config: opid_index: -1 OBSOLETE_local: false peers { permanent_uuid: "988e6214d2d64def8b034c8352c36ab7" member_type: VOTER last_known_addr { host: "127.13.207.129" port: 46245 } } peers { permanent_uuid: "133072b2340f498a9a2d593287b29529" member_type: VOTER last_known_addr { host: "127.13.207.130" port: 39309 } } peers { permanent_uuid: "f72d3fa6d33249dabf224e4efb08ee16" member_type: VOTER last_known_addr { host: "127.13.207.131" port: 33519 } }
I20260709 13:03:22.989120 15462 raft_consensus.cc:385] T 77a3f86f8cfe4393a1816bc6df9e43f6 P 133072b2340f498a9a2d593287b29529 [term 0 FOLLOWER]: Consensus starting up: Expiring failure detector timer to make a prompt election more likely
I20260709 13:03:22.989406 15462 raft_consensus.cc:740] T 77a3f86f8cfe4393a1816bc6df9e43f6 P 133072b2340f498a9a2d593287b29529 [term 0 FOLLOWER]: Becoming Follower/Learner. State: Replica: 133072b2340f498a9a2d593287b29529, State: Initialized, Role: FOLLOWER
I20260709 13:03:22.989886 15519 raft_consensus.cc:493] T da48c4bcc47c4d438f64b37a36931b4a P 133072b2340f498a9a2d593287b29529 [term 2 FOLLOWER]: Starting pre-election (no leader contacted us within the election timeout)
I20260709 13:03:22.990365 15519 raft_consensus.cc:515] T da48c4bcc47c4d438f64b37a36931b4a P 133072b2340f498a9a2d593287b29529 [term 2 FOLLOWER]: Starting pre-election with config: opid_index: -1 OBSOLETE_local: false peers { permanent_uuid: "988e6214d2d64def8b034c8352c36ab7" member_type: VOTER last_known_addr { host: "127.13.207.129" port: 46245 } } peers { permanent_uuid: "133072b2340f498a9a2d593287b29529" member_type: VOTER last_known_addr { host: "127.13.207.130" port: 39309 } } peers { permanent_uuid: "f72d3fa6d33249dabf224e4efb08ee16" member_type: VOTER last_known_addr { host: "127.13.207.131" port: 33519 } }
I20260709 13:03:22.992497 15519 leader_election.cc:290] T da48c4bcc47c4d438f64b37a36931b4a P 133072b2340f498a9a2d593287b29529 [CANDIDATE]: Term 3 pre-election: Requested pre-vote from peers 988e6214d2d64def8b034c8352c36ab7 (127.13.207.129:46245), f72d3fa6d33249dabf224e4efb08ee16 (127.13.207.131:33519)
I20260709 13:03:22.993836 15420 tablet_service.cc:1917] Received RequestConsensusVote() RPC: tablet_id: "da48c4bcc47c4d438f64b37a36931b4a" candidate_uuid: "133072b2340f498a9a2d593287b29529" candidate_term: 3 candidate_status { last_received { term: 1 index: 1 } } ignore_live_leader: false dest_uuid: "f72d3fa6d33249dabf224e4efb08ee16" is_pre_election: true
I20260709 13:03:22.996170 15268 tablet_service.cc:1917] Received RequestConsensusVote() RPC: tablet_id: "da48c4bcc47c4d438f64b37a36931b4a" candidate_uuid: "133072b2340f498a9a2d593287b29529" candidate_term: 3 candidate_status { last_received { term: 1 index: 1 } } ignore_live_leader: false dest_uuid: "988e6214d2d64def8b034c8352c36ab7" is_pre_election: true
I20260709 13:03:22.996848 15268 raft_consensus.cc:2468] T da48c4bcc47c4d438f64b37a36931b4a P 988e6214d2d64def8b034c8352c36ab7 [term 2 FOLLOWER]: Leader pre-election vote request: Granting yes vote for candidate 133072b2340f498a9a2d593287b29529 in term 2.
I20260709 13:03:22.990386 15462 consensus_queue.cc:260] T 77a3f86f8cfe4393a1816bc6df9e43f6 P 133072b2340f498a9a2d593287b29529 [NON_LEADER]: Queue going to NON_LEADER mode. State: All replicated index: 0, Majority replicated index: 0, Committed index: 0, Last appended: 0.0, Last appended by leader: 0, Current term: 0, Majority size: -1, State: 0, Mode: NON_LEADER, active raft config: opid_index: -1 OBSOLETE_local: false peers { permanent_uuid: "988e6214d2d64def8b034c8352c36ab7" member_type: VOTER last_known_addr { host: "127.13.207.129" port: 46245 } } peers { permanent_uuid: "133072b2340f498a9a2d593287b29529" member_type: VOTER last_known_addr { host: "127.13.207.130" port: 39309 } } peers { permanent_uuid: "f72d3fa6d33249dabf224e4efb08ee16" member_type: VOTER last_known_addr { host: "127.13.207.131" port: 33519 } }
I20260709 13:03:22.997995 15312 leader_election.cc:304] T da48c4bcc47c4d438f64b37a36931b4a P 133072b2340f498a9a2d593287b29529 [CANDIDATE]: Term 3 pre-election: Election decided. Result: candidate won. Election summary: received 3 responses out of 3 voters: 2 yes votes; 1 no votes. yes voters: 133072b2340f498a9a2d593287b29529, 988e6214d2d64def8b034c8352c36ab7; no voters: f72d3fa6d33249dabf224e4efb08ee16
I20260709 13:03:22.999487 15462 ts_tablet_manager.cc:1434] T 77a3f86f8cfe4393a1816bc6df9e43f6 P 133072b2340f498a9a2d593287b29529: Time spent starting tablet: real 0.014s	user 0.007s	sys 0.001s
I20260709 13:03:23.000444 15519 raft_consensus.cc:2804] T da48c4bcc47c4d438f64b37a36931b4a P 133072b2340f498a9a2d593287b29529 [term 2 FOLLOWER]: Leader pre-election won for term 3
I20260709 13:03:23.000864 15519 raft_consensus.cc:493] T da48c4bcc47c4d438f64b37a36931b4a P 133072b2340f498a9a2d593287b29529 [term 2 FOLLOWER]: Starting leader election (no leader contacted us within the election timeout)
I20260709 13:03:23.000989 15462 tablet_bootstrap.cc:492] T a81fd9711d774f3994497f3d5e86317e P 133072b2340f498a9a2d593287b29529: Bootstrap starting.
I20260709 13:03:23.005486 15519 raft_consensus.cc:3060] T da48c4bcc47c4d438f64b37a36931b4a P 133072b2340f498a9a2d593287b29529 [term 2 FOLLOWER]: Advancing to term 3
I20260709 13:03:23.007714 15462 tablet_bootstrap.cc:654] T a81fd9711d774f3994497f3d5e86317e P 133072b2340f498a9a2d593287b29529: Neither blocks nor log segments found. Creating new log.
I20260709 13:03:23.008190 15710 consensus_queue.cc:1048] T 8282f0a3d0704b0cb5c1cfbc4283947d P 988e6214d2d64def8b034c8352c36ab7 [LEADER]: Connected to new peer: Peer: permanent_uuid: "133072b2340f498a9a2d593287b29529" member_type: VOTER last_known_addr { host: "127.13.207.130" port: 39309 }, Status: LMP_MISMATCH, Last received: 0.0, Next index: 1, Last known committed idx: 0, Time since last communication: 0.001s
I20260709 13:03:23.020433 15519 raft_consensus.cc:515] T da48c4bcc47c4d438f64b37a36931b4a P 133072b2340f498a9a2d593287b29529 [term 3 FOLLOWER]: Starting leader election with config: opid_index: -1 OBSOLETE_local: false peers { permanent_uuid: "988e6214d2d64def8b034c8352c36ab7" member_type: VOTER last_known_addr { host: "127.13.207.129" port: 46245 } } peers { permanent_uuid: "133072b2340f498a9a2d593287b29529" member_type: VOTER last_known_addr { host: "127.13.207.130" port: 39309 } } peers { permanent_uuid: "f72d3fa6d33249dabf224e4efb08ee16" member_type: VOTER last_known_addr { host: "127.13.207.131" port: 33519 } }
I20260709 13:03:23.025434 15710 raft_consensus.cc:493] T f75058f075374695be381d71b1db34b7 P 988e6214d2d64def8b034c8352c36ab7 [term 0 FOLLOWER]: Starting pre-election (no leader contacted us within the election timeout)
I20260709 13:03:23.028795 15710 raft_consensus.cc:515] T f75058f075374695be381d71b1db34b7 P 988e6214d2d64def8b034c8352c36ab7 [term 0 FOLLOWER]: Starting pre-election with config: opid_index: -1 OBSOLETE_local: false peers { permanent_uuid: "988e6214d2d64def8b034c8352c36ab7" member_type: VOTER last_known_addr { host: "127.13.207.129" port: 46245 } } peers { permanent_uuid: "133072b2340f498a9a2d593287b29529" member_type: VOTER last_known_addr { host: "127.13.207.130" port: 39309 } } peers { permanent_uuid: "f72d3fa6d33249dabf224e4efb08ee16" member_type: VOTER last_known_addr { host: "127.13.207.131" port: 33519 } }
I20260709 13:03:23.033030 15462 tablet_bootstrap.cc:492] T a81fd9711d774f3994497f3d5e86317e P 133072b2340f498a9a2d593287b29529: No bootstrap required, opened a new log
I20260709 13:03:23.033620 15462 ts_tablet_manager.cc:1403] T a81fd9711d774f3994497f3d5e86317e P 133072b2340f498a9a2d593287b29529: Time spent bootstrapping tablet: real 0.033s	user 0.012s	sys 0.002s
I20260709 13:03:23.034373 15471 raft_consensus.cc:493] T 6aa9e6a39f8b4a89812700b39454d2f8 P 133072b2340f498a9a2d593287b29529 [term 0 FOLLOWER]: Starting pre-election (no leader contacted us within the election timeout)
I20260709 13:03:23.035007 15577 raft_consensus.cc:493] T 77a3f86f8cfe4393a1816bc6df9e43f6 P 133072b2340f498a9a2d593287b29529 [term 0 FOLLOWER]: Starting pre-election (no leader contacted us within the election timeout)
I20260709 13:03:23.035504 15577 raft_consensus.cc:515] T 77a3f86f8cfe4393a1816bc6df9e43f6 P 133072b2340f498a9a2d593287b29529 [term 0 FOLLOWER]: Starting pre-election with config: opid_index: -1 OBSOLETE_local: false peers { permanent_uuid: "988e6214d2d64def8b034c8352c36ab7" member_type: VOTER last_known_addr { host: "127.13.207.129" port: 46245 } } peers { permanent_uuid: "133072b2340f498a9a2d593287b29529" member_type: VOTER last_known_addr { host: "127.13.207.130" port: 39309 } } peers { permanent_uuid: "f72d3fa6d33249dabf224e4efb08ee16" member_type: VOTER last_known_addr { host: "127.13.207.131" port: 33519 } }
I20260709 13:03:23.036939 15462 raft_consensus.cc:359] T a81fd9711d774f3994497f3d5e86317e P 133072b2340f498a9a2d593287b29529 [term 0 FOLLOWER]: Replica starting. Triggering 0 pending ops. Active config: opid_index: -1 OBSOLETE_local: false peers { permanent_uuid: "988e6214d2d64def8b034c8352c36ab7" member_type: VOTER last_known_addr { host: "127.13.207.129" port: 46245 } } peers { permanent_uuid: "133072b2340f498a9a2d593287b29529" member_type: VOTER last_known_addr { host: "127.13.207.130" port: 39309 } } peers { permanent_uuid: "f72d3fa6d33249dabf224e4efb08ee16" member_type: VOTER last_known_addr { host: "127.13.207.131" port: 33519 } }
I20260709 13:03:23.037652 15577 leader_election.cc:290] T 77a3f86f8cfe4393a1816bc6df9e43f6 P 133072b2340f498a9a2d593287b29529 [CANDIDATE]: Term 1 pre-election: Requested pre-vote from peers 988e6214d2d64def8b034c8352c36ab7 (127.13.207.129:46245), f72d3fa6d33249dabf224e4efb08ee16 (127.13.207.131:33519)
I20260709 13:03:23.037869 15462 raft_consensus.cc:385] T a81fd9711d774f3994497f3d5e86317e P 133072b2340f498a9a2d593287b29529 [term 0 FOLLOWER]: Consensus starting up: Expiring failure detector timer to make a prompt election more likely
I20260709 13:03:23.038199 15462 raft_consensus.cc:740] T a81fd9711d774f3994497f3d5e86317e P 133072b2340f498a9a2d593287b29529 [term 0 FOLLOWER]: Becoming Follower/Learner. State: Replica: 133072b2340f498a9a2d593287b29529, State: Initialized, Role: FOLLOWER
I20260709 13:03:23.039312 15269 tablet_service.cc:1917] Received RequestConsensusVote() RPC: tablet_id: "77a3f86f8cfe4393a1816bc6df9e43f6" candidate_uuid: "133072b2340f498a9a2d593287b29529" candidate_term: 1 candidate_status { last_received { term: 0 index: 0 } } ignore_live_leader: false dest_uuid: "988e6214d2d64def8b034c8352c36ab7" is_pre_election: true
