I20260709 13:03:15.479135 16463 leader_election.cc:290] T 2f838907d7a4404a8fd3fd230ada42b2 P 6a8e36cb7d804af3a6387c119f65d24b [CANDIDATE]: Term 1 pre-election: Requested pre-vote from peers 46853f94f7ac4bff9023dfe3e6660b0d (127.14.190.1:37389), 7962ae52dd65495ab56891e5d5535899 (127.14.190.2:46381)
I20260709 13:03:15.481133 16392 tablet_bootstrap.cc:492] T efb7cac21ef74a42a416e7db67e8fc69 P 6a8e36cb7d804af3a6387c119f65d24b: No bootstrap required, opened a new log
I20260709 13:03:15.481271 16393 tablet_bootstrap.cc:492] T abfa101dac9745c1930b57446c139516 P 7962ae52dd65495ab56891e5d5535899: No bootstrap required, opened a new log
I20260709 13:03:15.481673 16393 ts_tablet_manager.cc:1403] T abfa101dac9745c1930b57446c139516 P 7962ae52dd65495ab56891e5d5535899: Time spent bootstrapping tablet: real 0.021s	user 0.011s	sys 0.004s
I20260709 13:03:15.481673 16392 ts_tablet_manager.cc:1403] T efb7cac21ef74a42a416e7db67e8fc69 P 6a8e36cb7d804af3a6387c119f65d24b: Time spent bootstrapping tablet: real 0.028s	user 0.017s	sys 0.001s
I20260709 13:03:15.484385 16392 raft_consensus.cc:359] T efb7cac21ef74a42a416e7db67e8fc69 P 6a8e36cb7d804af3a6387c119f65d24b [term 0 FOLLOWER]: Replica starting. Triggering 0 pending ops. Active config: opid_index: -1 OBSOLETE_local: false peers { permanent_uuid: "46853f94f7ac4bff9023dfe3e6660b0d" member_type: VOTER last_known_addr { host: "127.14.190.1" port: 37389 } } peers { permanent_uuid: "7962ae52dd65495ab56891e5d5535899" member_type: VOTER last_known_addr { host: "127.14.190.2" port: 46381 } } peers { permanent_uuid: "6a8e36cb7d804af3a6387c119f65d24b" member_type: VOTER last_known_addr { host: "127.14.190.3" port: 43753 } }
I20260709 13:03:15.484259 16393 raft_consensus.cc:359] T abfa101dac9745c1930b57446c139516 P 7962ae52dd65495ab56891e5d5535899 [term 0 FOLLOWER]: Replica starting. Triggering 0 pending ops. Active config: opid_index: -1 OBSOLETE_local: false peers { permanent_uuid: "46853f94f7ac4bff9023dfe3e6660b0d" member_type: VOTER last_known_addr { host: "127.14.190.1" port: 37389 } } peers { permanent_uuid: "7962ae52dd65495ab56891e5d5535899" member_type: VOTER last_known_addr { host: "127.14.190.2" port: 46381 } } peers { permanent_uuid: "6a8e36cb7d804af3a6387c119f65d24b" member_type: VOTER last_known_addr { host: "127.14.190.3" port: 43753 } }
I20260709 13:03:15.484840 16202 tablet_service.cc:1917] Received RequestConsensusVote() RPC: tablet_id: "2f838907d7a4404a8fd3fd230ada42b2" candidate_uuid: "6a8e36cb7d804af3a6387c119f65d24b" candidate_term: 1 candidate_status { last_received { term: 0 index: 0 } } ignore_live_leader: false dest_uuid: "46853f94f7ac4bff9023dfe3e6660b0d" is_pre_election: true
I20260709 13:03:15.485226 16393 raft_consensus.cc:385] T abfa101dac9745c1930b57446c139516 P 7962ae52dd65495ab56891e5d5535899 [term 0 FOLLOWER]: Consensus starting up: Expiring failure detector timer to make a prompt election more likely
I20260709 13:03:15.485224 16392 raft_consensus.cc:385] T efb7cac21ef74a42a416e7db67e8fc69 P 6a8e36cb7d804af3a6387c119f65d24b [term 0 FOLLOWER]: Consensus starting up: Expiring failure detector timer to make a prompt election more likely
I20260709 13:03:15.484266 16276 tablet_service.cc:1917] Received RequestConsensusVote() RPC: tablet_id: "2f838907d7a4404a8fd3fd230ada42b2" candidate_uuid: "6a8e36cb7d804af3a6387c119f65d24b" candidate_term: 1 candidate_status { last_received { term: 0 index: 0 } } ignore_live_leader: false dest_uuid: "7962ae52dd65495ab56891e5d5535899" is_pre_election: true
I20260709 13:03:15.485687 16393 raft_consensus.cc:740] T abfa101dac9745c1930b57446c139516 P 7962ae52dd65495ab56891e5d5535899 [term 0 FOLLOWER]: Becoming Follower/Learner. State: Replica: 7962ae52dd65495ab56891e5d5535899, State: Initialized, Role: FOLLOWER
I20260709 13:03:15.486678 16392 raft_consensus.cc:740] T efb7cac21ef74a42a416e7db67e8fc69 P 6a8e36cb7d804af3a6387c119f65d24b [term 0 FOLLOWER]: Becoming Follower/Learner. State: Replica: 6a8e36cb7d804af3a6387c119f65d24b, State: Initialized, Role: FOLLOWER
I20260709 13:03:15.486860 16393 consensus_queue.cc:260] T abfa101dac9745c1930b57446c139516 P 7962ae52dd65495ab56891e5d5535899 [NON_LEADER]: Queue going to NON_LEADER mode. State: All replicated index: 0, Majority replicated index: 0, Committed index: 0, Last appended: 0.0, Last appended by leader: 0, Current term: 0, Majority size: -1, State: 0, Mode: NON_LEADER, active raft config: opid_index: -1 OBSOLETE_local: false peers { permanent_uuid: "46853f94f7ac4bff9023dfe3e6660b0d" member_type: VOTER last_known_addr { host: "127.14.190.1" port: 37389 } } peers { permanent_uuid: "7962ae52dd65495ab56891e5d5535899" member_type: VOTER last_known_addr { host: "127.14.190.2" port: 46381 } } peers { permanent_uuid: "6a8e36cb7d804af3a6387c119f65d24b" member_type: VOTER last_known_addr { host: "127.14.190.3" port: 43753 } }
W20260709 13:03:15.487175 16315 leader_election.cc:343] T 2f838907d7a4404a8fd3fd230ada42b2 P 6a8e36cb7d804af3a6387c119f65d24b [CANDIDATE]: Term 1 pre-election: Tablet error from VoteRequest() call to peer 7962ae52dd65495ab56891e5d5535899 (127.14.190.2:46381): Illegal state: must be running to vote when last-logged opid is not known
I20260709 13:03:15.487382 16392 consensus_queue.cc:260] T efb7cac21ef74a42a416e7db67e8fc69 P 6a8e36cb7d804af3a6387c119f65d24b [NON_LEADER]: Queue going to NON_LEADER mode. State: All replicated index: 0, Majority replicated index: 0, Committed index: 0, Last appended: 0.0, Last appended by leader: 0, Current term: 0, Majority size: -1, State: 0, Mode: NON_LEADER, active raft config: opid_index: -1 OBSOLETE_local: false peers { permanent_uuid: "46853f94f7ac4bff9023dfe3e6660b0d" member_type: VOTER last_known_addr { host: "127.14.190.1" port: 37389 } } peers { permanent_uuid: "7962ae52dd65495ab56891e5d5535899" member_type: VOTER last_known_addr { host: "127.14.190.2" port: 46381 } } peers { permanent_uuid: "6a8e36cb7d804af3a6387c119f65d24b" member_type: VOTER last_known_addr { host: "127.14.190.3" port: 43753 } }
I20260709 13:03:15.489454 16392 ts_tablet_manager.cc:1434] T efb7cac21ef74a42a416e7db67e8fc69 P 6a8e36cb7d804af3a6387c119f65d24b: Time spent starting tablet: real 0.007s	user 0.005s	sys 0.000s
I20260709 13:03:15.489890 16393 ts_tablet_manager.cc:1434] T abfa101dac9745c1930b57446c139516 P 7962ae52dd65495ab56891e5d5535899: Time spent starting tablet: real 0.008s	user 0.007s	sys 0.001s
I20260709 13:03:15.490339 16392 tablet_bootstrap.cc:492] T 67997a5dec24452fa6a11f66261d830c P 6a8e36cb7d804af3a6387c119f65d24b: Bootstrap starting.
I20260709 13:03:15.490749 16393 tablet_bootstrap.cc:492] T 3543909d0258475c9d5474b14deb866a P 7962ae52dd65495ab56891e5d5535899: Bootstrap starting.
I20260709 13:03:15.492635 16458 raft_consensus.cc:493] T a51878b66c314b7fa1aa4f34247a4c62 P 6a8e36cb7d804af3a6387c119f65d24b [term 0 FOLLOWER]: Starting pre-election (no leader contacted us within the election timeout)
I20260709 13:03:15.493119 16458 raft_consensus.cc:515] T a51878b66c314b7fa1aa4f34247a4c62 P 6a8e36cb7d804af3a6387c119f65d24b [term 0 FOLLOWER]: Starting pre-election with config: opid_index: -1 OBSOLETE_local: false peers { permanent_uuid: "46853f94f7ac4bff9023dfe3e6660b0d" member_type: VOTER last_known_addr { host: "127.14.190.1" port: 37389 } } peers { permanent_uuid: "7962ae52dd65495ab56891e5d5535899" member_type: VOTER last_known_addr { host: "127.14.190.2" port: 46381 } } peers { permanent_uuid: "6a8e36cb7d804af3a6387c119f65d24b" member_type: VOTER last_known_addr { host: "127.14.190.3" port: 43753 } }
I20260709 13:03:15.495214 16458 leader_election.cc:290] T a51878b66c314b7fa1aa4f34247a4c62 P 6a8e36cb7d804af3a6387c119f65d24b [CANDIDATE]: Term 1 pre-election: Requested pre-vote from peers 46853f94f7ac4bff9023dfe3e6660b0d (127.14.190.1:37389), 7962ae52dd65495ab56891e5d5535899 (127.14.190.2:46381)
I20260709 13:03:15.496601 16393 tablet_bootstrap.cc:654] T 3543909d0258475c9d5474b14deb866a P 7962ae52dd65495ab56891e5d5535899: Neither blocks nor log segments found. Creating new log.
I20260709 13:03:15.496758 16392 tablet_bootstrap.cc:654] T 67997a5dec24452fa6a11f66261d830c P 6a8e36cb7d804af3a6387c119f65d24b: Neither blocks nor log segments found. Creating new log.
I20260709 13:03:15.498893 16203 tablet_service.cc:1917] Received RequestConsensusVote() RPC: tablet_id: "a51878b66c314b7fa1aa4f34247a4c62" candidate_uuid: "6a8e36cb7d804af3a6387c119f65d24b" candidate_term: 1 candidate_status { last_received { term: 0 index: 0 } } ignore_live_leader: false dest_uuid: "46853f94f7ac4bff9023dfe3e6660b0d" is_pre_election: true
I20260709 13:03:15.499553 16203 raft_consensus.cc:2468] T a51878b66c314b7fa1aa4f34247a4c62 P 46853f94f7ac4bff9023dfe3e6660b0d [term 0 FOLLOWER]: Leader pre-election vote request: Granting yes vote for candidate 6a8e36cb7d804af3a6387c119f65d24b in term 0.
I20260709 13:03:15.501233 16275 tablet_service.cc:1917] Received RequestConsensusVote() RPC: tablet_id: "a51878b66c314b7fa1aa4f34247a4c62" candidate_uuid: "6a8e36cb7d804af3a6387c119f65d24b" candidate_term: 1 candidate_status { last_received { term: 0 index: 0 } } ignore_live_leader: false dest_uuid: "7962ae52dd65495ab56891e5d5535899" is_pre_election: true
I20260709 13:03:15.501854 16275 raft_consensus.cc:2468] T a51878b66c314b7fa1aa4f34247a4c62 P 7962ae52dd65495ab56891e5d5535899 [term 0 FOLLOWER]: Leader pre-election vote request: Granting yes vote for candidate 6a8e36cb7d804af3a6387c119f65d24b in term 0.
I20260709 13:03:15.519207 16393 tablet_bootstrap.cc:492] T 3543909d0258475c9d5474b14deb866a P 7962ae52dd65495ab56891e5d5535899: No bootstrap required, opened a new log
I20260709 13:03:15.519686 16393 ts_tablet_manager.cc:1403] T 3543909d0258475c9d5474b14deb866a P 7962ae52dd65495ab56891e5d5535899: Time spent bootstrapping tablet: real 0.029s	user 0.015s	sys 0.000s
I20260709 13:03:15.522557 16393 raft_consensus.cc:359] T 3543909d0258475c9d5474b14deb866a P 7962ae52dd65495ab56891e5d5535899 [term 0 FOLLOWER]: Replica starting. Triggering 0 pending ops. Active config: opid_index: -1 OBSOLETE_local: false peers { permanent_uuid: "46853f94f7ac4bff9023dfe3e6660b0d" member_type: VOTER last_known_addr { host: "127.14.190.1" port: 37389 } } peers { permanent_uuid: "7962ae52dd65495ab56891e5d5535899" member_type: VOTER last_known_addr { host: "127.14.190.2" port: 46381 } } peers { permanent_uuid: "6a8e36cb7d804af3a6387c119f65d24b" member_type: VOTER last_known_addr { host: "127.14.190.3" port: 43753 } }
I20260709 13:03:15.523244 16393 raft_consensus.cc:385] T 3543909d0258475c9d5474b14deb866a P 7962ae52dd65495ab56891e5d5535899 [term 0 FOLLOWER]: Consensus starting up: Expiring failure detector timer to make a prompt election more likely
I20260709 13:03:15.523506 16393 raft_consensus.cc:740] T 3543909d0258475c9d5474b14deb866a P 7962ae52dd65495ab56891e5d5535899 [term 0 FOLLOWER]: Becoming Follower/Learner. State: Replica: 7962ae52dd65495ab56891e5d5535899, State: Initialized, Role: FOLLOWER
I20260709 13:03:15.524111 16463 raft_consensus.cc:493] T efb7cac21ef74a42a416e7db67e8fc69 P 6a8e36cb7d804af3a6387c119f65d24b [term 0 FOLLOWER]: Starting pre-election (no leader contacted us within the election timeout)
I20260709 13:03:15.524294 16393 consensus_queue.cc:260] T 3543909d0258475c9d5474b14deb866a P 7962ae52dd65495ab56891e5d5535899 [NON_LEADER]: Queue going to NON_LEADER mode. State: All replicated index: 0, Majority replicated index: 0, Committed index: 0, Last appended: 0.0, Last appended by leader: 0, Current term: 0, Majority size: -1, State: 0, Mode: NON_LEADER, active raft config: opid_index: -1 OBSOLETE_local: false peers { permanent_uuid: "46853f94f7ac4bff9023dfe3e6660b0d" member_type: VOTER last_known_addr { host: "127.14.190.1" port: 37389 } } peers { permanent_uuid: "7962ae52dd65495ab56891e5d5535899" member_type: VOTER last_known_addr { host: "127.14.190.2" port: 46381 } } peers { permanent_uuid: "6a8e36cb7d804af3a6387c119f65d24b" member_type: VOTER last_known_addr { host: "127.14.190.3" port: 43753 } }
I20260709 13:03:15.524648 16463 raft_consensus.cc:515] T efb7cac21ef74a42a416e7db67e8fc69 P 6a8e36cb7d804af3a6387c119f65d24b [term 0 FOLLOWER]: Starting pre-election with config: opid_index: -1 OBSOLETE_local: false peers { permanent_uuid: "46853f94f7ac4bff9023dfe3e6660b0d" member_type: VOTER last_known_addr { host: "127.14.190.1" port: 37389 } } peers { permanent_uuid: "7962ae52dd65495ab56891e5d5535899" member_type: VOTER last_known_addr { host: "127.14.190.2" port: 46381 } } peers { permanent_uuid: "6a8e36cb7d804af3a6387c119f65d24b" member_type: VOTER last_known_addr { host: "127.14.190.3" port: 43753 } }
I20260709 13:03:15.526647 16393 ts_tablet_manager.cc:1434] T 3543909d0258475c9d5474b14deb866a P 7962ae52dd65495ab56891e5d5535899: Time spent starting tablet: real 0.007s	user 0.007s	sys 0.000s
I20260709 13:03:15.527594 16393 tablet_bootstrap.cc:492] T 3c54241067224ebfb15a8cb622eefeef P 7962ae52dd65495ab56891e5d5535899: Bootstrap starting.
I20260709 13:03:15.528401 16275 tablet_service.cc:1917] Received RequestConsensusVote() RPC: tablet_id: "efb7cac21ef74a42a416e7db67e8fc69" candidate_uuid: "6a8e36cb7d804af3a6387c119f65d24b" candidate_term: 1 candidate_status { last_received { term: 0 index: 0 } } ignore_live_leader: false dest_uuid: "7962ae52dd65495ab56891e5d5535899" is_pre_election: true
I20260709 13:03:15.530301 16203 tablet_service.cc:1917] Received RequestConsensusVote() RPC: tablet_id: "efb7cac21ef74a42a416e7db67e8fc69" candidate_uuid: "6a8e36cb7d804af3a6387c119f65d24b" candidate_term: 1 candidate_status { last_received { term: 0 index: 0 } } ignore_live_leader: false dest_uuid: "46853f94f7ac4bff9023dfe3e6660b0d" is_pre_election: true
I20260709 13:03:15.527541 16315 leader_election.cc:304] T a51878b66c314b7fa1aa4f34247a4c62 P 6a8e36cb7d804af3a6387c119f65d24b [CANDIDATE]: Term 1 pre-election: Election decided. Result: candidate won. Election summary: received 2 responses out of 3 voters: 2 yes votes; 0 no votes. yes voters: 6a8e36cb7d804af3a6387c119f65d24b, 7962ae52dd65495ab56891e5d5535899; no voters: 
W20260709 13:03:15.532711 16315 leader_election.cc:343] T 2f838907d7a4404a8fd3fd230ada42b2 P 6a8e36cb7d804af3a6387c119f65d24b [CANDIDATE]: Term 1 pre-election: Tablet error from VoteRequest() call to peer 46853f94f7ac4bff9023dfe3e6660b0d (127.14.190.1:37389): Illegal state: must be running to vote when last-logged opid is not known
I20260709 13:03:15.533136 16315 leader_election.cc:304] T 2f838907d7a4404a8fd3fd230ada42b2 P 6a8e36cb7d804af3a6387c119f65d24b [CANDIDATE]: Term 1 pre-election: Election decided. Result: candidate lost. Election summary: received 3 responses out of 3 voters: 1 yes votes; 2 no votes. yes voters: 6a8e36cb7d804af3a6387c119f65d24b; no voters: 46853f94f7ac4bff9023dfe3e6660b0d, 7962ae52dd65495ab56891e5d5535899
I20260709 13:03:15.533556 16393 tablet_bootstrap.cc:654] T 3c54241067224ebfb15a8cb622eefeef P 7962ae52dd65495ab56891e5d5535899: Neither blocks nor log segments found. Creating new log.
I20260709 13:03:15.534067 16458 raft_consensus.cc:2804] T a51878b66c314b7fa1aa4f34247a4c62 P 6a8e36cb7d804af3a6387c119f65d24b [term 0 FOLLOWER]: Leader pre-election won for term 1
I20260709 13:03:15.534468 16458 raft_consensus.cc:493] T a51878b66c314b7fa1aa4f34247a4c62 P 6a8e36cb7d804af3a6387c119f65d24b [term 0 FOLLOWER]: Starting leader election (no leader contacted us within the election timeout)
I20260709 13:03:15.534802 16458 raft_consensus.cc:3060] T a51878b66c314b7fa1aa4f34247a4c62 P 6a8e36cb7d804af3a6387c119f65d24b [term 0 FOLLOWER]: Advancing to term 1
I20260709 13:03:15.526649 16463 leader_election.cc:290] T efb7cac21ef74a42a416e7db67e8fc69 P 6a8e36cb7d804af3a6387c119f65d24b [CANDIDATE]: Term 1 pre-election: Requested pre-vote from peers 46853f94f7ac4bff9023dfe3e6660b0d (127.14.190.1:37389), 7962ae52dd65495ab56891e5d5535899 (127.14.190.2:46381)
I20260709 13:03:15.536610 16463 raft_consensus.cc:2749] T 2f838907d7a4404a8fd3fd230ada42b2 P 6a8e36cb7d804af3a6387c119f65d24b [term 0 FOLLOWER]: Leader pre-election lost for term 1. Reason: could not achieve majority
I20260709 13:03:15.546634 16393 tablet_bootstrap.cc:492] T 3c54241067224ebfb15a8cb622eefeef P 7962ae52dd65495ab56891e5d5535899: No bootstrap required, opened a new log
I20260709 13:03:15.547132 16393 ts_tablet_manager.cc:1403] T 3c54241067224ebfb15a8cb622eefeef P 7962ae52dd65495ab56891e5d5535899: Time spent bootstrapping tablet: real 0.020s	user 0.016s	sys 0.000s
I20260709 13:03:15.549650 16393 raft_consensus.cc:359] T 3c54241067224ebfb15a8cb622eefeef P 7962ae52dd65495ab56891e5d5535899 [term 0 FOLLOWER]: Replica starting. Triggering 0 pending ops. Active config: opid_index: -1 OBSOLETE_local: false peers { permanent_uuid: "46853f94f7ac4bff9023dfe3e6660b0d" member_type: VOTER last_known_addr { host: "127.14.190.1" port: 37389 } } peers { permanent_uuid: "7962ae52dd65495ab56891e5d5535899" member_type: VOTER last_known_addr { host: "127.14.190.2" port: 46381 } } peers { permanent_uuid: "6a8e36cb7d804af3a6387c119f65d24b" member_type: VOTER last_known_addr { host: "127.14.190.3" port: 43753 } }
I20260709 13:03:15.550500 16393 raft_consensus.cc:385] T 3c54241067224ebfb15a8cb622eefeef P 7962ae52dd65495ab56891e5d5535899 [term 0 FOLLOWER]: Consensus starting up: Expiring failure detector timer to make a prompt election more likely
I20260709 13:03:15.550748 16463 raft_consensus.cc:493] T c8c89a46e8d5435691d1738235deaae2 P 6a8e36cb7d804af3a6387c119f65d24b [term 0 FOLLOWER]: Starting pre-election (no leader contacted us within the election timeout)
I20260709 13:03:15.550769 16393 raft_consensus.cc:740] T 3c54241067224ebfb15a8cb622eefeef P 7962ae52dd65495ab56891e5d5535899 [term 0 FOLLOWER]: Becoming Follower/Learner. State: Replica: 7962ae52dd65495ab56891e5d5535899, State: Initialized, Role: FOLLOWER
I20260709 13:03:15.551388 16463 raft_consensus.cc:515] T c8c89a46e8d5435691d1738235deaae2 P 6a8e36cb7d804af3a6387c119f65d24b [term 0 FOLLOWER]: Starting pre-election with config: opid_index: -1 OBSOLETE_local: false peers { permanent_uuid: "46853f94f7ac4bff9023dfe3e6660b0d" member_type: VOTER last_known_addr { host: "127.14.190.1" port: 37389 } } peers { permanent_uuid: "7962ae52dd65495ab56891e5d5535899" member_type: VOTER last_known_addr { host: "127.14.190.2" port: 46381 } } peers { permanent_uuid: "6a8e36cb7d804af3a6387c119f65d24b" member_type: VOTER last_known_addr { host: "127.14.190.3" port: 43753 } }
I20260709 13:03:15.551805 16393 consensus_queue.cc:260] T 3c54241067224ebfb15a8cb622eefeef P 7962ae52dd65495ab56891e5d5535899 [NON_LEADER]: Queue going to NON_LEADER mode. State: All replicated index: 0, Majority replicated index: 0, Committed index: 0, Last appended: 0.0, Last appended by leader: 0, Current term: 0, Majority size: -1, State: 0, Mode: NON_LEADER, active raft config: opid_index: -1 OBSOLETE_local: false peers { permanent_uuid: "46853f94f7ac4bff9023dfe3e6660b0d" member_type: VOTER last_known_addr { host: "127.14.190.1" port: 37389 } } peers { permanent_uuid: "7962ae52dd65495ab56891e5d5535899" member_type: VOTER last_known_addr { host: "127.14.190.2" port: 46381 } } peers { permanent_uuid: "6a8e36cb7d804af3a6387c119f65d24b" member_type: VOTER last_known_addr { host: "127.14.190.3" port: 43753 } }
I20260709 13:03:15.553422 16463 leader_election.cc:290] T c8c89a46e8d5435691d1738235deaae2 P 6a8e36cb7d804af3a6387c119f65d24b [CANDIDATE]: Term 1 pre-election: Requested pre-vote from peers 46853f94f7ac4bff9023dfe3e6660b0d (127.14.190.1:37389), 7962ae52dd65495ab56891e5d5535899 (127.14.190.2:46381)
I20260709 13:03:15.554194 16393 ts_tablet_manager.cc:1434] T 3c54241067224ebfb15a8cb622eefeef P 7962ae52dd65495ab56891e5d5535899: Time spent starting tablet: real 0.007s	user 0.007s	sys 0.000s
I20260709 13:03:15.555239 16393 tablet_bootstrap.cc:492] T c8c89a46e8d5435691d1738235deaae2 P 7962ae52dd65495ab56891e5d5535899: Bootstrap starting.
I20260709 13:03:15.561018 16393 tablet_bootstrap.cc:654] T c8c89a46e8d5435691d1738235deaae2 P 7962ae52dd65495ab56891e5d5535899: Neither blocks nor log segments found. Creating new log.
I20260709 13:03:15.565488 16458 raft_consensus.cc:515] T a51878b66c314b7fa1aa4f34247a4c62 P 6a8e36cb7d804af3a6387c119f65d24b [term 1 FOLLOWER]: Starting leader election with config: opid_index: -1 OBSOLETE_local: false peers { permanent_uuid: "46853f94f7ac4bff9023dfe3e6660b0d" member_type: VOTER last_known_addr { host: "127.14.190.1" port: 37389 } } peers { permanent_uuid: "7962ae52dd65495ab56891e5d5535899" member_type: VOTER last_known_addr { host: "127.14.190.2" port: 46381 } } peers { permanent_uuid: "6a8e36cb7d804af3a6387c119f65d24b" member_type: VOTER last_known_addr { host: "127.14.190.3" port: 43753 } }
I20260709 13:03:15.567318 16458 leader_election.cc:290] T a51878b66c314b7fa1aa4f34247a4c62 P 6a8e36cb7d804af3a6387c119f65d24b [CANDIDATE]: Term 1 election: Requested vote from peers 46853f94f7ac4bff9023dfe3e6660b0d (127.14.190.1:37389), 7962ae52dd65495ab56891e5d5535899 (127.14.190.2:46381)
I20260709 13:03:15.573143 16393 tablet_bootstrap.cc:492] T c8c89a46e8d5435691d1738235deaae2 P 7962ae52dd65495ab56891e5d5535899: No bootstrap required, opened a new log
I20260709 13:03:15.573611 16393 ts_tablet_manager.cc:1403] T c8c89a46e8d5435691d1738235deaae2 P 7962ae52dd65495ab56891e5d5535899: Time spent bootstrapping tablet: real 0.019s	user 0.011s	sys 0.003s
I20260709 13:03:15.576180 16393 raft_consensus.cc:359] T c8c89a46e8d5435691d1738235deaae2 P 7962ae52dd65495ab56891e5d5535899 [term 0 FOLLOWER]: Replica starting. Triggering 0 pending ops. Active config: opid_index: -1 OBSOLETE_local: false peers { permanent_uuid: "46853f94f7ac4bff9023dfe3e6660b0d" member_type: VOTER last_known_addr { host: "127.14.190.1" port: 37389 } } peers { permanent_uuid: "7962ae52dd65495ab56891e5d5535899" member_type: VOTER last_known_addr { host: "127.14.190.2" port: 46381 } } peers { permanent_uuid: "6a8e36cb7d804af3a6387c119f65d24b" member_type: VOTER last_known_addr { host: "127.14.190.3" port: 43753 } }
I20260709 13:03:15.576840 16393 raft_consensus.cc:385] T c8c89a46e8d5435691d1738235deaae2 P 7962ae52dd65495ab56891e5d5535899 [term 0 FOLLOWER]: Consensus starting up: Expiring failure detector timer to make a prompt election more likely
I20260709 13:03:15.577107 16393 raft_consensus.cc:740] T c8c89a46e8d5435691d1738235deaae2 P 7962ae52dd65495ab56891e5d5535899 [term 0 FOLLOWER]: Becoming Follower/Learner. State: Replica: 7962ae52dd65495ab56891e5d5535899, State: Initialized, Role: FOLLOWER
I20260709 13:03:15.577910 16393 consensus_queue.cc:260] T c8c89a46e8d5435691d1738235deaae2 P 7962ae52dd65495ab56891e5d5535899 [NON_LEADER]: Queue going to NON_LEADER mode. State: All replicated index: 0, Majority replicated index: 0, Committed index: 0, Last appended: 0.0, Last appended by leader: 0, Current term: 0, Majority size: -1, State: 0, Mode: NON_LEADER, active raft config: opid_index: -1 OBSOLETE_local: false peers { permanent_uuid: "46853f94f7ac4bff9023dfe3e6660b0d" member_type: VOTER last_known_addr { host: "127.14.190.1" port: 37389 } } peers { permanent_uuid: "7962ae52dd65495ab56891e5d5535899" member_type: VOTER last_known_addr { host: "127.14.190.2" port: 46381 } } peers { permanent_uuid: "6a8e36cb7d804af3a6387c119f65d24b" member_type: VOTER last_known_addr { host: "127.14.190.3" port: 43753 } }
W20260709 13:03:15.584506 16315 outbound_call.cc:321] RPC callback for RPC call kudu.consensus.ConsensusService.RequestConsensusVote -> {remote=127.14.190.1:37389, user_credentials={real_user=slave}} blocked reactor thread for 51826.6us
W20260709 13:03:15.585309 16315 leader_election.cc:343] T efb7cac21ef74a42a416e7db67e8fc69 P 6a8e36cb7d804af3a6387c119f65d24b [CANDIDATE]: Term 1 pre-election: Tablet error from VoteRequest() call to peer 46853f94f7ac4bff9023dfe3e6660b0d (127.14.190.1:37389): Illegal state: must be running to vote when last-logged opid is not known
I20260709 13:03:15.587118 16203 tablet_service.cc:1917] Received RequestConsensusVote() RPC: tablet_id: "c8c89a46e8d5435691d1738235deaae2" candidate_uuid: "6a8e36cb7d804af3a6387c119f65d24b" candidate_term: 1 candidate_status { last_received { term: 0 index: 0 } } ignore_live_leader: false dest_uuid: "46853f94f7ac4bff9023dfe3e6660b0d" is_pre_election: true
I20260709 13:03:15.587263 16418 consensus_queue.cc:1048] T d0ed2038325444efa651d5ee77e8e0e2 P 46853f94f7ac4bff9023dfe3e6660b0d [LEADER]: Connected to new peer: Peer: permanent_uuid: "6a8e36cb7d804af3a6387c119f65d24b" member_type: VOTER last_known_addr { host: "127.14.190.3" port: 43753 }, Status: LMP_MISMATCH, Last received: 0.0, Next index: 1, Last known committed idx: 0, Time since last communication: 0.000s
I20260709 13:03:15.588734 16275 tablet_service.cc:1917] Received RequestConsensusVote() RPC: tablet_id: "c8c89a46e8d5435691d1738235deaae2" candidate_uuid: "6a8e36cb7d804af3a6387c119f65d24b" candidate_term: 1 candidate_status { last_received { term: 0 index: 0 } } ignore_live_leader: false dest_uuid: "7962ae52dd65495ab56891e5d5535899" is_pre_election: true
I20260709 13:03:15.589416 16275 raft_consensus.cc:2468] T c8c89a46e8d5435691d1738235deaae2 P 7962ae52dd65495ab56891e5d5535899 [term 0 FOLLOWER]: Leader pre-election vote request: Granting yes vote for candidate 6a8e36cb7d804af3a6387c119f65d24b in term 0.
I20260709 13:03:15.593484 16494 raft_consensus.cc:493] T abfa101dac9745c1930b57446c139516 P 7962ae52dd65495ab56891e5d5535899 [term 0 FOLLOWER]: Starting pre-election (no leader contacted us within the election timeout)
I20260709 13:03:15.593955 16494 raft_consensus.cc:515] T abfa101dac9745c1930b57446c139516 P 7962ae52dd65495ab56891e5d5535899 [term 0 FOLLOWER]: Starting pre-election with config: opid_index: -1 OBSOLETE_local: false peers { permanent_uuid: "46853f94f7ac4bff9023dfe3e6660b0d" member_type: VOTER last_known_addr { host: "127.14.190.1" port: 37389 } } peers { permanent_uuid: "7962ae52dd65495ab56891e5d5535899" member_type: VOTER last_known_addr { host: "127.14.190.2" port: 46381 } } peers { permanent_uuid: "6a8e36cb7d804af3a6387c119f65d24b" member_type: VOTER last_known_addr { host: "127.14.190.3" port: 43753 } }
I20260709 13:03:15.596380 16494 leader_election.cc:290] T abfa101dac9745c1930b57446c139516 P 7962ae52dd65495ab56891e5d5535899 [CANDIDATE]: Term 1 pre-election: Requested pre-vote from peers 46853f94f7ac4bff9023dfe3e6660b0d (127.14.190.1:37389), 6a8e36cb7d804af3a6387c119f65d24b (127.14.190.3:43753)
I20260709 13:03:15.597440 16393 ts_tablet_manager.cc:1434] T c8c89a46e8d5435691d1738235deaae2 P 7962ae52dd65495ab56891e5d5535899: Time spent starting tablet: real 0.024s	user 0.007s	sys 0.000s
I20260709 13:03:15.598446 16393 tablet_bootstrap.cc:492] T 67997a5dec24452fa6a11f66261d830c P 7962ae52dd65495ab56891e5d5535899: Bootstrap starting.
I20260709 13:03:15.598387 16463 raft_consensus.cc:493] T 3c54241067224ebfb15a8cb622eefeef P 6a8e36cb7d804af3a6387c119f65d24b [term 0 FOLLOWER]: Starting pre-election (no leader contacted us within the election timeout)
I20260709 13:03:15.599005 16463 raft_consensus.cc:515] T 3c54241067224ebfb15a8cb622eefeef P 6a8e36cb7d804af3a6387c119f65d24b [term 0 FOLLOWER]: Starting pre-election with config: opid_index: -1 OBSOLETE_local: false peers { permanent_uuid: "46853f94f7ac4bff9023dfe3e6660b0d" member_type: VOTER last_known_addr { host: "127.14.190.1" port: 37389 } } peers { permanent_uuid: "7962ae52dd65495ab56891e5d5535899" member_type: VOTER last_known_addr { host: "127.14.190.2" port: 46381 } } peers { permanent_uuid: "6a8e36cb7d804af3a6387c119f65d24b" member_type: VOTER last_known_addr { host: "127.14.190.3" port: 43753 } }
I20260709 13:03:15.731541 16393 tablet_bootstrap.cc:654] T 67997a5dec24452fa6a11f66261d830c P 7962ae52dd65495ab56891e5d5535899: Neither blocks nor log segments found. Creating new log.
I20260709 13:03:15.717974 16468 consensus_queue.cc:1048] T 947a058785164c7da1fe97900911cf45 P 46853f94f7ac4bff9023dfe3e6660b0d [LEADER]: Connected to new peer: Peer: permanent_uuid: "7962ae52dd65495ab56891e5d5535899" member_type: VOTER last_known_addr { host: "127.14.190.2" port: 46381 }, Status: LMP_MISMATCH, Last received: 0.0, Next index: 1, Last known committed idx: 0, Time since last communication: 0.018s
I20260709 13:03:15.603268 16202 tablet_service.cc:1917] Received RequestConsensusVote() RPC: tablet_id: "abfa101dac9745c1930b57446c139516" candidate_uuid: "7962ae52dd65495ab56891e5d5535899" candidate_term: 1 candidate_status { last_received { term: 0 index: 0 } } ignore_live_leader: false dest_uuid: "46853f94f7ac4bff9023dfe3e6660b0d" is_pre_election: true
I20260709 13:03:15.600430 16349 tablet_service.cc:1917] Received RequestConsensusVote() RPC: tablet_id: "abfa101dac9745c1930b57446c139516" candidate_uuid: "7962ae52dd65495ab56891e5d5535899" candidate_term: 1 candidate_status { last_received { term: 0 index: 0 } } ignore_live_leader: false dest_uuid: "6a8e36cb7d804af3a6387c119f65d24b" is_pre_election: true
I20260709 13:03:15.660768 16100 catalog_manager.cc:5697] T 3751b400d0c84997a5c8b10609be5fda P 6a8e36cb7d804af3a6387c119f65d24b reported cstate change: term changed from 0 to 1, leader changed from <none> to 6a8e36cb7d804af3a6387c119f65d24b (127.14.190.3). New cstate: current_term: 1 leader_uuid: "6a8e36cb7d804af3a6387c119f65d24b" committed_config { opid_index: -1 OBSOLETE_local: false peers { permanent_uuid: "46853f94f7ac4bff9023dfe3e6660b0d" member_type: VOTER last_known_addr { host: "127.14.190.1" port: 37389 } health_report { overall_health: UNKNOWN } } peers { permanent_uuid: "7962ae52dd65495ab56891e5d5535899" member_type: VOTER last_known_addr { host: "127.14.190.2" port: 46381 } health_report { overall_health: UNKNOWN } } peers { permanent_uuid: "6a8e36cb7d804af3a6387c119f65d24b" member_type: VOTER last_known_addr { host: "127.14.190.3" port: 43753 } health_report { overall_health: HEALTHY } } }
I20260709 13:03:15.729511 16275 raft_consensus.cc:3060] T 015bf9a684f7479ab2d9e09d09172d04 P 7962ae52dd65495ab56891e5d5535899 [term 0 FOLLOWER]: Advancing to term 1
I20260709 13:03:15.611706 16408 consensus_queue.cc:1048] T d0ed2038325444efa651d5ee77e8e0e2 P 46853f94f7ac4bff9023dfe3e6660b0d [LEADER]: Connected to new peer: Peer: permanent_uuid: "7962ae52dd65495ab56891e5d5535899" member_type: VOTER last_known_addr { host: "127.14.190.2" port: 46381 }, Status: LMP_MISMATCH, Last received: 0.0, Next index: 1, Last known committed idx: 0, Time since last communication: 0.129s
I20260709 13:03:15.735211 16463 leader_election.cc:290] T 3c54241067224ebfb15a8cb622eefeef P 6a8e36cb7d804af3a6387c119f65d24b [CANDIDATE]: Term 1 pre-election: Requested pre-vote from peers 46853f94f7ac4bff9023dfe3e6660b0d (127.14.190.1:37389), 7962ae52dd65495ab56891e5d5535899 (127.14.190.2:46381)
I20260709 13:03:15.695190 16469 raft_consensus.cc:493] T 591ded6187104d8fbdbca70bf920d3ee P 46853f94f7ac4bff9023dfe3e6660b0d [term 0 FOLLOWER]: Starting pre-election (no leader contacted us within the election timeout)
I20260709 13:03:15.744549 16469 raft_consensus.cc:515] T 591ded6187104d8fbdbca70bf920d3ee P 46853f94f7ac4bff9023dfe3e6660b0d [term 0 FOLLOWER]: Starting pre-election with config: opid_index: -1 OBSOLETE_local: false peers { permanent_uuid: "46853f94f7ac4bff9023dfe3e6660b0d" member_type: VOTER last_known_addr { host: "127.14.190.1" port: 37389 } } peers { permanent_uuid: "7962ae52dd65495ab56891e5d5535899" member_type: VOTER last_known_addr { host: "127.14.190.2" port: 46381 } } peers { permanent_uuid: "6a8e36cb7d804af3a6387c119f65d24b" member_type: VOTER last_known_addr { host: "127.14.190.3" port: 43753 } }
I20260709 13:03:15.737756 16349 raft_consensus.cc:2393] T abfa101dac9745c1930b57446c139516 P 6a8e36cb7d804af3a6387c119f65d24b [term 1 FOLLOWER]: Leader pre-election vote request: Denying vote to candidate 7962ae52dd65495ab56891e5d5535899 in current term 1: Already voted for candidate 46853f94f7ac4bff9023dfe3e6660b0d in this term.
I20260709 13:03:15.747196 16277 tablet_service.cc:1917] Received RequestConsensusVote() RPC: tablet_id: "591ded6187104d8fbdbca70bf920d3ee" candidate_uuid: "46853f94f7ac4bff9023dfe3e6660b0d" candidate_term: 1 candidate_status { last_received { term: 0 index: 0 } } ignore_live_leader: false dest_uuid: "7962ae52dd65495ab56891e5d5535899" is_pre_election: true
W20260709 13:03:15.748633 16166 leader_election.cc:343] T 591ded6187104d8fbdbca70bf920d3ee P 46853f94f7ac4bff9023dfe3e6660b0d [CANDIDATE]: Term 1 pre-election: Tablet error from VoteRequest() call to peer 7962ae52dd65495ab56891e5d5535899 (127.14.190.2:46381): Illegal state: must be running to vote when last-logged opid is not known
I20260709 13:03:15.750677 16395 tablet_bootstrap.cc:492] T 3a6d9d3006a94b7fb8b74920f55d0b68 P 46853f94f7ac4bff9023dfe3e6660b0d: No bootstrap required, opened a new log
I20260709 13:03:15.750702 16349 tablet_service.cc:1917] Received RequestConsensusVote() RPC: tablet_id: "591ded6187104d8fbdbca70bf920d3ee" candidate_uuid: "46853f94f7ac4bff9023dfe3e6660b0d" candidate_term: 1 candidate_status { last_received { term: 0 index: 0 } } ignore_live_leader: false dest_uuid: "6a8e36cb7d804af3a6387c119f65d24b" is_pre_election: true
I20260709 13:03:15.751525 16349 raft_consensus.cc:2468] T 591ded6187104d8fbdbca70bf920d3ee P 6a8e36cb7d804af3a6387c119f65d24b [term 0 FOLLOWER]: Leader pre-election vote request: Granting yes vote for candidate 46853f94f7ac4bff9023dfe3e6660b0d in term 0.
I20260709 13:03:15.752692 16168 leader_election.cc:304] T 591ded6187104d8fbdbca70bf920d3ee P 46853f94f7ac4bff9023dfe3e6660b0d [CANDIDATE]: Term 1 pre-election: Election decided. Result: candidate won. Election summary: received 3 responses out of 3 voters: 2 yes votes; 1 no votes. yes voters: 46853f94f7ac4bff9023dfe3e6660b0d, 6a8e36cb7d804af3a6387c119f65d24b; no voters: 7962ae52dd65495ab56891e5d5535899
I20260709 13:03:15.751662 16395 ts_tablet_manager.cc:1403] T 3a6d9d3006a94b7fb8b74920f55d0b68 P 46853f94f7ac4bff9023dfe3e6660b0d: Time spent bootstrapping tablet: real 0.320s	user 0.069s	sys 0.127s
I20260709 13:03:15.753624 16277 tablet_service.cc:1917] Received RequestConsensusVote() RPC: tablet_id: "a51878b66c314b7fa1aa4f34247a4c62" candidate_uuid: "6a8e36cb7d804af3a6387c119f65d24b" candidate_term: 1 candidate_status { last_received { term: 0 index: 0 } } ignore_live_leader: false dest_uuid: "7962ae52dd65495ab56891e5d5535899"
I20260709 13:03:15.750782 16469 leader_election.cc:290] T 591ded6187104d8fbdbca70bf920d3ee P 46853f94f7ac4bff9023dfe3e6660b0d [CANDIDATE]: Term 1 pre-election: Requested pre-vote from peers 7962ae52dd65495ab56891e5d5535899 (127.14.190.2:46381), 6a8e36cb7d804af3a6387c119f65d24b (127.14.190.3:43753)
I20260709 13:03:15.754181 16277 raft_consensus.cc:3060] T a51878b66c314b7fa1aa4f34247a4c62 P 7962ae52dd65495ab56891e5d5535899 [term 0 FOLLOWER]: Advancing to term 1
I20260709 13:03:15.756237 16408 raft_consensus.cc:2804] T 591ded6187104d8fbdbca70bf920d3ee P 46853f94f7ac4bff9023dfe3e6660b0d [term 0 FOLLOWER]: Leader pre-election won for term 1
I20260709 13:03:15.756592 16408 raft_consensus.cc:493] T 591ded6187104d8fbdbca70bf920d3ee P 46853f94f7ac4bff9023dfe3e6660b0d [term 0 FOLLOWER]: Starting leader election (no leader contacted us within the election timeout)
I20260709 13:03:15.756909 16408 raft_consensus.cc:3060] T 591ded6187104d8fbdbca70bf920d3ee P 46853f94f7ac4bff9023dfe3e6660b0d [term 0 FOLLOWER]: Advancing to term 1
I20260709 13:03:15.760720 16277 raft_consensus.cc:2468] T a51878b66c314b7fa1aa4f34247a4c62 P 7962ae52dd65495ab56891e5d5535899 [term 1 FOLLOWER]: Leader election vote request: Granting yes vote for candidate 6a8e36cb7d804af3a6387c119f65d24b in term 1.
I20260709 13:03:15.762157 16202 tablet_service.cc:1917] Received RequestConsensusVote() RPC: tablet_id: "a51878b66c314b7fa1aa4f34247a4c62" candidate_uuid: "6a8e36cb7d804af3a6387c119f65d24b" candidate_term: 1 candidate_status { last_received { term: 0 index: 0 } } ignore_live_leader: false dest_uuid: "46853f94f7ac4bff9023dfe3e6660b0d"
I20260709 13:03:15.762744 16202 raft_consensus.cc:3060] T a51878b66c314b7fa1aa4f34247a4c62 P 46853f94f7ac4bff9023dfe3e6660b0d [term 0 FOLLOWER]: Advancing to term 1
I20260709 13:03:15.762974 16408 raft_consensus.cc:515] T 591ded6187104d8fbdbca70bf920d3ee P 46853f94f7ac4bff9023dfe3e6660b0d [term 1 FOLLOWER]: Starting leader election with config: opid_index: -1 OBSOLETE_local: false peers { permanent_uuid: "46853f94f7ac4bff9023dfe3e6660b0d" member_type: VOTER last_known_addr { host: "127.14.190.1" port: 37389 } } peers { permanent_uuid: "7962ae52dd65495ab56891e5d5535899" member_type: VOTER last_known_addr { host: "127.14.190.2" port: 46381 } } peers { permanent_uuid: "6a8e36cb7d804af3a6387c119f65d24b" member_type: VOTER last_known_addr { host: "127.14.190.3" port: 43753 } }
I20260709 13:03:15.755640 16395 raft_consensus.cc:359] T 3a6d9d3006a94b7fb8b74920f55d0b68 P 46853f94f7ac4bff9023dfe3e6660b0d [term 0 FOLLOWER]: Replica starting. Triggering 0 pending ops. Active config: opid_index: -1 OBSOLETE_local: false peers { permanent_uuid: "46853f94f7ac4bff9023dfe3e6660b0d" member_type: VOTER last_known_addr { host: "127.14.190.1" port: 37389 } } peers { permanent_uuid: "7962ae52dd65495ab56891e5d5535899" member_type: VOTER last_known_addr { host: "127.14.190.2" port: 46381 } } peers { permanent_uuid: "6a8e36cb7d804af3a6387c119f65d24b" member_type: VOTER last_known_addr { host: "127.14.190.3" port: 43753 } }
I20260709 13:03:15.765189 16395 raft_consensus.cc:385] T 3a6d9d3006a94b7fb8b74920f55d0b68 P 46853f94f7ac4bff9023dfe3e6660b0d [term 0 FOLLOWER]: Consensus starting up: Expiring failure detector timer to make a prompt election more likely
I20260709 13:03:15.765479 16395 raft_consensus.cc:740] T 3a6d9d3006a94b7fb8b74920f55d0b68 P 46853f94f7ac4bff9023dfe3e6660b0d [term 0 FOLLOWER]: Becoming Follower/Learner. State: Replica: 46853f94f7ac4bff9023dfe3e6660b0d, State: Initialized, Role: FOLLOWER
I20260709 13:03:15.766110 16395 consensus_queue.cc:260] T 3a6d9d3006a94b7fb8b74920f55d0b68 P 46853f94f7ac4bff9023dfe3e6660b0d [NON_LEADER]: Queue going to NON_LEADER mode. State: All replicated index: 0, Majority replicated index: 0, Committed index: 0, Last appended: 0.0, Last appended by leader: 0, Current term: 0, Majority size: -1, State: 0, Mode: NON_LEADER, active raft config: opid_index: -1 OBSOLETE_local: false peers { permanent_uuid: "46853f94f7ac4bff9023dfe3e6660b0d" member_type: VOTER last_known_addr { host: "127.14.190.1" port: 37389 } } peers { permanent_uuid: "7962ae52dd65495ab56891e5d5535899" member_type: VOTER last_known_addr { host: "127.14.190.2" port: 46381 } } peers { permanent_uuid: "6a8e36cb7d804af3a6387c119f65d24b" member_type: VOTER last_known_addr { host: "127.14.190.3" port: 43753 } }
I20260709 13:03:15.771168 16395 ts_tablet_manager.cc:1434] T 3a6d9d3006a94b7fb8b74920f55d0b68 P 46853f94f7ac4bff9023dfe3e6660b0d: Time spent starting tablet: real 0.018s	user 0.004s	sys 0.000s
I20260709 13:03:15.772112 16395 tablet_bootstrap.cc:492] T ef2404d10daf41d781df6a73c3ab74b2 P 46853f94f7ac4bff9023dfe3e6660b0d: Bootstrap starting.
I20260709 13:03:15.777781 16582 raft_consensus.cc:493] T 3543909d0258475c9d5474b14deb866a P 7962ae52dd65495ab56891e5d5535899 [term 0 FOLLOWER]: Starting pre-election (no leader contacted us within the election timeout)
I20260709 13:03:15.780757 16408 leader_election.cc:290] T 591ded6187104d8fbdbca70bf920d3ee P 46853f94f7ac4bff9023dfe3e6660b0d [CANDIDATE]: Term 1 election: Requested vote from peers 7962ae52dd65495ab56891e5d5535899 (127.14.190.2:46381), 6a8e36cb7d804af3a6387c119f65d24b (127.14.190.3:43753)
I20260709 13:03:15.782696 16395 tablet_bootstrap.cc:654] T ef2404d10daf41d781df6a73c3ab74b2 P 46853f94f7ac4bff9023dfe3e6660b0d: Neither blocks nor log segments found. Creating new log.
I20260709 13:03:15.782557 16349 tablet_service.cc:1917] Received RequestConsensusVote() RPC: tablet_id: "591ded6187104d8fbdbca70bf920d3ee" candidate_uuid: "46853f94f7ac4bff9023dfe3e6660b0d" candidate_term: 1 candidate_status { last_received { term: 0 index: 0 } } ignore_live_leader: false dest_uuid: "6a8e36cb7d804af3a6387c119f65d24b"
I20260709 13:03:15.783146 16349 raft_consensus.cc:3060] T 591ded6187104d8fbdbca70bf920d3ee P 6a8e36cb7d804af3a6387c119f65d24b [term 0 FOLLOWER]: Advancing to term 1
W20260709 13:03:15.788945 16315 leader_election.cc:343] T efb7cac21ef74a42a416e7db67e8fc69 P 6a8e36cb7d804af3a6387c119f65d24b [CANDIDATE]: Term 1 pre-election: Tablet error from VoteRequest() call to peer 7962ae52dd65495ab56891e5d5535899 (127.14.190.2:46381): Illegal state: must be running to vote when last-logged opid is not known
I20260709 13:03:15.789484 16315 leader_election.cc:304] T efb7cac21ef74a42a416e7db67e8fc69 P 6a8e36cb7d804af3a6387c119f65d24b [CANDIDATE]: Term 1 pre-election: Election decided. Result: candidate lost. Election summary: received 3 responses out of 3 voters: 1 yes votes; 2 no votes. yes voters: 6a8e36cb7d804af3a6387c119f65d24b; no voters: 46853f94f7ac4bff9023dfe3e6660b0d, 7962ae52dd65495ab56891e5d5535899
I20260709 13:03:15.790861 16480 raft_consensus.cc:493] T c3b21271917b421697f8a03a695d77cf P 7962ae52dd65495ab56891e5d5535899 [term 0 FOLLOWER]: Starting pre-election (no leader contacted us within the election timeout)
I20260709 13:03:15.791553 16463 raft_consensus.cc:2749] T efb7cac21ef74a42a416e7db67e8fc69 P 6a8e36cb7d804af3a6387c119f65d24b [term 0 FOLLOWER]: Leader pre-election lost for term 1. Reason: could not achieve majority
I20260709 13:03:15.797705 16349 raft_consensus.cc:2468] T 591ded6187104d8fbdbca70bf920d3ee P 6a8e36cb7d804af3a6387c119f65d24b [term 1 FOLLOWER]: Leader election vote request: Granting yes vote for candidate 46853f94f7ac4bff9023dfe3e6660b0d in term 1.
I20260709 13:03:15.798929 16168 leader_election.cc:304] T 591ded6187104d8fbdbca70bf920d3ee P 46853f94f7ac4bff9023dfe3e6660b0d [CANDIDATE]: Term 1 election: Election decided. Result: candidate won. Election summary: received 2 responses out of 3 voters: 2 yes votes; 0 no votes. yes voters: 46853f94f7ac4bff9023dfe3e6660b0d, 6a8e36cb7d804af3a6387c119f65d24b; no voters: 
I20260709 13:03:15.799741 16469 raft_consensus.cc:2804] T 591ded6187104d8fbdbca70bf920d3ee P 46853f94f7ac4bff9023dfe3e6660b0d [term 1 FOLLOWER]: Leader election won for term 1
I20260709 13:03:15.800210 16469 raft_consensus.cc:697] T 591ded6187104d8fbdbca70bf920d3ee P 46853f94f7ac4bff9023dfe3e6660b0d [term 1 LEADER]: Becoming Leader. State: Replica: 46853f94f7ac4bff9023dfe3e6660b0d, State: Running, Role: LEADER
I20260709 13:03:15.800994 16469 consensus_queue.cc:237] T 591ded6187104d8fbdbca70bf920d3ee P 46853f94f7ac4bff9023dfe3e6660b0d [LEADER]: Queue going to LEADER mode. State: All replicated index: 0, Majority replicated index: 0, Committed index: 0, Last appended: 0.0, Last appended by leader: 0, Current term: 1, Majority size: 2, State: 0, Mode: LEADER, active raft config: opid_index: -1 OBSOLETE_local: false peers { permanent_uuid: "46853f94f7ac4bff9023dfe3e6660b0d" member_type: VOTER last_known_addr { host: "127.14.190.1" port: 37389 } } peers { permanent_uuid: "7962ae52dd65495ab56891e5d5535899" member_type: VOTER last_known_addr { host: "127.14.190.2" port: 46381 } } peers { permanent_uuid: "6a8e36cb7d804af3a6387c119f65d24b" member_type: VOTER last_known_addr { host: "127.14.190.3" port: 43753 } }
I20260709 13:03:15.803987 16278 raft_consensus.cc:3060] T 2b5e5b1dedfa495f94effe3da7cca2f0 P 7962ae52dd65495ab56891e5d5535899 [term 0 FOLLOWER]: Advancing to term 1
I20260709 13:03:15.804062 16276 tablet_service.cc:1917] Received RequestConsensusVote() RPC: tablet_id: "591ded6187104d8fbdbca70bf920d3ee" candidate_uuid: "46853f94f7ac4bff9023dfe3e6660b0d" candidate_term: 1 candidate_status { last_received { term: 0 index: 0 } } ignore_live_leader: false dest_uuid: "7962ae52dd65495ab56891e5d5535899"
I20260709 13:03:15.809777 16243 leader_election.cc:304] T abfa101dac9745c1930b57446c139516 P 7962ae52dd65495ab56891e5d5535899 [CANDIDATE]: Term 1 pre-election: Election decided. Result: candidate lost. Election summary: received 3 responses out of 3 voters: 1 yes votes; 2 no votes. yes voters: 7962ae52dd65495ab56891e5d5535899; no voters: 46853f94f7ac4bff9023dfe3e6660b0d, 6a8e36cb7d804af3a6387c119f65d24b
I20260709 13:03:15.811713 16408 consensus_queue.cc:1048] T 947a058785164c7da1fe97900911cf45 P 46853f94f7ac4bff9023dfe3e6660b0d [LEADER]: Connected to new peer: Peer: permanent_uuid: "6a8e36cb7d804af3a6387c119f65d24b" member_type: VOTER last_known_addr { host: "127.14.190.3" port: 43753 }, Status: LMP_MISMATCH, Last received: 0.0, Next index: 1, Last known committed idx: 0, Time since last communication: 0.000s
I20260709 13:03:15.813151 16494 raft_consensus.cc:3060] T abfa101dac9745c1930b57446c139516 P 7962ae52dd65495ab56891e5d5535899 [term 0 FOLLOWER]: Advancing to term 1
W20260709 13:03:15.813804 16166 leader_election.cc:343] T 591ded6187104d8fbdbca70bf920d3ee P 46853f94f7ac4bff9023dfe3e6660b0d [CANDIDATE]: Term 1 election: Tablet error from VoteRequest() call to peer 7962ae52dd65495ab56891e5d5535899 (127.14.190.2:46381): Illegal state: must be running to vote when last-logged opid is not known
I20260709 13:03:15.816078 16399 consensus_queue.cc:1048] T ef2404d10daf41d781df6a73c3ab74b2 P 7962ae52dd65495ab56891e5d5535899 [LEADER]: Connected to new peer: Peer: permanent_uuid: "6a8e36cb7d804af3a6387c119f65d24b" member_type: VOTER last_known_addr { host: "127.14.190.3" port: 43753 }, Status: LMP_MISMATCH, Last received: 0.0, Next index: 1, Last known committed idx: 0, Time since last communication: 0.000s
I20260709 13:03:15.791340 16480 raft_consensus.cc:515] T c3b21271917b421697f8a03a695d77cf P 7962ae52dd65495ab56891e5d5535899 [term 0 FOLLOWER]: Starting pre-election with config: opid_index: -1 OBSOLETE_local: false peers { permanent_uuid: "46853f94f7ac4bff9023dfe3e6660b0d" member_type: VOTER last_known_addr { host: "127.14.190.1" port: 37389 } } peers { permanent_uuid: "7962ae52dd65495ab56891e5d5535899" member_type: VOTER last_known_addr { host: "127.14.190.2" port: 46381 } } peers { permanent_uuid: "6a8e36cb7d804af3a6387c119f65d24b" member_type: VOTER last_known_addr { host: "127.14.190.3" port: 43753 } }
I20260709 13:03:15.838994 16277 raft_consensus.cc:3060] T c3b21271917b421697f8a03a695d77cf P 7962ae52dd65495ab56891e5d5535899 [term 0 FOLLOWER]: Advancing to term 1
I20260709 13:03:15.778206 16582 raft_consensus.cc:515] T 3543909d0258475c9d5474b14deb866a P 7962ae52dd65495ab56891e5d5535899 [term 0 FOLLOWER]: Starting pre-election with config: opid_index: -1 OBSOLETE_local: false peers { permanent_uuid: "46853f94f7ac4bff9023dfe3e6660b0d" member_type: VOTER last_known_addr { host: "127.14.190.1" port: 37389 } } peers { permanent_uuid: "7962ae52dd65495ab56891e5d5535899" member_type: VOTER last_known_addr { host: "127.14.190.2" port: 46381 } } peers { permanent_uuid: "6a8e36cb7d804af3a6387c119f65d24b" member_type: VOTER last_known_addr { host: "127.14.190.3" port: 43753 } }
I20260709 13:03:15.836313 16315 leader_election.cc:304] T c8c89a46e8d5435691d1738235deaae2 P 6a8e36cb7d804af3a6387c119f65d24b [CANDIDATE]: Term 1 pre-election: Election decided. Result: candidate won. Election summary: received 2 responses out of 3 voters: 2 yes votes; 0 no votes. yes voters: 6a8e36cb7d804af3a6387c119f65d24b, 7962ae52dd65495ab56891e5d5535899; no voters: 
W20260709 13:03:15.850900 16241 consensus_peers.cc:597] T ef2404d10daf41d781df6a73c3ab74b2 P 7962ae52dd65495ab56891e5d5535899 -> Peer 46853f94f7ac4bff9023dfe3e6660b0d (127.14.190.1:37389): Couldn't send request to peer 46853f94f7ac4bff9023dfe3e6660b0d. Error code: TABLET_NOT_RUNNING (12). Status: Illegal state: Tablet not RUNNING: BOOTSTRAPPING. This is attempt 1: this message will repeat every 5th retry.
I20260709 13:03:15.851516 16392 tablet_bootstrap.cc:492] T 67997a5dec24452fa6a11f66261d830c P 6a8e36cb7d804af3a6387c119f65d24b: No bootstrap required, opened a new log
I20260709 13:03:15.851969 16392 ts_tablet_manager.cc:1403] T 67997a5dec24452fa6a11f66261d830c P 6a8e36cb7d804af3a6387c119f65d24b: Time spent bootstrapping tablet: real 0.362s	user 0.092s	sys 0.101s
I20260709 13:03:15.861424 16393 tablet_bootstrap.cc:492] T 67997a5dec24452fa6a11f66261d830c P 7962ae52dd65495ab56891e5d5535899: No bootstrap required, opened a new log
I20260709 13:03:15.861850 16393 ts_tablet_manager.cc:1403] T 67997a5dec24452fa6a11f66261d830c P 7962ae52dd65495ab56891e5d5535899: Time spent bootstrapping tablet: real 0.264s	user 0.038s	sys 0.011s
I20260709 13:03:15.864887 16582 leader_election.cc:290] T 3543909d0258475c9d5474b14deb866a P 7962ae52dd65495ab56891e5d5535899 [CANDIDATE]: Term 1 pre-election: Requested pre-vote from peers 46853f94f7ac4bff9023dfe3e6660b0d (127.14.190.1:37389), 6a8e36cb7d804af3a6387c119f65d24b (127.14.190.3:43753)
I20260709 13:03:15.866417 16203 tablet_service.cc:1917] Received RequestConsensusVote() RPC: tablet_id: "3543909d0258475c9d5474b14deb866a" candidate_uuid: "7962ae52dd65495ab56891e5d5535899" candidate_term: 1 candidate_status { last_received { term: 0 index: 0 } } ignore_live_leader: false dest_uuid: "46853f94f7ac4bff9023dfe3e6660b0d" is_pre_election: true
I20260709 13:03:15.867019 16203 raft_consensus.cc:2468] T 3543909d0258475c9d5474b14deb866a P 46853f94f7ac4bff9023dfe3e6660b0d [term 0 FOLLOWER]: Leader pre-election vote request: Granting yes vote for candidate 7962ae52dd65495ab56891e5d5535899 in term 0.
I20260709 13:03:15.867789 16350 tablet_service.cc:1917] Received RequestConsensusVote() RPC: tablet_id: "3543909d0258475c9d5474b14deb866a" candidate_uuid: "7962ae52dd65495ab56891e5d5535899" candidate_term: 1 candidate_status { last_received { term: 0 index: 0 } } ignore_live_leader: false dest_uuid: "6a8e36cb7d804af3a6387c119f65d24b" is_pre_election: true
I20260709 13:03:15.869359 16241 leader_election.cc:304] T 3543909d0258475c9d5474b14deb866a P 7962ae52dd65495ab56891e5d5535899 [CANDIDATE]: Term 1 pre-election: Election decided. Result: candidate won. Election summary: received 2 responses out of 3 voters: 2 yes votes; 0 no votes. yes voters: 46853f94f7ac4bff9023dfe3e6660b0d, 7962ae52dd65495ab56891e5d5535899; no voters: 
