I20260709 13:03:17.364626 16274 tablet_service.cc:1917] Received RequestConsensusVote() RPC: tablet_id: "f76f8bef91e54436bd7ead9eb8baae3f" candidate_uuid: "6a8e36cb7d804af3a6387c119f65d24b" candidate_term: 1 candidate_status { last_received { term: 0 index: 0 } } ignore_live_leader: false dest_uuid: "7962ae52dd65495ab56891e5d5535899"
I20260709 13:03:17.365211 16274 raft_consensus.cc:3060] T f76f8bef91e54436bd7ead9eb8baae3f P 7962ae52dd65495ab56891e5d5535899 [term 0 FOLLOWER]: Advancing to term 1
I20260709 13:03:17.367460 16393 tablet_bootstrap.cc:654] T 2f838907d7a4404a8fd3fd230ada42b2 P 7962ae52dd65495ab56891e5d5535899: Neither blocks nor log segments found. Creating new log.
I20260709 13:03:17.369438 16392 tablet_bootstrap.cc:492] T c914c343e3f44bf1a98bccc5fa1e6d5c P 6a8e36cb7d804af3a6387c119f65d24b: No bootstrap required, opened a new log
I20260709 13:03:17.388439 16392 ts_tablet_manager.cc:1403] T c914c343e3f44bf1a98bccc5fa1e6d5c P 6a8e36cb7d804af3a6387c119f65d24b: Time spent bootstrapping tablet: real 0.366s	user 0.018s	sys 0.000s
I20260709 13:03:17.371466 16274 raft_consensus.cc:2468] T f76f8bef91e54436bd7ead9eb8baae3f P 7962ae52dd65495ab56891e5d5535899 [term 1 FOLLOWER]: Leader election vote request: Granting yes vote for candidate 6a8e36cb7d804af3a6387c119f65d24b in term 1.
I20260709 13:03:17.373912 16198 tablet_service.cc:1917] Received RequestConsensusVote() RPC: tablet_id: "3a6d9d3006a94b7fb8b74920f55d0b68" candidate_uuid: "7962ae52dd65495ab56891e5d5535899" candidate_term: 1 candidate_status { last_received { term: 0 index: 0 } } ignore_live_leader: false dest_uuid: "46853f94f7ac4bff9023dfe3e6660b0d" is_pre_election: true
I20260709 13:03:17.374630 16352 tablet_service.cc:1917] Received RequestConsensusVote() RPC: tablet_id: "3a6d9d3006a94b7fb8b74920f55d0b68" candidate_uuid: "7962ae52dd65495ab56891e5d5535899" candidate_term: 1 candidate_status { last_received { term: 0 index: 0 } } ignore_live_leader: false dest_uuid: "6a8e36cb7d804af3a6387c119f65d24b" is_pre_election: true
I20260709 13:03:17.385082 16393 tablet_bootstrap.cc:492] T 2f838907d7a4404a8fd3fd230ada42b2 P 7962ae52dd65495ab56891e5d5535899: No bootstrap required, opened a new log
I20260709 13:03:17.391139 16315 leader_election.cc:304] T 3543909d0258475c9d5474b14deb866a P 6a8e36cb7d804af3a6387c119f65d24b [CANDIDATE]: Term 2 election: Election decided. Result: candidate lost. Election summary: received 3 responses out of 3 voters: 1 yes votes; 2 no votes. yes voters: 6a8e36cb7d804af3a6387c119f65d24b; no voters: 46853f94f7ac4bff9023dfe3e6660b0d, 7962ae52dd65495ab56891e5d5535899
I20260709 13:03:17.397989 16393 ts_tablet_manager.cc:1403] T 2f838907d7a4404a8fd3fd230ada42b2 P 7962ae52dd65495ab56891e5d5535899: Time spent bootstrapping tablet: real 0.036s	user 0.008s	sys 0.002s
I20260709 13:03:17.401113 16463 raft_consensus.cc:2749] T 3543909d0258475c9d5474b14deb866a P 6a8e36cb7d804af3a6387c119f65d24b [term 2 FOLLOWER]: Leader election lost for term 2. Reason: could not achieve majority
I20260709 13:03:17.401080 16392 raft_consensus.cc:359] T c914c343e3f44bf1a98bccc5fa1e6d5c P 6a8e36cb7d804af3a6387c119f65d24b [term 0 FOLLOWER]: Replica starting. Triggering 0 pending ops. Active config: opid_index: -1 OBSOLETE_local: false peers { permanent_uuid: "46853f94f7ac4bff9023dfe3e6660b0d" member_type: VOTER last_known_addr { host: "127.14.190.1" port: 37389 } } peers { permanent_uuid: "7962ae52dd65495ab56891e5d5535899" member_type: VOTER last_known_addr { host: "127.14.190.2" port: 46381 } } peers { permanent_uuid: "6a8e36cb7d804af3a6387c119f65d24b" member_type: VOTER last_known_addr { host: "127.14.190.3" port: 43753 } }
I20260709 13:03:17.403518 16392 raft_consensus.cc:385] T c914c343e3f44bf1a98bccc5fa1e6d5c P 6a8e36cb7d804af3a6387c119f65d24b [term 0 FOLLOWER]: Consensus starting up: Expiring failure detector timer to make a prompt election more likely
I20260709 13:03:17.404179 16392 raft_consensus.cc:740] T c914c343e3f44bf1a98bccc5fa1e6d5c P 6a8e36cb7d804af3a6387c119f65d24b [term 0 FOLLOWER]: Becoming Follower/Learner. State: Replica: 6a8e36cb7d804af3a6387c119f65d24b, State: Initialized, Role: FOLLOWER
I20260709 13:03:17.406136 16392 consensus_queue.cc:260] T c914c343e3f44bf1a98bccc5fa1e6d5c P 6a8e36cb7d804af3a6387c119f65d24b [NON_LEADER]: Queue going to NON_LEADER mode. State: All replicated index: 0, Majority replicated index: 0, Committed index: 0, Last appended: 0.0, Last appended by leader: 0, Current term: 0, Majority size: -1, State: 0, Mode: NON_LEADER, active raft config: opid_index: -1 OBSOLETE_local: false peers { permanent_uuid: "46853f94f7ac4bff9023dfe3e6660b0d" member_type: VOTER last_known_addr { host: "127.14.190.1" port: 37389 } } peers { permanent_uuid: "7962ae52dd65495ab56891e5d5535899" member_type: VOTER last_known_addr { host: "127.14.190.2" port: 46381 } } peers { permanent_uuid: "6a8e36cb7d804af3a6387c119f65d24b" member_type: VOTER last_known_addr { host: "127.14.190.3" port: 43753 } }
I20260709 13:03:17.408003 16408 raft_consensus.cc:493] T e0c8b6bc8f62481780117a97d2705ca9 P 46853f94f7ac4bff9023dfe3e6660b0d [term 0 FOLLOWER]: Starting pre-election (no leader contacted us within the election timeout)
I20260709 13:03:17.408511 16408 raft_consensus.cc:515] T e0c8b6bc8f62481780117a97d2705ca9 P 46853f94f7ac4bff9023dfe3e6660b0d [term 0 FOLLOWER]: Starting pre-election with config: opid_index: -1 OBSOLETE_local: false peers { permanent_uuid: "46853f94f7ac4bff9023dfe3e6660b0d" member_type: VOTER last_known_addr { host: "127.14.190.1" port: 37389 } } peers { permanent_uuid: "7962ae52dd65495ab56891e5d5535899" member_type: VOTER last_known_addr { host: "127.14.190.2" port: 46381 } } peers { permanent_uuid: "6a8e36cb7d804af3a6387c119f65d24b" member_type: VOTER last_known_addr { host: "127.14.190.3" port: 43753 } }
I20260709 13:03:17.402746 16393 raft_consensus.cc:359] T 2f838907d7a4404a8fd3fd230ada42b2 P 7962ae52dd65495ab56891e5d5535899 [term 0 FOLLOWER]: Replica starting. Triggering 0 pending ops. Active config: opid_index: -1 OBSOLETE_local: false peers { permanent_uuid: "46853f94f7ac4bff9023dfe3e6660b0d" member_type: VOTER last_known_addr { host: "127.14.190.1" port: 37389 } } peers { permanent_uuid: "7962ae52dd65495ab56891e5d5535899" member_type: VOTER last_known_addr { host: "127.14.190.2" port: 46381 } } peers { permanent_uuid: "6a8e36cb7d804af3a6387c119f65d24b" member_type: VOTER last_known_addr { host: "127.14.190.3" port: 43753 } }
I20260709 13:03:17.412357 16393 raft_consensus.cc:385] T 2f838907d7a4404a8fd3fd230ada42b2 P 7962ae52dd65495ab56891e5d5535899 [term 0 FOLLOWER]: Consensus starting up: Expiring failure detector timer to make a prompt election more likely
I20260709 13:03:17.412639 16393 raft_consensus.cc:740] T 2f838907d7a4404a8fd3fd230ada42b2 P 7962ae52dd65495ab56891e5d5535899 [term 0 FOLLOWER]: Becoming Follower/Learner. State: Replica: 7962ae52dd65495ab56891e5d5535899, State: Initialized, Role: FOLLOWER
I20260709 13:03:17.415068 16395 tablet_bootstrap.cc:492] T cc6c5086720942f2a8125f125a2ff656 P 46853f94f7ac4bff9023dfe3e6660b0d: No bootstrap required, opened a new log
I20260709 13:03:17.416355 16395 ts_tablet_manager.cc:1403] T cc6c5086720942f2a8125f125a2ff656 P 46853f94f7ac4bff9023dfe3e6660b0d: Time spent bootstrapping tablet: real 0.085s	user 0.010s	sys 0.004s
I20260709 13:03:17.415828 16408 leader_election.cc:290] T e0c8b6bc8f62481780117a97d2705ca9 P 46853f94f7ac4bff9023dfe3e6660b0d [CANDIDATE]: Term 1 pre-election: Requested pre-vote from peers 7962ae52dd65495ab56891e5d5535899 (127.14.190.2:46381), 6a8e36cb7d804af3a6387c119f65d24b (127.14.190.3:43753)
I20260709 13:03:17.413203 16393 consensus_queue.cc:260] T 2f838907d7a4404a8fd3fd230ada42b2 P 7962ae52dd65495ab56891e5d5535899 [NON_LEADER]: Queue going to NON_LEADER mode. State: All replicated index: 0, Majority replicated index: 0, Committed index: 0, Last appended: 0.0, Last appended by leader: 0, Current term: 0, Majority size: -1, State: 0, Mode: NON_LEADER, active raft config: opid_index: -1 OBSOLETE_local: false peers { permanent_uuid: "46853f94f7ac4bff9023dfe3e6660b0d" member_type: VOTER last_known_addr { host: "127.14.190.1" port: 37389 } } peers { permanent_uuid: "7962ae52dd65495ab56891e5d5535899" member_type: VOTER last_known_addr { host: "127.14.190.2" port: 46381 } } peers { permanent_uuid: "6a8e36cb7d804af3a6387c119f65d24b" member_type: VOTER last_known_addr { host: "127.14.190.3" port: 43753 } }
I20260709 13:03:17.418633 16198 tablet_service.cc:1917] Received RequestConsensusVote() RPC: tablet_id: "f76f8bef91e54436bd7ead9eb8baae3f" candidate_uuid: "7962ae52dd65495ab56891e5d5535899" candidate_term: 1 candidate_status { last_received { term: 0 index: 0 } } ignore_live_leader: false dest_uuid: "46853f94f7ac4bff9023dfe3e6660b0d" is_pre_election: true
I20260709 13:03:17.419345 16198 raft_consensus.cc:2393] T f76f8bef91e54436bd7ead9eb8baae3f P 46853f94f7ac4bff9023dfe3e6660b0d [term 1 FOLLOWER]: Leader pre-election vote request: Denying vote to candidate 7962ae52dd65495ab56891e5d5535899 in current term 1: Already voted for candidate 6a8e36cb7d804af3a6387c119f65d24b in this term.
I20260709 13:03:17.422665 16392 ts_tablet_manager.cc:1434] T c914c343e3f44bf1a98bccc5fa1e6d5c P 6a8e36cb7d804af3a6387c119f65d24b: Time spent starting tablet: real 0.034s	user 0.005s	sys 0.001s
I20260709 13:03:17.423323 16392 tablet_bootstrap.cc:492] T a380a7ebc684417d9e9c9620f7baffef P 6a8e36cb7d804af3a6387c119f65d24b: Bootstrap starting.
I20260709 13:03:17.424407 16277 raft_consensus.cc:3060] T 3a6d9d3006a94b7fb8b74920f55d0b68 P 7962ae52dd65495ab56891e5d5535899 [term 0 FOLLOWER]: Advancing to term 1
I20260709 13:03:17.413311 16101 catalog_manager.cc:5697] T efb7cac21ef74a42a416e7db67e8fc69 P 46853f94f7ac4bff9023dfe3e6660b0d reported cstate change: term changed from 0 to 1, leader changed from <none> to 46853f94f7ac4bff9023dfe3e6660b0d (127.14.190.1). New cstate: current_term: 1 leader_uuid: "46853f94f7ac4bff9023dfe3e6660b0d" committed_config { opid_index: -1 OBSOLETE_local: false peers { permanent_uuid: "46853f94f7ac4bff9023dfe3e6660b0d" member_type: VOTER last_known_addr { host: "127.14.190.1" port: 37389 } health_report { overall_health: HEALTHY } } peers { permanent_uuid: "7962ae52dd65495ab56891e5d5535899" member_type: VOTER last_known_addr { host: "127.14.190.2" port: 46381 } health_report { overall_health: UNKNOWN } } peers { permanent_uuid: "6a8e36cb7d804af3a6387c119f65d24b" member_type: VOTER last_known_addr { host: "127.14.190.3" port: 43753 } health_report { overall_health: UNKNOWN } } }
I20260709 13:03:17.424871 16349 tablet_service.cc:1917] Received RequestConsensusVote() RPC: tablet_id: "e0c8b6bc8f62481780117a97d2705ca9" candidate_uuid: "46853f94f7ac4bff9023dfe3e6660b0d" candidate_term: 1 candidate_status { last_received { term: 0 index: 0 } } ignore_live_leader: false dest_uuid: "6a8e36cb7d804af3a6387c119f65d24b" is_pre_election: true
W20260709 13:03:17.428390 16168 leader_election.cc:343] T e0c8b6bc8f62481780117a97d2705ca9 P 46853f94f7ac4bff9023dfe3e6660b0d [CANDIDATE]: Term 1 pre-election: Tablet error from VoteRequest() call to peer 6a8e36cb7d804af3a6387c119f65d24b (127.14.190.3:43753): Illegal state: must be running to vote when last-logged opid is not known
I20260709 13:03:17.431592 16243 leader_election.cc:304] T 3a6d9d3006a94b7fb8b74920f55d0b68 P 7962ae52dd65495ab56891e5d5535899 [CANDIDATE]: Term 1 pre-election: Election decided. Result: candidate lost. Election summary: received 3 responses out of 3 voters: 1 yes votes; 2 no votes. yes voters: 7962ae52dd65495ab56891e5d5535899; no voters: 46853f94f7ac4bff9023dfe3e6660b0d, 6a8e36cb7d804af3a6387c119f65d24b
I20260709 13:03:17.433007 16395 raft_consensus.cc:359] T cc6c5086720942f2a8125f125a2ff656 P 46853f94f7ac4bff9023dfe3e6660b0d [term 0 FOLLOWER]: Replica starting. Triggering 0 pending ops. Active config: opid_index: -1 OBSOLETE_local: false peers { permanent_uuid: "46853f94f7ac4bff9023dfe3e6660b0d" member_type: VOTER last_known_addr { host: "127.14.190.1" port: 37389 } } peers { permanent_uuid: "7962ae52dd65495ab56891e5d5535899" member_type: VOTER last_known_addr { host: "127.14.190.2" port: 46381 } } peers { permanent_uuid: "6a8e36cb7d804af3a6387c119f65d24b" member_type: VOTER last_known_addr { host: "127.14.190.3" port: 43753 } }
I20260709 13:03:17.433681 16395 raft_consensus.cc:385] T cc6c5086720942f2a8125f125a2ff656 P 46853f94f7ac4bff9023dfe3e6660b0d [term 0 FOLLOWER]: Consensus starting up: Expiring failure detector timer to make a prompt election more likely
I20260709 13:03:17.436990 16395 raft_consensus.cc:740] T cc6c5086720942f2a8125f125a2ff656 P 46853f94f7ac4bff9023dfe3e6660b0d [term 0 FOLLOWER]: Becoming Follower/Learner. State: Replica: 46853f94f7ac4bff9023dfe3e6660b0d, State: Initialized, Role: FOLLOWER
I20260709 13:03:17.439572 16393 ts_tablet_manager.cc:1434] T 2f838907d7a4404a8fd3fd230ada42b2 P 7962ae52dd65495ab56891e5d5535899: Time spent starting tablet: real 0.041s	user 0.004s	sys 0.001s
I20260709 13:03:17.437568 16395 consensus_queue.cc:260] T cc6c5086720942f2a8125f125a2ff656 P 46853f94f7ac4bff9023dfe3e6660b0d [NON_LEADER]: Queue going to NON_LEADER mode. State: All replicated index: 0, Majority replicated index: 0, Committed index: 0, Last appended: 0.0, Last appended by leader: 0, Current term: 0, Majority size: -1, State: 0, Mode: NON_LEADER, active raft config: opid_index: -1 OBSOLETE_local: false peers { permanent_uuid: "46853f94f7ac4bff9023dfe3e6660b0d" member_type: VOTER last_known_addr { host: "127.14.190.1" port: 37389 } } peers { permanent_uuid: "7962ae52dd65495ab56891e5d5535899" member_type: VOTER last_known_addr { host: "127.14.190.2" port: 46381 } } peers { permanent_uuid: "6a8e36cb7d804af3a6387c119f65d24b" member_type: VOTER last_known_addr { host: "127.14.190.3" port: 43753 } }
I20260709 13:03:17.440892 16393 tablet_bootstrap.cc:492] T e0c8b6bc8f62481780117a97d2705ca9 P 7962ae52dd65495ab56891e5d5535899: Bootstrap starting.
I20260709 13:03:17.436337 16273 tablet_service.cc:1917] Received RequestConsensusVote() RPC: tablet_id: "e0c8b6bc8f62481780117a97d2705ca9" candidate_uuid: "46853f94f7ac4bff9023dfe3e6660b0d" candidate_term: 1 candidate_status { last_received { term: 0 index: 0 } } ignore_live_leader: false dest_uuid: "7962ae52dd65495ab56891e5d5535899" is_pre_election: true
I20260709 13:03:17.458424 16395 ts_tablet_manager.cc:1434] T cc6c5086720942f2a8125f125a2ff656 P 46853f94f7ac4bff9023dfe3e6660b0d: Time spent starting tablet: real 0.042s	user 0.012s	sys 0.000s
I20260709 13:03:17.458479 16392 tablet_bootstrap.cc:654] T a380a7ebc684417d9e9c9620f7baffef P 6a8e36cb7d804af3a6387c119f65d24b: Neither blocks nor log segments found. Creating new log.
W20260709 13:03:17.460008 16166 consensus_peers.cc:597] T 2f838907d7a4404a8fd3fd230ada42b2 P 46853f94f7ac4bff9023dfe3e6660b0d -> Peer 7962ae52dd65495ab56891e5d5535899 (127.14.190.2:46381): Couldn't send request to peer 7962ae52dd65495ab56891e5d5535899. Error code: TABLET_NOT_RUNNING (12). Status: Illegal state: Tablet not RUNNING: BOOTSTRAPPING. This is attempt 1: this message will repeat every 5th retry.
I20260709 13:03:17.468907 16241 leader_election.cc:304] T f76f8bef91e54436bd7ead9eb8baae3f P 7962ae52dd65495ab56891e5d5535899 [CANDIDATE]: Term 1 pre-election: Election decided. Result: candidate lost. Election summary: received 3 responses out of 3 voters: 1 yes votes; 2 no votes. yes voters: 7962ae52dd65495ab56891e5d5535899; no voters: 46853f94f7ac4bff9023dfe3e6660b0d, 6a8e36cb7d804af3a6387c119f65d24b
I20260709 13:03:17.469784 16352 raft_consensus.cc:1240] T 3543909d0258475c9d5474b14deb866a P 6a8e36cb7d804af3a6387c119f65d24b [term 2 FOLLOWER]: Rejecting Update request from peer 7962ae52dd65495ab56891e5d5535899 for earlier term 1. Current term is 2. Ops: []
I20260709 13:03:17.472366 16395 tablet_bootstrap.cc:492] T e4e43f64a1944774800f5b7d4eb3954c P 46853f94f7ac4bff9023dfe3e6660b0d: Bootstrap starting.
I20260709 13:03:17.477391 16659 raft_consensus.cc:493] T cc6c5086720942f2a8125f125a2ff656 P 46853f94f7ac4bff9023dfe3e6660b0d [term 0 FOLLOWER]: Starting pre-election (no leader contacted us within the election timeout)
W20260709 13:03:17.478506 16166 leader_election.cc:343] T e0c8b6bc8f62481780117a97d2705ca9 P 46853f94f7ac4bff9023dfe3e6660b0d [CANDIDATE]: Term 1 pre-election: Tablet error from VoteRequest() call to peer 7962ae52dd65495ab56891e5d5535899 (127.14.190.2:46381): Illegal state: must be running to vote when last-logged opid is not known
I20260709 13:03:17.479529 16166 leader_election.cc:304] T e0c8b6bc8f62481780117a97d2705ca9 P 46853f94f7ac4bff9023dfe3e6660b0d [CANDIDATE]: Term 1 pre-election: Election decided. Result: candidate lost. Election summary: received 3 responses out of 3 voters: 1 yes votes; 2 no votes. yes voters: 46853f94f7ac4bff9023dfe3e6660b0d; no voters: 6a8e36cb7d804af3a6387c119f65d24b, 7962ae52dd65495ab56891e5d5535899
I20260709 13:03:17.479279 16659 raft_consensus.cc:515] T cc6c5086720942f2a8125f125a2ff656 P 46853f94f7ac4bff9023dfe3e6660b0d [term 0 FOLLOWER]: Starting pre-election with config: opid_index: -1 OBSOLETE_local: false peers { permanent_uuid: "46853f94f7ac4bff9023dfe3e6660b0d" member_type: VOTER last_known_addr { host: "127.14.190.1" port: 37389 } } peers { permanent_uuid: "7962ae52dd65495ab56891e5d5535899" member_type: VOTER last_known_addr { host: "127.14.190.2" port: 46381 } } peers { permanent_uuid: "6a8e36cb7d804af3a6387c119f65d24b" member_type: VOTER last_known_addr { host: "127.14.190.3" port: 43753 } }
I20260709 13:03:17.486689 16652 raft_consensus.cc:2749] T e0c8b6bc8f62481780117a97d2705ca9 P 46853f94f7ac4bff9023dfe3e6660b0d [term 0 FOLLOWER]: Leader pre-election lost for term 1. Reason: could not achieve majority
I20260709 13:03:17.477382 16591 raft_consensus.cc:2749] T f76f8bef91e54436bd7ead9eb8baae3f P 7962ae52dd65495ab56891e5d5535899 [term 1 FOLLOWER]: Leader pre-election lost for term 1. Reason: could not achieve majority
I20260709 13:03:17.489085 16591 consensus_queue.cc:1059] T 3543909d0258475c9d5474b14deb866a P 7962ae52dd65495ab56891e5d5535899 [LEADER]: Peer responded invalid term: Peer: permanent_uuid: "6a8e36cb7d804af3a6387c119f65d24b" member_type: VOTER last_known_addr { host: "127.14.190.3" port: 43753 }, Status: INVALID_TERM, Last received: 1.1, Next index: 2, Last known committed idx: 1, Time since last communication: 0.000s
I20260709 13:03:17.489849 16591 raft_consensus.cc:3055] T 3543909d0258475c9d5474b14deb866a P 7962ae52dd65495ab56891e5d5535899 [term 1 LEADER]: Stepping down as leader of term 1
I20260709 13:03:17.490154 16591 raft_consensus.cc:740] T 3543909d0258475c9d5474b14deb866a P 7962ae52dd65495ab56891e5d5535899 [term 1 LEADER]: Becoming Follower/Learner. State: Replica: 7962ae52dd65495ab56891e5d5535899, State: Running, Role: LEADER
I20260709 13:03:17.490895 16591 consensus_queue.cc:260] T 3543909d0258475c9d5474b14deb866a P 7962ae52dd65495ab56891e5d5535899 [NON_LEADER]: Queue going to NON_LEADER mode. State: All replicated index: 0, Majority replicated index: 1, Committed index: 1, Last appended: 1.1, Last appended by leader: 1, Current term: 1, Majority size: -1, State: 0, Mode: NON_LEADER, active raft config: opid_index: -1 OBSOLETE_local: false peers { permanent_uuid: "46853f94f7ac4bff9023dfe3e6660b0d" member_type: VOTER last_known_addr { host: "127.14.190.1" port: 37389 } } peers { permanent_uuid: "7962ae52dd65495ab56891e5d5535899" member_type: VOTER last_known_addr { host: "127.14.190.2" port: 46381 } } peers { permanent_uuid: "6a8e36cb7d804af3a6387c119f65d24b" member_type: VOTER last_known_addr { host: "127.14.190.3" port: 43753 } }
I20260709 13:03:17.495155 16463 raft_consensus.cc:493] T 19e8095b76434ec5b31762c147b3c0f1 P 6a8e36cb7d804af3a6387c119f65d24b [term 0 FOLLOWER]: Starting pre-election (no leader contacted us within the election timeout)
I20260709 13:03:17.495608 16463 raft_consensus.cc:515] T 19e8095b76434ec5b31762c147b3c0f1 P 6a8e36cb7d804af3a6387c119f65d24b [term 0 FOLLOWER]: Starting pre-election with config: opid_index: -1 OBSOLETE_local: false peers { permanent_uuid: "46853f94f7ac4bff9023dfe3e6660b0d" member_type: VOTER last_known_addr { host: "127.14.190.1" port: 37389 } } peers { permanent_uuid: "7962ae52dd65495ab56891e5d5535899" member_type: VOTER last_known_addr { host: "127.14.190.2" port: 46381 } } peers { permanent_uuid: "6a8e36cb7d804af3a6387c119f65d24b" member_type: VOTER last_known_addr { host: "127.14.190.3" port: 43753 } }
I20260709 13:03:17.504231 16392 tablet_bootstrap.cc:492] T a380a7ebc684417d9e9c9620f7baffef P 6a8e36cb7d804af3a6387c119f65d24b: No bootstrap required, opened a new log
I20260709 13:03:17.504297 16463 leader_election.cc:290] T 19e8095b76434ec5b31762c147b3c0f1 P 6a8e36cb7d804af3a6387c119f65d24b [CANDIDATE]: Term 1 pre-election: Requested pre-vote from peers 46853f94f7ac4bff9023dfe3e6660b0d (127.14.190.1:37389), 7962ae52dd65495ab56891e5d5535899 (127.14.190.2:46381)
I20260709 13:03:17.504797 16392 ts_tablet_manager.cc:1403] T a380a7ebc684417d9e9c9620f7baffef P 6a8e36cb7d804af3a6387c119f65d24b: Time spent bootstrapping tablet: real 0.082s	user 0.007s	sys 0.008s
I20260709 13:03:17.504727 16458 raft_consensus.cc:493] T c914c343e3f44bf1a98bccc5fa1e6d5c P 6a8e36cb7d804af3a6387c119f65d24b [term 0 FOLLOWER]: Starting pre-election (no leader contacted us within the election timeout)
I20260709 13:03:17.505362 16458 raft_consensus.cc:515] T c914c343e3f44bf1a98bccc5fa1e6d5c P 6a8e36cb7d804af3a6387c119f65d24b [term 0 FOLLOWER]: Starting pre-election with config: opid_index: -1 OBSOLETE_local: false peers { permanent_uuid: "46853f94f7ac4bff9023dfe3e6660b0d" member_type: VOTER last_known_addr { host: "127.14.190.1" port: 37389 } } peers { permanent_uuid: "7962ae52dd65495ab56891e5d5535899" member_type: VOTER last_known_addr { host: "127.14.190.2" port: 46381 } } peers { permanent_uuid: "6a8e36cb7d804af3a6387c119f65d24b" member_type: VOTER last_known_addr { host: "127.14.190.3" port: 43753 } }
I20260709 13:03:17.507337 16591 raft_consensus.cc:3060] T 3543909d0258475c9d5474b14deb866a P 7962ae52dd65495ab56891e5d5535899 [term 1 FOLLOWER]: Advancing to term 2
I20260709 13:03:17.509747 16200 tablet_service.cc:1917] Received RequestConsensusVote() RPC: tablet_id: "c914c343e3f44bf1a98bccc5fa1e6d5c" candidate_uuid: "6a8e36cb7d804af3a6387c119f65d24b" candidate_term: 1 candidate_status { last_received { term: 0 index: 0 } } ignore_live_leader: false dest_uuid: "46853f94f7ac4bff9023dfe3e6660b0d" is_pre_election: true
I20260709 13:03:17.510354 16200 raft_consensus.cc:2468] T c914c343e3f44bf1a98bccc5fa1e6d5c P 46853f94f7ac4bff9023dfe3e6660b0d [term 0 FOLLOWER]: Leader pre-election vote request: Granting yes vote for candidate 6a8e36cb7d804af3a6387c119f65d24b in term 0.
I20260709 13:03:17.511214 16656 raft_consensus.cc:2749] T 3a6d9d3006a94b7fb8b74920f55d0b68 P 7962ae52dd65495ab56891e5d5535899 [term 1 FOLLOWER]: Leader pre-election lost for term 1. Reason: could not achieve majority
I20260709 13:03:17.511550 16315 leader_election.cc:304] T c914c343e3f44bf1a98bccc5fa1e6d5c P 6a8e36cb7d804af3a6387c119f65d24b [CANDIDATE]: Term 1 pre-election: Election decided. Result: candidate won. Election summary: received 2 responses out of 3 voters: 2 yes votes; 0 no votes. yes voters: 46853f94f7ac4bff9023dfe3e6660b0d, 6a8e36cb7d804af3a6387c119f65d24b; no voters: 
I20260709 13:03:17.507249 16458 leader_election.cc:290] T c914c343e3f44bf1a98bccc5fa1e6d5c P 6a8e36cb7d804af3a6387c119f65d24b [CANDIDATE]: Term 1 pre-election: Requested pre-vote from peers 46853f94f7ac4bff9023dfe3e6660b0d (127.14.190.1:37389), 7962ae52dd65495ab56891e5d5535899 (127.14.190.2:46381)
I20260709 13:03:17.512382 16423 raft_consensus.cc:2804] T c914c343e3f44bf1a98bccc5fa1e6d5c P 6a8e36cb7d804af3a6387c119f65d24b [term 0 FOLLOWER]: Leader pre-election won for term 1
I20260709 13:03:17.512861 16423 raft_consensus.cc:493] T c914c343e3f44bf1a98bccc5fa1e6d5c P 6a8e36cb7d804af3a6387c119f65d24b [term 0 FOLLOWER]: Starting leader election (no leader contacted us within the election timeout)
I20260709 13:03:17.513236 16423 raft_consensus.cc:3060] T c914c343e3f44bf1a98bccc5fa1e6d5c P 6a8e36cb7d804af3a6387c119f65d24b [term 0 FOLLOWER]: Advancing to term 1
I20260709 13:03:17.513641 16275 tablet_service.cc:1917] Received RequestConsensusVote() RPC: tablet_id: "19e8095b76434ec5b31762c147b3c0f1" candidate_uuid: "6a8e36cb7d804af3a6387c119f65d24b" candidate_term: 1 candidate_status { last_received { term: 0 index: 0 } } ignore_live_leader: false dest_uuid: "7962ae52dd65495ab56891e5d5535899" is_pre_election: true
I20260709 13:03:17.511435 16198 tablet_service.cc:1917] Received RequestConsensusVote() RPC: tablet_id: "19e8095b76434ec5b31762c147b3c0f1" candidate_uuid: "6a8e36cb7d804af3a6387c119f65d24b" candidate_term: 1 candidate_status { last_received { term: 0 index: 0 } } ignore_live_leader: false dest_uuid: "46853f94f7ac4bff9023dfe3e6660b0d" is_pre_election: true
I20260709 13:03:17.514992 16275 tablet_service.cc:1917] Received RequestConsensusVote() RPC: tablet_id: "c914c343e3f44bf1a98bccc5fa1e6d5c" candidate_uuid: "6a8e36cb7d804af3a6387c119f65d24b" candidate_term: 1 candidate_status { last_received { term: 0 index: 0 } } ignore_live_leader: false dest_uuid: "7962ae52dd65495ab56891e5d5535899" is_pre_election: true
I20260709 13:03:17.515475 16198 raft_consensus.cc:2468] T 19e8095b76434ec5b31762c147b3c0f1 P 46853f94f7ac4bff9023dfe3e6660b0d [term 0 FOLLOWER]: Leader pre-election vote request: Granting yes vote for candidate 6a8e36cb7d804af3a6387c119f65d24b in term 0.
I20260709 13:03:17.518981 16315 leader_election.cc:304] T 19e8095b76434ec5b31762c147b3c0f1 P 6a8e36cb7d804af3a6387c119f65d24b [CANDIDATE]: Term 1 pre-election: Election decided. Result: candidate won. Election summary: received 2 responses out of 3 voters: 2 yes votes; 0 no votes. yes voters: 46853f94f7ac4bff9023dfe3e6660b0d, 6a8e36cb7d804af3a6387c119f65d24b; no voters: 
I20260709 13:03:17.519734 16458 raft_consensus.cc:2804] T 19e8095b76434ec5b31762c147b3c0f1 P 6a8e36cb7d804af3a6387c119f65d24b [term 0 FOLLOWER]: Leader pre-election won for term 1
I20260709 13:03:17.520149 16458 raft_consensus.cc:493] T 19e8095b76434ec5b31762c147b3c0f1 P 6a8e36cb7d804af3a6387c119f65d24b [term 0 FOLLOWER]: Starting leader election (no leader contacted us within the election timeout)
I20260709 13:03:17.520519 16458 raft_consensus.cc:3060] T 19e8095b76434ec5b31762c147b3c0f1 P 6a8e36cb7d804af3a6387c119f65d24b [term 0 FOLLOWER]: Advancing to term 1
W20260709 13:03:17.523272 16315 leader_election.cc:343] T 19e8095b76434ec5b31762c147b3c0f1 P 6a8e36cb7d804af3a6387c119f65d24b [CANDIDATE]: Term 1 pre-election: Tablet error from VoteRequest() call to peer 7962ae52dd65495ab56891e5d5535899 (127.14.190.2:46381): Illegal state: must be running to vote when last-logged opid is not known
I20260709 13:03:17.524107 16393 tablet_bootstrap.cc:654] T e0c8b6bc8f62481780117a97d2705ca9 P 7962ae52dd65495ab56891e5d5535899: Neither blocks nor log segments found. Creating new log.
W20260709 13:03:17.524432 16315 leader_election.cc:343] T c914c343e3f44bf1a98bccc5fa1e6d5c P 6a8e36cb7d804af3a6387c119f65d24b [CANDIDATE]: Term 1 pre-election: Tablet error from VoteRequest() call to peer 7962ae52dd65495ab56891e5d5535899 (127.14.190.2:46381): Illegal state: must be running to vote when last-logged opid is not known
I20260709 13:03:17.525986 16659 leader_election.cc:290] T cc6c5086720942f2a8125f125a2ff656 P 46853f94f7ac4bff9023dfe3e6660b0d [CANDIDATE]: Term 1 pre-election: Requested pre-vote from peers 7962ae52dd65495ab56891e5d5535899 (127.14.190.2:46381), 6a8e36cb7d804af3a6387c119f65d24b (127.14.190.3:43753)
I20260709 13:03:17.527868 16423 raft_consensus.cc:515] T c914c343e3f44bf1a98bccc5fa1e6d5c P 6a8e36cb7d804af3a6387c119f65d24b [term 1 FOLLOWER]: Starting leader election with config: opid_index: -1 OBSOLETE_local: false peers { permanent_uuid: "46853f94f7ac4bff9023dfe3e6660b0d" member_type: VOTER last_known_addr { host: "127.14.190.1" port: 37389 } } peers { permanent_uuid: "7962ae52dd65495ab56891e5d5535899" member_type: VOTER last_known_addr { host: "127.14.190.2" port: 46381 } } peers { permanent_uuid: "6a8e36cb7d804af3a6387c119f65d24b" member_type: VOTER last_known_addr { host: "127.14.190.3" port: 43753 } }
I20260709 13:03:17.528121 16352 tablet_service.cc:1917] Received RequestConsensusVote() RPC: tablet_id: "cc6c5086720942f2a8125f125a2ff656" candidate_uuid: "46853f94f7ac4bff9023dfe3e6660b0d" candidate_term: 1 candidate_status { last_received { term: 0 index: 0 } } ignore_live_leader: false dest_uuid: "6a8e36cb7d804af3a6387c119f65d24b" is_pre_election: true
W20260709 13:03:17.529608 16168 leader_election.cc:343] T cc6c5086720942f2a8125f125a2ff656 P 46853f94f7ac4bff9023dfe3e6660b0d [CANDIDATE]: Term 1 pre-election: Tablet error from VoteRequest() call to peer 6a8e36cb7d804af3a6387c119f65d24b (127.14.190.3:43753): Illegal state: must be running to vote when last-logged opid is not known
I20260709 13:03:17.530386 16423 leader_election.cc:290] T c914c343e3f44bf1a98bccc5fa1e6d5c P 6a8e36cb7d804af3a6387c119f65d24b [CANDIDATE]: Term 1 election: Requested vote from peers 46853f94f7ac4bff9023dfe3e6660b0d (127.14.190.1:37389), 7962ae52dd65495ab56891e5d5535899 (127.14.190.2:46381)
I20260709 13:03:17.530553 16277 tablet_service.cc:1917] Received RequestConsensusVote() RPC: tablet_id: "cc6c5086720942f2a8125f125a2ff656" candidate_uuid: "46853f94f7ac4bff9023dfe3e6660b0d" candidate_term: 1 candidate_status { last_received { term: 0 index: 0 } } ignore_live_leader: false dest_uuid: "7962ae52dd65495ab56891e5d5535899" is_pre_election: true
I20260709 13:03:17.531450 16199 tablet_service.cc:1917] Received RequestConsensusVote() RPC: tablet_id: "c914c343e3f44bf1a98bccc5fa1e6d5c" candidate_uuid: "6a8e36cb7d804af3a6387c119f65d24b" candidate_term: 1 candidate_status { last_received { term: 0 index: 0 } } ignore_live_leader: false dest_uuid: "46853f94f7ac4bff9023dfe3e6660b0d"
I20260709 13:03:17.532042 16199 raft_consensus.cc:3060] T c914c343e3f44bf1a98bccc5fa1e6d5c P 46853f94f7ac4bff9023dfe3e6660b0d [term 0 FOLLOWER]: Advancing to term 1
W20260709 13:03:17.532519 16166 leader_election.cc:343] T cc6c5086720942f2a8125f125a2ff656 P 46853f94f7ac4bff9023dfe3e6660b0d [CANDIDATE]: Term 1 pre-election: Tablet error from VoteRequest() call to peer 7962ae52dd65495ab56891e5d5535899 (127.14.190.2:46381): Illegal state: must be running to vote when last-logged opid is not known
I20260709 13:03:17.532886 16166 leader_election.cc:304] T cc6c5086720942f2a8125f125a2ff656 P 46853f94f7ac4bff9023dfe3e6660b0d [CANDIDATE]: Term 1 pre-election: Election decided. Result: candidate lost. Election summary: received 3 responses out of 3 voters: 1 yes votes; 2 no votes. yes voters: 46853f94f7ac4bff9023dfe3e6660b0d; no voters: 6a8e36cb7d804af3a6387c119f65d24b, 7962ae52dd65495ab56891e5d5535899
I20260709 13:03:17.533875 16658 raft_consensus.cc:2749] T cc6c5086720942f2a8125f125a2ff656 P 46853f94f7ac4bff9023dfe3e6660b0d [term 0 FOLLOWER]: Leader pre-election lost for term 1. Reason: could not achieve majority
I20260709 13:03:17.534433 16277 tablet_service.cc:1917] Received RequestConsensusVote() RPC: tablet_id: "c914c343e3f44bf1a98bccc5fa1e6d5c" candidate_uuid: "6a8e36cb7d804af3a6387c119f65d24b" candidate_term: 1 candidate_status { last_received { term: 0 index: 0 } } ignore_live_leader: false dest_uuid: "7962ae52dd65495ab56891e5d5535899"
W20260709 13:03:17.535418 16315 leader_election.cc:343] T c914c343e3f44bf1a98bccc5fa1e6d5c P 6a8e36cb7d804af3a6387c119f65d24b [CANDIDATE]: Term 1 election: Tablet error from VoteRequest() call to peer 7962ae52dd65495ab56891e5d5535899 (127.14.190.2:46381): Illegal state: must be running to vote when last-logged opid is not known
I20260709 13:03:17.535679 16591 raft_consensus.cc:493] T efb7cac21ef74a42a416e7db67e8fc69 P 7962ae52dd65495ab56891e5d5535899 [term 0 FOLLOWER]: Starting pre-election (no leader contacted us within the election timeout)
I20260709 13:03:17.539237 16199 raft_consensus.cc:2468] T c914c343e3f44bf1a98bccc5fa1e6d5c P 46853f94f7ac4bff9023dfe3e6660b0d [term 1 FOLLOWER]: Leader election vote request: Granting yes vote for candidate 6a8e36cb7d804af3a6387c119f65d24b in term 1.
I20260709 13:03:17.539624 16591 raft_consensus.cc:515] T efb7cac21ef74a42a416e7db67e8fc69 P 7962ae52dd65495ab56891e5d5535899 [term 0 FOLLOWER]: Starting pre-election with config: opid_index: -1 OBSOLETE_local: false peers { permanent_uuid: "46853f94f7ac4bff9023dfe3e6660b0d" member_type: VOTER last_known_addr { host: "127.14.190.1" port: 37389 } } peers { permanent_uuid: "7962ae52dd65495ab56891e5d5535899" member_type: VOTER last_known_addr { host: "127.14.190.2" port: 46381 } } peers { permanent_uuid: "6a8e36cb7d804af3a6387c119f65d24b" member_type: VOTER last_known_addr { host: "127.14.190.3" port: 43753 } }
I20260709 13:03:17.540179 16315 leader_election.cc:304] T c914c343e3f44bf1a98bccc5fa1e6d5c P 6a8e36cb7d804af3a6387c119f65d24b [CANDIDATE]: Term 1 election: Election decided. Result: candidate won. Election summary: received 3 responses out of 3 voters: 2 yes votes; 1 no votes. yes voters: 46853f94f7ac4bff9023dfe3e6660b0d, 6a8e36cb7d804af3a6387c119f65d24b; no voters: 7962ae52dd65495ab56891e5d5535899
I20260709 13:03:17.540402 16458 raft_consensus.cc:515] T 19e8095b76434ec5b31762c147b3c0f1 P 6a8e36cb7d804af3a6387c119f65d24b [term 1 FOLLOWER]: Starting leader election with config: opid_index: -1 OBSOLETE_local: false peers { permanent_uuid: "46853f94f7ac4bff9023dfe3e6660b0d" member_type: VOTER last_known_addr { host: "127.14.190.1" port: 37389 } } peers { permanent_uuid: "7962ae52dd65495ab56891e5d5535899" member_type: VOTER last_known_addr { host: "127.14.190.2" port: 46381 } } peers { permanent_uuid: "6a8e36cb7d804af3a6387c119f65d24b" member_type: VOTER last_known_addr { host: "127.14.190.3" port: 43753 } }
I20260709 13:03:17.540879 16423 raft_consensus.cc:2804] T c914c343e3f44bf1a98bccc5fa1e6d5c P 6a8e36cb7d804af3a6387c119f65d24b [term 1 FOLLOWER]: Leader election won for term 1
I20260709 13:03:17.541546 16591 leader_election.cc:290] T efb7cac21ef74a42a416e7db67e8fc69 P 7962ae52dd65495ab56891e5d5535899 [CANDIDATE]: Term 1 pre-election: Requested pre-vote from peers 46853f94f7ac4bff9023dfe3e6660b0d (127.14.190.1:37389), 6a8e36cb7d804af3a6387c119f65d24b (127.14.190.3:43753)
I20260709 13:03:17.542079 16199 tablet_service.cc:1917] Received RequestConsensusVote() RPC: tablet_id: "efb7cac21ef74a42a416e7db67e8fc69" candidate_uuid: "7962ae52dd65495ab56891e5d5535899" candidate_term: 1 candidate_status { last_received { term: 0 index: 0 } } ignore_live_leader: false dest_uuid: "46853f94f7ac4bff9023dfe3e6660b0d" is_pre_election: true
I20260709 13:03:17.542448 16423 raft_consensus.cc:697] T c914c343e3f44bf1a98bccc5fa1e6d5c P 6a8e36cb7d804af3a6387c119f65d24b [term 1 LEADER]: Becoming Leader. State: Replica: 6a8e36cb7d804af3a6387c119f65d24b, State: Running, Role: LEADER
I20260709 13:03:17.542654 16352 tablet_service.cc:1917] Received RequestConsensusVote() RPC: tablet_id: "efb7cac21ef74a42a416e7db67e8fc69" candidate_uuid: "7962ae52dd65495ab56891e5d5535899" candidate_term: 1 candidate_status { last_received { term: 0 index: 0 } } ignore_live_leader: false dest_uuid: "6a8e36cb7d804af3a6387c119f65d24b" is_pre_election: true
I20260709 13:03:17.543457 16352 raft_consensus.cc:2393] T efb7cac21ef74a42a416e7db67e8fc69 P 6a8e36cb7d804af3a6387c119f65d24b [term 1 FOLLOWER]: Leader pre-election vote request: Denying vote to candidate 7962ae52dd65495ab56891e5d5535899 in current term 1: Already voted for candidate 46853f94f7ac4bff9023dfe3e6660b0d in this term.
I20260709 13:03:17.543372 16423 consensus_queue.cc:237] T c914c343e3f44bf1a98bccc5fa1e6d5c P 6a8e36cb7d804af3a6387c119f65d24b [LEADER]: Queue going to LEADER mode. State: All replicated index: 0, Majority replicated index: 0, Committed index: 0, Last appended: 0.0, Last appended by leader: 0, Current term: 1, Majority size: 2, State: 0, Mode: LEADER, active raft config: opid_index: -1 OBSOLETE_local: false peers { permanent_uuid: "46853f94f7ac4bff9023dfe3e6660b0d" member_type: VOTER last_known_addr { host: "127.14.190.1" port: 37389 } } peers { permanent_uuid: "7962ae52dd65495ab56891e5d5535899" member_type: VOTER last_known_addr { host: "127.14.190.2" port: 46381 } } peers { permanent_uuid: "6a8e36cb7d804af3a6387c119f65d24b" member_type: VOTER last_known_addr { host: "127.14.190.3" port: 43753 } }
I20260709 13:03:17.544353 16243 leader_election.cc:304] T efb7cac21ef74a42a416e7db67e8fc69 P 7962ae52dd65495ab56891e5d5535899 [CANDIDATE]: Term 1 pre-election: Election decided. Result: candidate lost. Election summary: received 3 responses out of 3 voters: 1 yes votes; 2 no votes. yes voters: 7962ae52dd65495ab56891e5d5535899; no voters: 46853f94f7ac4bff9023dfe3e6660b0d, 6a8e36cb7d804af3a6387c119f65d24b
I20260709 13:03:17.544903 16591 raft_consensus.cc:3060] T efb7cac21ef74a42a416e7db67e8fc69 P 7962ae52dd65495ab56891e5d5535899 [term 0 FOLLOWER]: Advancing to term 1
I20260709 13:03:17.546519 16395 tablet_bootstrap.cc:654] T e4e43f64a1944774800f5b7d4eb3954c P 46853f94f7ac4bff9023dfe3e6660b0d: Neither blocks nor log segments found. Creating new log.
I20260709 13:03:17.547513 16392 raft_consensus.cc:359] T a380a7ebc684417d9e9c9620f7baffef P 6a8e36cb7d804af3a6387c119f65d24b [term 0 FOLLOWER]: Replica starting. Triggering 0 pending ops. Active config: opid_index: -1 OBSOLETE_local: false peers { permanent_uuid: "46853f94f7ac4bff9023dfe3e6660b0d" member_type: VOTER last_known_addr { host: "127.14.190.1" port: 37389 } } peers { permanent_uuid: "7962ae52dd65495ab56891e5d5535899" member_type: VOTER last_known_addr { host: "127.14.190.2" port: 46381 } } peers { permanent_uuid: "6a8e36cb7d804af3a6387c119f65d24b" member_type: VOTER last_known_addr { host: "127.14.190.3" port: 43753 } }
I20260709 13:03:17.548197 16392 raft_consensus.cc:385] T a380a7ebc684417d9e9c9620f7baffef P 6a8e36cb7d804af3a6387c119f65d24b [term 0 FOLLOWER]: Consensus starting up: Expiring failure detector timer to make a prompt election more likely
I20260709 13:03:17.548484 16392 raft_consensus.cc:740] T a380a7ebc684417d9e9c9620f7baffef P 6a8e36cb7d804af3a6387c119f65d24b [term 0 FOLLOWER]: Becoming Follower/Learner. State: Replica: 6a8e36cb7d804af3a6387c119f65d24b, State: Initialized, Role: FOLLOWER
I20260709 13:03:17.550434 16458 leader_election.cc:290] T 19e8095b76434ec5b31762c147b3c0f1 P 6a8e36cb7d804af3a6387c119f65d24b [CANDIDATE]: Term 1 election: Requested vote from peers 46853f94f7ac4bff9023dfe3e6660b0d (127.14.190.1:37389), 7962ae52dd65495ab56891e5d5535899 (127.14.190.2:46381)
I20260709 13:03:17.551018 16591 raft_consensus.cc:2749] T efb7cac21ef74a42a416e7db67e8fc69 P 7962ae52dd65495ab56891e5d5535899 [term 1 FOLLOWER]: Leader pre-election lost for term 1. Reason: could not achieve majority
I20260709 13:03:17.554018 16199 tablet_service.cc:1917] Received RequestConsensusVote() RPC: tablet_id: "19e8095b76434ec5b31762c147b3c0f1" candidate_uuid: "6a8e36cb7d804af3a6387c119f65d24b" candidate_term: 1 candidate_status { last_received { term: 0 index: 0 } } ignore_live_leader: false dest_uuid: "46853f94f7ac4bff9023dfe3e6660b0d"
I20260709 13:03:17.554571 16199 raft_consensus.cc:3060] T 19e8095b76434ec5b31762c147b3c0f1 P 46853f94f7ac4bff9023dfe3e6660b0d [term 0 FOLLOWER]: Advancing to term 1
I20260709 13:03:17.554356 16101 catalog_manager.cc:5697] T 13a5a8d074ef4c53bd620fe4ce9c99d7 P 6a8e36cb7d804af3a6387c119f65d24b reported cstate change: term changed from 0 to 1, leader changed from <none> to 6a8e36cb7d804af3a6387c119f65d24b (127.14.190.3). New cstate: current_term: 1 leader_uuid: "6a8e36cb7d804af3a6387c119f65d24b" committed_config { opid_index: -1 OBSOLETE_local: false peers { permanent_uuid: "46853f94f7ac4bff9023dfe3e6660b0d" member_type: VOTER last_known_addr { host: "127.14.190.1" port: 37389 } health_report { overall_health: UNKNOWN } } peers { permanent_uuid: "7962ae52dd65495ab56891e5d5535899" member_type: VOTER last_known_addr { host: "127.14.190.2" port: 46381 } health_report { overall_health: UNKNOWN } } peers { permanent_uuid: "6a8e36cb7d804af3a6387c119f65d24b" member_type: VOTER last_known_addr { host: "127.14.190.3" port: 43753 } health_report { overall_health: HEALTHY } } }
I20260709 13:03:17.558344 16277 tablet_service.cc:1917] Received RequestConsensusVote() RPC: tablet_id: "19e8095b76434ec5b31762c147b3c0f1" candidate_uuid: "6a8e36cb7d804af3a6387c119f65d24b" candidate_term: 1 candidate_status { last_received { term: 0 index: 0 } } ignore_live_leader: false dest_uuid: "7962ae52dd65495ab56891e5d5535899"
W20260709 13:03:17.559530 16315 leader_election.cc:343] T 19e8095b76434ec5b31762c147b3c0f1 P 6a8e36cb7d804af3a6387c119f65d24b [CANDIDATE]: Term 1 election: Tablet error from VoteRequest() call to peer 7962ae52dd65495ab56891e5d5535899 (127.14.190.2:46381): Illegal state: must be running to vote when last-logged opid is not known
I20260709 13:03:17.559722 16395 tablet_bootstrap.cc:492] T e4e43f64a1944774800f5b7d4eb3954c P 46853f94f7ac4bff9023dfe3e6660b0d: No bootstrap required, opened a new log
I20260709 13:03:17.560168 16395 ts_tablet_manager.cc:1403] T e4e43f64a1944774800f5b7d4eb3954c P 46853f94f7ac4bff9023dfe3e6660b0d: Time spent bootstrapping tablet: real 0.091s	user 0.014s	sys 0.000s
I20260709 13:03:17.559867 16101 catalog_manager.cc:5697] T f76f8bef91e54436bd7ead9eb8baae3f P 6a8e36cb7d804af3a6387c119f65d24b reported cstate change: term changed from 0 to 1, leader changed from <none> to 6a8e36cb7d804af3a6387c119f65d24b (127.14.190.3). New cstate: current_term: 1 leader_uuid: "6a8e36cb7d804af3a6387c119f65d24b" committed_config { opid_index: -1 OBSOLETE_local: false peers { permanent_uuid: "46853f94f7ac4bff9023dfe3e6660b0d" member_type: VOTER last_known_addr { host: "127.14.190.1" port: 37389 } health_report { overall_health: UNKNOWN } } peers { permanent_uuid: "7962ae52dd65495ab56891e5d5535899" member_type: VOTER last_known_addr { host: "127.14.190.2" port: 46381 } health_report { overall_health: UNKNOWN } } peers { permanent_uuid: "6a8e36cb7d804af3a6387c119f65d24b" member_type: VOTER last_known_addr { host: "127.14.190.3" port: 43753 } health_report { overall_health: HEALTHY } } }
I20260709 13:03:17.562595 16395 raft_consensus.cc:359] T e4e43f64a1944774800f5b7d4eb3954c P 46853f94f7ac4bff9023dfe3e6660b0d [term 0 FOLLOWER]: Replica starting. Triggering 0 pending ops. Active config: opid_index: -1 OBSOLETE_local: false peers { permanent_uuid: "46853f94f7ac4bff9023dfe3e6660b0d" member_type: VOTER last_known_addr { host: "127.14.190.1" port: 37389 } } peers { permanent_uuid: "7962ae52dd65495ab56891e5d5535899" member_type: VOTER last_known_addr { host: "127.14.190.2" port: 46381 } } peers { permanent_uuid: "6a8e36cb7d804af3a6387c119f65d24b" member_type: VOTER last_known_addr { host: "127.14.190.3" port: 43753 } }
I20260709 13:03:17.563179 16395 raft_consensus.cc:385] T e4e43f64a1944774800f5b7d4eb3954c P 46853f94f7ac4bff9023dfe3e6660b0d [term 0 FOLLOWER]: Consensus starting up: Expiring failure detector timer to make a prompt election more likely
I20260709 13:03:17.563438 16395 raft_consensus.cc:740] T e4e43f64a1944774800f5b7d4eb3954c P 46853f94f7ac4bff9023dfe3e6660b0d [term 0 FOLLOWER]: Becoming Follower/Learner. State: Replica: 46853f94f7ac4bff9023dfe3e6660b0d, State: Initialized, Role: FOLLOWER
I20260709 13:03:17.564127 16395 consensus_queue.cc:260] T e4e43f64a1944774800f5b7d4eb3954c P 46853f94f7ac4bff9023dfe3e6660b0d [NON_LEADER]: Queue going to NON_LEADER mode. State: All replicated index: 0, Majority replicated index: 0, Committed index: 0, Last appended: 0.0, Last appended by leader: 0, Current term: 0, Majority size: -1, State: 0, Mode: NON_LEADER, active raft config: opid_index: -1 OBSOLETE_local: false peers { permanent_uuid: "46853f94f7ac4bff9023dfe3e6660b0d" member_type: VOTER last_known_addr { host: "127.14.190.1" port: 37389 } } peers { permanent_uuid: "7962ae52dd65495ab56891e5d5535899" member_type: VOTER last_known_addr { host: "127.14.190.2" port: 46381 } } peers { permanent_uuid: "6a8e36cb7d804af3a6387c119f65d24b" member_type: VOTER last_known_addr { host: "127.14.190.3" port: 43753 } }
I20260709 13:03:17.563997 16392 consensus_queue.cc:260] T a380a7ebc684417d9e9c9620f7baffef P 6a8e36cb7d804af3a6387c119f65d24b [NON_LEADER]: Queue going to NON_LEADER mode. State: All replicated index: 0, Majority replicated index: 0, Committed index: 0, Last appended: 0.0, Last appended by leader: 0, Current term: 0, Majority size: -1, State: 0, Mode: NON_LEADER, active raft config: opid_index: -1 OBSOLETE_local: false peers { permanent_uuid: "46853f94f7ac4bff9023dfe3e6660b0d" member_type: VOTER last_known_addr { host: "127.14.190.1" port: 37389 } } peers { permanent_uuid: "7962ae52dd65495ab56891e5d5535899" member_type: VOTER last_known_addr { host: "127.14.190.2" port: 46381 } } peers { permanent_uuid: "6a8e36cb7d804af3a6387c119f65d24b" member_type: VOTER last_known_addr { host: "127.14.190.3" port: 43753 } }
I20260709 13:03:17.566069 16392 ts_tablet_manager.cc:1434] T a380a7ebc684417d9e9c9620f7baffef P 6a8e36cb7d804af3a6387c119f65d24b: Time spent starting tablet: real 0.061s	user 0.005s	sys 0.000s
I20260709 13:03:17.564004 16393 tablet_bootstrap.cc:492] T e0c8b6bc8f62481780117a97d2705ca9 P 7962ae52dd65495ab56891e5d5535899: No bootstrap required, opened a new log
I20260709 13:03:17.566880 16393 ts_tablet_manager.cc:1403] T e0c8b6bc8f62481780117a97d2705ca9 P 7962ae52dd65495ab56891e5d5535899: Time spent bootstrapping tablet: real 0.126s	user 0.017s	sys 0.001s
I20260709 13:03:17.568671 16395 ts_tablet_manager.cc:1434] T e4e43f64a1944774800f5b7d4eb3954c P 46853f94f7ac4bff9023dfe3e6660b0d: Time spent starting tablet: real 0.008s	user 0.005s	sys 0.000s
I20260709 13:03:17.569451 16395 tablet_bootstrap.cc:492] T 130a236efdc34080b54b799208430e56 P 46853f94f7ac4bff9023dfe3e6660b0d: Bootstrap starting.
I20260709 13:03:17.569247 16393 raft_consensus.cc:359] T e0c8b6bc8f62481780117a97d2705ca9 P 7962ae52dd65495ab56891e5d5535899 [term 0 FOLLOWER]: Replica starting. Triggering 0 pending ops. Active config: opid_index: -1 OBSOLETE_local: false peers { permanent_uuid: "46853f94f7ac4bff9023dfe3e6660b0d" member_type: VOTER last_known_addr { host: "127.14.190.1" port: 37389 } } peers { permanent_uuid: "7962ae52dd65495ab56891e5d5535899" member_type: VOTER last_known_addr { host: "127.14.190.2" port: 46381 } } peers { permanent_uuid: "6a8e36cb7d804af3a6387c119f65d24b" member_type: VOTER last_known_addr { host: "127.14.190.3" port: 43753 } }
I20260709 13:03:17.569881 16393 raft_consensus.cc:385] T e0c8b6bc8f62481780117a97d2705ca9 P 7962ae52dd65495ab56891e5d5535899 [term 0 FOLLOWER]: Consensus starting up: Expiring failure detector timer to make a prompt election more likely
I20260709 13:03:17.570148 16393 raft_consensus.cc:740] T e0c8b6bc8f62481780117a97d2705ca9 P 7962ae52dd65495ab56891e5d5535899 [term 0 FOLLOWER]: Becoming Follower/Learner. State: Replica: 7962ae52dd65495ab56891e5d5535899, State: Initialized, Role: FOLLOWER
I20260709 13:03:17.570767 16393 consensus_queue.cc:260] T e0c8b6bc8f62481780117a97d2705ca9 P 7962ae52dd65495ab56891e5d5535899 [NON_LEADER]: Queue going to NON_LEADER mode. State: All replicated index: 0, Majority replicated index: 0, Committed index: 0, Last appended: 0.0, Last appended by leader: 0, Current term: 0, Majority size: -1, State: 0, Mode: NON_LEADER, active raft config: opid_index: -1 OBSOLETE_local: false peers { permanent_uuid: "46853f94f7ac4bff9023dfe3e6660b0d" member_type: VOTER last_known_addr { host: "127.14.190.1" port: 37389 } } peers { permanent_uuid: "7962ae52dd65495ab56891e5d5535899" member_type: VOTER last_known_addr { host: "127.14.190.2" port: 46381 } } peers { permanent_uuid: "6a8e36cb7d804af3a6387c119f65d24b" member_type: VOTER last_known_addr { host: "127.14.190.3" port: 43753 } }
I20260709 13:03:17.572085 16392 tablet_bootstrap.cc:492] T cc6c5086720942f2a8125f125a2ff656 P 6a8e36cb7d804af3a6387c119f65d24b: Bootstrap starting.
I20260709 13:03:17.574182 16393 ts_tablet_manager.cc:1434] T e0c8b6bc8f62481780117a97d2705ca9 P 7962ae52dd65495ab56891e5d5535899: Time spent starting tablet: real 0.007s	user 0.005s	sys 0.000s
I20260709 13:03:17.574812 16199 raft_consensus.cc:2468] T 19e8095b76434ec5b31762c147b3c0f1 P 46853f94f7ac4bff9023dfe3e6660b0d [term 1 FOLLOWER]: Leader election vote request: Granting yes vote for candidate 6a8e36cb7d804af3a6387c119f65d24b in term 1.
I20260709 13:03:17.614367 16315 leader_election.cc:304] T 19e8095b76434ec5b31762c147b3c0f1 P 6a8e36cb7d804af3a6387c119f65d24b [CANDIDATE]: Term 1 election: Election decided. Result: candidate won. Election summary: received 3 responses out of 3 voters: 2 yes votes; 1 no votes. yes voters: 46853f94f7ac4bff9023dfe3e6660b0d, 6a8e36cb7d804af3a6387c119f65d24b; no voters: 7962ae52dd65495ab56891e5d5535899
I20260709 13:03:17.615077 16458 raft_consensus.cc:2804] T 19e8095b76434ec5b31762c147b3c0f1 P 6a8e36cb7d804af3a6387c119f65d24b [term 1 FOLLOWER]: Leader election won for term 1
I20260709 13:03:17.615625 16458 raft_consensus.cc:697] T 19e8095b76434ec5b31762c147b3c0f1 P 6a8e36cb7d804af3a6387c119f65d24b [term 1 LEADER]: Becoming Leader. State: Replica: 6a8e36cb7d804af3a6387c119f65d24b, State: Running, Role: LEADER
I20260709 13:03:17.616410 16458 consensus_queue.cc:237] T 19e8095b76434ec5b31762c147b3c0f1 P 6a8e36cb7d804af3a6387c119f65d24b [LEADER]: Queue going to LEADER mode. State: All replicated index: 0, Majority replicated index: 0, Committed index: 0, Last appended: 0.0, Last appended by leader: 0, Current term: 1, Majority size: 2, State: 0, Mode: LEADER, active raft config: opid_index: -1 OBSOLETE_local: false peers { permanent_uuid: "46853f94f7ac4bff9023dfe3e6660b0d" member_type: VOTER last_known_addr { host: "127.14.190.1" port: 37389 } } peers { permanent_uuid: "7962ae52dd65495ab56891e5d5535899" member_type: VOTER last_known_addr { host: "127.14.190.2" port: 46381 } } peers { permanent_uuid: "6a8e36cb7d804af3a6387c119f65d24b" member_type: VOTER last_known_addr { host: "127.14.190.3" port: 43753 } }
