I20260709 13:03:16.251785 16035 tablet_bootstrap.cc:654] T 3cb4d096e74048a2a6d3b7448b05cce4 P debde048d5fd43c580fc305bee091a2b: Neither blocks nor log segments found. Creating new log.
I20260709 13:03:16.260039 16040 raft_consensus.cc:359] T 80720a216f9f489392912f4630624aa3 P 45e652abee294f45a6e51748ffaf1cc2 [term 0 FOLLOWER]: Replica starting. Triggering 0 pending ops. Active config: opid_index: -1 OBSOLETE_local: false peers { permanent_uuid: "debde048d5fd43c580fc305bee091a2b" member_type: VOTER last_known_addr { host: "127.14.95.129" port: 40161 } } peers { permanent_uuid: "45e652abee294f45a6e51748ffaf1cc2" member_type: VOTER last_known_addr { host: "127.14.95.130" port: 40921 } } peers { permanent_uuid: "c349d1dd27f94fcb8e3e1c918eb9273a" member_type: VOTER last_known_addr { host: "127.14.95.131" port: 39517 } }
I20260709 13:03:16.260983 16040 raft_consensus.cc:385] T 80720a216f9f489392912f4630624aa3 P 45e652abee294f45a6e51748ffaf1cc2 [term 0 FOLLOWER]: Consensus starting up: Expiring failure detector timer to make a prompt election more likely
I20260709 13:03:16.261333 16040 raft_consensus.cc:740] T 80720a216f9f489392912f4630624aa3 P 45e652abee294f45a6e51748ffaf1cc2 [term 0 FOLLOWER]: Becoming Follower/Learner. State: Replica: 45e652abee294f45a6e51748ffaf1cc2, State: Initialized, Role: FOLLOWER
I20260709 13:03:16.263146 16040 consensus_queue.cc:260] T 80720a216f9f489392912f4630624aa3 P 45e652abee294f45a6e51748ffaf1cc2 [NON_LEADER]: Queue going to NON_LEADER mode. State: All replicated index: 0, Majority replicated index: 0, Committed index: 0, Last appended: 0.0, Last appended by leader: 0, Current term: 0, Majority size: -1, State: 0, Mode: NON_LEADER, active raft config: opid_index: -1 OBSOLETE_local: false peers { permanent_uuid: "debde048d5fd43c580fc305bee091a2b" member_type: VOTER last_known_addr { host: "127.14.95.129" port: 40161 } } peers { permanent_uuid: "45e652abee294f45a6e51748ffaf1cc2" member_type: VOTER last_known_addr { host: "127.14.95.130" port: 40921 } } peers { permanent_uuid: "c349d1dd27f94fcb8e3e1c918eb9273a" member_type: VOTER last_known_addr { host: "127.14.95.131" port: 39517 } }
I20260709 13:03:16.267318 16138 raft_consensus.cc:493] T 80720a216f9f489392912f4630624aa3 P 45e652abee294f45a6e51748ffaf1cc2 [term 0 FOLLOWER]: Starting pre-election (no leader contacted us within the election timeout)
I20260709 13:03:16.267932 16138 raft_consensus.cc:515] T 80720a216f9f489392912f4630624aa3 P 45e652abee294f45a6e51748ffaf1cc2 [term 0 FOLLOWER]: Starting pre-election with config: opid_index: -1 OBSOLETE_local: false peers { permanent_uuid: "debde048d5fd43c580fc305bee091a2b" member_type: VOTER last_known_addr { host: "127.14.95.129" port: 40161 } } peers { permanent_uuid: "45e652abee294f45a6e51748ffaf1cc2" member_type: VOTER last_known_addr { host: "127.14.95.130" port: 40921 } } peers { permanent_uuid: "c349d1dd27f94fcb8e3e1c918eb9273a" member_type: VOTER last_known_addr { host: "127.14.95.131" port: 39517 } }
I20260709 13:03:16.271766 16052 raft_consensus.cc:493] T 743d3380a62e4ddab140398b8f279c62 P 45e652abee294f45a6e51748ffaf1cc2 [term 0 FOLLOWER]: Starting pre-election (no leader contacted us within the election timeout)
I20260709 13:03:16.272469 16052 raft_consensus.cc:515] T 743d3380a62e4ddab140398b8f279c62 P 45e652abee294f45a6e51748ffaf1cc2 [term 0 FOLLOWER]: Starting pre-election with config: opid_index: -1 OBSOLETE_local: false peers { permanent_uuid: "debde048d5fd43c580fc305bee091a2b" member_type: VOTER last_known_addr { host: "127.14.95.129" port: 40161 } } peers { permanent_uuid: "45e652abee294f45a6e51748ffaf1cc2" member_type: VOTER last_known_addr { host: "127.14.95.130" port: 40921 } } peers { permanent_uuid: "c349d1dd27f94fcb8e3e1c918eb9273a" member_type: VOTER last_known_addr { host: "127.14.95.131" port: 39517 } }
I20260709 13:03:16.276492 15990 tablet_service.cc:1917] Received RequestConsensusVote() RPC: tablet_id: "743d3380a62e4ddab140398b8f279c62" candidate_uuid: "45e652abee294f45a6e51748ffaf1cc2" candidate_term: 1 candidate_status { last_received { term: 0 index: 0 } } ignore_live_leader: false dest_uuid: "c349d1dd27f94fcb8e3e1c918eb9273a" is_pre_election: true
I20260709 13:03:16.278090 15842 tablet_service.cc:1917] Received RequestConsensusVote() RPC: tablet_id: "743d3380a62e4ddab140398b8f279c62" candidate_uuid: "45e652abee294f45a6e51748ffaf1cc2" candidate_term: 1 candidate_status { last_received { term: 0 index: 0 } } ignore_live_leader: false dest_uuid: "debde048d5fd43c580fc305bee091a2b" is_pre_election: true
I20260709 13:03:16.279137 15842 raft_consensus.cc:2393] T 743d3380a62e4ddab140398b8f279c62 P debde048d5fd43c580fc305bee091a2b [term 1 FOLLOWER]: Leader pre-election vote request: Denying vote to candidate 45e652abee294f45a6e51748ffaf1cc2 in current term 1: Already voted for candidate c349d1dd27f94fcb8e3e1c918eb9273a in this term.
I20260709 13:03:16.280490 15883 leader_election.cc:304] T 743d3380a62e4ddab140398b8f279c62 P 45e652abee294f45a6e51748ffaf1cc2 [CANDIDATE]: Term 1 pre-election: Election decided. Result: candidate lost. Election summary: received 3 responses out of 3 voters: 1 yes votes; 2 no votes. yes voters: 45e652abee294f45a6e51748ffaf1cc2; no voters: c349d1dd27f94fcb8e3e1c918eb9273a, debde048d5fd43c580fc305bee091a2b
I20260709 13:03:16.280906 16052 leader_election.cc:290] T 743d3380a62e4ddab140398b8f279c62 P 45e652abee294f45a6e51748ffaf1cc2 [CANDIDATE]: Term 1 pre-election: Requested pre-vote from peers debde048d5fd43c580fc305bee091a2b (127.14.95.129:40161), c349d1dd27f94fcb8e3e1c918eb9273a (127.14.95.131:39517)
I20260709 13:03:16.281616 16035 tablet_bootstrap.cc:492] T 3cb4d096e74048a2a6d3b7448b05cce4 P debde048d5fd43c580fc305bee091a2b: No bootstrap required, opened a new log
I20260709 13:03:16.282203 16035 ts_tablet_manager.cc:1403] T 3cb4d096e74048a2a6d3b7448b05cce4 P debde048d5fd43c580fc305bee091a2b: Time spent bootstrapping tablet: real 0.042s	user 0.012s	sys 0.016s
I20260709 13:03:16.285074 16035 raft_consensus.cc:359] T 3cb4d096e74048a2a6d3b7448b05cce4 P debde048d5fd43c580fc305bee091a2b [term 0 FOLLOWER]: Replica starting. Triggering 0 pending ops. Active config: opid_index: -1 OBSOLETE_local: false peers { permanent_uuid: "debde048d5fd43c580fc305bee091a2b" member_type: VOTER last_known_addr { host: "127.14.95.129" port: 40161 } } peers { permanent_uuid: "45e652abee294f45a6e51748ffaf1cc2" member_type: VOTER last_known_addr { host: "127.14.95.130" port: 40921 } } peers { permanent_uuid: "c349d1dd27f94fcb8e3e1c918eb9273a" member_type: VOTER last_known_addr { host: "127.14.95.131" port: 39517 } }
I20260709 13:03:16.281646 16052 raft_consensus.cc:3060] T 743d3380a62e4ddab140398b8f279c62 P 45e652abee294f45a6e51748ffaf1cc2 [term 0 FOLLOWER]: Advancing to term 1
I20260709 13:03:16.285740 16035 raft_consensus.cc:385] T 3cb4d096e74048a2a6d3b7448b05cce4 P debde048d5fd43c580fc305bee091a2b [term 0 FOLLOWER]: Consensus starting up: Expiring failure detector timer to make a prompt election more likely
I20260709 13:03:16.286067 16138 leader_election.cc:290] T 80720a216f9f489392912f4630624aa3 P 45e652abee294f45a6e51748ffaf1cc2 [CANDIDATE]: Term 1 pre-election: Requested pre-vote from peers debde048d5fd43c580fc305bee091a2b (127.14.95.129:40161), c349d1dd27f94fcb8e3e1c918eb9273a (127.14.95.131:39517)
I20260709 13:03:16.286343 16035 raft_consensus.cc:740] T 3cb4d096e74048a2a6d3b7448b05cce4 P debde048d5fd43c580fc305bee091a2b [term 0 FOLLOWER]: Becoming Follower/Learner. State: Replica: debde048d5fd43c580fc305bee091a2b, State: Initialized, Role: FOLLOWER
I20260709 13:03:16.287039 16035 consensus_queue.cc:260] T 3cb4d096e74048a2a6d3b7448b05cce4 P debde048d5fd43c580fc305bee091a2b [NON_LEADER]: Queue going to NON_LEADER mode. State: All replicated index: 0, Majority replicated index: 0, Committed index: 0, Last appended: 0.0, Last appended by leader: 0, Current term: 0, Majority size: -1, State: 0, Mode: NON_LEADER, active raft config: opid_index: -1 OBSOLETE_local: false peers { permanent_uuid: "debde048d5fd43c580fc305bee091a2b" member_type: VOTER last_known_addr { host: "127.14.95.129" port: 40161 } } peers { permanent_uuid: "45e652abee294f45a6e51748ffaf1cc2" member_type: VOTER last_known_addr { host: "127.14.95.130" port: 40921 } } peers { permanent_uuid: "c349d1dd27f94fcb8e3e1c918eb9273a" member_type: VOTER last_known_addr { host: "127.14.95.131" port: 39517 } }
I20260709 13:03:16.288357 15990 tablet_service.cc:1917] Received RequestConsensusVote() RPC: tablet_id: "80720a216f9f489392912f4630624aa3" candidate_uuid: "45e652abee294f45a6e51748ffaf1cc2" candidate_term: 1 candidate_status { last_received { term: 0 index: 0 } } ignore_live_leader: false dest_uuid: "c349d1dd27f94fcb8e3e1c918eb9273a" is_pre_election: true
I20260709 13:03:16.289494 16035 ts_tablet_manager.cc:1434] T 3cb4d096e74048a2a6d3b7448b05cce4 P debde048d5fd43c580fc305bee091a2b: Time spent starting tablet: real 0.007s	user 0.007s	sys 0.000s
W20260709 13:03:16.289870 15885 leader_election.cc:343] T 80720a216f9f489392912f4630624aa3 P 45e652abee294f45a6e51748ffaf1cc2 [CANDIDATE]: Term 1 pre-election: Tablet error from VoteRequest() call to peer c349d1dd27f94fcb8e3e1c918eb9273a (127.14.95.131:39517): Illegal state: must be running to vote when last-logged opid is not known
I20260709 13:03:16.290616 16035 tablet_bootstrap.cc:492] T 4bf3fedb02774b3eaf34c6ebfd6f3d9c P debde048d5fd43c580fc305bee091a2b: Bootstrap starting.
I20260709 13:03:16.290766 15844 tablet_service.cc:1917] Received RequestConsensusVote() RPC: tablet_id: "80720a216f9f489392912f4630624aa3" candidate_uuid: "45e652abee294f45a6e51748ffaf1cc2" candidate_term: 1 candidate_status { last_received { term: 0 index: 0 } } ignore_live_leader: false dest_uuid: "debde048d5fd43c580fc305bee091a2b" is_pre_election: true
I20260709 13:03:16.291456 15844 raft_consensus.cc:2468] T 80720a216f9f489392912f4630624aa3 P debde048d5fd43c580fc305bee091a2b [term 0 FOLLOWER]: Leader pre-election vote request: Granting yes vote for candidate 45e652abee294f45a6e51748ffaf1cc2 in term 0.
I20260709 13:03:16.292797 16033 tablet_bootstrap.cc:492] T 559e89817bce4eca897852937306fe80 P c349d1dd27f94fcb8e3e1c918eb9273a: No bootstrap required, opened a new log
I20260709 13:03:16.292723 15883 leader_election.cc:304] T 80720a216f9f489392912f4630624aa3 P 45e652abee294f45a6e51748ffaf1cc2 [CANDIDATE]: Term 1 pre-election: Election decided. Result: candidate won. Election summary: received 3 responses out of 3 voters: 2 yes votes; 1 no votes. yes voters: 45e652abee294f45a6e51748ffaf1cc2, debde048d5fd43c580fc305bee091a2b; no voters: c349d1dd27f94fcb8e3e1c918eb9273a
I20260709 13:03:16.293781 16033 ts_tablet_manager.cc:1403] T 559e89817bce4eca897852937306fe80 P c349d1dd27f94fcb8e3e1c918eb9273a: Time spent bootstrapping tablet: real 0.072s	user 0.023s	sys 0.034s
I20260709 13:03:16.293902 16138 raft_consensus.cc:2804] T 80720a216f9f489392912f4630624aa3 P 45e652abee294f45a6e51748ffaf1cc2 [term 0 FOLLOWER]: Leader pre-election won for term 1
I20260709 13:03:16.294292 16138 raft_consensus.cc:493] T 80720a216f9f489392912f4630624aa3 P 45e652abee294f45a6e51748ffaf1cc2 [term 0 FOLLOWER]: Starting leader election (no leader contacted us within the election timeout)
I20260709 13:03:16.294631 16138 raft_consensus.cc:3060] T 80720a216f9f489392912f4630624aa3 P 45e652abee294f45a6e51748ffaf1cc2 [term 0 FOLLOWER]: Advancing to term 1
I20260709 13:03:16.296355 16033 raft_consensus.cc:359] T 559e89817bce4eca897852937306fe80 P c349d1dd27f94fcb8e3e1c918eb9273a [term 0 FOLLOWER]: Replica starting. Triggering 0 pending ops. Active config: opid_index: -1 OBSOLETE_local: false peers { permanent_uuid: "debde048d5fd43c580fc305bee091a2b" member_type: VOTER last_known_addr { host: "127.14.95.129" port: 40161 } } peers { permanent_uuid: "45e652abee294f45a6e51748ffaf1cc2" member_type: VOTER last_known_addr { host: "127.14.95.130" port: 40921 } } peers { permanent_uuid: "c349d1dd27f94fcb8e3e1c918eb9273a" member_type: VOTER last_known_addr { host: "127.14.95.131" port: 39517 } }
I20260709 13:03:16.296993 16033 raft_consensus.cc:385] T 559e89817bce4eca897852937306fe80 P c349d1dd27f94fcb8e3e1c918eb9273a [term 0 FOLLOWER]: Consensus starting up: Expiring failure detector timer to make a prompt election more likely
I20260709 13:03:16.297271 16035 tablet_bootstrap.cc:654] T 4bf3fedb02774b3eaf34c6ebfd6f3d9c P debde048d5fd43c580fc305bee091a2b: Neither blocks nor log segments found. Creating new log.
I20260709 13:03:16.297266 16033 raft_consensus.cc:740] T 559e89817bce4eca897852937306fe80 P c349d1dd27f94fcb8e3e1c918eb9273a [term 0 FOLLOWER]: Becoming Follower/Learner. State: Replica: c349d1dd27f94fcb8e3e1c918eb9273a, State: Initialized, Role: FOLLOWER
I20260709 13:03:16.298032 16033 consensus_queue.cc:260] T 559e89817bce4eca897852937306fe80 P c349d1dd27f94fcb8e3e1c918eb9273a [NON_LEADER]: Queue going to NON_LEADER mode. State: All replicated index: 0, Majority replicated index: 0, Committed index: 0, Last appended: 0.0, Last appended by leader: 0, Current term: 0, Majority size: -1, State: 0, Mode: NON_LEADER, active raft config: opid_index: -1 OBSOLETE_local: false peers { permanent_uuid: "debde048d5fd43c580fc305bee091a2b" member_type: VOTER last_known_addr { host: "127.14.95.129" port: 40161 } } peers { permanent_uuid: "45e652abee294f45a6e51748ffaf1cc2" member_type: VOTER last_known_addr { host: "127.14.95.130" port: 40921 } } peers { permanent_uuid: "c349d1dd27f94fcb8e3e1c918eb9273a" member_type: VOTER last_known_addr { host: "127.14.95.131" port: 39517 } }
I20260709 13:03:16.300168 16033 ts_tablet_manager.cc:1434] T 559e89817bce4eca897852937306fe80 P c349d1dd27f94fcb8e3e1c918eb9273a: Time spent starting tablet: real 0.006s	user 0.005s	sys 0.000s
I20260709 13:03:16.301293 16033 tablet_bootstrap.cc:492] T 80720a216f9f489392912f4630624aa3 P c349d1dd27f94fcb8e3e1c918eb9273a: Bootstrap starting.
I20260709 13:03:16.301229 16036 consensus_queue.cc:1048] T 3cfbd507e9394ee1a0383b699556be67 P c349d1dd27f94fcb8e3e1c918eb9273a [LEADER]: Connected to new peer: Peer: permanent_uuid: "debde048d5fd43c580fc305bee091a2b" member_type: VOTER last_known_addr { host: "127.14.95.129" port: 40161 }, Status: LMP_MISMATCH, Last received: 0.0, Next index: 1, Last known committed idx: 0, Time since last communication: 0.000s
I20260709 13:03:16.301369 16138 raft_consensus.cc:515] T 80720a216f9f489392912f4630624aa3 P 45e652abee294f45a6e51748ffaf1cc2 [term 1 FOLLOWER]: Starting leader election with config: opid_index: -1 OBSOLETE_local: false peers { permanent_uuid: "debde048d5fd43c580fc305bee091a2b" member_type: VOTER last_known_addr { host: "127.14.95.129" port: 40161 } } peers { permanent_uuid: "45e652abee294f45a6e51748ffaf1cc2" member_type: VOTER last_known_addr { host: "127.14.95.130" port: 40921 } } peers { permanent_uuid: "c349d1dd27f94fcb8e3e1c918eb9273a" member_type: VOTER last_known_addr { host: "127.14.95.131" port: 39517 } }
I20260709 13:03:16.304937 15842 tablet_service.cc:1917] Received RequestConsensusVote() RPC: tablet_id: "80720a216f9f489392912f4630624aa3" candidate_uuid: "45e652abee294f45a6e51748ffaf1cc2" candidate_term: 1 candidate_status { last_received { term: 0 index: 0 } } ignore_live_leader: false dest_uuid: "debde048d5fd43c580fc305bee091a2b"
I20260709 13:03:16.305536 15842 raft_consensus.cc:3060] T 80720a216f9f489392912f4630624aa3 P debde048d5fd43c580fc305bee091a2b [term 0 FOLLOWER]: Advancing to term 1
I20260709 13:03:16.325076 15842 raft_consensus.cc:2468] T 80720a216f9f489392912f4630624aa3 P debde048d5fd43c580fc305bee091a2b [term 1 FOLLOWER]: Leader election vote request: Granting yes vote for candidate 45e652abee294f45a6e51748ffaf1cc2 in term 1.
I20260709 13:03:16.326484 15883 leader_election.cc:304] T 80720a216f9f489392912f4630624aa3 P 45e652abee294f45a6e51748ffaf1cc2 [CANDIDATE]: Term 1 election: Election decided. Result: candidate won. Election summary: received 2 responses out of 3 voters: 2 yes votes; 0 no votes. yes voters: 45e652abee294f45a6e51748ffaf1cc2, debde048d5fd43c580fc305bee091a2b; no voters: 
I20260709 13:03:16.327296 16137 raft_consensus.cc:2804] T 80720a216f9f489392912f4630624aa3 P 45e652abee294f45a6e51748ffaf1cc2 [term 1 FOLLOWER]: Leader election won for term 1
I20260709 13:03:16.328306 16138 leader_election.cc:290] T 80720a216f9f489392912f4630624aa3 P 45e652abee294f45a6e51748ffaf1cc2 [CANDIDATE]: Term 1 election: Requested vote from peers debde048d5fd43c580fc305bee091a2b (127.14.95.129:40161), c349d1dd27f94fcb8e3e1c918eb9273a (127.14.95.131:39517)
I20260709 13:03:16.329810 15990 tablet_service.cc:1917] Received RequestConsensusVote() RPC: tablet_id: "80720a216f9f489392912f4630624aa3" candidate_uuid: "45e652abee294f45a6e51748ffaf1cc2" candidate_term: 1 candidate_status { last_received { term: 0 index: 0 } } ignore_live_leader: false dest_uuid: "c349d1dd27f94fcb8e3e1c918eb9273a"
W20260709 13:03:16.331486 15885 leader_election.cc:343] T 80720a216f9f489392912f4630624aa3 P 45e652abee294f45a6e51748ffaf1cc2 [CANDIDATE]: Term 1 election: Tablet error from VoteRequest() call to peer c349d1dd27f94fcb8e3e1c918eb9273a (127.14.95.131:39517): Illegal state: must be running to vote when last-logged opid is not known
I20260709 13:03:16.344933 16101 raft_consensus.cc:493] T 659376c2732c4927a2164efdb61cec81 P debde048d5fd43c580fc305bee091a2b [term 0 FOLLOWER]: Starting pre-election (no leader contacted us within the election timeout)
I20260709 13:03:16.345584 16101 raft_consensus.cc:515] T 659376c2732c4927a2164efdb61cec81 P debde048d5fd43c580fc305bee091a2b [term 0 FOLLOWER]: Starting pre-election with config: opid_index: -1 OBSOLETE_local: false peers { permanent_uuid: "debde048d5fd43c580fc305bee091a2b" member_type: VOTER last_known_addr { host: "127.14.95.129" port: 40161 } } peers { permanent_uuid: "45e652abee294f45a6e51748ffaf1cc2" member_type: VOTER last_known_addr { host: "127.14.95.130" port: 40921 } } peers { permanent_uuid: "c349d1dd27f94fcb8e3e1c918eb9273a" member_type: VOTER last_known_addr { host: "127.14.95.131" port: 39517 } }
I20260709 13:03:16.349712 16036 raft_consensus.cc:493] T 5241b936553c4112af637d2f7de74c1a P c349d1dd27f94fcb8e3e1c918eb9273a [term 0 FOLLOWER]: Starting pre-election (no leader contacted us within the election timeout)
I20260709 13:03:16.351879 16040 ts_tablet_manager.cc:1434] T 80720a216f9f489392912f4630624aa3 P 45e652abee294f45a6e51748ffaf1cc2: Time spent starting tablet: real 0.101s	user 0.012s	sys 0.000s
I20260709 13:03:16.351333 16154 raft_consensus.cc:493] T a9f06902163d445ab6e20e1df380c538 P c349d1dd27f94fcb8e3e1c918eb9273a [term 0 FOLLOWER]: Starting pre-election (no leader contacted us within the election timeout)
I20260709 13:03:16.353257 16040 tablet_bootstrap.cc:492] T 3cfbd507e9394ee1a0383b699556be67 P 45e652abee294f45a6e51748ffaf1cc2: Bootstrap starting.
I20260709 13:03:16.352595 16154 raft_consensus.cc:515] T a9f06902163d445ab6e20e1df380c538 P c349d1dd27f94fcb8e3e1c918eb9273a [term 0 FOLLOWER]: Starting pre-election with config: opid_index: -1 OBSOLETE_local: false peers { permanent_uuid: "debde048d5fd43c580fc305bee091a2b" member_type: VOTER last_known_addr { host: "127.14.95.129" port: 40161 } } peers { permanent_uuid: "45e652abee294f45a6e51748ffaf1cc2" member_type: VOTER last_known_addr { host: "127.14.95.130" port: 40921 } } peers { permanent_uuid: "c349d1dd27f94fcb8e3e1c918eb9273a" member_type: VOTER last_known_addr { host: "127.14.95.131" port: 39517 } }
I20260709 13:03:16.352059 16036 raft_consensus.cc:515] T 5241b936553c4112af637d2f7de74c1a P c349d1dd27f94fcb8e3e1c918eb9273a [term 0 FOLLOWER]: Starting pre-election with config: opid_index: -1 OBSOLETE_local: false peers { permanent_uuid: "debde048d5fd43c580fc305bee091a2b" member_type: VOTER last_known_addr { host: "127.14.95.129" port: 40161 } } peers { permanent_uuid: "45e652abee294f45a6e51748ffaf1cc2" member_type: VOTER last_known_addr { host: "127.14.95.130" port: 40921 } } peers { permanent_uuid: "c349d1dd27f94fcb8e3e1c918eb9273a" member_type: VOTER last_known_addr { host: "127.14.95.131" port: 39517 } }
I20260709 13:03:16.356925 16033 tablet_bootstrap.cc:654] T 80720a216f9f489392912f4630624aa3 P c349d1dd27f94fcb8e3e1c918eb9273a: Neither blocks nor log segments found. Creating new log.
I20260709 13:03:16.360695 16154 leader_election.cc:290] T a9f06902163d445ab6e20e1df380c538 P c349d1dd27f94fcb8e3e1c918eb9273a [CANDIDATE]: Term 1 pre-election: Requested pre-vote from peers debde048d5fd43c580fc305bee091a2b (127.14.95.129:40161), 45e652abee294f45a6e51748ffaf1cc2 (127.14.95.130:40921)
I20260709 13:03:16.362610 15916 tablet_service.cc:1917] Received RequestConsensusVote() RPC: tablet_id: "a9f06902163d445ab6e20e1df380c538" candidate_uuid: "c349d1dd27f94fcb8e3e1c918eb9273a" candidate_term: 1 candidate_status { last_received { term: 0 index: 0 } } ignore_live_leader: false dest_uuid: "45e652abee294f45a6e51748ffaf1cc2" is_pre_election: true
I20260709 13:03:16.364912 16036 leader_election.cc:290] T 5241b936553c4112af637d2f7de74c1a P c349d1dd27f94fcb8e3e1c918eb9273a [CANDIDATE]: Term 1 pre-election: Requested pre-vote from peers debde048d5fd43c580fc305bee091a2b (127.14.95.129:40161), 45e652abee294f45a6e51748ffaf1cc2 (127.14.95.130:40921)
W20260709 13:03:16.364969 15957 leader_election.cc:343] T a9f06902163d445ab6e20e1df380c538 P c349d1dd27f94fcb8e3e1c918eb9273a [CANDIDATE]: Term 1 pre-election: Tablet error from VoteRequest() call to peer 45e652abee294f45a6e51748ffaf1cc2 (127.14.95.130:40921): Illegal state: must be running to vote when last-logged opid is not known
I20260709 13:03:16.370262 16101 leader_election.cc:290] T 659376c2732c4927a2164efdb61cec81 P debde048d5fd43c580fc305bee091a2b [CANDIDATE]: Term 1 pre-election: Requested pre-vote from peers 45e652abee294f45a6e51748ffaf1cc2 (127.14.95.130:40921), c349d1dd27f94fcb8e3e1c918eb9273a (127.14.95.131:39517)
I20260709 13:03:16.372666 15916 tablet_service.cc:1917] Received RequestConsensusVote() RPC: tablet_id: "5241b936553c4112af637d2f7de74c1a" candidate_uuid: "c349d1dd27f94fcb8e3e1c918eb9273a" candidate_term: 1 candidate_status { last_received { term: 0 index: 0 } } ignore_live_leader: false dest_uuid: "45e652abee294f45a6e51748ffaf1cc2" is_pre_election: true
W20260709 13:03:16.376839 15957 leader_election.cc:343] T 5241b936553c4112af637d2f7de74c1a P c349d1dd27f94fcb8e3e1c918eb9273a [CANDIDATE]: Term 1 pre-election: Tablet error from VoteRequest() call to peer 45e652abee294f45a6e51748ffaf1cc2 (127.14.95.130:40921): Illegal state: must be running to vote when last-logged opid is not known
I20260709 13:03:16.380120 16035 tablet_bootstrap.cc:492] T 4bf3fedb02774b3eaf34c6ebfd6f3d9c P debde048d5fd43c580fc305bee091a2b: No bootstrap required, opened a new log
I20260709 13:03:16.379961 16137 raft_consensus.cc:697] T 80720a216f9f489392912f4630624aa3 P 45e652abee294f45a6e51748ffaf1cc2 [term 1 LEADER]: Becoming Leader. State: Replica: 45e652abee294f45a6e51748ffaf1cc2, State: Running, Role: LEADER
I20260709 13:03:16.380743 16035 ts_tablet_manager.cc:1403] T 4bf3fedb02774b3eaf34c6ebfd6f3d9c P debde048d5fd43c580fc305bee091a2b: Time spent bootstrapping tablet: real 0.090s	user 0.019s	sys 0.047s
I20260709 13:03:16.381557 16137 consensus_queue.cc:237] T 80720a216f9f489392912f4630624aa3 P 45e652abee294f45a6e51748ffaf1cc2 [LEADER]: Queue going to LEADER mode. State: All replicated index: 0, Majority replicated index: 0, Committed index: 0, Last appended: 0.0, Last appended by leader: 0, Current term: 1, Majority size: 2, State: 0, Mode: LEADER, active raft config: opid_index: -1 OBSOLETE_local: false peers { permanent_uuid: "debde048d5fd43c580fc305bee091a2b" member_type: VOTER last_known_addr { host: "127.14.95.129" port: 40161 } } peers { permanent_uuid: "45e652abee294f45a6e51748ffaf1cc2" member_type: VOTER last_known_addr { host: "127.14.95.130" port: 40921 } } peers { permanent_uuid: "c349d1dd27f94fcb8e3e1c918eb9273a" member_type: VOTER last_known_addr { host: "127.14.95.131" port: 39517 } }
I20260709 13:03:16.415827 15841 tablet_service.cc:1917] Received RequestConsensusVote() RPC: tablet_id: "a9f06902163d445ab6e20e1df380c538" candidate_uuid: "c349d1dd27f94fcb8e3e1c918eb9273a" candidate_term: 1 candidate_status { last_received { term: 0 index: 0 } } ignore_live_leader: false dest_uuid: "debde048d5fd43c580fc305bee091a2b" is_pre_election: true
I20260709 13:03:16.418207 15841 raft_consensus.cc:2468] T a9f06902163d445ab6e20e1df380c538 P debde048d5fd43c580fc305bee091a2b [term 0 FOLLOWER]: Leader pre-election vote request: Granting yes vote for candidate c349d1dd27f94fcb8e3e1c918eb9273a in term 0.
I20260709 13:03:16.425772 16035 raft_consensus.cc:359] T 4bf3fedb02774b3eaf34c6ebfd6f3d9c P debde048d5fd43c580fc305bee091a2b [term 0 FOLLOWER]: Replica starting. Triggering 0 pending ops. Active config: opid_index: -1 OBSOLETE_local: false peers { permanent_uuid: "debde048d5fd43c580fc305bee091a2b" member_type: VOTER last_known_addr { host: "127.14.95.129" port: 40161 } } peers { permanent_uuid: "45e652abee294f45a6e51748ffaf1cc2" member_type: VOTER last_known_addr { host: "127.14.95.130" port: 40921 } } peers { permanent_uuid: "c349d1dd27f94fcb8e3e1c918eb9273a" member_type: VOTER last_known_addr { host: "127.14.95.131" port: 39517 } }
I20260709 13:03:16.427078 16035 raft_consensus.cc:385] T 4bf3fedb02774b3eaf34c6ebfd6f3d9c P debde048d5fd43c580fc305bee091a2b [term 0 FOLLOWER]: Consensus starting up: Expiring failure detector timer to make a prompt election more likely
I20260709 13:03:16.427484 16035 raft_consensus.cc:740] T 4bf3fedb02774b3eaf34c6ebfd6f3d9c P debde048d5fd43c580fc305bee091a2b [term 0 FOLLOWER]: Becoming Follower/Learner. State: Replica: debde048d5fd43c580fc305bee091a2b, State: Initialized, Role: FOLLOWER
I20260709 13:03:16.428268 15987 tablet_service.cc:1917] Received RequestConsensusVote() RPC: tablet_id: "659376c2732c4927a2164efdb61cec81" candidate_uuid: "debde048d5fd43c580fc305bee091a2b" candidate_term: 1 candidate_status { last_received { term: 0 index: 0 } } ignore_live_leader: false dest_uuid: "c349d1dd27f94fcb8e3e1c918eb9273a" is_pre_election: true
I20260709 13:03:16.428406 16035 consensus_queue.cc:260] T 4bf3fedb02774b3eaf34c6ebfd6f3d9c P debde048d5fd43c580fc305bee091a2b [NON_LEADER]: Queue going to NON_LEADER mode. State: All replicated index: 0, Majority replicated index: 0, Committed index: 0, Last appended: 0.0, Last appended by leader: 0, Current term: 0, Majority size: -1, State: 0, Mode: NON_LEADER, active raft config: opid_index: -1 OBSOLETE_local: false peers { permanent_uuid: "debde048d5fd43c580fc305bee091a2b" member_type: VOTER last_known_addr { host: "127.14.95.129" port: 40161 } } peers { permanent_uuid: "45e652abee294f45a6e51748ffaf1cc2" member_type: VOTER last_known_addr { host: "127.14.95.130" port: 40921 } } peers { permanent_uuid: "c349d1dd27f94fcb8e3e1c918eb9273a" member_type: VOTER last_known_addr { host: "127.14.95.131" port: 39517 } }
I20260709 13:03:16.428911 15957 leader_election.cc:304] T a9f06902163d445ab6e20e1df380c538 P c349d1dd27f94fcb8e3e1c918eb9273a [CANDIDATE]: Term 1 pre-election: Election decided. Result: candidate won. Election summary: received 3 responses out of 3 voters: 2 yes votes; 1 no votes. yes voters: c349d1dd27f94fcb8e3e1c918eb9273a, debde048d5fd43c580fc305bee091a2b; no voters: 45e652abee294f45a6e51748ffaf1cc2
I20260709 13:03:16.430684 15916 tablet_service.cc:1917] Received RequestConsensusVote() RPC: tablet_id: "659376c2732c4927a2164efdb61cec81" candidate_uuid: "debde048d5fd43c580fc305bee091a2b" candidate_term: 1 candidate_status { last_received { term: 0 index: 0 } } ignore_live_leader: false dest_uuid: "45e652abee294f45a6e51748ffaf1cc2" is_pre_election: true
I20260709 13:03:16.371748 16052 raft_consensus.cc:2749] T 743d3380a62e4ddab140398b8f279c62 P 45e652abee294f45a6e51748ffaf1cc2 [term 1 FOLLOWER]: Leader pre-election lost for term 1. Reason: could not achieve majority
I20260709 13:03:16.435354 15987 raft_consensus.cc:3060] T d80e1657549d43eb88195f1e95bdd79b P c349d1dd27f94fcb8e3e1c918eb9273a [term 0 FOLLOWER]: Advancing to term 1
I20260709 13:03:16.436511 16063 raft_consensus.cc:2804] T a9f06902163d445ab6e20e1df380c538 P c349d1dd27f94fcb8e3e1c918eb9273a [term 0 FOLLOWER]: Leader pre-election won for term 1
I20260709 13:03:16.432762 16053 raft_consensus.cc:493] T 5a66848545e64efabaadc14466ab69f3 P debde048d5fd43c580fc305bee091a2b [term 0 FOLLOWER]: Starting pre-election (no leader contacted us within the election timeout)
I20260709 13:03:16.437566 16101 raft_consensus.cc:493] T 3cb4d096e74048a2a6d3b7448b05cce4 P debde048d5fd43c580fc305bee091a2b [term 0 FOLLOWER]: Starting pre-election (no leader contacted us within the election timeout)
I20260709 13:03:16.445824 16053 raft_consensus.cc:515] T 5a66848545e64efabaadc14466ab69f3 P debde048d5fd43c580fc305bee091a2b [term 0 FOLLOWER]: Starting pre-election with config: opid_index: -1 OBSOLETE_local: false peers { permanent_uuid: "debde048d5fd43c580fc305bee091a2b" member_type: VOTER last_known_addr { host: "127.14.95.129" port: 40161 } } peers { permanent_uuid: "45e652abee294f45a6e51748ffaf1cc2" member_type: VOTER last_known_addr { host: "127.14.95.130" port: 40921 } } peers { permanent_uuid: "c349d1dd27f94fcb8e3e1c918eb9273a" member_type: VOTER last_known_addr { host: "127.14.95.131" port: 39517 } }
I20260709 13:03:16.443668 16063 raft_consensus.cc:493] T a9f06902163d445ab6e20e1df380c538 P c349d1dd27f94fcb8e3e1c918eb9273a [term 0 FOLLOWER]: Starting leader election (no leader contacted us within the election timeout)
I20260709 13:03:16.431129 16035 ts_tablet_manager.cc:1434] T 4bf3fedb02774b3eaf34c6ebfd6f3d9c P debde048d5fd43c580fc305bee091a2b: Time spent starting tablet: real 0.050s	user 0.007s	sys 0.000s
I20260709 13:03:16.446165 16101 raft_consensus.cc:515] T 3cb4d096e74048a2a6d3b7448b05cce4 P debde048d5fd43c580fc305bee091a2b [term 0 FOLLOWER]: Starting pre-election with config: opid_index: -1 OBSOLETE_local: false peers { permanent_uuid: "debde048d5fd43c580fc305bee091a2b" member_type: VOTER last_known_addr { host: "127.14.95.129" port: 40161 } } peers { permanent_uuid: "45e652abee294f45a6e51748ffaf1cc2" member_type: VOTER last_known_addr { host: "127.14.95.130" port: 40921 } } peers { permanent_uuid: "c349d1dd27f94fcb8e3e1c918eb9273a" member_type: VOTER last_known_addr { host: "127.14.95.131" port: 39517 } }
I20260709 13:03:16.451267 16063 raft_consensus.cc:3060] T a9f06902163d445ab6e20e1df380c538 P c349d1dd27f94fcb8e3e1c918eb9273a [term 0 FOLLOWER]: Advancing to term 1
I20260709 13:03:16.454824 16053 leader_election.cc:290] T 5a66848545e64efabaadc14466ab69f3 P debde048d5fd43c580fc305bee091a2b [CANDIDATE]: Term 1 pre-election: Requested pre-vote from peers 45e652abee294f45a6e51748ffaf1cc2 (127.14.95.130:40921), c349d1dd27f94fcb8e3e1c918eb9273a (127.14.95.131:39517)
I20260709 13:03:16.454960 16101 leader_election.cc:290] T 3cb4d096e74048a2a6d3b7448b05cce4 P debde048d5fd43c580fc305bee091a2b [CANDIDATE]: Term 1 pre-election: Requested pre-vote from peers 45e652abee294f45a6e51748ffaf1cc2 (127.14.95.130:40921), c349d1dd27f94fcb8e3e1c918eb9273a (127.14.95.131:39517)
I20260709 13:03:16.431926 15844 tablet_service.cc:1917] Received RequestConsensusVote() RPC: tablet_id: "5241b936553c4112af637d2f7de74c1a" candidate_uuid: "c349d1dd27f94fcb8e3e1c918eb9273a" candidate_term: 1 candidate_status { last_received { term: 0 index: 0 } } ignore_live_leader: false dest_uuid: "debde048d5fd43c580fc305bee091a2b" is_pre_election: true
I20260709 13:03:16.456458 16040 tablet_bootstrap.cc:654] T 3cfbd507e9394ee1a0383b699556be67 P 45e652abee294f45a6e51748ffaf1cc2: Neither blocks nor log segments found. Creating new log.
W20260709 13:03:16.434990 15810 leader_election.cc:343] T 659376c2732c4927a2164efdb61cec81 P debde048d5fd43c580fc305bee091a2b [CANDIDATE]: Term 1 pre-election: Tablet error from VoteRequest() call to peer c349d1dd27f94fcb8e3e1c918eb9273a (127.14.95.131:39517): Illegal state: must be running to vote when last-logged opid is not known
I20260709 13:03:16.456547 15844 raft_consensus.cc:2468] T 5241b936553c4112af637d2f7de74c1a P debde048d5fd43c580fc305bee091a2b [term 0 FOLLOWER]: Leader pre-election vote request: Granting yes vote for candidate c349d1dd27f94fcb8e3e1c918eb9273a in term 0.
I20260709 13:03:16.460246 16033 tablet_bootstrap.cc:492] T 80720a216f9f489392912f4630624aa3 P c349d1dd27f94fcb8e3e1c918eb9273a: No bootstrap required, opened a new log
W20260709 13:03:16.459841 15808 leader_election.cc:343] T 659376c2732c4927a2164efdb61cec81 P debde048d5fd43c580fc305bee091a2b [CANDIDATE]: Term 1 pre-election: Tablet error from VoteRequest() call to peer 45e652abee294f45a6e51748ffaf1cc2 (127.14.95.130:40921): Illegal state: must be running to vote when last-logged opid is not known
I20260709 13:03:16.460901 16033 ts_tablet_manager.cc:1403] T 80720a216f9f489392912f4630624aa3 P c349d1dd27f94fcb8e3e1c918eb9273a: Time spent bootstrapping tablet: real 0.160s	user 0.013s	sys 0.004s
I20260709 13:03:16.465881 16035 tablet_bootstrap.cc:492] T 48e9017ed49c49f48aa6d74a3a372ce3 P debde048d5fd43c580fc305bee091a2b: Bootstrap starting.
I20260709 13:03:16.467335 16138 consensus_queue.cc:1048] T d80e1657549d43eb88195f1e95bdd79b P 45e652abee294f45a6e51748ffaf1cc2 [LEADER]: Connected to new peer: Peer: permanent_uuid: "debde048d5fd43c580fc305bee091a2b" member_type: VOTER last_known_addr { host: "127.14.95.129" port: 40161 }, Status: LMP_MISMATCH, Last received: 0.0, Next index: 1, Last known committed idx: 0, Time since last communication: 0.001s
I20260709 13:03:16.463925 16052 raft_consensus.cc:493] T 01c97434891545f5934fa65f08d7f4d0 P 45e652abee294f45a6e51748ffaf1cc2 [term 0 FOLLOWER]: Starting pre-election (no leader contacted us within the election timeout)
I20260709 13:03:16.471058 15808 leader_election.cc:304] T 659376c2732c4927a2164efdb61cec81 P debde048d5fd43c580fc305bee091a2b [CANDIDATE]: Term 1 pre-election: Election decided. Result: candidate lost. Election summary: received 3 responses out of 3 voters: 1 yes votes; 2 no votes. yes voters: debde048d5fd43c580fc305bee091a2b; no voters: 45e652abee294f45a6e51748ffaf1cc2, c349d1dd27f94fcb8e3e1c918eb9273a
I20260709 13:03:16.475152 16052 raft_consensus.cc:515] T 01c97434891545f5934fa65f08d7f4d0 P 45e652abee294f45a6e51748ffaf1cc2 [term 0 FOLLOWER]: Starting pre-election with config: opid_index: -1 OBSOLETE_local: false peers { permanent_uuid: "debde048d5fd43c580fc305bee091a2b" member_type: VOTER last_known_addr { host: "127.14.95.129" port: 40161 } } peers { permanent_uuid: "45e652abee294f45a6e51748ffaf1cc2" member_type: VOTER last_known_addr { host: "127.14.95.130" port: 40921 } } peers { permanent_uuid: "c349d1dd27f94fcb8e3e1c918eb9273a" member_type: VOTER last_known_addr { host: "127.14.95.131" port: 39517 } }
I20260709 13:03:16.476562 16101 raft_consensus.cc:2749] T 659376c2732c4927a2164efdb61cec81 P debde048d5fd43c580fc305bee091a2b [term 0 FOLLOWER]: Leader pre-election lost for term 1. Reason: could not achieve majority
I20260709 13:03:16.496649 16033 raft_consensus.cc:359] T 80720a216f9f489392912f4630624aa3 P c349d1dd27f94fcb8e3e1c918eb9273a [term 0 FOLLOWER]: Replica starting. Triggering 0 pending ops. Active config: opid_index: -1 OBSOLETE_local: false peers { permanent_uuid: "debde048d5fd43c580fc305bee091a2b" member_type: VOTER last_known_addr { host: "127.14.95.129" port: 40161 } } peers { permanent_uuid: "45e652abee294f45a6e51748ffaf1cc2" member_type: VOTER last_known_addr { host: "127.14.95.130" port: 40921 } } peers { permanent_uuid: "c349d1dd27f94fcb8e3e1c918eb9273a" member_type: VOTER last_known_addr { host: "127.14.95.131" port: 39517 } }
I20260709 13:03:16.500612 16033 raft_consensus.cc:385] T 80720a216f9f489392912f4630624aa3 P c349d1dd27f94fcb8e3e1c918eb9273a [term 0 FOLLOWER]: Consensus starting up: Expiring failure detector timer to make a prompt election more likely
W20260709 13:03:16.497891 15808 outbound_call.cc:321] RPC callback for RPC call kudu.consensus.ConsensusService.RequestConsensusVote -> {remote=127.14.95.130:40921, user_credentials={real_user=slave}} blocked reactor thread for 59991.6us
I20260709 13:03:16.499311 16204 consensus_queue.cc:1048] T 7b94afb2ad3d483cae16a647dda87ab2 P 45e652abee294f45a6e51748ffaf1cc2 [LEADER]: Connected to new peer: Peer: permanent_uuid: "c349d1dd27f94fcb8e3e1c918eb9273a" member_type: VOTER last_known_addr { host: "127.14.95.131" port: 39517 }, Status: LMP_MISMATCH, Last received: 0.0, Next index: 1, Last known committed idx: 0, Time since last communication: 0.005s
I20260709 13:03:16.501034 16033 raft_consensus.cc:740] T 80720a216f9f489392912f4630624aa3 P c349d1dd27f94fcb8e3e1c918eb9273a [term 0 FOLLOWER]: Becoming Follower/Learner. State: Replica: c349d1dd27f94fcb8e3e1c918eb9273a, State: Initialized, Role: FOLLOWER
I20260709 13:03:16.500778 15844 tablet_service.cc:1917] Received RequestConsensusVote() RPC: tablet_id: "01c97434891545f5934fa65f08d7f4d0" candidate_uuid: "45e652abee294f45a6e51748ffaf1cc2" candidate_term: 1 candidate_status { last_received { term: 0 index: 0 } } ignore_live_leader: false dest_uuid: "debde048d5fd43c580fc305bee091a2b" is_pre_election: true
I20260709 13:03:16.503533 15990 tablet_service.cc:1917] Received RequestConsensusVote() RPC: tablet_id: "5a66848545e64efabaadc14466ab69f3" candidate_uuid: "debde048d5fd43c580fc305bee091a2b" candidate_term: 1 candidate_status { last_received { term: 0 index: 0 } } ignore_live_leader: false dest_uuid: "c349d1dd27f94fcb8e3e1c918eb9273a" is_pre_election: true
I20260709 13:03:16.505542 16033 consensus_queue.cc:260] T 80720a216f9f489392912f4630624aa3 P c349d1dd27f94fcb8e3e1c918eb9273a [NON_LEADER]: Queue going to NON_LEADER mode. State: All replicated index: 0, Majority replicated index: 0, Committed index: 0, Last appended: 0.0, Last appended by leader: 0, Current term: 0, Majority size: -1, State: 0, Mode: NON_LEADER, active raft config: opid_index: -1 OBSOLETE_local: false peers { permanent_uuid: "debde048d5fd43c580fc305bee091a2b" member_type: VOTER last_known_addr { host: "127.14.95.129" port: 40161 } } peers { permanent_uuid: "45e652abee294f45a6e51748ffaf1cc2" member_type: VOTER last_known_addr { host: "127.14.95.130" port: 40921 } } peers { permanent_uuid: "c349d1dd27f94fcb8e3e1c918eb9273a" member_type: VOTER last_known_addr { host: "127.14.95.131" port: 39517 } }
W20260709 13:03:16.507045 15957 consensus_peers.cc:597] T 3cfbd507e9394ee1a0383b699556be67 P c349d1dd27f94fcb8e3e1c918eb9273a -> Peer 45e652abee294f45a6e51748ffaf1cc2 (127.14.95.130:40921): Couldn't send request to peer 45e652abee294f45a6e51748ffaf1cc2. Error code: TABLET_NOT_RUNNING (12). Status: Illegal state: Tablet not RUNNING: BOOTSTRAPPING. This is attempt 1: this message will repeat every 5th retry.
I20260709 13:03:16.509234 16033 ts_tablet_manager.cc:1434] T 80720a216f9f489392912f4630624aa3 P c349d1dd27f94fcb8e3e1c918eb9273a: Time spent starting tablet: real 0.048s	user 0.008s	sys 0.006s
I20260709 13:03:16.504493 16040 tablet_bootstrap.cc:492] T 3cfbd507e9394ee1a0383b699556be67 P 45e652abee294f45a6e51748ffaf1cc2: No bootstrap required, opened a new log
I20260709 13:03:16.504529 15992 tablet_service.cc:1917] Received RequestConsensusVote() RPC: tablet_id: "3cb4d096e74048a2a6d3b7448b05cce4" candidate_uuid: "debde048d5fd43c580fc305bee091a2b" candidate_term: 1 candidate_status { last_received { term: 0 index: 0 } } ignore_live_leader: false dest_uuid: "c349d1dd27f94fcb8e3e1c918eb9273a" is_pre_election: true
I20260709 13:03:16.509991 16040 ts_tablet_manager.cc:1403] T 3cfbd507e9394ee1a0383b699556be67 P 45e652abee294f45a6e51748ffaf1cc2: Time spent bootstrapping tablet: real 0.157s	user 0.012s	sys 0.006s
I20260709 13:03:16.513362 16040 raft_consensus.cc:359] T 3cfbd507e9394ee1a0383b699556be67 P 45e652abee294f45a6e51748ffaf1cc2 [term 0 FOLLOWER]: Replica starting. Triggering 0 pending ops. Active config: opid_index: -1 OBSOLETE_local: false peers { permanent_uuid: "debde048d5fd43c580fc305bee091a2b" member_type: VOTER last_known_addr { host: "127.14.95.129" port: 40161 } } peers { permanent_uuid: "45e652abee294f45a6e51748ffaf1cc2" member_type: VOTER last_known_addr { host: "127.14.95.130" port: 40921 } } peers { permanent_uuid: "c349d1dd27f94fcb8e3e1c918eb9273a" member_type: VOTER last_known_addr { host: "127.14.95.131" port: 39517 } }
I20260709 13:03:16.514173 16040 raft_consensus.cc:385] T 3cfbd507e9394ee1a0383b699556be67 P 45e652abee294f45a6e51748ffaf1cc2 [term 0 FOLLOWER]: Consensus starting up: Expiring failure detector timer to make a prompt election more likely
I20260709 13:03:16.514482 16040 raft_consensus.cc:740] T 3cfbd507e9394ee1a0383b699556be67 P 45e652abee294f45a6e51748ffaf1cc2 [term 0 FOLLOWER]: Becoming Follower/Learner. State: Replica: 45e652abee294f45a6e51748ffaf1cc2, State: Initialized, Role: FOLLOWER
W20260709 13:03:16.519586 15810 leader_election.cc:343] T 5a66848545e64efabaadc14466ab69f3 P debde048d5fd43c580fc305bee091a2b [CANDIDATE]: Term 1 pre-election: Tablet error from VoteRequest() call to peer c349d1dd27f94fcb8e3e1c918eb9273a (127.14.95.131:39517): Illegal state: must be running to vote when last-logged opid is not known
W20260709 13:03:16.521083 15810 leader_election.cc:343] T 3cb4d096e74048a2a6d3b7448b05cce4 P debde048d5fd43c580fc305bee091a2b [CANDIDATE]: Term 1 pre-election: Tablet error from VoteRequest() call to peer c349d1dd27f94fcb8e3e1c918eb9273a (127.14.95.131:39517): Illegal state: must be running to vote when last-logged opid is not known
I20260709 13:03:16.521824 16063 raft_consensus.cc:515] T a9f06902163d445ab6e20e1df380c538 P c349d1dd27f94fcb8e3e1c918eb9273a [term 1 FOLLOWER]: Starting leader election with config: opid_index: -1 OBSOLETE_local: false peers { permanent_uuid: "debde048d5fd43c580fc305bee091a2b" member_type: VOTER last_known_addr { host: "127.14.95.129" port: 40161 } } peers { permanent_uuid: "45e652abee294f45a6e51748ffaf1cc2" member_type: VOTER last_known_addr { host: "127.14.95.130" port: 40921 } } peers { permanent_uuid: "c349d1dd27f94fcb8e3e1c918eb9273a" member_type: VOTER last_known_addr { host: "127.14.95.131" port: 39517 } }
I20260709 13:03:16.530620 16036 consensus_queue.cc:1048] T 743d3380a62e4ddab140398b8f279c62 P c349d1dd27f94fcb8e3e1c918eb9273a [LEADER]: Connected to new peer: Peer: permanent_uuid: "45e652abee294f45a6e51748ffaf1cc2" member_type: VOTER last_known_addr { host: "127.14.95.130" port: 40921 }, Status: LMP_MISMATCH, Last received: 0.0, Next index: 1, Last known committed idx: 0, Time since last communication: 0.001s
I20260709 13:03:16.534314 16138 consensus_queue.cc:1048] T d80e1657549d43eb88195f1e95bdd79b P 45e652abee294f45a6e51748ffaf1cc2 [LEADER]: Connected to new peer: Peer: permanent_uuid: "c349d1dd27f94fcb8e3e1c918eb9273a" member_type: VOTER last_known_addr { host: "127.14.95.131" port: 39517 }, Status: LMP_MISMATCH, Last received: 0.0, Next index: 1, Last known committed idx: 0, Time since last communication: 0.001s
I20260709 13:03:16.537184 16053 raft_consensus.cc:493] T 38bc66b329cd4132a604dd02ee4317ca P debde048d5fd43c580fc305bee091a2b [term 0 FOLLOWER]: Starting pre-election (no leader contacted us within the election timeout)
I20260709 13:03:16.538034 16053 raft_consensus.cc:515] T 38bc66b329cd4132a604dd02ee4317ca P debde048d5fd43c580fc305bee091a2b [term 0 FOLLOWER]: Starting pre-election with config: opid_index: -1 OBSOLETE_local: false peers { permanent_uuid: "debde048d5fd43c580fc305bee091a2b" member_type: VOTER last_known_addr { host: "127.14.95.129" port: 40161 } } peers { permanent_uuid: "45e652abee294f45a6e51748ffaf1cc2" member_type: VOTER last_known_addr { host: "127.14.95.130" port: 40921 } } peers { permanent_uuid: "c349d1dd27f94fcb8e3e1c918eb9273a" member_type: VOTER last_known_addr { host: "127.14.95.131" port: 39517 } }
I20260709 13:03:16.536582 16063 leader_election.cc:290] T a9f06902163d445ab6e20e1df380c538 P c349d1dd27f94fcb8e3e1c918eb9273a [CANDIDATE]: Term 1 election: Requested vote from peers debde048d5fd43c580fc305bee091a2b (127.14.95.129:40161), 45e652abee294f45a6e51748ffaf1cc2 (127.14.95.130:40921)
I20260709 13:03:16.543604 16053 leader_election.cc:290] T 38bc66b329cd4132a604dd02ee4317ca P debde048d5fd43c580fc305bee091a2b [CANDIDATE]: Term 1 pre-election: Requested pre-vote from peers 45e652abee294f45a6e51748ffaf1cc2 (127.14.95.130:40921), c349d1dd27f94fcb8e3e1c918eb9273a (127.14.95.131:39517)
I20260709 13:03:16.538280 15917 tablet_service.cc:1917] Received RequestConsensusVote() RPC: tablet_id: "a9f06902163d445ab6e20e1df380c538" candidate_uuid: "c349d1dd27f94fcb8e3e1c918eb9273a" candidate_term: 1 candidate_status { last_received { term: 0 index: 0 } } ignore_live_leader: false dest_uuid: "45e652abee294f45a6e51748ffaf1cc2"
I20260709 13:03:16.545469 15992 tablet_service.cc:1917] Received RequestConsensusVote() RPC: tablet_id: "38bc66b329cd4132a604dd02ee4317ca" candidate_uuid: "debde048d5fd43c580fc305bee091a2b" candidate_term: 1 candidate_status { last_received { term: 0 index: 0 } } ignore_live_leader: false dest_uuid: "c349d1dd27f94fcb8e3e1c918eb9273a" is_pre_election: true
I20260709 13:03:16.538240 15918 tablet_service.cc:1917] Received RequestConsensusVote() RPC: tablet_id: "5a66848545e64efabaadc14466ab69f3" candidate_uuid: "debde048d5fd43c580fc305bee091a2b" candidate_term: 1 candidate_status { last_received { term: 0 index: 0 } } ignore_live_leader: false dest_uuid: "45e652abee294f45a6e51748ffaf1cc2" is_pre_election: true
I20260709 13:03:16.523859 16052 leader_election.cc:290] T 01c97434891545f5934fa65f08d7f4d0 P 45e652abee294f45a6e51748ffaf1cc2 [CANDIDATE]: Term 1 pre-election: Requested pre-vote from peers debde048d5fd43c580fc305bee091a2b (127.14.95.129:40161), c349d1dd27f94fcb8e3e1c918eb9273a (127.14.95.131:39517)
I20260709 13:03:16.547465 15917 tablet_service.cc:1917] Received RequestConsensusVote() RPC: tablet_id: "3cb4d096e74048a2a6d3b7448b05cce4" candidate_uuid: "debde048d5fd43c580fc305bee091a2b" candidate_term: 1 candidate_status { last_received { term: 0 index: 0 } } ignore_live_leader: false dest_uuid: "45e652abee294f45a6e51748ffaf1cc2" is_pre_election: true
W20260709 13:03:16.551072 15810 leader_election.cc:343] T 38bc66b329cd4132a604dd02ee4317ca P debde048d5fd43c580fc305bee091a2b [CANDIDATE]: Term 1 pre-election: Tablet error from VoteRequest() call to peer c349d1dd27f94fcb8e3e1c918eb9273a (127.14.95.131:39517): Illegal state: must be running to vote when last-logged opid is not known
W20260709 13:03:16.554979 15957 leader_election.cc:343] T a9f06902163d445ab6e20e1df380c538 P c349d1dd27f94fcb8e3e1c918eb9273a [CANDIDATE]: Term 1 election: Tablet error from VoteRequest() call to peer 45e652abee294f45a6e51748ffaf1cc2 (127.14.95.130:40921): Illegal state: must be running to vote when last-logged opid is not known
I20260709 13:03:16.556154 15957 leader_election.cc:304] T 5241b936553c4112af637d2f7de74c1a P c349d1dd27f94fcb8e3e1c918eb9273a [CANDIDATE]: Term 1 pre-election: Election decided. Result: candidate won. Election summary: received 3 responses out of 3 voters: 2 yes votes; 1 no votes. yes voters: c349d1dd27f94fcb8e3e1c918eb9273a, debde048d5fd43c580fc305bee091a2b; no voters: 45e652abee294f45a6e51748ffaf1cc2
I20260709 13:03:16.559128 16036 raft_consensus.cc:2804] T 5241b936553c4112af637d2f7de74c1a P c349d1dd27f94fcb8e3e1c918eb9273a [term 0 FOLLOWER]: Leader pre-election won for term 1
I20260709 13:03:16.559584 16036 raft_consensus.cc:493] T 5241b936553c4112af637d2f7de74c1a P c349d1dd27f94fcb8e3e1c918eb9273a [term 0 FOLLOWER]: Starting leader election (no leader contacted us within the election timeout)
I20260709 13:03:16.559994 16036 raft_consensus.cc:3060] T 5241b936553c4112af637d2f7de74c1a P c349d1dd27f94fcb8e3e1c918eb9273a [term 0 FOLLOWER]: Advancing to term 1
I20260709 13:03:16.564807 16137 consensus_queue.cc:1048] T 7b94afb2ad3d483cae16a647dda87ab2 P 45e652abee294f45a6e51748ffaf1cc2 [LEADER]: Connected to new peer: Peer: permanent_uuid: "debde048d5fd43c580fc305bee091a2b" member_type: VOTER last_known_addr { host: "127.14.95.129" port: 40161 }, Status: LMP_MISMATCH, Last received: 0.0, Next index: 1, Last known committed idx: 0, Time since last communication: 0.016s
I20260709 13:03:16.568099 16063 raft_consensus.cc:493] T d80e1657549d43eb88195f1e95bdd79b P c349d1dd27f94fcb8e3e1c918eb9273a [term 1 FOLLOWER]: Starting pre-election (no leader contacted us within the election timeout)
I20260709 13:03:16.568207 15987 tablet_service.cc:1917] Received RequestConsensusVote() RPC: tablet_id: "01c97434891545f5934fa65f08d7f4d0" candidate_uuid: "45e652abee294f45a6e51748ffaf1cc2" candidate_term: 1 candidate_status { last_received { term: 0 index: 0 } } ignore_live_leader: false dest_uuid: "c349d1dd27f94fcb8e3e1c918eb9273a" is_pre_election: true
I20260709 13:03:16.573068 16040 consensus_queue.cc:260] T 3cfbd507e9394ee1a0383b699556be67 P 45e652abee294f45a6e51748ffaf1cc2 [NON_LEADER]: Queue going to NON_LEADER mode. State: All replicated index: 0, Majority replicated index: 0, Committed index: 0, Last appended: 0.0, Last appended by leader: 0, Current term: 0, Majority size: -1, State: 0, Mode: NON_LEADER, active raft config: opid_index: -1 OBSOLETE_local: false peers { permanent_uuid: "debde048d5fd43c580fc305bee091a2b" member_type: VOTER last_known_addr { host: "127.14.95.129" port: 40161 } } peers { permanent_uuid: "45e652abee294f45a6e51748ffaf1cc2" member_type: VOTER last_known_addr { host: "127.14.95.130" port: 40921 } } peers { permanent_uuid: "c349d1dd27f94fcb8e3e1c918eb9273a" member_type: VOTER last_known_addr { host: "127.14.95.131" port: 39517 } }
I20260709 13:03:16.570420 16053 raft_consensus.cc:493] T a2dba41c3b0c4f6f899702d6f0a1d0cd P debde048d5fd43c580fc305bee091a2b [term 0 FOLLOWER]: Starting pre-election (no leader contacted us within the election timeout)
I20260709 13:03:16.585381 16086 raft_consensus.cc:493] T 80720a216f9f489392912f4630624aa3 P c349d1dd27f94fcb8e3e1c918eb9273a [term 0 FOLLOWER]: Starting pre-election (no leader contacted us within the election timeout)
I20260709 13:03:16.593505 16040 ts_tablet_manager.cc:1434] T 3cfbd507e9394ee1a0383b699556be67 P 45e652abee294f45a6e51748ffaf1cc2: Time spent starting tablet: real 0.083s	user 0.009s	sys 0.003s
