I20260709 13:03:12.148373  8512 consensus_queue.cc:260] T aa1d15d20a794786b865b6cbacd32434 P dd140d87f1794e43bcb18dd0a743462c [NON_LEADER]: Queue going to NON_LEADER mode. State: All replicated index: 0, Majority replicated index: 0, Committed index: 0, Last appended: 0.0, Last appended by leader: 0, Current term: 0, Majority size: -1, State: 0, Mode: NON_LEADER, active raft config: opid_index: -1 OBSOLETE_local: false peers { permanent_uuid: "dd140d87f1794e43bcb18dd0a743462c" member_type: VOTER last_known_addr { host: "127.7.2.129" port: 34861 } } peers { permanent_uuid: "d690c8047f484e1b8377bb4dceb2ce6e" member_type: VOTER last_known_addr { host: "127.7.2.130" port: 37829 } } peers { permanent_uuid: "e75de586bff14dcb9239989bd9a3ee9a" member_type: VOTER last_known_addr { host: "127.7.2.131" port: 38003 } }
I20260709 13:03:12.150321  8574 leader_election.cc:290] T 990c0e7573d0416d900b31d66e147003 P e75de586bff14dcb9239989bd9a3ee9a [CANDIDATE]: Term 1 pre-election: Requested pre-vote from peers dd140d87f1794e43bcb18dd0a743462c (127.7.2.129:34861), d690c8047f484e1b8377bb4dceb2ce6e (127.7.2.130:37829)
I20260709 13:03:12.150877  8513 tablet_bootstrap.cc:492] T 2386a93a4d9c40928c94d8fcf3180367 P e75de586bff14dcb9239989bd9a3ee9a: No bootstrap required, opened a new log
I20260709 13:03:12.151350  8513 ts_tablet_manager.cc:1403] T 2386a93a4d9c40928c94d8fcf3180367 P e75de586bff14dcb9239989bd9a3ee9a: Time spent bootstrapping tablet: real 0.048s	user 0.009s	sys 0.008s
I20260709 13:03:12.152995  8511 tablet_bootstrap.cc:492] T bf2c13a3e73644b9a23d27817114b952 P d690c8047f484e1b8377bb4dceb2ce6e: No bootstrap required, opened a new log
I20260709 13:03:12.153492  8511 ts_tablet_manager.cc:1403] T bf2c13a3e73644b9a23d27817114b952 P d690c8047f484e1b8377bb4dceb2ce6e: Time spent bootstrapping tablet: real 0.054s	user 0.013s	sys 0.003s
I20260709 13:03:12.154078  8513 raft_consensus.cc:359] T 2386a93a4d9c40928c94d8fcf3180367 P e75de586bff14dcb9239989bd9a3ee9a [term 0 FOLLOWER]: Replica starting. Triggering 0 pending ops. Active config: opid_index: -1 OBSOLETE_local: false peers { permanent_uuid: "dd140d87f1794e43bcb18dd0a743462c" member_type: VOTER last_known_addr { host: "127.7.2.129" port: 34861 } } peers { permanent_uuid: "d690c8047f484e1b8377bb4dceb2ce6e" member_type: VOTER last_known_addr { host: "127.7.2.130" port: 37829 } } peers { permanent_uuid: "e75de586bff14dcb9239989bd9a3ee9a" member_type: VOTER last_known_addr { host: "127.7.2.131" port: 38003 } }
I20260709 13:03:12.154716  8513 raft_consensus.cc:385] T 2386a93a4d9c40928c94d8fcf3180367 P e75de586bff14dcb9239989bd9a3ee9a [term 0 FOLLOWER]: Consensus starting up: Expiring failure detector timer to make a prompt election more likely
I20260709 13:03:12.154989  8513 raft_consensus.cc:740] T 2386a93a4d9c40928c94d8fcf3180367 P e75de586bff14dcb9239989bd9a3ee9a [term 0 FOLLOWER]: Becoming Follower/Learner. State: Replica: e75de586bff14dcb9239989bd9a3ee9a, State: Initialized, Role: FOLLOWER
I20260709 13:03:12.155627  8513 consensus_queue.cc:260] T 2386a93a4d9c40928c94d8fcf3180367 P e75de586bff14dcb9239989bd9a3ee9a [NON_LEADER]: Queue going to NON_LEADER mode. State: All replicated index: 0, Majority replicated index: 0, Committed index: 0, Last appended: 0.0, Last appended by leader: 0, Current term: 0, Majority size: -1, State: 0, Mode: NON_LEADER, active raft config: opid_index: -1 OBSOLETE_local: false peers { permanent_uuid: "dd140d87f1794e43bcb18dd0a743462c" member_type: VOTER last_known_addr { host: "127.7.2.129" port: 34861 } } peers { permanent_uuid: "d690c8047f484e1b8377bb4dceb2ce6e" member_type: VOTER last_known_addr { host: "127.7.2.130" port: 37829 } } peers { permanent_uuid: "e75de586bff14dcb9239989bd9a3ee9a" member_type: VOTER last_known_addr { host: "127.7.2.131" port: 38003 } }
I20260709 13:03:12.155958  8511 raft_consensus.cc:359] T bf2c13a3e73644b9a23d27817114b952 P d690c8047f484e1b8377bb4dceb2ce6e [term 0 FOLLOWER]: Replica starting. Triggering 0 pending ops. Active config: opid_index: -1 OBSOLETE_local: false peers { permanent_uuid: "dd140d87f1794e43bcb18dd0a743462c" member_type: VOTER last_known_addr { host: "127.7.2.129" port: 34861 } } peers { permanent_uuid: "d690c8047f484e1b8377bb4dceb2ce6e" member_type: VOTER last_known_addr { host: "127.7.2.130" port: 37829 } } peers { permanent_uuid: "e75de586bff14dcb9239989bd9a3ee9a" member_type: VOTER last_known_addr { host: "127.7.2.131" port: 38003 } }
I20260709 13:03:12.156560  8511 raft_consensus.cc:385] T bf2c13a3e73644b9a23d27817114b952 P d690c8047f484e1b8377bb4dceb2ce6e [term 0 FOLLOWER]: Consensus starting up: Expiring failure detector timer to make a prompt election more likely
I20260709 13:03:12.156823  8511 raft_consensus.cc:740] T bf2c13a3e73644b9a23d27817114b952 P d690c8047f484e1b8377bb4dceb2ce6e [term 0 FOLLOWER]: Becoming Follower/Learner. State: Replica: d690c8047f484e1b8377bb4dceb2ce6e, State: Initialized, Role: FOLLOWER
I20260709 13:03:12.157127  8513 ts_tablet_manager.cc:1434] T 2386a93a4d9c40928c94d8fcf3180367 P e75de586bff14dcb9239989bd9a3ee9a: Time spent starting tablet: real 0.006s	user 0.002s	sys 0.000s
I20260709 13:03:12.158615  8512 ts_tablet_manager.cc:1434] T aa1d15d20a794786b865b6cbacd32434 P dd140d87f1794e43bcb18dd0a743462c: Time spent starting tablet: real 0.027s	user 0.006s	sys 0.000s
I20260709 13:03:12.159068  8511 consensus_queue.cc:260] T bf2c13a3e73644b9a23d27817114b952 P d690c8047f484e1b8377bb4dceb2ce6e [NON_LEADER]: Queue going to NON_LEADER mode. State: All replicated index: 0, Majority replicated index: 0, Committed index: 0, Last appended: 0.0, Last appended by leader: 0, Current term: 0, Majority size: -1, State: 0, Mode: NON_LEADER, active raft config: opid_index: -1 OBSOLETE_local: false peers { permanent_uuid: "dd140d87f1794e43bcb18dd0a743462c" member_type: VOTER last_known_addr { host: "127.7.2.129" port: 34861 } } peers { permanent_uuid: "d690c8047f484e1b8377bb4dceb2ce6e" member_type: VOTER last_known_addr { host: "127.7.2.130" port: 37829 } } peers { permanent_uuid: "e75de586bff14dcb9239989bd9a3ee9a" member_type: VOTER last_known_addr { host: "127.7.2.131" port: 38003 } }
I20260709 13:03:12.160370  8513 tablet_bootstrap.cc:492] T bf2c13a3e73644b9a23d27817114b952 P e75de586bff14dcb9239989bd9a3ee9a: Bootstrap starting.
I20260709 13:03:12.161046  8511 ts_tablet_manager.cc:1434] T bf2c13a3e73644b9a23d27817114b952 P d690c8047f484e1b8377bb4dceb2ce6e: Time spent starting tablet: real 0.007s	user 0.004s	sys 0.000s
I20260709 13:03:12.161897  8511 tablet_bootstrap.cc:492] T a87f560bc5ac4d2b972104be156c9447 P d690c8047f484e1b8377bb4dceb2ce6e: Bootstrap starting.
I20260709 13:03:12.162007  8533 raft_consensus.cc:493] T bf2c13a3e73644b9a23d27817114b952 P d690c8047f484e1b8377bb4dceb2ce6e [term 0 FOLLOWER]: Starting pre-election (no leader contacted us within the election timeout)
I20260709 13:03:12.162401  8533 raft_consensus.cc:515] T bf2c13a3e73644b9a23d27817114b952 P d690c8047f484e1b8377bb4dceb2ce6e [term 0 FOLLOWER]: Starting pre-election with config: opid_index: -1 OBSOLETE_local: false peers { permanent_uuid: "dd140d87f1794e43bcb18dd0a743462c" member_type: VOTER last_known_addr { host: "127.7.2.129" port: 34861 } } peers { permanent_uuid: "d690c8047f484e1b8377bb4dceb2ce6e" member_type: VOTER last_known_addr { host: "127.7.2.130" port: 37829 } } peers { permanent_uuid: "e75de586bff14dcb9239989bd9a3ee9a" member_type: VOTER last_known_addr { host: "127.7.2.131" port: 38003 } }
I20260709 13:03:12.164299  8533 leader_election.cc:290] T bf2c13a3e73644b9a23d27817114b952 P d690c8047f484e1b8377bb4dceb2ce6e [CANDIDATE]: Term 1 pre-election: Requested pre-vote from peers dd140d87f1794e43bcb18dd0a743462c (127.7.2.129:34861), e75de586bff14dcb9239989bd9a3ee9a (127.7.2.131:38003)
I20260709 13:03:12.168296  8511 tablet_bootstrap.cc:654] T a87f560bc5ac4d2b972104be156c9447 P d690c8047f484e1b8377bb4dceb2ce6e: Neither blocks nor log segments found. Creating new log.
I20260709 13:03:12.169085  8592 raft_consensus.cc:493] T f5aeafc60eac4744ba0ace77909c8f92 P dd140d87f1794e43bcb18dd0a743462c [term 0 FOLLOWER]: Starting pre-election (no leader contacted us within the election timeout)
I20260709 13:03:12.169603  8592 raft_consensus.cc:515] T f5aeafc60eac4744ba0ace77909c8f92 P dd140d87f1794e43bcb18dd0a743462c [term 0 FOLLOWER]: Starting pre-election with config: opid_index: -1 OBSOLETE_local: false peers { permanent_uuid: "dd140d87f1794e43bcb18dd0a743462c" member_type: VOTER last_known_addr { host: "127.7.2.129" port: 34861 } } peers { permanent_uuid: "d690c8047f484e1b8377bb4dceb2ce6e" member_type: VOTER last_known_addr { host: "127.7.2.130" port: 37829 } } peers { permanent_uuid: "e75de586bff14dcb9239989bd9a3ee9a" member_type: VOTER last_known_addr { host: "127.7.2.131" port: 38003 } }
I20260709 13:03:12.171056  8320 tablet_service.cc:1917] Received RequestConsensusVote() RPC: tablet_id: "bf2c13a3e73644b9a23d27817114b952" candidate_uuid: "d690c8047f484e1b8377bb4dceb2ce6e" candidate_term: 1 candidate_status { last_received { term: 0 index: 0 } } ignore_live_leader: false dest_uuid: "dd140d87f1794e43bcb18dd0a743462c" is_pre_election: true
I20260709 13:03:12.171768  8592 leader_election.cc:290] T f5aeafc60eac4744ba0ace77909c8f92 P dd140d87f1794e43bcb18dd0a743462c [CANDIDATE]: Term 1 pre-election: Requested pre-vote from peers d690c8047f484e1b8377bb4dceb2ce6e (127.7.2.130:37829), e75de586bff14dcb9239989bd9a3ee9a (127.7.2.131:38003)
W20260709 13:03:12.172300  8363 leader_election.cc:343] T bf2c13a3e73644b9a23d27817114b952 P d690c8047f484e1b8377bb4dceb2ce6e [CANDIDATE]: Term 1 pre-election: Tablet error from VoteRequest() call to peer dd140d87f1794e43bcb18dd0a743462c (127.7.2.129:34861): Illegal state: must be running to vote when last-logged opid is not known
I20260709 13:03:12.173821  8395 tablet_service.cc:1917] Received RequestConsensusVote() RPC: tablet_id: "f5aeafc60eac4744ba0ace77909c8f92" candidate_uuid: "dd140d87f1794e43bcb18dd0a743462c" candidate_term: 1 candidate_status { last_received { term: 0 index: 0 } } ignore_live_leader: false dest_uuid: "d690c8047f484e1b8377bb4dceb2ce6e" is_pre_election: true
I20260709 13:03:12.175346  8512 tablet_bootstrap.cc:492] T 2d320419661d408e940a890e505dc358 P dd140d87f1794e43bcb18dd0a743462c: Bootstrap starting.
W20260709 13:03:12.175181  8286 leader_election.cc:343] T f5aeafc60eac4744ba0ace77909c8f92 P dd140d87f1794e43bcb18dd0a743462c [CANDIDATE]: Term 1 pre-election: Tablet error from VoteRequest() call to peer d690c8047f484e1b8377bb4dceb2ce6e (127.7.2.130:37829): Illegal state: must be running to vote when last-logged opid is not known
I20260709 13:03:12.183029  8512 tablet_bootstrap.cc:654] T 2d320419661d408e940a890e505dc358 P dd140d87f1794e43bcb18dd0a743462c: Neither blocks nor log segments found. Creating new log.
I20260709 13:03:12.183806  8470 tablet_service.cc:1917] Received RequestConsensusVote() RPC: tablet_id: "bf2c13a3e73644b9a23d27817114b952" candidate_uuid: "d690c8047f484e1b8377bb4dceb2ce6e" candidate_term: 1 candidate_status { last_received { term: 0 index: 0 } } ignore_live_leader: false dest_uuid: "e75de586bff14dcb9239989bd9a3ee9a" is_pre_election: true
W20260709 13:03:12.185322  8361 leader_election.cc:343] T bf2c13a3e73644b9a23d27817114b952 P d690c8047f484e1b8377bb4dceb2ce6e [CANDIDATE]: Term 1 pre-election: Tablet error from VoteRequest() call to peer e75de586bff14dcb9239989bd9a3ee9a (127.7.2.131:38003): Illegal state: must be running to vote when last-logged opid is not known
I20260709 13:03:12.185774  8361 leader_election.cc:304] T bf2c13a3e73644b9a23d27817114b952 P d690c8047f484e1b8377bb4dceb2ce6e [CANDIDATE]: Term 1 pre-election: Election decided. Result: candidate lost. Election summary: received 3 responses out of 3 voters: 1 yes votes; 2 no votes. yes voters: d690c8047f484e1b8377bb4dceb2ce6e; no voters: dd140d87f1794e43bcb18dd0a743462c, e75de586bff14dcb9239989bd9a3ee9a
I20260709 13:03:12.186707  8533 raft_consensus.cc:2749] T bf2c13a3e73644b9a23d27817114b952 P d690c8047f484e1b8377bb4dceb2ce6e [term 0 FOLLOWER]: Leader pre-election lost for term 1. Reason: could not achieve majority
I20260709 13:03:12.188593  8513 tablet_bootstrap.cc:654] T bf2c13a3e73644b9a23d27817114b952 P e75de586bff14dcb9239989bd9a3ee9a: Neither blocks nor log segments found. Creating new log.
I20260709 13:03:12.174091  8469 tablet_service.cc:1917] Received RequestConsensusVote() RPC: tablet_id: "f5aeafc60eac4744ba0ace77909c8f92" candidate_uuid: "dd140d87f1794e43bcb18dd0a743462c" candidate_term: 1 candidate_status { last_received { term: 0 index: 0 } } ignore_live_leader: false dest_uuid: "e75de586bff14dcb9239989bd9a3ee9a" is_pre_election: true
I20260709 13:03:12.192167  8469 raft_consensus.cc:2468] T f5aeafc60eac4744ba0ace77909c8f92 P e75de586bff14dcb9239989bd9a3ee9a [term 0 FOLLOWER]: Leader pre-election vote request: Granting yes vote for candidate dd140d87f1794e43bcb18dd0a743462c in term 0.
I20260709 13:03:12.192914  8574 raft_consensus.cc:493] T 2386a93a4d9c40928c94d8fcf3180367 P e75de586bff14dcb9239989bd9a3ee9a [term 0 FOLLOWER]: Starting pre-election (no leader contacted us within the election timeout)
I20260709 13:03:12.193526  8574 raft_consensus.cc:515] T 2386a93a4d9c40928c94d8fcf3180367 P e75de586bff14dcb9239989bd9a3ee9a [term 0 FOLLOWER]: Starting pre-election with config: opid_index: -1 OBSOLETE_local: false peers { permanent_uuid: "dd140d87f1794e43bcb18dd0a743462c" member_type: VOTER last_known_addr { host: "127.7.2.129" port: 34861 } } peers { permanent_uuid: "d690c8047f484e1b8377bb4dceb2ce6e" member_type: VOTER last_known_addr { host: "127.7.2.130" port: 37829 } } peers { permanent_uuid: "e75de586bff14dcb9239989bd9a3ee9a" member_type: VOTER last_known_addr { host: "127.7.2.131" port: 38003 } }
I20260709 13:03:12.193713  8286 leader_election.cc:304] T f5aeafc60eac4744ba0ace77909c8f92 P dd140d87f1794e43bcb18dd0a743462c [CANDIDATE]: Term 1 pre-election: Election decided. Result: candidate won. Election summary: received 3 responses out of 3 voters: 2 yes votes; 1 no votes. yes voters: dd140d87f1794e43bcb18dd0a743462c, e75de586bff14dcb9239989bd9a3ee9a; no voters: d690c8047f484e1b8377bb4dceb2ce6e
I20260709 13:03:12.195295  8592 raft_consensus.cc:2804] T f5aeafc60eac4744ba0ace77909c8f92 P dd140d87f1794e43bcb18dd0a743462c [term 0 FOLLOWER]: Leader pre-election won for term 1
I20260709 13:03:12.195640  8574 leader_election.cc:290] T 2386a93a4d9c40928c94d8fcf3180367 P e75de586bff14dcb9239989bd9a3ee9a [CANDIDATE]: Term 1 pre-election: Requested pre-vote from peers dd140d87f1794e43bcb18dd0a743462c (127.7.2.129:34861), d690c8047f484e1b8377bb4dceb2ce6e (127.7.2.130:37829)
I20260709 13:03:12.195782  8592 raft_consensus.cc:493] T f5aeafc60eac4744ba0ace77909c8f92 P dd140d87f1794e43bcb18dd0a743462c [term 0 FOLLOWER]: Starting leader election (no leader contacted us within the election timeout)
I20260709 13:03:12.196297  8592 raft_consensus.cc:3060] T f5aeafc60eac4744ba0ace77909c8f92 P dd140d87f1794e43bcb18dd0a743462c [term 0 FOLLOWER]: Advancing to term 1
I20260709 13:03:12.197499  8395 tablet_service.cc:1917] Received RequestConsensusVote() RPC: tablet_id: "2386a93a4d9c40928c94d8fcf3180367" candidate_uuid: "e75de586bff14dcb9239989bd9a3ee9a" candidate_term: 1 candidate_status { last_received { term: 0 index: 0 } } ignore_live_leader: false dest_uuid: "d690c8047f484e1b8377bb4dceb2ce6e" is_pre_election: true
I20260709 13:03:12.198174  8512 tablet_bootstrap.cc:492] T 2d320419661d408e940a890e505dc358 P dd140d87f1794e43bcb18dd0a743462c: No bootstrap required, opened a new log
I20260709 13:03:12.198124  8395 raft_consensus.cc:2468] T 2386a93a4d9c40928c94d8fcf3180367 P d690c8047f484e1b8377bb4dceb2ce6e [term 0 FOLLOWER]: Leader pre-election vote request: Granting yes vote for candidate e75de586bff14dcb9239989bd9a3ee9a in term 0.
I20260709 13:03:12.198772  8512 ts_tablet_manager.cc:1403] T 2d320419661d408e940a890e505dc358 P dd140d87f1794e43bcb18dd0a743462c: Time spent bootstrapping tablet: real 0.024s	user 0.009s	sys 0.008s
I20260709 13:03:12.202076  8512 raft_consensus.cc:359] T 2d320419661d408e940a890e505dc358 P dd140d87f1794e43bcb18dd0a743462c [term 0 FOLLOWER]: Replica starting. Triggering 0 pending ops. Active config: opid_index: -1 OBSOLETE_local: false peers { permanent_uuid: "dd140d87f1794e43bcb18dd0a743462c" member_type: VOTER last_known_addr { host: "127.7.2.129" port: 34861 } } peers { permanent_uuid: "d690c8047f484e1b8377bb4dceb2ce6e" member_type: VOTER last_known_addr { host: "127.7.2.130" port: 37829 } } peers { permanent_uuid: "e75de586bff14dcb9239989bd9a3ee9a" member_type: VOTER last_known_addr { host: "127.7.2.131" port: 38003 } }
I20260709 13:03:12.202754  8512 raft_consensus.cc:385] T 2d320419661d408e940a890e505dc358 P dd140d87f1794e43bcb18dd0a743462c [term 0 FOLLOWER]: Consensus starting up: Expiring failure detector timer to make a prompt election more likely
I20260709 13:03:12.203806  8435 leader_election.cc:304] T 2386a93a4d9c40928c94d8fcf3180367 P e75de586bff14dcb9239989bd9a3ee9a [CANDIDATE]: Term 1 pre-election: Election decided. Result: candidate won. Election summary: received 2 responses out of 3 voters: 2 yes votes; 0 no votes. yes voters: d690c8047f484e1b8377bb4dceb2ce6e, e75de586bff14dcb9239989bd9a3ee9a; no voters: 
I20260709 13:03:12.203058  8512 raft_consensus.cc:740] T 2d320419661d408e940a890e505dc358 P dd140d87f1794e43bcb18dd0a743462c [term 0 FOLLOWER]: Becoming Follower/Learner. State: Replica: dd140d87f1794e43bcb18dd0a743462c, State: Initialized, Role: FOLLOWER
I20260709 13:03:12.205673  8595 raft_consensus.cc:493] T aa1d15d20a794786b865b6cbacd32434 P dd140d87f1794e43bcb18dd0a743462c [term 0 FOLLOWER]: Starting pre-election (no leader contacted us within the election timeout)
I20260709 13:03:12.205623  8512 consensus_queue.cc:260] T 2d320419661d408e940a890e505dc358 P dd140d87f1794e43bcb18dd0a743462c [NON_LEADER]: Queue going to NON_LEADER mode. State: All replicated index: 0, Majority replicated index: 0, Committed index: 0, Last appended: 0.0, Last appended by leader: 0, Current term: 0, Majority size: -1, State: 0, Mode: NON_LEADER, active raft config: opid_index: -1 OBSOLETE_local: false peers { permanent_uuid: "dd140d87f1794e43bcb18dd0a743462c" member_type: VOTER last_known_addr { host: "127.7.2.129" port: 34861 } } peers { permanent_uuid: "d690c8047f484e1b8377bb4dceb2ce6e" member_type: VOTER last_known_addr { host: "127.7.2.130" port: 37829 } } peers { permanent_uuid: "e75de586bff14dcb9239989bd9a3ee9a" member_type: VOTER last_known_addr { host: "127.7.2.131" port: 38003 } }
I20260709 13:03:12.206717  8574 raft_consensus.cc:2804] T 2386a93a4d9c40928c94d8fcf3180367 P e75de586bff14dcb9239989bd9a3ee9a [term 0 FOLLOWER]: Leader pre-election won for term 1
I20260709 13:03:12.206339  8595 raft_consensus.cc:515] T aa1d15d20a794786b865b6cbacd32434 P dd140d87f1794e43bcb18dd0a743462c [term 0 FOLLOWER]: Starting pre-election with config: opid_index: -1 OBSOLETE_local: false peers { permanent_uuid: "dd140d87f1794e43bcb18dd0a743462c" member_type: VOTER last_known_addr { host: "127.7.2.129" port: 34861 } } peers { permanent_uuid: "d690c8047f484e1b8377bb4dceb2ce6e" member_type: VOTER last_known_addr { host: "127.7.2.130" port: 37829 } } peers { permanent_uuid: "e75de586bff14dcb9239989bd9a3ee9a" member_type: VOTER last_known_addr { host: "127.7.2.131" port: 38003 } }
I20260709 13:03:12.207093  8574 raft_consensus.cc:493] T 2386a93a4d9c40928c94d8fcf3180367 P e75de586bff14dcb9239989bd9a3ee9a [term 0 FOLLOWER]: Starting leader election (no leader contacted us within the election timeout)
I20260709 13:03:12.207492  8574 raft_consensus.cc:3060] T 2386a93a4d9c40928c94d8fcf3180367 P e75de586bff14dcb9239989bd9a3ee9a [term 0 FOLLOWER]: Advancing to term 1
I20260709 13:03:12.208889  8320 tablet_service.cc:1917] Received RequestConsensusVote() RPC: tablet_id: "2386a93a4d9c40928c94d8fcf3180367" candidate_uuid: "e75de586bff14dcb9239989bd9a3ee9a" candidate_term: 1 candidate_status { last_received { term: 0 index: 0 } } ignore_live_leader: false dest_uuid: "dd140d87f1794e43bcb18dd0a743462c" is_pre_election: true
I20260709 13:03:12.208963  8595 leader_election.cc:290] T aa1d15d20a794786b865b6cbacd32434 P dd140d87f1794e43bcb18dd0a743462c [CANDIDATE]: Term 1 pre-election: Requested pre-vote from peers d690c8047f484e1b8377bb4dceb2ce6e (127.7.2.130:37829), e75de586bff14dcb9239989bd9a3ee9a (127.7.2.131:38003)
I20260709 13:03:12.207476  8512 ts_tablet_manager.cc:1434] T 2d320419661d408e940a890e505dc358 P dd140d87f1794e43bcb18dd0a743462c: Time spent starting tablet: real 0.008s	user 0.005s	sys 0.000s
I20260709 13:03:12.212875  8395 tablet_service.cc:1917] Received RequestConsensusVote() RPC: tablet_id: "aa1d15d20a794786b865b6cbacd32434" candidate_uuid: "dd140d87f1794e43bcb18dd0a743462c" candidate_term: 1 candidate_status { last_received { term: 0 index: 0 } } ignore_live_leader: false dest_uuid: "d690c8047f484e1b8377bb4dceb2ce6e" is_pre_election: true
I20260709 13:03:12.213492  8395 raft_consensus.cc:2468] T aa1d15d20a794786b865b6cbacd32434 P d690c8047f484e1b8377bb4dceb2ce6e [term 0 FOLLOWER]: Leader pre-election vote request: Granting yes vote for candidate dd140d87f1794e43bcb18dd0a743462c in term 0.
I20260709 13:03:12.212224  8471 tablet_service.cc:1917] Received RequestConsensusVote() RPC: tablet_id: "aa1d15d20a794786b865b6cbacd32434" candidate_uuid: "dd140d87f1794e43bcb18dd0a743462c" candidate_term: 1 candidate_status { last_received { term: 0 index: 0 } } ignore_live_leader: false dest_uuid: "e75de586bff14dcb9239989bd9a3ee9a" is_pre_election: true
I20260709 13:03:12.214367  8471 raft_consensus.cc:2468] T aa1d15d20a794786b865b6cbacd32434 P e75de586bff14dcb9239989bd9a3ee9a [term 0 FOLLOWER]: Leader pre-election vote request: Granting yes vote for candidate dd140d87f1794e43bcb18dd0a743462c in term 0.
I20260709 13:03:12.214814  8512 tablet_bootstrap.cc:492] T bda05283a378430581d6a84686ff2577 P dd140d87f1794e43bcb18dd0a743462c: Bootstrap starting.
I20260709 13:03:12.215010  8595 consensus_queue.cc:1048] T 493d5db9f8bd49828313c9ef20b78456 P dd140d87f1794e43bcb18dd0a743462c [LEADER]: Connected to new peer: Peer: permanent_uuid: "e75de586bff14dcb9239989bd9a3ee9a" member_type: VOTER last_known_addr { host: "127.7.2.131" port: 38003 }, Status: LMP_MISMATCH, Last received: 0.0, Next index: 1, Last known committed idx: 0, Time since last communication: 0.001s
W20260709 13:03:12.216032  8437 leader_election.cc:343] T 2386a93a4d9c40928c94d8fcf3180367 P e75de586bff14dcb9239989bd9a3ee9a [CANDIDATE]: Term 1 pre-election: Tablet error from VoteRequest() call to peer dd140d87f1794e43bcb18dd0a743462c (127.7.2.129:34861): Illegal state: must be running to vote when last-logged opid is not known
I20260709 13:03:12.217419  8286 leader_election.cc:304] T aa1d15d20a794786b865b6cbacd32434 P dd140d87f1794e43bcb18dd0a743462c [CANDIDATE]: Term 1 pre-election: Election decided. Result: candidate won. Election summary: received 2 responses out of 3 voters: 2 yes votes; 0 no votes. yes voters: dd140d87f1794e43bcb18dd0a743462c, e75de586bff14dcb9239989bd9a3ee9a; no voters: 
I20260709 13:03:12.216326  8574 raft_consensus.cc:515] T 2386a93a4d9c40928c94d8fcf3180367 P e75de586bff14dcb9239989bd9a3ee9a [term 1 FOLLOWER]: Starting leader election with config: opid_index: -1 OBSOLETE_local: false peers { permanent_uuid: "dd140d87f1794e43bcb18dd0a743462c" member_type: VOTER last_known_addr { host: "127.7.2.129" port: 34861 } } peers { permanent_uuid: "d690c8047f484e1b8377bb4dceb2ce6e" member_type: VOTER last_known_addr { host: "127.7.2.130" port: 37829 } } peers { permanent_uuid: "e75de586bff14dcb9239989bd9a3ee9a" member_type: VOTER last_known_addr { host: "127.7.2.131" port: 38003 } }
I20260709 13:03:12.220619  8320 tablet_service.cc:1917] Received RequestConsensusVote() RPC: tablet_id: "2386a93a4d9c40928c94d8fcf3180367" candidate_uuid: "e75de586bff14dcb9239989bd9a3ee9a" candidate_term: 1 candidate_status { last_received { term: 0 index: 0 } } ignore_live_leader: false dest_uuid: "dd140d87f1794e43bcb18dd0a743462c"
I20260709 13:03:12.221516  8574 leader_election.cc:290] T 2386a93a4d9c40928c94d8fcf3180367 P e75de586bff14dcb9239989bd9a3ee9a [CANDIDATE]: Term 1 election: Requested vote from peers dd140d87f1794e43bcb18dd0a743462c (127.7.2.129:34861), d690c8047f484e1b8377bb4dceb2ce6e (127.7.2.130:37829)
I20260709 13:03:12.222203  8595 raft_consensus.cc:2804] T aa1d15d20a794786b865b6cbacd32434 P dd140d87f1794e43bcb18dd0a743462c [term 0 FOLLOWER]: Leader pre-election won for term 1
I20260709 13:03:12.222739  8395 tablet_service.cc:1917] Received RequestConsensusVote() RPC: tablet_id: "2386a93a4d9c40928c94d8fcf3180367" candidate_uuid: "e75de586bff14dcb9239989bd9a3ee9a" candidate_term: 1 candidate_status { last_received { term: 0 index: 0 } } ignore_live_leader: false dest_uuid: "d690c8047f484e1b8377bb4dceb2ce6e"
W20260709 13:03:12.223506  8437 leader_election.cc:343] T 2386a93a4d9c40928c94d8fcf3180367 P e75de586bff14dcb9239989bd9a3ee9a [CANDIDATE]: Term 1 election: Tablet error from VoteRequest() call to peer dd140d87f1794e43bcb18dd0a743462c (127.7.2.129:34861): Illegal state: must be running to vote when last-logged opid is not known
I20260709 13:03:12.226401  8512 tablet_bootstrap.cc:654] T bda05283a378430581d6a84686ff2577 P dd140d87f1794e43bcb18dd0a743462c: Neither blocks nor log segments found. Creating new log.
I20260709 13:03:12.226415  8395 raft_consensus.cc:3060] T 2386a93a4d9c40928c94d8fcf3180367 P d690c8047f484e1b8377bb4dceb2ce6e [term 0 FOLLOWER]: Advancing to term 1
I20260709 13:03:12.227191  8511 tablet_bootstrap.cc:492] T a87f560bc5ac4d2b972104be156c9447 P d690c8047f484e1b8377bb4dceb2ce6e: No bootstrap required, opened a new log
I20260709 13:03:12.227154  8592 raft_consensus.cc:515] T f5aeafc60eac4744ba0ace77909c8f92 P dd140d87f1794e43bcb18dd0a743462c [term 1 FOLLOWER]: Starting leader election with config: opid_index: -1 OBSOLETE_local: false peers { permanent_uuid: "dd140d87f1794e43bcb18dd0a743462c" member_type: VOTER last_known_addr { host: "127.7.2.129" port: 34861 } } peers { permanent_uuid: "d690c8047f484e1b8377bb4dceb2ce6e" member_type: VOTER last_known_addr { host: "127.7.2.130" port: 37829 } } peers { permanent_uuid: "e75de586bff14dcb9239989bd9a3ee9a" member_type: VOTER last_known_addr { host: "127.7.2.131" port: 38003 } }
I20260709 13:03:12.227761  8511 ts_tablet_manager.cc:1403] T a87f560bc5ac4d2b972104be156c9447 P d690c8047f484e1b8377bb4dceb2ce6e: Time spent bootstrapping tablet: real 0.066s	user 0.035s	sys 0.027s
I20260709 13:03:12.229203  8592 leader_election.cc:290] T f5aeafc60eac4744ba0ace77909c8f92 P dd140d87f1794e43bcb18dd0a743462c [CANDIDATE]: Term 1 election: Requested vote from peers d690c8047f484e1b8377bb4dceb2ce6e (127.7.2.130:37829), e75de586bff14dcb9239989bd9a3ee9a (127.7.2.131:38003)
I20260709 13:03:12.230198  8220 catalog_manager.cc:5697] T 14e29271522d4fca9aefc6ed440a3818 P d690c8047f484e1b8377bb4dceb2ce6e reported cstate change: term changed from 0 to 1, leader changed from <none> to d690c8047f484e1b8377bb4dceb2ce6e (127.7.2.130). New cstate: current_term: 1 leader_uuid: "d690c8047f484e1b8377bb4dceb2ce6e" committed_config { opid_index: -1 OBSOLETE_local: false peers { permanent_uuid: "dd140d87f1794e43bcb18dd0a743462c" member_type: VOTER last_known_addr { host: "127.7.2.129" port: 34861 } health_report { overall_health: UNKNOWN } } peers { permanent_uuid: "d690c8047f484e1b8377bb4dceb2ce6e" member_type: VOTER last_known_addr { host: "127.7.2.130" port: 37829 } health_report { overall_health: HEALTHY } } peers { permanent_uuid: "e75de586bff14dcb9239989bd9a3ee9a" member_type: VOTER last_known_addr { host: "127.7.2.131" port: 38003 } health_report { overall_health: UNKNOWN } } }
I20260709 13:03:12.231133  8396 tablet_service.cc:1917] Received RequestConsensusVote() RPC: tablet_id: "f5aeafc60eac4744ba0ace77909c8f92" candidate_uuid: "dd140d87f1794e43bcb18dd0a743462c" candidate_term: 1 candidate_status { last_received { term: 0 index: 0 } } ignore_live_leader: false dest_uuid: "d690c8047f484e1b8377bb4dceb2ce6e"
I20260709 13:03:12.232342  8513 tablet_bootstrap.cc:492] T bf2c13a3e73644b9a23d27817114b952 P e75de586bff14dcb9239989bd9a3ee9a: No bootstrap required, opened a new log
W20260709 13:03:12.232875  8286 leader_election.cc:343] T f5aeafc60eac4744ba0ace77909c8f92 P dd140d87f1794e43bcb18dd0a743462c [CANDIDATE]: Term 1 election: Tablet error from VoteRequest() call to peer d690c8047f484e1b8377bb4dceb2ce6e (127.7.2.130:37829): Illegal state: must be running to vote when last-logged opid is not known
I20260709 13:03:12.233340  8469 tablet_service.cc:1917] Received RequestConsensusVote() RPC: tablet_id: "f5aeafc60eac4744ba0ace77909c8f92" candidate_uuid: "dd140d87f1794e43bcb18dd0a743462c" candidate_term: 1 candidate_status { last_received { term: 0 index: 0 } } ignore_live_leader: false dest_uuid: "e75de586bff14dcb9239989bd9a3ee9a"
I20260709 13:03:12.233901  8469 raft_consensus.cc:3060] T f5aeafc60eac4744ba0ace77909c8f92 P e75de586bff14dcb9239989bd9a3ee9a [term 0 FOLLOWER]: Advancing to term 1
I20260709 13:03:12.234833  8511 raft_consensus.cc:359] T a87f560bc5ac4d2b972104be156c9447 P d690c8047f484e1b8377bb4dceb2ce6e [term 0 FOLLOWER]: Replica starting. Triggering 0 pending ops. Active config: opid_index: -1 OBSOLETE_local: false peers { permanent_uuid: "dd140d87f1794e43bcb18dd0a743462c" member_type: VOTER last_known_addr { host: "127.7.2.129" port: 34861 } } peers { permanent_uuid: "d690c8047f484e1b8377bb4dceb2ce6e" member_type: VOTER last_known_addr { host: "127.7.2.130" port: 37829 } } peers { permanent_uuid: "e75de586bff14dcb9239989bd9a3ee9a" member_type: VOTER last_known_addr { host: "127.7.2.131" port: 38003 } }
I20260709 13:03:12.235469  8511 raft_consensus.cc:385] T a87f560bc5ac4d2b972104be156c9447 P d690c8047f484e1b8377bb4dceb2ce6e [term 0 FOLLOWER]: Consensus starting up: Expiring failure detector timer to make a prompt election more likely
I20260709 13:03:12.235769  8511 raft_consensus.cc:740] T a87f560bc5ac4d2b972104be156c9447 P d690c8047f484e1b8377bb4dceb2ce6e [term 0 FOLLOWER]: Becoming Follower/Learner. State: Replica: d690c8047f484e1b8377bb4dceb2ce6e, State: Initialized, Role: FOLLOWER
I20260709 13:03:12.236512  8511 consensus_queue.cc:260] T a87f560bc5ac4d2b972104be156c9447 P d690c8047f484e1b8377bb4dceb2ce6e [NON_LEADER]: Queue going to NON_LEADER mode. State: All replicated index: 0, Majority replicated index: 0, Committed index: 0, Last appended: 0.0, Last appended by leader: 0, Current term: 0, Majority size: -1, State: 0, Mode: NON_LEADER, active raft config: opid_index: -1 OBSOLETE_local: false peers { permanent_uuid: "dd140d87f1794e43bcb18dd0a743462c" member_type: VOTER last_known_addr { host: "127.7.2.129" port: 34861 } } peers { permanent_uuid: "d690c8047f484e1b8377bb4dceb2ce6e" member_type: VOTER last_known_addr { host: "127.7.2.130" port: 37829 } } peers { permanent_uuid: "e75de586bff14dcb9239989bd9a3ee9a" member_type: VOTER last_known_addr { host: "127.7.2.131" port: 38003 } }
I20260709 13:03:12.235678  8595 raft_consensus.cc:493] T aa1d15d20a794786b865b6cbacd32434 P dd140d87f1794e43bcb18dd0a743462c [term 0 FOLLOWER]: Starting leader election (no leader contacted us within the election timeout)
I20260709 13:03:12.237668  8595 raft_consensus.cc:3060] T aa1d15d20a794786b865b6cbacd32434 P dd140d87f1794e43bcb18dd0a743462c [term 0 FOLLOWER]: Advancing to term 1
I20260709 13:03:12.238966  8513 ts_tablet_manager.cc:1403] T bf2c13a3e73644b9a23d27817114b952 P e75de586bff14dcb9239989bd9a3ee9a: Time spent bootstrapping tablet: real 0.079s	user 0.007s	sys 0.005s
I20260709 13:03:12.239086  8511 ts_tablet_manager.cc:1434] T a87f560bc5ac4d2b972104be156c9447 P d690c8047f484e1b8377bb4dceb2ce6e: Time spent starting tablet: real 0.011s	user 0.007s	sys 0.000s
I20260709 13:03:12.240106  8511 tablet_bootstrap.cc:492] T 6ce5e8ab9ced4f39b700670f89c93a9b P d690c8047f484e1b8377bb4dceb2ce6e: Bootstrap starting.
I20260709 13:03:12.241649  8513 raft_consensus.cc:359] T bf2c13a3e73644b9a23d27817114b952 P e75de586bff14dcb9239989bd9a3ee9a [term 0 FOLLOWER]: Replica starting. Triggering 0 pending ops. Active config: opid_index: -1 OBSOLETE_local: false peers { permanent_uuid: "dd140d87f1794e43bcb18dd0a743462c" member_type: VOTER last_known_addr { host: "127.7.2.129" port: 34861 } } peers { permanent_uuid: "d690c8047f484e1b8377bb4dceb2ce6e" member_type: VOTER last_known_addr { host: "127.7.2.130" port: 37829 } } peers { permanent_uuid: "e75de586bff14dcb9239989bd9a3ee9a" member_type: VOTER last_known_addr { host: "127.7.2.131" port: 38003 } }
I20260709 13:03:12.243763  8513 raft_consensus.cc:385] T bf2c13a3e73644b9a23d27817114b952 P e75de586bff14dcb9239989bd9a3ee9a [term 0 FOLLOWER]: Consensus starting up: Expiring failure detector timer to make a prompt election more likely
I20260709 13:03:12.244411  8513 raft_consensus.cc:740] T bf2c13a3e73644b9a23d27817114b952 P e75de586bff14dcb9239989bd9a3ee9a [term 0 FOLLOWER]: Becoming Follower/Learner. State: Replica: e75de586bff14dcb9239989bd9a3ee9a, State: Initialized, Role: FOLLOWER
I20260709 13:03:12.245421  8513 consensus_queue.cc:260] T bf2c13a3e73644b9a23d27817114b952 P e75de586bff14dcb9239989bd9a3ee9a [NON_LEADER]: Queue going to NON_LEADER mode. State: All replicated index: 0, Majority replicated index: 0, Committed index: 0, Last appended: 0.0, Last appended by leader: 0, Current term: 0, Majority size: -1, State: 0, Mode: NON_LEADER, active raft config: opid_index: -1 OBSOLETE_local: false peers { permanent_uuid: "dd140d87f1794e43bcb18dd0a743462c" member_type: VOTER last_known_addr { host: "127.7.2.129" port: 34861 } } peers { permanent_uuid: "d690c8047f484e1b8377bb4dceb2ce6e" member_type: VOTER last_known_addr { host: "127.7.2.130" port: 37829 } } peers { permanent_uuid: "e75de586bff14dcb9239989bd9a3ee9a" member_type: VOTER last_known_addr { host: "127.7.2.131" port: 38003 } }
I20260709 13:03:12.246083  8511 tablet_bootstrap.cc:654] T 6ce5e8ab9ced4f39b700670f89c93a9b P d690c8047f484e1b8377bb4dceb2ce6e: Neither blocks nor log segments found. Creating new log.
I20260709 13:03:12.254303  8513 ts_tablet_manager.cc:1434] T bf2c13a3e73644b9a23d27817114b952 P e75de586bff14dcb9239989bd9a3ee9a: Time spent starting tablet: real 0.015s	user 0.006s	sys 0.000s
I20260709 13:03:12.253800  8595 raft_consensus.cc:515] T aa1d15d20a794786b865b6cbacd32434 P dd140d87f1794e43bcb18dd0a743462c [term 1 FOLLOWER]: Starting leader election with config: opid_index: -1 OBSOLETE_local: false peers { permanent_uuid: "dd140d87f1794e43bcb18dd0a743462c" member_type: VOTER last_known_addr { host: "127.7.2.129" port: 34861 } } peers { permanent_uuid: "d690c8047f484e1b8377bb4dceb2ce6e" member_type: VOTER last_known_addr { host: "127.7.2.130" port: 37829 } } peers { permanent_uuid: "e75de586bff14dcb9239989bd9a3ee9a" member_type: VOTER last_known_addr { host: "127.7.2.131" port: 38003 } }
I20260709 13:03:12.255714  8513 tablet_bootstrap.cc:492] T bb69f99284f04dda80d097b7f773dc44 P e75de586bff14dcb9239989bd9a3ee9a: Bootstrap starting.
I20260709 13:03:12.256793  8595 leader_election.cc:290] T aa1d15d20a794786b865b6cbacd32434 P dd140d87f1794e43bcb18dd0a743462c [CANDIDATE]: Term 1 election: Requested vote from peers d690c8047f484e1b8377bb4dceb2ce6e (127.7.2.130:37829), e75de586bff14dcb9239989bd9a3ee9a (127.7.2.131:38003)
I20260709 13:03:12.259053  8512 tablet_bootstrap.cc:492] T bda05283a378430581d6a84686ff2577 P dd140d87f1794e43bcb18dd0a743462c: No bootstrap required, opened a new log
I20260709 13:03:12.259549  8512 ts_tablet_manager.cc:1403] T bda05283a378430581d6a84686ff2577 P dd140d87f1794e43bcb18dd0a743462c: Time spent bootstrapping tablet: real 0.046s	user 0.015s	sys 0.001s
I20260709 13:03:12.262228  8513 tablet_bootstrap.cc:654] T bb69f99284f04dda80d097b7f773dc44 P e75de586bff14dcb9239989bd9a3ee9a: Neither blocks nor log segments found. Creating new log.
I20260709 13:03:12.261996  8512 raft_consensus.cc:359] T bda05283a378430581d6a84686ff2577 P dd140d87f1794e43bcb18dd0a743462c [term 0 FOLLOWER]: Replica starting. Triggering 0 pending ops. Active config: opid_index: -1 OBSOLETE_local: false peers { permanent_uuid: "dd140d87f1794e43bcb18dd0a743462c" member_type: VOTER last_known_addr { host: "127.7.2.129" port: 34861 } } peers { permanent_uuid: "d690c8047f484e1b8377bb4dceb2ce6e" member_type: VOTER last_known_addr { host: "127.7.2.130" port: 37829 } } peers { permanent_uuid: "e75de586bff14dcb9239989bd9a3ee9a" member_type: VOTER last_known_addr { host: "127.7.2.131" port: 38003 } }
I20260709 13:03:12.262687  8512 raft_consensus.cc:385] T bda05283a378430581d6a84686ff2577 P dd140d87f1794e43bcb18dd0a743462c [term 0 FOLLOWER]: Consensus starting up: Expiring failure detector timer to make a prompt election more likely
I20260709 13:03:12.262976  8512 raft_consensus.cc:740] T bda05283a378430581d6a84686ff2577 P dd140d87f1794e43bcb18dd0a743462c [term 0 FOLLOWER]: Becoming Follower/Learner. State: Replica: dd140d87f1794e43bcb18dd0a743462c, State: Initialized, Role: FOLLOWER
I20260709 13:03:12.263700  8512 consensus_queue.cc:260] T bda05283a378430581d6a84686ff2577 P dd140d87f1794e43bcb18dd0a743462c [NON_LEADER]: Queue going to NON_LEADER mode. State: All replicated index: 0, Majority replicated index: 0, Committed index: 0, Last appended: 0.0, Last appended by leader: 0, Current term: 0, Majority size: -1, State: 0, Mode: NON_LEADER, active raft config: opid_index: -1 OBSOLETE_local: false peers { permanent_uuid: "dd140d87f1794e43bcb18dd0a743462c" member_type: VOTER last_known_addr { host: "127.7.2.129" port: 34861 } } peers { permanent_uuid: "d690c8047f484e1b8377bb4dceb2ce6e" member_type: VOTER last_known_addr { host: "127.7.2.130" port: 37829 } } peers { permanent_uuid: "e75de586bff14dcb9239989bd9a3ee9a" member_type: VOTER last_known_addr { host: "127.7.2.131" port: 38003 } }
I20260709 13:03:12.268862  8512 ts_tablet_manager.cc:1434] T bda05283a378430581d6a84686ff2577 P dd140d87f1794e43bcb18dd0a743462c: Time spent starting tablet: real 0.009s	user 0.005s	sys 0.001s
I20260709 13:03:12.269997  8512 tablet_bootstrap.cc:492] T 56a4a22d963d49ba9a1c0a62eb45ea28 P dd140d87f1794e43bcb18dd0a743462c: Bootstrap starting.
I20260709 13:03:12.279448  8512 tablet_bootstrap.cc:654] T 56a4a22d963d49ba9a1c0a62eb45ea28 P dd140d87f1794e43bcb18dd0a743462c: Neither blocks nor log segments found. Creating new log.
I20260709 13:03:12.279672  8511 tablet_bootstrap.cc:492] T 6ce5e8ab9ced4f39b700670f89c93a9b P d690c8047f484e1b8377bb4dceb2ce6e: No bootstrap required, opened a new log
I20260709 13:03:12.280129  8511 ts_tablet_manager.cc:1403] T 6ce5e8ab9ced4f39b700670f89c93a9b P d690c8047f484e1b8377bb4dceb2ce6e: Time spent bootstrapping tablet: real 0.040s	user 0.011s	sys 0.003s
I20260709 13:03:12.282765  8511 raft_consensus.cc:359] T 6ce5e8ab9ced4f39b700670f89c93a9b P d690c8047f484e1b8377bb4dceb2ce6e [term 0 FOLLOWER]: Replica starting. Triggering 0 pending ops. Active config: opid_index: -1 OBSOLETE_local: false peers { permanent_uuid: "dd140d87f1794e43bcb18dd0a743462c" member_type: VOTER last_known_addr { host: "127.7.2.129" port: 34861 } } peers { permanent_uuid: "d690c8047f484e1b8377bb4dceb2ce6e" member_type: VOTER last_known_addr { host: "127.7.2.130" port: 37829 } } peers { permanent_uuid: "e75de586bff14dcb9239989bd9a3ee9a" member_type: VOTER last_known_addr { host: "127.7.2.131" port: 38003 } }
I20260709 13:03:12.283427  8511 raft_consensus.cc:385] T 6ce5e8ab9ced4f39b700670f89c93a9b P d690c8047f484e1b8377bb4dceb2ce6e [term 0 FOLLOWER]: Consensus starting up: Expiring failure detector timer to make a prompt election more likely
I20260709 13:03:12.283684  8511 raft_consensus.cc:740] T 6ce5e8ab9ced4f39b700670f89c93a9b P d690c8047f484e1b8377bb4dceb2ce6e [term 0 FOLLOWER]: Becoming Follower/Learner. State: Replica: d690c8047f484e1b8377bb4dceb2ce6e, State: Initialized, Role: FOLLOWER
I20260709 13:03:12.284296  8511 consensus_queue.cc:260] T 6ce5e8ab9ced4f39b700670f89c93a9b P d690c8047f484e1b8377bb4dceb2ce6e [NON_LEADER]: Queue going to NON_LEADER mode. State: All replicated index: 0, Majority replicated index: 0, Committed index: 0, Last appended: 0.0, Last appended by leader: 0, Current term: 0, Majority size: -1, State: 0, Mode: NON_LEADER, active raft config: opid_index: -1 OBSOLETE_local: false peers { permanent_uuid: "dd140d87f1794e43bcb18dd0a743462c" member_type: VOTER last_known_addr { host: "127.7.2.129" port: 34861 } } peers { permanent_uuid: "d690c8047f484e1b8377bb4dceb2ce6e" member_type: VOTER last_known_addr { host: "127.7.2.130" port: 37829 } } peers { permanent_uuid: "e75de586bff14dcb9239989bd9a3ee9a" member_type: VOTER last_known_addr { host: "127.7.2.131" port: 38003 } }
I20260709 13:03:12.288879  8511 ts_tablet_manager.cc:1434] T 6ce5e8ab9ced4f39b700670f89c93a9b P d690c8047f484e1b8377bb4dceb2ce6e: Time spent starting tablet: real 0.008s	user 0.007s	sys 0.000s
I20260709 13:03:12.293378  8511 tablet_bootstrap.cc:492] T 2f100503896b435e9a1477544a5022b2 P d690c8047f484e1b8377bb4dceb2ce6e: Bootstrap starting.
I20260709 13:03:12.299408  8512 tablet_bootstrap.cc:492] T 56a4a22d963d49ba9a1c0a62eb45ea28 P dd140d87f1794e43bcb18dd0a743462c: No bootstrap required, opened a new log
I20260709 13:03:12.299664  8395 raft_consensus.cc:2468] T 2386a93a4d9c40928c94d8fcf3180367 P d690c8047f484e1b8377bb4dceb2ce6e [term 1 FOLLOWER]: Leader election vote request: Granting yes vote for candidate e75de586bff14dcb9239989bd9a3ee9a in term 1.
I20260709 13:03:12.299921  8512 ts_tablet_manager.cc:1403] T 56a4a22d963d49ba9a1c0a62eb45ea28 P dd140d87f1794e43bcb18dd0a743462c: Time spent bootstrapping tablet: real 0.030s	user 0.016s	sys 0.005s
I20260709 13:03:12.303628  8435 leader_election.cc:304] T 2386a93a4d9c40928c94d8fcf3180367 P e75de586bff14dcb9239989bd9a3ee9a [CANDIDATE]: Term 1 election: Election decided. Result: candidate won. Election summary: received 3 responses out of 3 voters: 2 yes votes; 1 no votes. yes voters: d690c8047f484e1b8377bb4dceb2ce6e, e75de586bff14dcb9239989bd9a3ee9a; no voters: dd140d87f1794e43bcb18dd0a743462c
I20260709 13:03:12.304850  8574 raft_consensus.cc:2804] T 2386a93a4d9c40928c94d8fcf3180367 P e75de586bff14dcb9239989bd9a3ee9a [term 1 FOLLOWER]: Leader election won for term 1
I20260709 13:03:12.307149  8574 raft_consensus.cc:697] T 2386a93a4d9c40928c94d8fcf3180367 P e75de586bff14dcb9239989bd9a3ee9a [term 1 LEADER]: Becoming Leader. State: Replica: e75de586bff14dcb9239989bd9a3ee9a, State: Running, Role: LEADER
W20260709 13:03:12.303611  8286 outbound_call.cc:321] RPC callback for RPC call kudu.consensus.ConsensusService.UpdateConsensus -> {remote=127.7.2.131:38003, user_credentials={real_user=slave}} blocked reactor thread for 54494us
I20260709 13:03:12.307318  8512 raft_consensus.cc:359] T 56a4a22d963d49ba9a1c0a62eb45ea28 P dd140d87f1794e43bcb18dd0a743462c [term 0 FOLLOWER]: Replica starting. Triggering 0 pending ops. Active config: opid_index: -1 OBSOLETE_local: false peers { permanent_uuid: "dd140d87f1794e43bcb18dd0a743462c" member_type: VOTER last_known_addr { host: "127.7.2.129" port: 34861 } } peers { permanent_uuid: "d690c8047f484e1b8377bb4dceb2ce6e" member_type: VOTER last_known_addr { host: "127.7.2.130" port: 37829 } } peers { permanent_uuid: "e75de586bff14dcb9239989bd9a3ee9a" member_type: VOTER last_known_addr { host: "127.7.2.131" port: 38003 } }
I20260709 13:03:12.307988  8512 raft_consensus.cc:385] T 56a4a22d963d49ba9a1c0a62eb45ea28 P dd140d87f1794e43bcb18dd0a743462c [term 0 FOLLOWER]: Consensus starting up: Expiring failure detector timer to make a prompt election more likely
I20260709 13:03:12.308254  8512 raft_consensus.cc:740] T 56a4a22d963d49ba9a1c0a62eb45ea28 P dd140d87f1794e43bcb18dd0a743462c [term 0 FOLLOWER]: Becoming Follower/Learner. State: Replica: dd140d87f1794e43bcb18dd0a743462c, State: Initialized, Role: FOLLOWER
I20260709 13:03:12.308318  8574 consensus_queue.cc:237] T 2386a93a4d9c40928c94d8fcf3180367 P e75de586bff14dcb9239989bd9a3ee9a [LEADER]: Queue going to LEADER mode. State: All replicated index: 0, Majority replicated index: 0, Committed index: 0, Last appended: 0.0, Last appended by leader: 0, Current term: 1, Majority size: 2, State: 0, Mode: LEADER, active raft config: opid_index: -1 OBSOLETE_local: false peers { permanent_uuid: "dd140d87f1794e43bcb18dd0a743462c" member_type: VOTER last_known_addr { host: "127.7.2.129" port: 34861 } } peers { permanent_uuid: "d690c8047f484e1b8377bb4dceb2ce6e" member_type: VOTER last_known_addr { host: "127.7.2.130" port: 37829 } } peers { permanent_uuid: "e75de586bff14dcb9239989bd9a3ee9a" member_type: VOTER last_known_addr { host: "127.7.2.131" port: 38003 } }
I20260709 13:03:12.308851  8512 consensus_queue.cc:260] T 56a4a22d963d49ba9a1c0a62eb45ea28 P dd140d87f1794e43bcb18dd0a743462c [NON_LEADER]: Queue going to NON_LEADER mode. State: All replicated index: 0, Majority replicated index: 0, Committed index: 0, Last appended: 0.0, Last appended by leader: 0, Current term: 0, Majority size: -1, State: 0, Mode: NON_LEADER, active raft config: opid_index: -1 OBSOLETE_local: false peers { permanent_uuid: "dd140d87f1794e43bcb18dd0a743462c" member_type: VOTER last_known_addr { host: "127.7.2.129" port: 34861 } } peers { permanent_uuid: "d690c8047f484e1b8377bb4dceb2ce6e" member_type: VOTER last_known_addr { host: "127.7.2.130" port: 37829 } } peers { permanent_uuid: "e75de586bff14dcb9239989bd9a3ee9a" member_type: VOTER last_known_addr { host: "127.7.2.131" port: 38003 } }
I20260709 13:03:12.311215  8469 raft_consensus.cc:2468] T f5aeafc60eac4744ba0ace77909c8f92 P e75de586bff14dcb9239989bd9a3ee9a [term 1 FOLLOWER]: Leader election vote request: Granting yes vote for candidate dd140d87f1794e43bcb18dd0a743462c in term 1.
I20260709 13:03:12.311357  8395 tablet_service.cc:1917] Received RequestConsensusVote() RPC: tablet_id: "aa1d15d20a794786b865b6cbacd32434" candidate_uuid: "dd140d87f1794e43bcb18dd0a743462c" candidate_term: 1 candidate_status { last_received { term: 0 index: 0 } } ignore_live_leader: false dest_uuid: "d690c8047f484e1b8377bb4dceb2ce6e"
I20260709 13:03:12.311872  8395 raft_consensus.cc:3060] T aa1d15d20a794786b865b6cbacd32434 P d690c8047f484e1b8377bb4dceb2ce6e [term 0 FOLLOWER]: Advancing to term 1
I20260709 13:03:12.315135  8512 ts_tablet_manager.cc:1434] T 56a4a22d963d49ba9a1c0a62eb45ea28 P dd140d87f1794e43bcb18dd0a743462c: Time spent starting tablet: real 0.014s	user 0.006s	sys 0.000s
I20260709 13:03:12.316412  8512 tablet_bootstrap.cc:492] T bf2c13a3e73644b9a23d27817114b952 P dd140d87f1794e43bcb18dd0a743462c: Bootstrap starting.
I20260709 13:03:12.317728  8595 raft_consensus.cc:493] T a87f560bc5ac4d2b972104be156c9447 P dd140d87f1794e43bcb18dd0a743462c [term 0 FOLLOWER]: Starting pre-election (no leader contacted us within the election timeout)
I20260709 13:03:12.318539  8595 raft_consensus.cc:515] T a87f560bc5ac4d2b972104be156c9447 P dd140d87f1794e43bcb18dd0a743462c [term 0 FOLLOWER]: Starting pre-election with config: opid_index: -1 OBSOLETE_local: false peers { permanent_uuid: "dd140d87f1794e43bcb18dd0a743462c" member_type: VOTER last_known_addr { host: "127.7.2.129" port: 34861 } } peers { permanent_uuid: "d690c8047f484e1b8377bb4dceb2ce6e" member_type: VOTER last_known_addr { host: "127.7.2.130" port: 37829 } } peers { permanent_uuid: "e75de586bff14dcb9239989bd9a3ee9a" member_type: VOTER last_known_addr { host: "127.7.2.131" port: 38003 } }
I20260709 13:03:12.321671  8595 leader_election.cc:290] T a87f560bc5ac4d2b972104be156c9447 P dd140d87f1794e43bcb18dd0a743462c [CANDIDATE]: Term 1 pre-election: Requested pre-vote from peers d690c8047f484e1b8377bb4dceb2ce6e (127.7.2.130:37829), e75de586bff14dcb9239989bd9a3ee9a (127.7.2.131:38003)
I20260709 13:03:12.324893  8469 tablet_service.cc:1917] Received RequestConsensusVote() RPC: tablet_id: "aa1d15d20a794786b865b6cbacd32434" candidate_uuid: "dd140d87f1794e43bcb18dd0a743462c" candidate_term: 1 candidate_status { last_received { term: 0 index: 0 } } ignore_live_leader: false dest_uuid: "e75de586bff14dcb9239989bd9a3ee9a"
I20260709 13:03:12.329025  8469 raft_consensus.cc:3060] T aa1d15d20a794786b865b6cbacd32434 P e75de586bff14dcb9239989bd9a3ee9a [term 0 FOLLOWER]: Advancing to term 1
I20260709 13:03:12.330220  8511 tablet_bootstrap.cc:654] T 2f100503896b435e9a1477544a5022b2 P d690c8047f484e1b8377bb4dceb2ce6e: Neither blocks nor log segments found. Creating new log.
I20260709 13:03:12.329176  8397 tablet_service.cc:1917] Received RequestConsensusVote() RPC: tablet_id: "a87f560bc5ac4d2b972104be156c9447" candidate_uuid: "dd140d87f1794e43bcb18dd0a743462c" candidate_term: 1 candidate_status { last_received { term: 0 index: 0 } } ignore_live_leader: false dest_uuid: "d690c8047f484e1b8377bb4dceb2ce6e" is_pre_election: true
I20260709 13:03:12.332419  8397 raft_consensus.cc:2468] T a87f560bc5ac4d2b972104be156c9447 P d690c8047f484e1b8377bb4dceb2ce6e [term 0 FOLLOWER]: Leader pre-election vote request: Granting yes vote for candidate dd140d87f1794e43bcb18dd0a743462c in term 0.
I20260709 13:03:12.338172  8471 tablet_service.cc:1917] Received RequestConsensusVote() RPC: tablet_id: "a87f560bc5ac4d2b972104be156c9447" candidate_uuid: "dd140d87f1794e43bcb18dd0a743462c" candidate_term: 1 candidate_status { last_received { term: 0 index: 0 } } ignore_live_leader: false dest_uuid: "e75de586bff14dcb9239989bd9a3ee9a" is_pre_election: true
I20260709 13:03:12.338768  8471 raft_consensus.cc:2468] T a87f560bc5ac4d2b972104be156c9447 P e75de586bff14dcb9239989bd9a3ee9a [term 0 FOLLOWER]: Leader pre-election vote request: Granting yes vote for candidate dd140d87f1794e43bcb18dd0a743462c in term 0.
I20260709 13:03:12.342684  8286 leader_election.cc:304] T f5aeafc60eac4744ba0ace77909c8f92 P dd140d87f1794e43bcb18dd0a743462c [CANDIDATE]: Term 1 election: Election decided. Result: candidate won. Election summary: received 3 responses out of 3 voters: 2 yes votes; 1 no votes. yes voters: dd140d87f1794e43bcb18dd0a743462c, e75de586bff14dcb9239989bd9a3ee9a; no voters: d690c8047f484e1b8377bb4dceb2ce6e
