I20260709 13:03:16.058930  8396 tablet_service.cc:1917] Received RequestConsensusVote() RPC: tablet_id: "8bfe2a14ce34467fb58d184a9b392afd" candidate_uuid: "dd140d87f1794e43bcb18dd0a743462c" candidate_term: 1 candidate_status { last_received { term: 0 index: 0 } } ignore_live_leader: false dest_uuid: "d690c8047f484e1b8377bb4dceb2ce6e"
I20260709 13:03:16.073128  8764 raft_consensus.cc:515] T e7e14483b3d04bc7be499333da8d49d2 P d690c8047f484e1b8377bb4dceb2ce6e [term 1 FOLLOWER]: Starting leader election with config: opid_index: -1 OBSOLETE_local: false peers { permanent_uuid: "dd140d87f1794e43bcb18dd0a743462c" member_type: VOTER last_known_addr { host: "127.7.2.129" port: 34861 } } peers { permanent_uuid: "d690c8047f484e1b8377bb4dceb2ce6e" member_type: VOTER last_known_addr { host: "127.7.2.130" port: 37829 } } peers { permanent_uuid: "e75de586bff14dcb9239989bd9a3ee9a" member_type: VOTER last_known_addr { host: "127.7.2.131" port: 38003 } }
I20260709 13:03:16.147580  8764 leader_election.cc:290] T e7e14483b3d04bc7be499333da8d49d2 P d690c8047f484e1b8377bb4dceb2ce6e [CANDIDATE]: Term 1 election: Requested vote from peers dd140d87f1794e43bcb18dd0a743462c (127.7.2.129:34861), e75de586bff14dcb9239989bd9a3ee9a (127.7.2.131:38003)
I20260709 13:03:16.134546  8849 raft_consensus.cc:515] T 8bfe2a14ce34467fb58d184a9b392afd P d690c8047f484e1b8377bb4dceb2ce6e [term 1 FOLLOWER]: Starting leader election with config: opid_index: -1 OBSOLETE_local: false peers { permanent_uuid: "dd140d87f1794e43bcb18dd0a743462c" member_type: VOTER last_known_addr { host: "127.7.2.129" port: 34861 } } peers { permanent_uuid: "d690c8047f484e1b8377bb4dceb2ce6e" member_type: VOTER last_known_addr { host: "127.7.2.130" port: 37829 } } peers { permanent_uuid: "e75de586bff14dcb9239989bd9a3ee9a" member_type: VOTER last_known_addr { host: "127.7.2.131" port: 38003 } }
I20260709 13:03:16.149458  8396 raft_consensus.cc:2393] T 8bfe2a14ce34467fb58d184a9b392afd P d690c8047f484e1b8377bb4dceb2ce6e [term 1 FOLLOWER]: Leader election vote request: Denying vote to candidate dd140d87f1794e43bcb18dd0a743462c in current term 1: Already voted for candidate d690c8047f484e1b8377bb4dceb2ce6e in this term.
I20260709 13:03:16.150501  8849 leader_election.cc:290] T 8bfe2a14ce34467fb58d184a9b392afd P d690c8047f484e1b8377bb4dceb2ce6e [CANDIDATE]: Term 1 election: Requested vote from peers dd140d87f1794e43bcb18dd0a743462c (127.7.2.129:34861), e75de586bff14dcb9239989bd9a3ee9a (127.7.2.131:38003)
I20260709 13:03:16.164273  8835 leader_election.cc:290] T f82e648143894ca2988b1bbe6c91a4df P d690c8047f484e1b8377bb4dceb2ce6e [CANDIDATE]: Term 1 election: Requested vote from peers dd140d87f1794e43bcb18dd0a743462c (127.7.2.129:34861), e75de586bff14dcb9239989bd9a3ee9a (127.7.2.131:38003)
I20260709 13:03:16.192098  8322 tablet_service.cc:1917] Received RequestConsensusVote() RPC: tablet_id: "8bfe2a14ce34467fb58d184a9b392afd" candidate_uuid: "d690c8047f484e1b8377bb4dceb2ce6e" candidate_term: 1 candidate_status { last_received { term: 0 index: 0 } } ignore_live_leader: false dest_uuid: "dd140d87f1794e43bcb18dd0a743462c" is_pre_election: true
I20260709 13:03:16.192917  8322 raft_consensus.cc:2393] T 8bfe2a14ce34467fb58d184a9b392afd P dd140d87f1794e43bcb18dd0a743462c [term 1 FOLLOWER]: Leader pre-election vote request: Denying vote to candidate d690c8047f484e1b8377bb4dceb2ce6e in current term 1: Already voted for candidate dd140d87f1794e43bcb18dd0a743462c in this term.
I20260709 13:03:16.199967  8846 raft_consensus.cc:515] T e7e14483b3d04bc7be499333da8d49d2 P dd140d87f1794e43bcb18dd0a743462c [term 1 FOLLOWER]: Starting leader election with config: opid_index: -1 OBSOLETE_local: false peers { permanent_uuid: "dd140d87f1794e43bcb18dd0a743462c" member_type: VOTER last_known_addr { host: "127.7.2.129" port: 34861 } } peers { permanent_uuid: "d690c8047f484e1b8377bb4dceb2ce6e" member_type: VOTER last_known_addr { host: "127.7.2.130" port: 37829 } } peers { permanent_uuid: "e75de586bff14dcb9239989bd9a3ee9a" member_type: VOTER last_known_addr { host: "127.7.2.131" port: 38003 } }
W20260709 13:03:16.173050  8845 log.cc:927] Time spent T f688c660484849f6b99e06f89647c1b0 P dd140d87f1794e43bcb18dd0a743462c: Append to log took a long time: real 0.102s	user 0.006s	sys 0.009s
I20260709 13:03:16.222172  8217 catalog_manager.cc:5697] T c27f0b7d99ce4e4cb84c9b1093ef7279 P d690c8047f484e1b8377bb4dceb2ce6e reported cstate change: term changed from 0 to 1, leader changed from <none> to d690c8047f484e1b8377bb4dceb2ce6e (127.7.2.130). New cstate: current_term: 1 leader_uuid: "d690c8047f484e1b8377bb4dceb2ce6e" committed_config { opid_index: -1 OBSOLETE_local: false peers { permanent_uuid: "dd140d87f1794e43bcb18dd0a743462c" member_type: VOTER last_known_addr { host: "127.7.2.129" port: 34861 } health_report { overall_health: UNKNOWN } } peers { permanent_uuid: "d690c8047f484e1b8377bb4dceb2ce6e" member_type: VOTER last_known_addr { host: "127.7.2.130" port: 37829 } health_report { overall_health: HEALTHY } } peers { permanent_uuid: "e75de586bff14dcb9239989bd9a3ee9a" member_type: VOTER last_known_addr { host: "127.7.2.131" port: 38003 } health_report { overall_health: UNKNOWN } } }
I20260709 13:03:16.233065  8313 tablet_service.cc:1917] Received RequestConsensusVote() RPC: tablet_id: "e7e14483b3d04bc7be499333da8d49d2" candidate_uuid: "d690c8047f484e1b8377bb4dceb2ce6e" candidate_term: 1 candidate_status { last_received { term: 0 index: 0 } } ignore_live_leader: false dest_uuid: "dd140d87f1794e43bcb18dd0a743462c"
I20260709 13:03:16.233979  8313 raft_consensus.cc:2393] T e7e14483b3d04bc7be499333da8d49d2 P dd140d87f1794e43bcb18dd0a743462c [term 1 FOLLOWER]: Leader election vote request: Denying vote to candidate d690c8047f484e1b8377bb4dceb2ce6e in current term 1: Already voted for candidate dd140d87f1794e43bcb18dd0a743462c in this term.
W20260709 13:03:16.263527  8363 outbound_call.cc:321] RPC callback for RPC call kudu.consensus.ConsensusService.UpdateConsensus -> {remote=127.7.2.129:34861, user_credentials={real_user=slave}} blocked reactor thread for 47936.4us
I20260709 13:03:16.263821  8318 tablet_service.cc:1917] Received RequestConsensusVote() RPC: tablet_id: "f82e648143894ca2988b1bbe6c91a4df" candidate_uuid: "d690c8047f484e1b8377bb4dceb2ce6e" candidate_term: 1 candidate_status { last_received { term: 0 index: 0 } } ignore_live_leader: false dest_uuid: "dd140d87f1794e43bcb18dd0a743462c"
I20260709 13:03:16.266103  8846 leader_election.cc:290] T e7e14483b3d04bc7be499333da8d49d2 P dd140d87f1794e43bcb18dd0a743462c [CANDIDATE]: Term 1 election: Requested vote from peers d690c8047f484e1b8377bb4dceb2ce6e (127.7.2.130:37829), e75de586bff14dcb9239989bd9a3ee9a (127.7.2.131:38003)
I20260709 13:03:16.268427  8462 tablet_service.cc:1917] Received RequestConsensusVote() RPC: tablet_id: "f82e648143894ca2988b1bbe6c91a4df" candidate_uuid: "d690c8047f484e1b8377bb4dceb2ce6e" candidate_term: 1 candidate_status { last_received { term: 0 index: 0 } } ignore_live_leader: false dest_uuid: "e75de586bff14dcb9239989bd9a3ee9a"
I20260709 13:03:16.269093  8462 raft_consensus.cc:3060] T f82e648143894ca2988b1bbe6c91a4df P e75de586bff14dcb9239989bd9a3ee9a [term 0 FOLLOWER]: Advancing to term 1
I20260709 13:03:16.273492  8361 leader_election.cc:304] T 5ff68000fc924c5e972642f1be03159c P d690c8047f484e1b8377bb4dceb2ce6e [CANDIDATE]: Term 1 pre-election: Election decided. Result: candidate lost. Election summary: received 3 responses out of 3 voters: 1 yes votes; 2 no votes. yes voters: d690c8047f484e1b8377bb4dceb2ce6e; no voters: dd140d87f1794e43bcb18dd0a743462c, e75de586bff14dcb9239989bd9a3ee9a
I20260709 13:03:16.277998  8517 consensus_queue.cc:1048] T 95a2189716bf4799a4b9a29051ae5f39 P dd140d87f1794e43bcb18dd0a743462c [LEADER]: Connected to new peer: Peer: permanent_uuid: "d690c8047f484e1b8377bb4dceb2ce6e" member_type: VOTER last_known_addr { host: "127.7.2.130" port: 37829 }, Status: LMP_MISMATCH, Last received: 0.0, Next index: 1, Last known committed idx: 0, Time since last communication: 0.001s
I20260709 13:03:16.281032  8512 tablet_bootstrap.cc:492] T f82e648143894ca2988b1bbe6c91a4df P dd140d87f1794e43bcb18dd0a743462c: No bootstrap required, opened a new log
I20260709 13:03:16.281518  8512 ts_tablet_manager.cc:1403] T f82e648143894ca2988b1bbe6c91a4df P dd140d87f1794e43bcb18dd0a743462c: Time spent bootstrapping tablet: real 0.946s	user 0.024s	sys 0.020s
I20260709 13:03:16.285573  8835 raft_consensus.cc:3060] T 5ff68000fc924c5e972642f1be03159c P d690c8047f484e1b8377bb4dceb2ce6e [term 0 FOLLOWER]: Advancing to term 1
I20260709 13:03:16.302294  8465 tablet_service.cc:1917] Received RequestConsensusVote() RPC: tablet_id: "8bfe2a14ce34467fb58d184a9b392afd" candidate_uuid: "d690c8047f484e1b8377bb4dceb2ce6e" candidate_term: 1 candidate_status { last_received { term: 0 index: 0 } } ignore_live_leader: false dest_uuid: "e75de586bff14dcb9239989bd9a3ee9a"
I20260709 13:03:16.307299  8465 raft_consensus.cc:3060] T 8bfe2a14ce34467fb58d184a9b392afd P e75de586bff14dcb9239989bd9a3ee9a [term 0 FOLLOWER]: Advancing to term 1
I20260709 13:03:16.311792  8511 tablet_bootstrap.cc:492] T b6564b2daf7d4022b4f0d48da04deaf2 P d690c8047f484e1b8377bb4dceb2ce6e: No bootstrap required, opened a new log
I20260709 13:03:16.312448  8511 ts_tablet_manager.cc:1403] T b6564b2daf7d4022b4f0d48da04deaf2 P d690c8047f484e1b8377bb4dceb2ce6e: Time spent bootstrapping tablet: real 0.368s	user 0.010s	sys 0.016s
I20260709 13:03:16.299417  8314 tablet_service.cc:1917] Received RequestConsensusVote() RPC: tablet_id: "8bfe2a14ce34467fb58d184a9b392afd" candidate_uuid: "d690c8047f484e1b8377bb4dceb2ce6e" candidate_term: 1 candidate_status { last_received { term: 0 index: 0 } } ignore_live_leader: false dest_uuid: "dd140d87f1794e43bcb18dd0a743462c"
I20260709 13:03:16.353086  8471 tablet_service.cc:1917] Received RequestConsensusVote() RPC: tablet_id: "8bfe2a14ce34467fb58d184a9b392afd" candidate_uuid: "dd140d87f1794e43bcb18dd0a743462c" candidate_term: 1 candidate_status { last_received { term: 0 index: 0 } } ignore_live_leader: false dest_uuid: "e75de586bff14dcb9239989bd9a3ee9a"
I20260709 13:03:16.353291  8512 raft_consensus.cc:359] T f82e648143894ca2988b1bbe6c91a4df P dd140d87f1794e43bcb18dd0a743462c [term 0 FOLLOWER]: Replica starting. Triggering 0 pending ops. Active config: opid_index: -1 OBSOLETE_local: false peers { permanent_uuid: "dd140d87f1794e43bcb18dd0a743462c" member_type: VOTER last_known_addr { host: "127.7.2.129" port: 34861 } } peers { permanent_uuid: "d690c8047f484e1b8377bb4dceb2ce6e" member_type: VOTER last_known_addr { host: "127.7.2.130" port: 37829 } } peers { permanent_uuid: "e75de586bff14dcb9239989bd9a3ee9a" member_type: VOTER last_known_addr { host: "127.7.2.131" port: 38003 } }
I20260709 13:03:16.353910  8512 raft_consensus.cc:385] T f82e648143894ca2988b1bbe6c91a4df P dd140d87f1794e43bcb18dd0a743462c [term 0 FOLLOWER]: Consensus starting up: Expiring failure detector timer to make a prompt election more likely
I20260709 13:03:16.354171  8512 raft_consensus.cc:740] T f82e648143894ca2988b1bbe6c91a4df P dd140d87f1794e43bcb18dd0a743462c [term 0 FOLLOWER]: Becoming Follower/Learner. State: Replica: dd140d87f1794e43bcb18dd0a743462c, State: Initialized, Role: FOLLOWER
I20260709 13:03:16.354771  8512 consensus_queue.cc:260] T f82e648143894ca2988b1bbe6c91a4df P dd140d87f1794e43bcb18dd0a743462c [NON_LEADER]: Queue going to NON_LEADER mode. State: All replicated index: 0, Majority replicated index: 0, Committed index: 0, Last appended: 0.0, Last appended by leader: 0, Current term: 0, Majority size: -1, State: 0, Mode: NON_LEADER, active raft config: opid_index: -1 OBSOLETE_local: false peers { permanent_uuid: "dd140d87f1794e43bcb18dd0a743462c" member_type: VOTER last_known_addr { host: "127.7.2.129" port: 34861 } } peers { permanent_uuid: "d690c8047f484e1b8377bb4dceb2ce6e" member_type: VOTER last_known_addr { host: "127.7.2.130" port: 37829 } } peers { permanent_uuid: "e75de586bff14dcb9239989bd9a3ee9a" member_type: VOTER last_known_addr { host: "127.7.2.131" port: 38003 } }
I20260709 13:03:16.358059  8511 raft_consensus.cc:359] T b6564b2daf7d4022b4f0d48da04deaf2 P d690c8047f484e1b8377bb4dceb2ce6e [term 0 FOLLOWER]: Replica starting. Triggering 0 pending ops. Active config: opid_index: -1 OBSOLETE_local: false peers { permanent_uuid: "dd140d87f1794e43bcb18dd0a743462c" member_type: VOTER last_known_addr { host: "127.7.2.129" port: 34861 } } peers { permanent_uuid: "d690c8047f484e1b8377bb4dceb2ce6e" member_type: VOTER last_known_addr { host: "127.7.2.130" port: 37829 } } peers { permanent_uuid: "e75de586bff14dcb9239989bd9a3ee9a" member_type: VOTER last_known_addr { host: "127.7.2.131" port: 38003 } }
I20260709 13:03:16.358744  8511 raft_consensus.cc:385] T b6564b2daf7d4022b4f0d48da04deaf2 P d690c8047f484e1b8377bb4dceb2ce6e [term 0 FOLLOWER]: Consensus starting up: Expiring failure detector timer to make a prompt election more likely
I20260709 13:03:16.358999  8511 raft_consensus.cc:740] T b6564b2daf7d4022b4f0d48da04deaf2 P d690c8047f484e1b8377bb4dceb2ce6e [term 0 FOLLOWER]: Becoming Follower/Learner. State: Replica: d690c8047f484e1b8377bb4dceb2ce6e, State: Initialized, Role: FOLLOWER
I20260709 13:03:16.359587  8511 consensus_queue.cc:260] T b6564b2daf7d4022b4f0d48da04deaf2 P d690c8047f484e1b8377bb4dceb2ce6e [NON_LEADER]: Queue going to NON_LEADER mode. State: All replicated index: 0, Majority replicated index: 0, Committed index: 0, Last appended: 0.0, Last appended by leader: 0, Current term: 0, Majority size: -1, State: 0, Mode: NON_LEADER, active raft config: opid_index: -1 OBSOLETE_local: false peers { permanent_uuid: "dd140d87f1794e43bcb18dd0a743462c" member_type: VOTER last_known_addr { host: "127.7.2.129" port: 34861 } } peers { permanent_uuid: "d690c8047f484e1b8377bb4dceb2ce6e" member_type: VOTER last_known_addr { host: "127.7.2.130" port: 37829 } } peers { permanent_uuid: "e75de586bff14dcb9239989bd9a3ee9a" member_type: VOTER last_known_addr { host: "127.7.2.131" port: 38003 } }
I20260709 13:03:16.304489  8394 tablet_service.cc:1917] Received RequestConsensusVote() RPC: tablet_id: "7150790be8044238bf98f84e320d0c68" candidate_uuid: "e75de586bff14dcb9239989bd9a3ee9a" candidate_term: 1 candidate_status { last_received { term: 0 index: 0 } } ignore_live_leader: false dest_uuid: "d690c8047f484e1b8377bb4dceb2ce6e"
I20260709 13:03:16.298424  8849 consensus_queue.cc:1048] T c27f0b7d99ce4e4cb84c9b1093ef7279 P d690c8047f484e1b8377bb4dceb2ce6e [LEADER]: Connected to new peer: Peer: permanent_uuid: "e75de586bff14dcb9239989bd9a3ee9a" member_type: VOTER last_known_addr { host: "127.7.2.131" port: 38003 }, Status: LMP_MISMATCH, Last received: 0.0, Next index: 1, Last known committed idx: 0, Time since last communication: 0.050s
I20260709 13:03:16.368952  8511 ts_tablet_manager.cc:1434] T b6564b2daf7d4022b4f0d48da04deaf2 P d690c8047f484e1b8377bb4dceb2ce6e: Time spent starting tablet: real 0.056s	user 0.005s	sys 0.001s
I20260709 13:03:16.373872  8394 raft_consensus.cc:3060] T 7150790be8044238bf98f84e320d0c68 P d690c8047f484e1b8377bb4dceb2ce6e [term 0 FOLLOWER]: Advancing to term 1
I20260709 13:03:16.374464  8511 tablet_bootstrap.cc:492] T 53c15ffe538a400ebb2740b13005c457 P d690c8047f484e1b8377bb4dceb2ce6e: Bootstrap starting.
W20260709 13:03:16.370527  8840 log.cc:927] Time spent T 2a9016aa2d7c49479799af6289b16603 P e75de586bff14dcb9239989bd9a3ee9a: Append to log took a long time: real 0.056s	user 0.000s	sys 0.000s
I20260709 13:03:16.371007  8314 raft_consensus.cc:2393] T 8bfe2a14ce34467fb58d184a9b392afd P dd140d87f1794e43bcb18dd0a743462c [term 1 FOLLOWER]: Leader election vote request: Denying vote to candidate d690c8047f484e1b8377bb4dceb2ce6e in current term 1: Already voted for candidate dd140d87f1794e43bcb18dd0a743462c in this term.
I20260709 13:03:16.384325  8462 raft_consensus.cc:2468] T f82e648143894ca2988b1bbe6c91a4df P e75de586bff14dcb9239989bd9a3ee9a [term 1 FOLLOWER]: Leader election vote request: Granting yes vote for candidate d690c8047f484e1b8377bb4dceb2ce6e in term 1.
I20260709 13:03:16.365931  8465 raft_consensus.cc:2468] T 8bfe2a14ce34467fb58d184a9b392afd P e75de586bff14dcb9239989bd9a3ee9a [term 1 FOLLOWER]: Leader election vote request: Granting yes vote for candidate d690c8047f484e1b8377bb4dceb2ce6e in term 1.
I20260709 13:03:16.392141  8513 tablet_bootstrap.cc:492] T 746187ec8c014038a43d7776b325cd9a P e75de586bff14dcb9239989bd9a3ee9a: No bootstrap required, opened a new log
I20260709 13:03:16.392592  8513 ts_tablet_manager.cc:1403] T 746187ec8c014038a43d7776b325cd9a P e75de586bff14dcb9239989bd9a3ee9a: Time spent bootstrapping tablet: real 0.402s	user 0.021s	sys 0.011s
I20260709 13:03:16.393882  8512 ts_tablet_manager.cc:1434] T f82e648143894ca2988b1bbe6c91a4df P dd140d87f1794e43bcb18dd0a743462c: Time spent starting tablet: real 0.112s	user 0.007s	sys 0.000s
I20260709 13:03:16.398558  8513 raft_consensus.cc:359] T 746187ec8c014038a43d7776b325cd9a P e75de586bff14dcb9239989bd9a3ee9a [term 0 FOLLOWER]: Replica starting. Triggering 0 pending ops. Active config: opid_index: -1 OBSOLETE_local: false peers { permanent_uuid: "dd140d87f1794e43bcb18dd0a743462c" member_type: VOTER last_known_addr { host: "127.7.2.129" port: 34861 } } peers { permanent_uuid: "d690c8047f484e1b8377bb4dceb2ce6e" member_type: VOTER last_known_addr { host: "127.7.2.130" port: 37829 } } peers { permanent_uuid: "e75de586bff14dcb9239989bd9a3ee9a" member_type: VOTER last_known_addr { host: "127.7.2.131" port: 38003 } }
I20260709 13:03:16.399479  8513 raft_consensus.cc:385] T 746187ec8c014038a43d7776b325cd9a P e75de586bff14dcb9239989bd9a3ee9a [term 0 FOLLOWER]: Consensus starting up: Expiring failure detector timer to make a prompt election more likely
I20260709 13:03:16.399818  8513 raft_consensus.cc:740] T 746187ec8c014038a43d7776b325cd9a P e75de586bff14dcb9239989bd9a3ee9a [term 0 FOLLOWER]: Becoming Follower/Learner. State: Replica: e75de586bff14dcb9239989bd9a3ee9a, State: Initialized, Role: FOLLOWER
I20260709 13:03:16.400638  8513 consensus_queue.cc:260] T 746187ec8c014038a43d7776b325cd9a P e75de586bff14dcb9239989bd9a3ee9a [NON_LEADER]: Queue going to NON_LEADER mode. State: All replicated index: 0, Majority replicated index: 0, Committed index: 0, Last appended: 0.0, Last appended by leader: 0, Current term: 0, Majority size: -1, State: 0, Mode: NON_LEADER, active raft config: opid_index: -1 OBSOLETE_local: false peers { permanent_uuid: "dd140d87f1794e43bcb18dd0a743462c" member_type: VOTER last_known_addr { host: "127.7.2.129" port: 34861 } } peers { permanent_uuid: "d690c8047f484e1b8377bb4dceb2ce6e" member_type: VOTER last_known_addr { host: "127.7.2.130" port: 37829 } } peers { permanent_uuid: "e75de586bff14dcb9239989bd9a3ee9a" member_type: VOTER last_known_addr { host: "127.7.2.131" port: 38003 } }
I20260709 13:03:16.402798  8513 ts_tablet_manager.cc:1434] T 746187ec8c014038a43d7776b325cd9a P e75de586bff14dcb9239989bd9a3ee9a: Time spent starting tablet: real 0.010s	user 0.007s	sys 0.000s
I20260709 13:03:16.407572  8465 tablet_service.cc:1917] Received RequestConsensusVote() RPC: tablet_id: "e7e14483b3d04bc7be499333da8d49d2" candidate_uuid: "dd140d87f1794e43bcb18dd0a743462c" candidate_term: 1 candidate_status { last_received { term: 0 index: 0 } } ignore_live_leader: false dest_uuid: "e75de586bff14dcb9239989bd9a3ee9a"
I20260709 13:03:16.408164  8465 raft_consensus.cc:3060] T e7e14483b3d04bc7be499333da8d49d2 P e75de586bff14dcb9239989bd9a3ee9a [term 0 FOLLOWER]: Advancing to term 1
I20260709 13:03:16.410662  8397 tablet_service.cc:1917] Received RequestConsensusVote() RPC: tablet_id: "5ff68000fc924c5e972642f1be03159c" candidate_uuid: "e75de586bff14dcb9239989bd9a3ee9a" candidate_term: 1 candidate_status { last_received { term: 0 index: 0 } } ignore_live_leader: false dest_uuid: "d690c8047f484e1b8377bb4dceb2ce6e"
I20260709 13:03:16.413115  8361 leader_election.cc:304] T 8bfe2a14ce34467fb58d184a9b392afd P d690c8047f484e1b8377bb4dceb2ce6e [CANDIDATE]: Term 1 election: Election decided. Result: candidate won. Election summary: received 2 responses out of 3 voters: 2 yes votes; 0 no votes. yes voters: d690c8047f484e1b8377bb4dceb2ce6e, e75de586bff14dcb9239989bd9a3ee9a; no voters: 
I20260709 13:03:16.413970  8849 raft_consensus.cc:2804] T 8bfe2a14ce34467fb58d184a9b392afd P d690c8047f484e1b8377bb4dceb2ce6e [term 1 FOLLOWER]: Leader election won for term 1
I20260709 13:03:16.414466  8849 raft_consensus.cc:697] T 8bfe2a14ce34467fb58d184a9b392afd P d690c8047f484e1b8377bb4dceb2ce6e [term 1 LEADER]: Becoming Leader. State: Replica: d690c8047f484e1b8377bb4dceb2ce6e, State: Running, Role: LEADER
I20260709 13:03:16.415283  8849 consensus_queue.cc:237] T 8bfe2a14ce34467fb58d184a9b392afd P d690c8047f484e1b8377bb4dceb2ce6e [LEADER]: Queue going to LEADER mode. State: All replicated index: 0, Majority replicated index: 0, Committed index: 0, Last appended: 0.0, Last appended by leader: 0, Current term: 1, Majority size: 2, State: 0, Mode: LEADER, active raft config: opid_index: -1 OBSOLETE_local: false peers { permanent_uuid: "dd140d87f1794e43bcb18dd0a743462c" member_type: VOTER last_known_addr { host: "127.7.2.129" port: 34861 } } peers { permanent_uuid: "d690c8047f484e1b8377bb4dceb2ce6e" member_type: VOTER last_known_addr { host: "127.7.2.130" port: 37829 } } peers { permanent_uuid: "e75de586bff14dcb9239989bd9a3ee9a" member_type: VOTER last_known_addr { host: "127.7.2.131" port: 38003 } }
I20260709 13:03:16.418756  8705 raft_consensus.cc:493] T 6ce5e8ab9ced4f39b700670f89c93a9b P d690c8047f484e1b8377bb4dceb2ce6e [term 1 FOLLOWER]: Starting pre-election (detected failure of leader e75de586bff14dcb9239989bd9a3ee9a)
I20260709 13:03:16.419199  8705 raft_consensus.cc:515] T 6ce5e8ab9ced4f39b700670f89c93a9b P d690c8047f484e1b8377bb4dceb2ce6e [term 1 FOLLOWER]: Starting pre-election with config: opid_index: -1 OBSOLETE_local: false peers { permanent_uuid: "dd140d87f1794e43bcb18dd0a743462c" member_type: VOTER last_known_addr { host: "127.7.2.129" port: 34861 } } peers { permanent_uuid: "d690c8047f484e1b8377bb4dceb2ce6e" member_type: VOTER last_known_addr { host: "127.7.2.130" port: 37829 } } peers { permanent_uuid: "e75de586bff14dcb9239989bd9a3ee9a" member_type: VOTER last_known_addr { host: "127.7.2.131" port: 38003 } }
I20260709 13:03:16.420629  8394 raft_consensus.cc:2468] T 7150790be8044238bf98f84e320d0c68 P d690c8047f484e1b8377bb4dceb2ce6e [term 1 FOLLOWER]: Leader election vote request: Granting yes vote for candidate e75de586bff14dcb9239989bd9a3ee9a in term 1.
I20260709 13:03:16.421281  8705 leader_election.cc:290] T 6ce5e8ab9ced4f39b700670f89c93a9b P d690c8047f484e1b8377bb4dceb2ce6e [CANDIDATE]: Term 2 pre-election: Requested pre-vote from peers dd140d87f1794e43bcb18dd0a743462c (127.7.2.129:34861), e75de586bff14dcb9239989bd9a3ee9a (127.7.2.131:38003)
I20260709 13:03:16.421873  8286 leader_election.cc:304] T 8bfe2a14ce34467fb58d184a9b392afd P dd140d87f1794e43bcb18dd0a743462c [CANDIDATE]: Term 1 election: Election decided. Result: candidate lost. Election summary: received 3 responses out of 3 voters: 1 yes votes; 2 no votes. yes voters: dd140d87f1794e43bcb18dd0a743462c; no voters: d690c8047f484e1b8377bb4dceb2ce6e, e75de586bff14dcb9239989bd9a3ee9a
I20260709 13:03:16.462392  8361 leader_election.cc:304] T f82e648143894ca2988b1bbe6c91a4df P d690c8047f484e1b8377bb4dceb2ce6e [CANDIDATE]: Term 1 election: Election decided. Result: candidate won. Election summary: received 2 responses out of 3 voters: 2 yes votes; 0 no votes. yes voters: d690c8047f484e1b8377bb4dceb2ce6e, e75de586bff14dcb9239989bd9a3ee9a; no voters: 
I20260709 13:03:16.465477  8826 raft_consensus.cc:2749] T 8bfe2a14ce34467fb58d184a9b392afd P dd140d87f1794e43bcb18dd0a743462c [term 1 FOLLOWER]: Leader election lost for term 1. Reason: could not achieve majority
I20260709 13:03:16.471781  8512 tablet_bootstrap.cc:492] T 7150790be8044238bf98f84e320d0c68 P dd140d87f1794e43bcb18dd0a743462c: Bootstrap starting.
I20260709 13:03:16.470992  8830 raft_consensus.cc:2804] T f82e648143894ca2988b1bbe6c91a4df P d690c8047f484e1b8377bb4dceb2ce6e [term 1 FOLLOWER]: Leader election won for term 1
I20260709 13:03:16.476251  8468 tablet_service.cc:1917] Received RequestConsensusVote() RPC: tablet_id: "6ce5e8ab9ced4f39b700670f89c93a9b" candidate_uuid: "d690c8047f484e1b8377bb4dceb2ce6e" candidate_term: 2 candidate_status { last_received { term: 1 index: 1 } } ignore_live_leader: false dest_uuid: "e75de586bff14dcb9239989bd9a3ee9a" is_pre_election: true
I20260709 13:03:16.471091  8775 consensus_queue.cc:1048] T 95a2189716bf4799a4b9a29051ae5f39 P dd140d87f1794e43bcb18dd0a743462c [LEADER]: Connected to new peer: Peer: permanent_uuid: "e75de586bff14dcb9239989bd9a3ee9a" member_type: VOTER last_known_addr { host: "127.7.2.131" port: 38003 }, Status: LMP_MISMATCH, Last received: 0.0, Next index: 1, Last known committed idx: 0, Time since last communication: 0.007s
I20260709 13:03:16.481150  8511 tablet_bootstrap.cc:654] T 53c15ffe538a400ebb2740b13005c457 P d690c8047f484e1b8377bb4dceb2ce6e: Neither blocks nor log segments found. Creating new log.
I20260709 13:03:16.470947  8465 raft_consensus.cc:2468] T e7e14483b3d04bc7be499333da8d49d2 P e75de586bff14dcb9239989bd9a3ee9a [term 1 FOLLOWER]: Leader election vote request: Granting yes vote for candidate dd140d87f1794e43bcb18dd0a743462c in term 1.
I20260709 13:03:16.476682  8830 raft_consensus.cc:697] T f82e648143894ca2988b1bbe6c91a4df P d690c8047f484e1b8377bb4dceb2ce6e [term 1 LEADER]: Becoming Leader. State: Replica: d690c8047f484e1b8377bb4dceb2ce6e, State: Running, Role: LEADER
I20260709 13:03:16.489095  8830 consensus_queue.cc:237] T f82e648143894ca2988b1bbe6c91a4df P d690c8047f484e1b8377bb4dceb2ce6e [LEADER]: Queue going to LEADER mode. State: All replicated index: 0, Majority replicated index: 0, Committed index: 0, Last appended: 0.0, Last appended by leader: 0, Current term: 1, Majority size: 2, State: 0, Mode: LEADER, active raft config: opid_index: -1 OBSOLETE_local: false peers { permanent_uuid: "dd140d87f1794e43bcb18dd0a743462c" member_type: VOTER last_known_addr { host: "127.7.2.129" port: 34861 } } peers { permanent_uuid: "d690c8047f484e1b8377bb4dceb2ce6e" member_type: VOTER last_known_addr { host: "127.7.2.130" port: 37829 } } peers { permanent_uuid: "e75de586bff14dcb9239989bd9a3ee9a" member_type: VOTER last_known_addr { host: "127.7.2.131" port: 38003 } }
I20260709 13:03:16.477005  8389 tablet_service.cc:1917] Received RequestConsensusVote() RPC: tablet_id: "ae78ae0804d8430887c5229b7a54e906" candidate_uuid: "e75de586bff14dcb9239989bd9a3ee9a" candidate_term: 1 candidate_status { last_received { term: 0 index: 0 } } ignore_live_leader: false dest_uuid: "d690c8047f484e1b8377bb4dceb2ce6e"
I20260709 13:03:16.492733  8389 raft_consensus.cc:3060] T ae78ae0804d8430887c5229b7a54e906 P d690c8047f484e1b8377bb4dceb2ce6e [term 0 FOLLOWER]: Advancing to term 1
I20260709 13:03:16.495782  8469 tablet_service.cc:1917] Received RequestConsensusVote() RPC: tablet_id: "e7e14483b3d04bc7be499333da8d49d2" candidate_uuid: "d690c8047f484e1b8377bb4dceb2ce6e" candidate_term: 1 candidate_status { last_received { term: 0 index: 0 } } ignore_live_leader: false dest_uuid: "e75de586bff14dcb9239989bd9a3ee9a"
I20260709 13:03:16.496572  8469 raft_consensus.cc:2393] T e7e14483b3d04bc7be499333da8d49d2 P e75de586bff14dcb9239989bd9a3ee9a [term 1 FOLLOWER]: Leader election vote request: Denying vote to candidate d690c8047f484e1b8377bb4dceb2ce6e in current term 1: Already voted for candidate dd140d87f1794e43bcb18dd0a743462c in this term.
I20260709 13:03:16.541570  8835 raft_consensus.cc:2749] T 5ff68000fc924c5e972642f1be03159c P d690c8047f484e1b8377bb4dceb2ce6e [term 1 FOLLOWER]: Leader pre-election lost for term 1. Reason: could not achieve majority
I20260709 13:03:16.503041  8286 leader_election.cc:304] T e7e14483b3d04bc7be499333da8d49d2 P dd140d87f1794e43bcb18dd0a743462c [CANDIDATE]: Term 1 election: Election decided. Result: candidate won. Election summary: received 2 responses out of 3 voters: 2 yes votes; 0 no votes. yes voters: dd140d87f1794e43bcb18dd0a743462c, e75de586bff14dcb9239989bd9a3ee9a; no voters: 
I20260709 13:03:16.601997  8699 raft_consensus.cc:493] T 746187ec8c014038a43d7776b325cd9a P e75de586bff14dcb9239989bd9a3ee9a [term 0 FOLLOWER]: Starting pre-election (no leader contacted us within the election timeout)
I20260709 13:03:16.657387  8699 raft_consensus.cc:515] T 746187ec8c014038a43d7776b325cd9a P e75de586bff14dcb9239989bd9a3ee9a [term 0 FOLLOWER]: Starting pre-election with config: opid_index: -1 OBSOLETE_local: false peers { permanent_uuid: "dd140d87f1794e43bcb18dd0a743462c" member_type: VOTER last_known_addr { host: "127.7.2.129" port: 34861 } } peers { permanent_uuid: "d690c8047f484e1b8377bb4dceb2ce6e" member_type: VOTER last_known_addr { host: "127.7.2.130" port: 37829 } } peers { permanent_uuid: "e75de586bff14dcb9239989bd9a3ee9a" member_type: VOTER last_known_addr { host: "127.7.2.131" port: 38003 } }
I20260709 13:03:16.555461  8513 tablet_bootstrap.cc:492] T b6564b2daf7d4022b4f0d48da04deaf2 P e75de586bff14dcb9239989bd9a3ee9a: Bootstrap starting.
I20260709 13:03:16.660033  8435 leader_election.cc:304] T 7150790be8044238bf98f84e320d0c68 P e75de586bff14dcb9239989bd9a3ee9a [CANDIDATE]: Term 1 election: Election decided. Result: candidate won. Election summary: received 3 responses out of 3 voters: 2 yes votes; 1 no votes. yes voters: d690c8047f484e1b8377bb4dceb2ce6e, e75de586bff14dcb9239989bd9a3ee9a; no voters: dd140d87f1794e43bcb18dd0a743462c
I20260709 13:03:16.544041  8318 tablet_service.cc:1917] Received RequestConsensusVote() RPC: tablet_id: "6ce5e8ab9ced4f39b700670f89c93a9b" candidate_uuid: "d690c8047f484e1b8377bb4dceb2ce6e" candidate_term: 2 candidate_status { last_received { term: 1 index: 1 } } ignore_live_leader: false dest_uuid: "dd140d87f1794e43bcb18dd0a743462c" is_pre_election: true
I20260709 13:03:16.606587  8219 catalog_manager.cc:5697] T 95a2189716bf4799a4b9a29051ae5f39 P dd140d87f1794e43bcb18dd0a743462c reported cstate change: term changed from 0 to 1, leader changed from <none> to dd140d87f1794e43bcb18dd0a743462c (127.7.2.129). New cstate: current_term: 1 leader_uuid: "dd140d87f1794e43bcb18dd0a743462c" committed_config { opid_index: -1 OBSOLETE_local: false peers { permanent_uuid: "dd140d87f1794e43bcb18dd0a743462c" member_type: VOTER last_known_addr { host: "127.7.2.129" port: 34861 } health_report { overall_health: HEALTHY } } peers { permanent_uuid: "d690c8047f484e1b8377bb4dceb2ce6e" member_type: VOTER last_known_addr { host: "127.7.2.130" port: 37829 } health_report { overall_health: UNKNOWN } } peers { permanent_uuid: "e75de586bff14dcb9239989bd9a3ee9a" member_type: VOTER last_known_addr { host: "127.7.2.131" port: 38003 } health_report { overall_health: UNKNOWN } } }
I20260709 13:03:16.665692  8592 raft_consensus.cc:2804] T e7e14483b3d04bc7be499333da8d49d2 P dd140d87f1794e43bcb18dd0a743462c [term 1 FOLLOWER]: Leader election won for term 1
I20260709 13:03:16.666373  8592 raft_consensus.cc:697] T e7e14483b3d04bc7be499333da8d49d2 P dd140d87f1794e43bcb18dd0a743462c [term 1 LEADER]: Becoming Leader. State: Replica: dd140d87f1794e43bcb18dd0a743462c, State: Running, Role: LEADER
W20260709 13:03:16.667469  8286 outbound_call.cc:321] RPC callback for RPC call kudu.consensus.ConsensusService.RequestConsensusVote -> {remote=127.7.2.131:38003, user_credentials={real_user=slave}} blocked reactor thread for 164543us
I20260709 13:03:16.669494  8592 consensus_queue.cc:237] T e7e14483b3d04bc7be499333da8d49d2 P dd140d87f1794e43bcb18dd0a743462c [LEADER]: Queue going to LEADER mode. State: All replicated index: 0, Majority replicated index: 0, Committed index: 0, Last appended: 0.0, Last appended by leader: 0, Current term: 1, Majority size: 2, State: 0, Mode: LEADER, active raft config: opid_index: -1 OBSOLETE_local: false peers { permanent_uuid: "dd140d87f1794e43bcb18dd0a743462c" member_type: VOTER last_known_addr { host: "127.7.2.129" port: 34861 } } peers { permanent_uuid: "d690c8047f484e1b8377bb4dceb2ce6e" member_type: VOTER last_known_addr { host: "127.7.2.130" port: 37829 } } peers { permanent_uuid: "e75de586bff14dcb9239989bd9a3ee9a" member_type: VOTER last_known_addr { host: "127.7.2.131" port: 38003 } }
W20260709 13:03:16.606320  8268 auto_rebalancer.cc:288] Could not retrieve cluster info: Service unavailable: Tablet not running
W20260709 13:03:16.674225  8363 leader_election.cc:343] T f82e648143894ca2988b1bbe6c91a4df P d690c8047f484e1b8377bb4dceb2ce6e [CANDIDATE]: Term 1 election: Tablet error from VoteRequest() call to peer dd140d87f1794e43bcb18dd0a743462c (127.7.2.129:34861): Illegal state: must be running to vote when last-logged opid is not known
I20260709 13:03:16.541772  8389 raft_consensus.cc:2468] T ae78ae0804d8430887c5229b7a54e906 P d690c8047f484e1b8377bb4dceb2ce6e [term 1 FOLLOWER]: Leader election vote request: Granting yes vote for candidate e75de586bff14dcb9239989bd9a3ee9a in term 1.
I20260709 13:03:16.552316  8841 raft_consensus.cc:493] T 246d163f561449839076e9475d84709e P e75de586bff14dcb9239989bd9a3ee9a [term 0 FOLLOWER]: Starting pre-election (no leader contacted us within the election timeout)
I20260709 13:03:16.559221  8395 tablet_service.cc:1917] Received RequestConsensusVote() RPC: tablet_id: "e7e14483b3d04bc7be499333da8d49d2" candidate_uuid: "dd140d87f1794e43bcb18dd0a743462c" candidate_term: 1 candidate_status { last_received { term: 0 index: 0 } } ignore_live_leader: false dest_uuid: "d690c8047f484e1b8377bb4dceb2ce6e"
I20260709 13:03:16.663750  8769 raft_consensus.cc:2804] T 7150790be8044238bf98f84e320d0c68 P e75de586bff14dcb9239989bd9a3ee9a [term 1 FOLLOWER]: Leader election won for term 1
I20260709 13:03:16.685576  8512 tablet_bootstrap.cc:654] T 7150790be8044238bf98f84e320d0c68 P dd140d87f1794e43bcb18dd0a743462c: Neither blocks nor log segments found. Creating new log.
I20260709 13:03:16.687058  8395 raft_consensus.cc:2393] T e7e14483b3d04bc7be499333da8d49d2 P d690c8047f484e1b8377bb4dceb2ce6e [term 1 FOLLOWER]: Leader election vote request: Denying vote to candidate dd140d87f1794e43bcb18dd0a743462c in current term 1: Already voted for candidate d690c8047f484e1b8377bb4dceb2ce6e in this term.
I20260709 13:03:16.689476  8435 leader_election.cc:304] T ae78ae0804d8430887c5229b7a54e906 P e75de586bff14dcb9239989bd9a3ee9a [CANDIDATE]: Term 1 election: Election decided. Result: candidate won. Election summary: received 3 responses out of 3 voters: 2 yes votes; 1 no votes. yes voters: d690c8047f484e1b8377bb4dceb2ce6e, e75de586bff14dcb9239989bd9a3ee9a; no voters: dd140d87f1794e43bcb18dd0a743462c
I20260709 13:03:16.690169  8769 raft_consensus.cc:697] T 7150790be8044238bf98f84e320d0c68 P e75de586bff14dcb9239989bd9a3ee9a [term 1 LEADER]: Becoming Leader. State: Replica: e75de586bff14dcb9239989bd9a3ee9a, State: Running, Role: LEADER
W20260709 13:03:16.695117  8363 consensus_peers.cc:597] T c27f0b7d99ce4e4cb84c9b1093ef7279 P d690c8047f484e1b8377bb4dceb2ce6e -> Peer dd140d87f1794e43bcb18dd0a743462c (127.7.2.129:34861): Couldn't send request to peer dd140d87f1794e43bcb18dd0a743462c. Error code: TABLET_NOT_RUNNING (12). Status: Illegal state: Tablet not RUNNING: INITIALIZED. This is attempt 1: this message will repeat every 5th retry.
I20260709 13:03:16.696054  8860 raft_consensus.cc:2804] T ae78ae0804d8430887c5229b7a54e906 P e75de586bff14dcb9239989bd9a3ee9a [term 1 FOLLOWER]: Leader election won for term 1
W20260709 13:03:16.709911  8361 outbound_call.cc:321] RPC callback for RPC call kudu.consensus.ConsensusService.UpdateConsensus -> {remote=127.7.2.131:38003, user_credentials={real_user=slave}} blocked reactor thread for 171048us
W20260709 13:03:16.703361  8437 consensus_peers.cc:597] T 5f84a0d2883240869c8f1a6ca5857e4d P e75de586bff14dcb9239989bd9a3ee9a -> Peer dd140d87f1794e43bcb18dd0a743462c (127.7.2.129:34861): Couldn't send request to peer dd140d87f1794e43bcb18dd0a743462c. Error code: TABLET_NOT_RUNNING (12). Status: Illegal state: Tablet not RUNNING: INITIALIZED. This is attempt 1: this message will repeat every 5th retry.
I20260709 13:03:16.706143  8363 leader_election.cc:304] T 6ce5e8ab9ced4f39b700670f89c93a9b P d690c8047f484e1b8377bb4dceb2ce6e [CANDIDATE]: Term 2 pre-election: Election decided. Result: candidate lost. Election summary: received 3 responses out of 3 voters: 1 yes votes; 2 no votes. yes voters: d690c8047f484e1b8377bb4dceb2ce6e; no voters: dd140d87f1794e43bcb18dd0a743462c, e75de586bff14dcb9239989bd9a3ee9a
I20260709 13:03:16.711906  8361 leader_election.cc:304] T e7e14483b3d04bc7be499333da8d49d2 P d690c8047f484e1b8377bb4dceb2ce6e [CANDIDATE]: Term 1 election: Election decided. Result: candidate lost. Election summary: received 3 responses out of 3 voters: 1 yes votes; 2 no votes. yes voters: d690c8047f484e1b8377bb4dceb2ce6e; no voters: dd140d87f1794e43bcb18dd0a743462c, e75de586bff14dcb9239989bd9a3ee9a
I20260709 13:03:16.719972  8765 raft_consensus.cc:2749] T 6ce5e8ab9ced4f39b700670f89c93a9b P d690c8047f484e1b8377bb4dceb2ce6e [term 1 FOLLOWER]: Leader pre-election lost for term 2. Reason: could not achieve majority
I20260709 13:03:16.720504  8860 raft_consensus.cc:697] T ae78ae0804d8430887c5229b7a54e906 P e75de586bff14dcb9239989bd9a3ee9a [term 1 LEADER]: Becoming Leader. State: Replica: e75de586bff14dcb9239989bd9a3ee9a, State: Running, Role: LEADER
I20260709 13:03:16.692660  8841 raft_consensus.cc:515] T 246d163f561449839076e9475d84709e P e75de586bff14dcb9239989bd9a3ee9a [term 0 FOLLOWER]: Starting pre-election with config: opid_index: -1 OBSOLETE_local: false peers { permanent_uuid: "dd140d87f1794e43bcb18dd0a743462c" member_type: VOTER last_known_addr { host: "127.7.2.129" port: 34861 } } peers { permanent_uuid: "d690c8047f484e1b8377bb4dceb2ce6e" member_type: VOTER last_known_addr { host: "127.7.2.130" port: 37829 } } peers { permanent_uuid: "e75de586bff14dcb9239989bd9a3ee9a" member_type: VOTER last_known_addr { host: "127.7.2.131" port: 38003 } }
I20260709 13:03:16.730916  8841 leader_election.cc:290] T 246d163f561449839076e9475d84709e P e75de586bff14dcb9239989bd9a3ee9a [CANDIDATE]: Term 1 pre-election: Requested pre-vote from peers dd140d87f1794e43bcb18dd0a743462c (127.7.2.129:34861), d690c8047f484e1b8377bb4dceb2ce6e (127.7.2.130:37829)
I20260709 13:03:16.723563  8835 raft_consensus.cc:2749] T e7e14483b3d04bc7be499333da8d49d2 P d690c8047f484e1b8377bb4dceb2ce6e [term 1 FOLLOWER]: Leader election lost for term 1. Reason: could not achieve majority
I20260709 13:03:16.739764  8699 leader_election.cc:290] T 746187ec8c014038a43d7776b325cd9a P e75de586bff14dcb9239989bd9a3ee9a [CANDIDATE]: Term 1 pre-election: Requested pre-vote from peers dd140d87f1794e43bcb18dd0a743462c (127.7.2.129:34861), d690c8047f484e1b8377bb4dceb2ce6e (127.7.2.130:37829)
I20260709 13:03:16.741648  8857 raft_consensus.cc:493] T 09aa27871ff6494f9ef36b6ca16e4046 P e75de586bff14dcb9239989bd9a3ee9a [term 0 FOLLOWER]: Starting pre-election (no leader contacted us within the election timeout)
I20260709 13:03:16.741941  8318 tablet_service.cc:1917] Received RequestConsensusVote() RPC: tablet_id: "746187ec8c014038a43d7776b325cd9a" candidate_uuid: "e75de586bff14dcb9239989bd9a3ee9a" candidate_term: 1 candidate_status { last_received { term: 0 index: 0 } } ignore_live_leader: false dest_uuid: "dd140d87f1794e43bcb18dd0a743462c" is_pre_election: true
W20260709 13:03:16.746356  8437 leader_election.cc:343] T 746187ec8c014038a43d7776b325cd9a P e75de586bff14dcb9239989bd9a3ee9a [CANDIDATE]: Term 1 pre-election: Tablet error from VoteRequest() call to peer dd140d87f1794e43bcb18dd0a743462c (127.7.2.129:34861): Illegal state: must be running to vote when last-logged opid is not known
I20260709 13:03:16.742290  8857 raft_consensus.cc:515] T 09aa27871ff6494f9ef36b6ca16e4046 P e75de586bff14dcb9239989bd9a3ee9a [term 0 FOLLOWER]: Starting pre-election with config: opid_index: -1 OBSOLETE_local: false peers { permanent_uuid: "dd140d87f1794e43bcb18dd0a743462c" member_type: VOTER last_known_addr { host: "127.7.2.129" port: 34861 } } peers { permanent_uuid: "d690c8047f484e1b8377bb4dceb2ce6e" member_type: VOTER last_known_addr { host: "127.7.2.130" port: 37829 } } peers { permanent_uuid: "e75de586bff14dcb9239989bd9a3ee9a" member_type: VOTER last_known_addr { host: "127.7.2.131" port: 38003 } }
I20260709 13:03:16.748338  8824 raft_consensus.cc:493] T b6564b2daf7d4022b4f0d48da04deaf2 P d690c8047f484e1b8377bb4dceb2ce6e [term 0 FOLLOWER]: Starting pre-election (no leader contacted us within the election timeout)
I20260709 13:03:16.748858  8824 raft_consensus.cc:515] T b6564b2daf7d4022b4f0d48da04deaf2 P d690c8047f484e1b8377bb4dceb2ce6e [term 0 FOLLOWER]: Starting pre-election with config: opid_index: -1 OBSOLETE_local: false peers { permanent_uuid: "dd140d87f1794e43bcb18dd0a743462c" member_type: VOTER last_known_addr { host: "127.7.2.129" port: 34861 } } peers { permanent_uuid: "d690c8047f484e1b8377bb4dceb2ce6e" member_type: VOTER last_known_addr { host: "127.7.2.130" port: 37829 } } peers { permanent_uuid: "e75de586bff14dcb9239989bd9a3ee9a" member_type: VOTER last_known_addr { host: "127.7.2.131" port: 38003 } }
I20260709 13:03:16.736871  8769 consensus_queue.cc:237] T 7150790be8044238bf98f84e320d0c68 P e75de586bff14dcb9239989bd9a3ee9a [LEADER]: Queue going to LEADER mode. State: All replicated index: 0, Majority replicated index: 0, Committed index: 0, Last appended: 0.0, Last appended by leader: 0, Current term: 1, Majority size: 2, State: 0, Mode: LEADER, active raft config: opid_index: -1 OBSOLETE_local: false peers { permanent_uuid: "dd140d87f1794e43bcb18dd0a743462c" member_type: VOTER last_known_addr { host: "127.7.2.129" port: 34861 } } peers { permanent_uuid: "d690c8047f484e1b8377bb4dceb2ce6e" member_type: VOTER last_known_addr { host: "127.7.2.130" port: 37829 } } peers { permanent_uuid: "e75de586bff14dcb9239989bd9a3ee9a" member_type: VOTER last_known_addr { host: "127.7.2.131" port: 38003 } }
I20260709 13:03:16.756727  8319 tablet_service.cc:1917] Received RequestConsensusVote() RPC: tablet_id: "246d163f561449839076e9475d84709e" candidate_uuid: "e75de586bff14dcb9239989bd9a3ee9a" candidate_term: 1 candidate_status { last_received { term: 0 index: 0 } } ignore_live_leader: false dest_uuid: "dd140d87f1794e43bcb18dd0a743462c" is_pre_election: true
I20260709 13:03:16.768613  8395 tablet_service.cc:1917] Received RequestConsensusVote() RPC: tablet_id: "746187ec8c014038a43d7776b325cd9a" candidate_uuid: "e75de586bff14dcb9239989bd9a3ee9a" candidate_term: 1 candidate_status { last_received { term: 0 index: 0 } } ignore_live_leader: false dest_uuid: "d690c8047f484e1b8377bb4dceb2ce6e" is_pre_election: true
I20260709 13:03:16.769114  8827 consensus_queue.cc:1048] T 5f84a0d2883240869c8f1a6ca5857e4d P e75de586bff14dcb9239989bd9a3ee9a [LEADER]: Connected to new peer: Peer: permanent_uuid: "d690c8047f484e1b8377bb4dceb2ce6e" member_type: VOTER last_known_addr { host: "127.7.2.130" port: 37829 }, Status: LMP_MISMATCH, Last received: 0.0, Next index: 1, Last known committed idx: 0, Time since last communication: 0.000s
I20260709 13:03:16.770407  8392 tablet_service.cc:1917] Received RequestConsensusVote() RPC: tablet_id: "246d163f561449839076e9475d84709e" candidate_uuid: "e75de586bff14dcb9239989bd9a3ee9a" candidate_term: 1 candidate_status { last_received { term: 0 index: 0 } } ignore_live_leader: false dest_uuid: "d690c8047f484e1b8377bb4dceb2ce6e" is_pre_election: true
I20260709 13:03:16.758106  8860 consensus_queue.cc:237] T ae78ae0804d8430887c5229b7a54e906 P e75de586bff14dcb9239989bd9a3ee9a [LEADER]: Queue going to LEADER mode. State: All replicated index: 0, Majority replicated index: 0, Committed index: 0, Last appended: 0.0, Last appended by leader: 0, Current term: 1, Majority size: 2, State: 0, Mode: LEADER, active raft config: opid_index: -1 OBSOLETE_local: false peers { permanent_uuid: "dd140d87f1794e43bcb18dd0a743462c" member_type: VOTER last_known_addr { host: "127.7.2.129" port: 34861 } } peers { permanent_uuid: "d690c8047f484e1b8377bb4dceb2ce6e" member_type: VOTER last_known_addr { host: "127.7.2.130" port: 37829 } } peers { permanent_uuid: "e75de586bff14dcb9239989bd9a3ee9a" member_type: VOTER last_known_addr { host: "127.7.2.131" port: 38003 } }
I20260709 13:03:16.783759  8857 leader_election.cc:290] T 09aa27871ff6494f9ef36b6ca16e4046 P e75de586bff14dcb9239989bd9a3ee9a [CANDIDATE]: Term 1 pre-election: Requested pre-vote from peers dd140d87f1794e43bcb18dd0a743462c (127.7.2.129:34861), d690c8047f484e1b8377bb4dceb2ce6e (127.7.2.130:37829)
I20260709 13:03:16.785894  8824 leader_election.cc:290] T b6564b2daf7d4022b4f0d48da04deaf2 P d690c8047f484e1b8377bb4dceb2ce6e [CANDIDATE]: Term 1 pre-election: Requested pre-vote from peers dd140d87f1794e43bcb18dd0a743462c (127.7.2.129:34861), e75de586bff14dcb9239989bd9a3ee9a (127.7.2.131:38003)
W20260709 13:03:16.797772  8435 leader_election.cc:343] T 746187ec8c014038a43d7776b325cd9a P e75de586bff14dcb9239989bd9a3ee9a [CANDIDATE]: Term 1 pre-election: Tablet error from VoteRequest() call to peer d690c8047f484e1b8377bb4dceb2ce6e (127.7.2.130:37829): Illegal state: must be running to vote when last-logged opid is not known
I20260709 13:03:16.798241  8435 leader_election.cc:304] T 746187ec8c014038a43d7776b325cd9a P e75de586bff14dcb9239989bd9a3ee9a [CANDIDATE]: Term 1 pre-election: Election decided. Result: candidate lost. Election summary: received 3 responses out of 3 voters: 1 yes votes; 2 no votes. yes voters: e75de586bff14dcb9239989bd9a3ee9a; no voters: d690c8047f484e1b8377bb4dceb2ce6e, dd140d87f1794e43bcb18dd0a743462c
I20260709 13:03:16.799444  8841 raft_consensus.cc:2749] T 746187ec8c014038a43d7776b325cd9a P e75de586bff14dcb9239989bd9a3ee9a [term 0 FOLLOWER]: Leader pre-election lost for term 1. Reason: could not achieve majority
I20260709 13:03:16.802575  8397 raft_consensus.cc:2468] T 5ff68000fc924c5e972642f1be03159c P d690c8047f484e1b8377bb4dceb2ce6e [term 1 FOLLOWER]: Leader election vote request: Granting yes vote for candidate e75de586bff14dcb9239989bd9a3ee9a in term 1.
I20260709 13:03:16.803584  8315 tablet_service.cc:1917] Received RequestConsensusVote() RPC: tablet_id: "09aa27871ff6494f9ef36b6ca16e4046" candidate_uuid: "e75de586bff14dcb9239989bd9a3ee9a" candidate_term: 1 candidate_status { last_received { term: 0 index: 0 } } ignore_live_leader: false dest_uuid: "dd140d87f1794e43bcb18dd0a743462c" is_pre_election: true
I20260709 13:03:16.790515  8463 tablet_service.cc:1917] Received RequestConsensusVote() RPC: tablet_id: "b6564b2daf7d4022b4f0d48da04deaf2" candidate_uuid: "d690c8047f484e1b8377bb4dceb2ce6e" candidate_term: 1 candidate_status { last_received { term: 0 index: 0 } } ignore_live_leader: false dest_uuid: "e75de586bff14dcb9239989bd9a3ee9a" is_pre_election: true
W20260709 13:03:16.810833  8435 leader_election.cc:343] T 246d163f561449839076e9475d84709e P e75de586bff14dcb9239989bd9a3ee9a [CANDIDATE]: Term 1 pre-election: Tablet error from VoteRequest() call to peer d690c8047f484e1b8377bb4dceb2ce6e (127.7.2.130:37829): Illegal state: must be running to vote when last-logged opid is not known
W20260709 13:03:16.814200  8361 leader_election.cc:343] T b6564b2daf7d4022b4f0d48da04deaf2 P d690c8047f484e1b8377bb4dceb2ce6e [CANDIDATE]: Term 1 pre-election: Tablet error from VoteRequest() call to peer e75de586bff14dcb9239989bd9a3ee9a (127.7.2.131:38003): Illegal state: must be running to vote when last-logged opid is not known
W20260709 13:03:16.812444  8437 leader_election.cc:343] T 246d163f561449839076e9475d84709e P e75de586bff14dcb9239989bd9a3ee9a [CANDIDATE]: Term 1 pre-election: Tablet error from VoteRequest() call to peer dd140d87f1794e43bcb18dd0a743462c (127.7.2.129:34861): Illegal state: must be running to vote when last-logged opid is not known
I20260709 13:03:16.816500  8390 tablet_service.cc:1917] Received RequestConsensusVote() RPC: tablet_id: "09aa27871ff6494f9ef36b6ca16e4046" candidate_uuid: "e75de586bff14dcb9239989bd9a3ee9a" candidate_term: 1 candidate_status { last_received { term: 0 index: 0 } } ignore_live_leader: false dest_uuid: "d690c8047f484e1b8377bb4dceb2ce6e" is_pre_election: true
I20260709 13:03:16.816957  8512 tablet_bootstrap.cc:492] T 7150790be8044238bf98f84e320d0c68 P dd140d87f1794e43bcb18dd0a743462c: No bootstrap required, opened a new log
I20260709 13:03:16.817800  8512 ts_tablet_manager.cc:1403] T 7150790be8044238bf98f84e320d0c68 P dd140d87f1794e43bcb18dd0a743462c: Time spent bootstrapping tablet: real 0.357s	user 0.017s	sys 0.010s
I20260709 13:03:16.820590  8513 tablet_bootstrap.cc:654] T b6564b2daf7d4022b4f0d48da04deaf2 P e75de586bff14dcb9239989bd9a3ee9a: Neither blocks nor log segments found. Creating new log.
I20260709 13:03:16.822158  8511 tablet_bootstrap.cc:492] T 53c15ffe538a400ebb2740b13005c457 P d690c8047f484e1b8377bb4dceb2ce6e: No bootstrap required, opened a new log
I20260709 13:03:16.822721  8511 ts_tablet_manager.cc:1403] T 53c15ffe538a400ebb2740b13005c457 P d690c8047f484e1b8377bb4dceb2ce6e: Time spent bootstrapping tablet: real 0.448s	user 0.024s	sys 0.025s
W20260709 13:03:16.827343  8435 leader_election.cc:343] T 09aa27871ff6494f9ef36b6ca16e4046 P e75de586bff14dcb9239989bd9a3ee9a [CANDIDATE]: Term 1 pre-election: Tablet error from VoteRequest() call to peer d690c8047f484e1b8377bb4dceb2ce6e (127.7.2.130:37829): Illegal state: must be running to vote when last-logged opid is not known
I20260709 13:03:16.856150  8313 tablet_service.cc:1917] Received RequestConsensusVote() RPC: tablet_id: "b6564b2daf7d4022b4f0d48da04deaf2" candidate_uuid: "d690c8047f484e1b8377bb4dceb2ce6e" candidate_term: 1 candidate_status { last_received { term: 0 index: 0 } } ignore_live_leader: false dest_uuid: "dd140d87f1794e43bcb18dd0a743462c" is_pre_election: true
