I20260709 12:57:16.462404  1825 leader_election.cc:290] T f6dc54ab98594c67b10cbf4acafb203f P fb4a1a5713c64286b6c0d9e3b3f5dce4 [CANDIDATE]: Term 1 pre-election: Requested pre-vote from peers 69e53c2920c448878fff23f5fbca3690 (127.0.107.194:39127), 649b962b8441447ab521224965a16874 (127.0.107.195:46481)
I20260709 12:57:16.462599  1737 tablet_service.cc:1917] Received RequestConsensusVote() RPC: tablet_id: "f6dc54ab98594c67b10cbf4acafb203f" candidate_uuid: "fb4a1a5713c64286b6c0d9e3b3f5dce4" candidate_term: 1 candidate_status { last_received { term: 0 index: 0 } } ignore_live_leader: false dest_uuid: "649b962b8441447ab521224965a16874" is_pre_election: true
I20260709 12:57:16.463474  1737 raft_consensus.cc:2393] T f6dc54ab98594c67b10cbf4acafb203f P 649b962b8441447ab521224965a16874 [term 1 FOLLOWER]: Leader pre-election vote request: Denying vote to candidate fb4a1a5713c64286b6c0d9e3b3f5dce4 in current term 1: Already voted for candidate 69e53c2920c448878fff23f5fbca3690 in this term.
I20260709 12:57:16.466167  1665 tablet_service.cc:1917] Received RequestConsensusVote() RPC: tablet_id: "f6dc54ab98594c67b10cbf4acafb203f" candidate_uuid: "fb4a1a5713c64286b6c0d9e3b3f5dce4" candidate_term: 1 candidate_status { last_received { term: 0 index: 0 } } ignore_live_leader: false dest_uuid: "69e53c2920c448878fff23f5fbca3690" is_pre_election: true
I20260709 12:57:16.469707  1554 leader_election.cc:304] T f6dc54ab98594c67b10cbf4acafb203f P fb4a1a5713c64286b6c0d9e3b3f5dce4 [CANDIDATE]: Term 1 pre-election: Election decided. Result: candidate lost. Election summary: received 3 responses out of 3 voters: 1 yes votes; 2 no votes. yes voters: fb4a1a5713c64286b6c0d9e3b3f5dce4; no voters: 649b962b8441447ab521224965a16874, 69e53c2920c448878fff23f5fbca3690
I20260709 12:57:16.470829  1825 raft_consensus.cc:3060] T f6dc54ab98594c67b10cbf4acafb203f P fb4a1a5713c64286b6c0d9e3b3f5dce4 [term 0 FOLLOWER]: Advancing to term 1
I20260709 12:57:16.473999  1779 ts_tablet_manager.cc:1403] T ace48f49a5df4624807a175328d472f5 P 649b962b8441447ab521224965a16874: Time spent bootstrapping tablet: real 0.080s	user 0.018s	sys 0.001s
I20260709 12:57:16.477931  1779 raft_consensus.cc:359] T ace48f49a5df4624807a175328d472f5 P 649b962b8441447ab521224965a16874 [term 0 FOLLOWER]: Replica starting. Triggering 0 pending ops. Active config: opid_index: -1 OBSOLETE_local: false peers { permanent_uuid: "fb4a1a5713c64286b6c0d9e3b3f5dce4" member_type: VOTER last_known_addr { host: "127.0.107.193" port: 35677 } } peers { permanent_uuid: "69e53c2920c448878fff23f5fbca3690" member_type: VOTER last_known_addr { host: "127.0.107.194" port: 39127 } } peers { permanent_uuid: "649b962b8441447ab521224965a16874" member_type: VOTER last_known_addr { host: "127.0.107.195" port: 46481 } }
I20260709 12:57:16.478832  1779 raft_consensus.cc:385] T ace48f49a5df4624807a175328d472f5 P 649b962b8441447ab521224965a16874 [term 0 FOLLOWER]: Consensus starting up: Expiring failure detector timer to make a prompt election more likely
I20260709 12:57:16.479161  1779 raft_consensus.cc:740] T ace48f49a5df4624807a175328d472f5 P 649b962b8441447ab521224965a16874 [term 0 FOLLOWER]: Becoming Follower/Learner. State: Replica: 649b962b8441447ab521224965a16874, State: Initialized, Role: FOLLOWER
I20260709 12:57:16.485570  1825 raft_consensus.cc:2749] T f6dc54ab98594c67b10cbf4acafb203f P fb4a1a5713c64286b6c0d9e3b3f5dce4 [term 1 FOLLOWER]: Leader pre-election lost for term 1. Reason: could not achieve majority
I20260709 12:57:16.485606  1779 consensus_queue.cc:260] T ace48f49a5df4624807a175328d472f5 P 649b962b8441447ab521224965a16874 [NON_LEADER]: Queue going to NON_LEADER mode. State: All replicated index: 0, Majority replicated index: 0, Committed index: 0, Last appended: 0.0, Last appended by leader: 0, Current term: 0, Majority size: -1, State: 0, Mode: NON_LEADER, active raft config: opid_index: -1 OBSOLETE_local: false peers { permanent_uuid: "fb4a1a5713c64286b6c0d9e3b3f5dce4" member_type: VOTER last_known_addr { host: "127.0.107.193" port: 35677 } } peers { permanent_uuid: "69e53c2920c448878fff23f5fbca3690" member_type: VOTER last_known_addr { host: "127.0.107.194" port: 39127 } } peers { permanent_uuid: "649b962b8441447ab521224965a16874" member_type: VOTER last_known_addr { host: "127.0.107.195" port: 46481 } }
I20260709 12:57:16.487390  1779 ts_tablet_manager.cc:1434] T ace48f49a5df4624807a175328d472f5 P 649b962b8441447ab521224965a16874: Time spent starting tablet: real 0.013s	user 0.006s	sys 0.000s
I20260709 12:57:16.488551  1779 tablet_bootstrap.cc:492] T a9bfdcb2ce1c47e096fa3627fc240e99 P 649b962b8441447ab521224965a16874: Bootstrap starting.
I20260709 12:57:16.492228  1781 tablet_bootstrap.cc:492] T b3465bd4219744df8bf63e3c80478992 P fb4a1a5713c64286b6c0d9e3b3f5dce4: No bootstrap required, opened a new log
I20260709 12:57:16.492727  1781 ts_tablet_manager.cc:1403] T b3465bd4219744df8bf63e3c80478992 P fb4a1a5713c64286b6c0d9e3b3f5dce4: Time spent bootstrapping tablet: real 0.087s	user 0.015s	sys 0.005s
I20260709 12:57:16.493618  1780 tablet_bootstrap.cc:492] T 5f2be868864245f9addb5d18bf92267b P 69e53c2920c448878fff23f5fbca3690: No bootstrap required, opened a new log
I20260709 12:57:16.494127  1780 ts_tablet_manager.cc:1403] T 5f2be868864245f9addb5d18bf92267b P 69e53c2920c448878fff23f5fbca3690: Time spent bootstrapping tablet: real 0.050s	user 0.016s	sys 0.014s
I20260709 12:57:16.495380  1779 tablet_bootstrap.cc:654] T a9bfdcb2ce1c47e096fa3627fc240e99 P 649b962b8441447ab521224965a16874: Neither blocks nor log segments found. Creating new log.
I20260709 12:57:16.494791  1487 catalog_manager.cc:5697] T ace48f49a5df4624807a175328d472f5 P 69e53c2920c448878fff23f5fbca3690 reported cstate change: term changed from 0 to 1, leader changed from <none> to 69e53c2920c448878fff23f5fbca3690 (127.0.107.194). New cstate: current_term: 1 leader_uuid: "69e53c2920c448878fff23f5fbca3690" committed_config { opid_index: -1 OBSOLETE_local: false peers { permanent_uuid: "fb4a1a5713c64286b6c0d9e3b3f5dce4" member_type: VOTER last_known_addr { host: "127.0.107.193" port: 35677 } health_report { overall_health: UNKNOWN } } peers { permanent_uuid: "69e53c2920c448878fff23f5fbca3690" member_type: VOTER last_known_addr { host: "127.0.107.194" port: 39127 } health_report { overall_health: HEALTHY } } peers { permanent_uuid: "649b962b8441447ab521224965a16874" member_type: VOTER last_known_addr { host: "127.0.107.195" port: 46481 } health_report { overall_health: UNKNOWN } } }
I20260709 12:57:16.495651  1781 raft_consensus.cc:359] T b3465bd4219744df8bf63e3c80478992 P fb4a1a5713c64286b6c0d9e3b3f5dce4 [term 0 FOLLOWER]: Replica starting. Triggering 0 pending ops. Active config: opid_index: -1 OBSOLETE_local: false peers { permanent_uuid: "fb4a1a5713c64286b6c0d9e3b3f5dce4" member_type: VOTER last_known_addr { host: "127.0.107.193" port: 35677 } } peers { permanent_uuid: "69e53c2920c448878fff23f5fbca3690" member_type: VOTER last_known_addr { host: "127.0.107.194" port: 39127 } } peers { permanent_uuid: "649b962b8441447ab521224965a16874" member_type: VOTER last_known_addr { host: "127.0.107.195" port: 46481 } }
I20260709 12:57:16.496340  1781 raft_consensus.cc:385] T b3465bd4219744df8bf63e3c80478992 P fb4a1a5713c64286b6c0d9e3b3f5dce4 [term 0 FOLLOWER]: Consensus starting up: Expiring failure detector timer to make a prompt election more likely
I20260709 12:57:16.496784  1781 raft_consensus.cc:740] T b3465bd4219744df8bf63e3c80478992 P fb4a1a5713c64286b6c0d9e3b3f5dce4 [term 0 FOLLOWER]: Becoming Follower/Learner. State: Replica: fb4a1a5713c64286b6c0d9e3b3f5dce4, State: Initialized, Role: FOLLOWER
I20260709 12:57:16.497431  1781 consensus_queue.cc:260] T b3465bd4219744df8bf63e3c80478992 P fb4a1a5713c64286b6c0d9e3b3f5dce4 [NON_LEADER]: Queue going to NON_LEADER mode. State: All replicated index: 0, Majority replicated index: 0, Committed index: 0, Last appended: 0.0, Last appended by leader: 0, Current term: 0, Majority size: -1, State: 0, Mode: NON_LEADER, active raft config: opid_index: -1 OBSOLETE_local: false peers { permanent_uuid: "fb4a1a5713c64286b6c0d9e3b3f5dce4" member_type: VOTER last_known_addr { host: "127.0.107.193" port: 35677 } } peers { permanent_uuid: "69e53c2920c448878fff23f5fbca3690" member_type: VOTER last_known_addr { host: "127.0.107.194" port: 39127 } } peers { permanent_uuid: "649b962b8441447ab521224965a16874" member_type: VOTER last_known_addr { host: "127.0.107.195" port: 46481 } }
I20260709 12:57:16.498765  1780 raft_consensus.cc:359] T 5f2be868864245f9addb5d18bf92267b P 69e53c2920c448878fff23f5fbca3690 [term 0 FOLLOWER]: Replica starting. Triggering 0 pending ops. Active config: opid_index: -1 OBSOLETE_local: false peers { permanent_uuid: "fb4a1a5713c64286b6c0d9e3b3f5dce4" member_type: VOTER last_known_addr { host: "127.0.107.193" port: 35677 } } peers { permanent_uuid: "69e53c2920c448878fff23f5fbca3690" member_type: VOTER last_known_addr { host: "127.0.107.194" port: 39127 } } peers { permanent_uuid: "649b962b8441447ab521224965a16874" member_type: VOTER last_known_addr { host: "127.0.107.195" port: 46481 } }
I20260709 12:57:16.499433  1780 raft_consensus.cc:385] T 5f2be868864245f9addb5d18bf92267b P 69e53c2920c448878fff23f5fbca3690 [term 0 FOLLOWER]: Consensus starting up: Expiring failure detector timer to make a prompt election more likely
I20260709 12:57:16.499734  1780 raft_consensus.cc:740] T 5f2be868864245f9addb5d18bf92267b P 69e53c2920c448878fff23f5fbca3690 [term 0 FOLLOWER]: Becoming Follower/Learner. State: Replica: 69e53c2920c448878fff23f5fbca3690, State: Initialized, Role: FOLLOWER
I20260709 12:57:16.500011  1781 ts_tablet_manager.cc:1434] T b3465bd4219744df8bf63e3c80478992 P fb4a1a5713c64286b6c0d9e3b3f5dce4: Time spent starting tablet: real 0.007s	user 0.007s	sys 0.000s
I20260709 12:57:16.500499  1780 consensus_queue.cc:260] T 5f2be868864245f9addb5d18bf92267b P 69e53c2920c448878fff23f5fbca3690 [NON_LEADER]: Queue going to NON_LEADER mode. State: All replicated index: 0, Majority replicated index: 0, Committed index: 0, Last appended: 0.0, Last appended by leader: 0, Current term: 0, Majority size: -1, State: 0, Mode: NON_LEADER, active raft config: opid_index: -1 OBSOLETE_local: false peers { permanent_uuid: "fb4a1a5713c64286b6c0d9e3b3f5dce4" member_type: VOTER last_known_addr { host: "127.0.107.193" port: 35677 } } peers { permanent_uuid: "69e53c2920c448878fff23f5fbca3690" member_type: VOTER last_known_addr { host: "127.0.107.194" port: 39127 } } peers { permanent_uuid: "649b962b8441447ab521224965a16874" member_type: VOTER last_known_addr { host: "127.0.107.195" port: 46481 } }
I20260709 12:57:16.501303  1781 tablet_bootstrap.cc:492] T ba966ba1f1bf419c9fbf4c7155f423fc P fb4a1a5713c64286b6c0d9e3b3f5dce4: Bootstrap starting.
I20260709 12:57:16.502913  1780 ts_tablet_manager.cc:1434] T 5f2be868864245f9addb5d18bf92267b P 69e53c2920c448878fff23f5fbca3690: Time spent starting tablet: real 0.008s	user 0.005s	sys 0.000s
I20260709 12:57:16.503906  1780 tablet_bootstrap.cc:492] T 06ed2d2638c2462e8b7b28400ba49ef8 P 69e53c2920c448878fff23f5fbca3690: Bootstrap starting.
I20260709 12:57:16.507081  1779 tablet_bootstrap.cc:492] T a9bfdcb2ce1c47e096fa3627fc240e99 P 649b962b8441447ab521224965a16874: No bootstrap required, opened a new log
I20260709 12:57:16.507520  1779 ts_tablet_manager.cc:1403] T a9bfdcb2ce1c47e096fa3627fc240e99 P 649b962b8441447ab521224965a16874: Time spent bootstrapping tablet: real 0.019s	user 0.011s	sys 0.005s
I20260709 12:57:16.508930  1781 tablet_bootstrap.cc:654] T ba966ba1f1bf419c9fbf4c7155f423fc P fb4a1a5713c64286b6c0d9e3b3f5dce4: Neither blocks nor log segments found. Creating new log.
I20260709 12:57:16.509627  1780 tablet_bootstrap.cc:654] T 06ed2d2638c2462e8b7b28400ba49ef8 P 69e53c2920c448878fff23f5fbca3690: Neither blocks nor log segments found. Creating new log.
I20260709 12:57:16.511046  1779 raft_consensus.cc:359] T a9bfdcb2ce1c47e096fa3627fc240e99 P 649b962b8441447ab521224965a16874 [term 0 FOLLOWER]: Replica starting. Triggering 0 pending ops. Active config: opid_index: -1 OBSOLETE_local: false peers { permanent_uuid: "fb4a1a5713c64286b6c0d9e3b3f5dce4" member_type: VOTER last_known_addr { host: "127.0.107.193" port: 35677 } } peers { permanent_uuid: "69e53c2920c448878fff23f5fbca3690" member_type: VOTER last_known_addr { host: "127.0.107.194" port: 39127 } } peers { permanent_uuid: "649b962b8441447ab521224965a16874" member_type: VOTER last_known_addr { host: "127.0.107.195" port: 46481 } }
I20260709 12:57:16.511735  1779 raft_consensus.cc:385] T a9bfdcb2ce1c47e096fa3627fc240e99 P 649b962b8441447ab521224965a16874 [term 0 FOLLOWER]: Consensus starting up: Expiring failure detector timer to make a prompt election more likely
I20260709 12:57:16.511987  1779 raft_consensus.cc:740] T a9bfdcb2ce1c47e096fa3627fc240e99 P 649b962b8441447ab521224965a16874 [term 0 FOLLOWER]: Becoming Follower/Learner. State: Replica: 649b962b8441447ab521224965a16874, State: Initialized, Role: FOLLOWER
I20260709 12:57:16.512498  1940 raft_consensus.cc:493] T 4bdc734d16ae4b12a8d8844fd7170d24 P 649b962b8441447ab521224965a16874 [term 0 FOLLOWER]: Starting pre-election (no leader contacted us within the election timeout)
I20260709 12:57:16.512606  1779 consensus_queue.cc:260] T a9bfdcb2ce1c47e096fa3627fc240e99 P 649b962b8441447ab521224965a16874 [NON_LEADER]: Queue going to NON_LEADER mode. State: All replicated index: 0, Majority replicated index: 0, Committed index: 0, Last appended: 0.0, Last appended by leader: 0, Current term: 0, Majority size: -1, State: 0, Mode: NON_LEADER, active raft config: opid_index: -1 OBSOLETE_local: false peers { permanent_uuid: "fb4a1a5713c64286b6c0d9e3b3f5dce4" member_type: VOTER last_known_addr { host: "127.0.107.193" port: 35677 } } peers { permanent_uuid: "69e53c2920c448878fff23f5fbca3690" member_type: VOTER last_known_addr { host: "127.0.107.194" port: 39127 } } peers { permanent_uuid: "649b962b8441447ab521224965a16874" member_type: VOTER last_known_addr { host: "127.0.107.195" port: 46481 } }
I20260709 12:57:16.512943  1940 raft_consensus.cc:515] T 4bdc734d16ae4b12a8d8844fd7170d24 P 649b962b8441447ab521224965a16874 [term 0 FOLLOWER]: Starting pre-election with config: opid_index: -1 OBSOLETE_local: false peers { permanent_uuid: "fb4a1a5713c64286b6c0d9e3b3f5dce4" member_type: VOTER last_known_addr { host: "127.0.107.193" port: 35677 } } peers { permanent_uuid: "69e53c2920c448878fff23f5fbca3690" member_type: VOTER last_known_addr { host: "127.0.107.194" port: 39127 } } peers { permanent_uuid: "649b962b8441447ab521224965a16874" member_type: VOTER last_known_addr { host: "127.0.107.195" port: 46481 } }
I20260709 12:57:16.514863  1779 ts_tablet_manager.cc:1434] T a9bfdcb2ce1c47e096fa3627fc240e99 P 649b962b8441447ab521224965a16874: Time spent starting tablet: real 0.007s	user 0.007s	sys 0.000s
I20260709 12:57:16.515336  1940 leader_election.cc:290] T 4bdc734d16ae4b12a8d8844fd7170d24 P 649b962b8441447ab521224965a16874 [CANDIDATE]: Term 1 pre-election: Requested pre-vote from peers fb4a1a5713c64286b6c0d9e3b3f5dce4 (127.0.107.193:35677), 69e53c2920c448878fff23f5fbca3690 (127.0.107.194:39127)
I20260709 12:57:16.515815  1779 tablet_bootstrap.cc:492] T b3d23555ae5b496aba60f5c4eb870a97 P 649b962b8441447ab521224965a16874: Bootstrap starting.
I20260709 12:57:16.516921  1586 tablet_service.cc:1917] Received RequestConsensusVote() RPC: tablet_id: "4bdc734d16ae4b12a8d8844fd7170d24" candidate_uuid: "649b962b8441447ab521224965a16874" candidate_term: 1 candidate_status { last_received { term: 0 index: 0 } } ignore_live_leader: false dest_uuid: "fb4a1a5713c64286b6c0d9e3b3f5dce4" is_pre_election: true
W20260709 12:57:16.518096  1702 leader_election.cc:343] T 4bdc734d16ae4b12a8d8844fd7170d24 P 649b962b8441447ab521224965a16874 [CANDIDATE]: Term 1 pre-election: Tablet error from VoteRequest() call to peer fb4a1a5713c64286b6c0d9e3b3f5dce4 (127.0.107.193:35677): Illegal state: must be running to vote when last-logged opid is not known
I20260709 12:57:16.522220  1779 tablet_bootstrap.cc:654] T b3d23555ae5b496aba60f5c4eb870a97 P 649b962b8441447ab521224965a16874: Neither blocks nor log segments found. Creating new log.
I20260709 12:57:16.522754  1664 tablet_service.cc:1917] Received RequestConsensusVote() RPC: tablet_id: "4bdc734d16ae4b12a8d8844fd7170d24" candidate_uuid: "649b962b8441447ab521224965a16874" candidate_term: 1 candidate_status { last_received { term: 0 index: 0 } } ignore_live_leader: false dest_uuid: "69e53c2920c448878fff23f5fbca3690" is_pre_election: true
W20260709 12:57:16.525166  1703 leader_election.cc:343] T 4bdc734d16ae4b12a8d8844fd7170d24 P 649b962b8441447ab521224965a16874 [CANDIDATE]: Term 1 pre-election: Tablet error from VoteRequest() call to peer 69e53c2920c448878fff23f5fbca3690 (127.0.107.194:39127): Illegal state: must be running to vote when last-logged opid is not known
I20260709 12:57:16.525586  1703 leader_election.cc:304] T 4bdc734d16ae4b12a8d8844fd7170d24 P 649b962b8441447ab521224965a16874 [CANDIDATE]: Term 1 pre-election: Election decided. Result: candidate lost. Election summary: received 3 responses out of 3 voters: 1 yes votes; 2 no votes. yes voters: 649b962b8441447ab521224965a16874; no voters: 69e53c2920c448878fff23f5fbca3690, fb4a1a5713c64286b6c0d9e3b3f5dce4
I20260709 12:57:16.526304  1780 tablet_bootstrap.cc:492] T 06ed2d2638c2462e8b7b28400ba49ef8 P 69e53c2920c448878fff23f5fbca3690: No bootstrap required, opened a new log
I20260709 12:57:16.526629  1940 raft_consensus.cc:2749] T 4bdc734d16ae4b12a8d8844fd7170d24 P 649b962b8441447ab521224965a16874 [term 0 FOLLOWER]: Leader pre-election lost for term 1. Reason: could not achieve majority
I20260709 12:57:16.526741  1780 ts_tablet_manager.cc:1403] T 06ed2d2638c2462e8b7b28400ba49ef8 P 69e53c2920c448878fff23f5fbca3690: Time spent bootstrapping tablet: real 0.023s	user 0.012s	sys 0.002s
I20260709 12:57:16.530377  1825 consensus_queue.cc:1048] T 718aea6946c14c57a6e489d30ec7c921 P fb4a1a5713c64286b6c0d9e3b3f5dce4 [LEADER]: Connected to new peer: Peer: permanent_uuid: "69e53c2920c448878fff23f5fbca3690" member_type: VOTER last_known_addr { host: "127.0.107.194" port: 39127 }, Status: LMP_MISMATCH, Last received: 0.0, Next index: 1, Last known committed idx: 0, Time since last communication: 0.000s
I20260709 12:57:16.531404  1780 raft_consensus.cc:359] T 06ed2d2638c2462e8b7b28400ba49ef8 P 69e53c2920c448878fff23f5fbca3690 [term 0 FOLLOWER]: Replica starting. Triggering 0 pending ops. Active config: opid_index: -1 OBSOLETE_local: false peers { permanent_uuid: "fb4a1a5713c64286b6c0d9e3b3f5dce4" member_type: VOTER last_known_addr { host: "127.0.107.193" port: 35677 } } peers { permanent_uuid: "69e53c2920c448878fff23f5fbca3690" member_type: VOTER last_known_addr { host: "127.0.107.194" port: 39127 } } peers { permanent_uuid: "649b962b8441447ab521224965a16874" member_type: VOTER last_known_addr { host: "127.0.107.195" port: 46481 } }
I20260709 12:57:16.532053  1780 raft_consensus.cc:385] T 06ed2d2638c2462e8b7b28400ba49ef8 P 69e53c2920c448878fff23f5fbca3690 [term 0 FOLLOWER]: Consensus starting up: Expiring failure detector timer to make a prompt election more likely
I20260709 12:57:16.532289  1780 raft_consensus.cc:740] T 06ed2d2638c2462e8b7b28400ba49ef8 P 69e53c2920c448878fff23f5fbca3690 [term 0 FOLLOWER]: Becoming Follower/Learner. State: Replica: 69e53c2920c448878fff23f5fbca3690, State: Initialized, Role: FOLLOWER
I20260709 12:57:16.532874  1780 consensus_queue.cc:260] T 06ed2d2638c2462e8b7b28400ba49ef8 P 69e53c2920c448878fff23f5fbca3690 [NON_LEADER]: Queue going to NON_LEADER mode. State: All replicated index: 0, Majority replicated index: 0, Committed index: 0, Last appended: 0.0, Last appended by leader: 0, Current term: 0, Majority size: -1, State: 0, Mode: NON_LEADER, active raft config: opid_index: -1 OBSOLETE_local: false peers { permanent_uuid: "fb4a1a5713c64286b6c0d9e3b3f5dce4" member_type: VOTER last_known_addr { host: "127.0.107.193" port: 35677 } } peers { permanent_uuid: "69e53c2920c448878fff23f5fbca3690" member_type: VOTER last_known_addr { host: "127.0.107.194" port: 39127 } } peers { permanent_uuid: "649b962b8441447ab521224965a16874" member_type: VOTER last_known_addr { host: "127.0.107.195" port: 46481 } }
I20260709 12:57:16.536572  1779 tablet_bootstrap.cc:492] T b3d23555ae5b496aba60f5c4eb870a97 P 649b962b8441447ab521224965a16874: No bootstrap required, opened a new log
I20260709 12:57:16.537066  1779 ts_tablet_manager.cc:1403] T b3d23555ae5b496aba60f5c4eb870a97 P 649b962b8441447ab521224965a16874: Time spent bootstrapping tablet: real 0.021s	user 0.009s	sys 0.000s
I20260709 12:57:16.539561  1779 raft_consensus.cc:359] T b3d23555ae5b496aba60f5c4eb870a97 P 649b962b8441447ab521224965a16874 [term 0 FOLLOWER]: Replica starting. Triggering 0 pending ops. Active config: opid_index: -1 OBSOLETE_local: false peers { permanent_uuid: "fb4a1a5713c64286b6c0d9e3b3f5dce4" member_type: VOTER last_known_addr { host: "127.0.107.193" port: 35677 } } peers { permanent_uuid: "69e53c2920c448878fff23f5fbca3690" member_type: VOTER last_known_addr { host: "127.0.107.194" port: 39127 } } peers { permanent_uuid: "649b962b8441447ab521224965a16874" member_type: VOTER last_known_addr { host: "127.0.107.195" port: 46481 } }
I20260709 12:57:16.540175  1779 raft_consensus.cc:385] T b3d23555ae5b496aba60f5c4eb870a97 P 649b962b8441447ab521224965a16874 [term 0 FOLLOWER]: Consensus starting up: Expiring failure detector timer to make a prompt election more likely
I20260709 12:57:16.540419  1779 raft_consensus.cc:740] T b3d23555ae5b496aba60f5c4eb870a97 P 649b962b8441447ab521224965a16874 [term 0 FOLLOWER]: Becoming Follower/Learner. State: Replica: 649b962b8441447ab521224965a16874, State: Initialized, Role: FOLLOWER
I20260709 12:57:16.541019  1779 consensus_queue.cc:260] T b3d23555ae5b496aba60f5c4eb870a97 P 649b962b8441447ab521224965a16874 [NON_LEADER]: Queue going to NON_LEADER mode. State: All replicated index: 0, Majority replicated index: 0, Committed index: 0, Last appended: 0.0, Last appended by leader: 0, Current term: 0, Majority size: -1, State: 0, Mode: NON_LEADER, active raft config: opid_index: -1 OBSOLETE_local: false peers { permanent_uuid: "fb4a1a5713c64286b6c0d9e3b3f5dce4" member_type: VOTER last_known_addr { host: "127.0.107.193" port: 35677 } } peers { permanent_uuid: "69e53c2920c448878fff23f5fbca3690" member_type: VOTER last_known_addr { host: "127.0.107.194" port: 39127 } } peers { permanent_uuid: "649b962b8441447ab521224965a16874" member_type: VOTER last_known_addr { host: "127.0.107.195" port: 46481 } }
I20260709 12:57:16.542954  1779 ts_tablet_manager.cc:1434] T b3d23555ae5b496aba60f5c4eb870a97 P 649b962b8441447ab521224965a16874: Time spent starting tablet: real 0.006s	user 0.007s	sys 0.000s
I20260709 12:57:16.544337  1779 tablet_bootstrap.cc:492] T ba966ba1f1bf419c9fbf4c7155f423fc P 649b962b8441447ab521224965a16874: Bootstrap starting.
I20260709 12:57:16.546356  1780 ts_tablet_manager.cc:1434] T 06ed2d2638c2462e8b7b28400ba49ef8 P 69e53c2920c448878fff23f5fbca3690: Time spent starting tablet: real 0.018s	user 0.007s	sys 0.000s
I20260709 12:57:16.547293  1780 tablet_bootstrap.cc:492] T b3d23555ae5b496aba60f5c4eb870a97 P 69e53c2920c448878fff23f5fbca3690: Bootstrap starting.
I20260709 12:57:16.553484  1780 tablet_bootstrap.cc:654] T b3d23555ae5b496aba60f5c4eb870a97 P 69e53c2920c448878fff23f5fbca3690: Neither blocks nor log segments found. Creating new log.
I20260709 12:57:16.558104  1779 tablet_bootstrap.cc:654] T ba966ba1f1bf419c9fbf4c7155f423fc P 649b962b8441447ab521224965a16874: Neither blocks nor log segments found. Creating new log.
I20260709 12:57:16.563431  1781 tablet_bootstrap.cc:492] T ba966ba1f1bf419c9fbf4c7155f423fc P fb4a1a5713c64286b6c0d9e3b3f5dce4: No bootstrap required, opened a new log
I20260709 12:57:16.563971  1781 ts_tablet_manager.cc:1403] T ba966ba1f1bf419c9fbf4c7155f423fc P fb4a1a5713c64286b6c0d9e3b3f5dce4: Time spent bootstrapping tablet: real 0.063s	user 0.013s	sys 0.000s
I20260709 12:57:16.565174  1787 consensus_queue.cc:1048] T 718aea6946c14c57a6e489d30ec7c921 P fb4a1a5713c64286b6c0d9e3b3f5dce4 [LEADER]: Connected to new peer: Peer: permanent_uuid: "649b962b8441447ab521224965a16874" member_type: VOTER last_known_addr { host: "127.0.107.195" port: 46481 }, Status: LMP_MISMATCH, Last received: 0.0, Next index: 1, Last known committed idx: 0, Time since last communication: 0.000s
I20260709 12:57:16.568164  1940 consensus_queue.cc:1048] T 231dbe926e1549c7bee5bcf79004e176 P 649b962b8441447ab521224965a16874 [LEADER]: Connected to new peer: Peer: permanent_uuid: "69e53c2920c448878fff23f5fbca3690" member_type: VOTER last_known_addr { host: "127.0.107.194" port: 39127 }, Status: LMP_MISMATCH, Last received: 0.0, Next index: 1, Last known committed idx: 0, Time since last communication: 0.000s
I20260709 12:57:16.572088  1779 tablet_bootstrap.cc:492] T ba966ba1f1bf419c9fbf4c7155f423fc P 649b962b8441447ab521224965a16874: No bootstrap required, opened a new log
I20260709 12:57:16.572526  1779 ts_tablet_manager.cc:1403] T ba966ba1f1bf419c9fbf4c7155f423fc P 649b962b8441447ab521224965a16874: Time spent bootstrapping tablet: real 0.029s	user 0.008s	sys 0.004s
I20260709 12:57:16.575802  1936 raft_consensus.cc:493] T b4ec6a24c4cf4296b0034ebcbce6fa52 P 69e53c2920c448878fff23f5fbca3690 [term 0 FOLLOWER]: Starting pre-election (no leader contacted us within the election timeout)
I20260709 12:57:16.575660  1781 raft_consensus.cc:359] T ba966ba1f1bf419c9fbf4c7155f423fc P fb4a1a5713c64286b6c0d9e3b3f5dce4 [term 0 FOLLOWER]: Replica starting. Triggering 0 pending ops. Active config: opid_index: -1 OBSOLETE_local: false peers { permanent_uuid: "fb4a1a5713c64286b6c0d9e3b3f5dce4" member_type: VOTER last_known_addr { host: "127.0.107.193" port: 35677 } } peers { permanent_uuid: "69e53c2920c448878fff23f5fbca3690" member_type: VOTER last_known_addr { host: "127.0.107.194" port: 39127 } } peers { permanent_uuid: "649b962b8441447ab521224965a16874" member_type: VOTER last_known_addr { host: "127.0.107.195" port: 46481 } }
I20260709 12:57:16.576347  1781 raft_consensus.cc:385] T ba966ba1f1bf419c9fbf4c7155f423fc P fb4a1a5713c64286b6c0d9e3b3f5dce4 [term 0 FOLLOWER]: Consensus starting up: Expiring failure detector timer to make a prompt election more likely
I20260709 12:57:16.576313  1936 raft_consensus.cc:515] T b4ec6a24c4cf4296b0034ebcbce6fa52 P 69e53c2920c448878fff23f5fbca3690 [term 0 FOLLOWER]: Starting pre-election with config: opid_index: -1 OBSOLETE_local: false peers { permanent_uuid: "fb4a1a5713c64286b6c0d9e3b3f5dce4" member_type: VOTER last_known_addr { host: "127.0.107.193" port: 35677 } } peers { permanent_uuid: "69e53c2920c448878fff23f5fbca3690" member_type: VOTER last_known_addr { host: "127.0.107.194" port: 39127 } } peers { permanent_uuid: "649b962b8441447ab521224965a16874" member_type: VOTER last_known_addr { host: "127.0.107.195" port: 46481 } }
I20260709 12:57:16.576726  1781 raft_consensus.cc:740] T ba966ba1f1bf419c9fbf4c7155f423fc P fb4a1a5713c64286b6c0d9e3b3f5dce4 [term 0 FOLLOWER]: Becoming Follower/Learner. State: Replica: fb4a1a5713c64286b6c0d9e3b3f5dce4, State: Initialized, Role: FOLLOWER
I20260709 12:57:16.577409  1781 consensus_queue.cc:260] T ba966ba1f1bf419c9fbf4c7155f423fc P fb4a1a5713c64286b6c0d9e3b3f5dce4 [NON_LEADER]: Queue going to NON_LEADER mode. State: All replicated index: 0, Majority replicated index: 0, Committed index: 0, Last appended: 0.0, Last appended by leader: 0, Current term: 0, Majority size: -1, State: 0, Mode: NON_LEADER, active raft config: opid_index: -1 OBSOLETE_local: false peers { permanent_uuid: "fb4a1a5713c64286b6c0d9e3b3f5dce4" member_type: VOTER last_known_addr { host: "127.0.107.193" port: 35677 } } peers { permanent_uuid: "69e53c2920c448878fff23f5fbca3690" member_type: VOTER last_known_addr { host: "127.0.107.194" port: 39127 } } peers { permanent_uuid: "649b962b8441447ab521224965a16874" member_type: VOTER last_known_addr { host: "127.0.107.195" port: 46481 } }
I20260709 12:57:16.578200  1779 raft_consensus.cc:359] T ba966ba1f1bf419c9fbf4c7155f423fc P 649b962b8441447ab521224965a16874 [term 0 FOLLOWER]: Replica starting. Triggering 0 pending ops. Active config: opid_index: -1 OBSOLETE_local: false peers { permanent_uuid: "fb4a1a5713c64286b6c0d9e3b3f5dce4" member_type: VOTER last_known_addr { host: "127.0.107.193" port: 35677 } } peers { permanent_uuid: "69e53c2920c448878fff23f5fbca3690" member_type: VOTER last_known_addr { host: "127.0.107.194" port: 39127 } } peers { permanent_uuid: "649b962b8441447ab521224965a16874" member_type: VOTER last_known_addr { host: "127.0.107.195" port: 46481 } }
I20260709 12:57:16.578539  1936 leader_election.cc:290] T b4ec6a24c4cf4296b0034ebcbce6fa52 P 69e53c2920c448878fff23f5fbca3690 [CANDIDATE]: Term 1 pre-election: Requested pre-vote from peers fb4a1a5713c64286b6c0d9e3b3f5dce4 (127.0.107.193:35677), 649b962b8441447ab521224965a16874 (127.0.107.195:46481)
I20260709 12:57:16.578831  1779 raft_consensus.cc:385] T ba966ba1f1bf419c9fbf4c7155f423fc P 649b962b8441447ab521224965a16874 [term 0 FOLLOWER]: Consensus starting up: Expiring failure detector timer to make a prompt election more likely
I20260709 12:57:16.579121  1779 raft_consensus.cc:740] T ba966ba1f1bf419c9fbf4c7155f423fc P 649b962b8441447ab521224965a16874 [term 0 FOLLOWER]: Becoming Follower/Learner. State: Replica: 649b962b8441447ab521224965a16874, State: Initialized, Role: FOLLOWER
I20260709 12:57:16.579414  1781 ts_tablet_manager.cc:1434] T ba966ba1f1bf419c9fbf4c7155f423fc P fb4a1a5713c64286b6c0d9e3b3f5dce4: Time spent starting tablet: real 0.015s	user 0.007s	sys 0.000s
I20260709 12:57:16.579712  1779 consensus_queue.cc:260] T ba966ba1f1bf419c9fbf4c7155f423fc P 649b962b8441447ab521224965a16874 [NON_LEADER]: Queue going to NON_LEADER mode. State: All replicated index: 0, Majority replicated index: 0, Committed index: 0, Last appended: 0.0, Last appended by leader: 0, Current term: 0, Majority size: -1, State: 0, Mode: NON_LEADER, active raft config: opid_index: -1 OBSOLETE_local: false peers { permanent_uuid: "fb4a1a5713c64286b6c0d9e3b3f5dce4" member_type: VOTER last_known_addr { host: "127.0.107.193" port: 35677 } } peers { permanent_uuid: "69e53c2920c448878fff23f5fbca3690" member_type: VOTER last_known_addr { host: "127.0.107.194" port: 39127 } } peers { permanent_uuid: "649b962b8441447ab521224965a16874" member_type: VOTER last_known_addr { host: "127.0.107.195" port: 46481 } }
I20260709 12:57:16.580276  1781 tablet_bootstrap.cc:492] T 951d59e6b65b4e1787a6a6d6939cceba P fb4a1a5713c64286b6c0d9e3b3f5dce4: Bootstrap starting.
I20260709 12:57:16.580937  1586 tablet_service.cc:1917] Received RequestConsensusVote() RPC: tablet_id: "b4ec6a24c4cf4296b0034ebcbce6fa52" candidate_uuid: "69e53c2920c448878fff23f5fbca3690" candidate_term: 1 candidate_status { last_received { term: 0 index: 0 } } ignore_live_leader: false dest_uuid: "fb4a1a5713c64286b6c0d9e3b3f5dce4" is_pre_election: true
I20260709 12:57:16.576804  1780 tablet_bootstrap.cc:492] T b3d23555ae5b496aba60f5c4eb870a97 P 69e53c2920c448878fff23f5fbca3690: No bootstrap required, opened a new log
I20260709 12:57:16.582267  1780 ts_tablet_manager.cc:1403] T b3d23555ae5b496aba60f5c4eb870a97 P 69e53c2920c448878fff23f5fbca3690: Time spent bootstrapping tablet: real 0.035s	user 0.011s	sys 0.003s
I20260709 12:57:16.585206  1780 raft_consensus.cc:359] T b3d23555ae5b496aba60f5c4eb870a97 P 69e53c2920c448878fff23f5fbca3690 [term 0 FOLLOWER]: Replica starting. Triggering 0 pending ops. Active config: opid_index: -1 OBSOLETE_local: false peers { permanent_uuid: "fb4a1a5713c64286b6c0d9e3b3f5dce4" member_type: VOTER last_known_addr { host: "127.0.107.193" port: 35677 } } peers { permanent_uuid: "69e53c2920c448878fff23f5fbca3690" member_type: VOTER last_known_addr { host: "127.0.107.194" port: 39127 } } peers { permanent_uuid: "649b962b8441447ab521224965a16874" member_type: VOTER last_known_addr { host: "127.0.107.195" port: 46481 } }
I20260709 12:57:16.585850  1780 raft_consensus.cc:385] T b3d23555ae5b496aba60f5c4eb870a97 P 69e53c2920c448878fff23f5fbca3690 [term 0 FOLLOWER]: Consensus starting up: Expiring failure detector timer to make a prompt election more likely
I20260709 12:57:16.586114  1780 raft_consensus.cc:740] T b3d23555ae5b496aba60f5c4eb870a97 P 69e53c2920c448878fff23f5fbca3690 [term 0 FOLLOWER]: Becoming Follower/Learner. State: Replica: 69e53c2920c448878fff23f5fbca3690, State: Initialized, Role: FOLLOWER
I20260709 12:57:16.586822  1780 consensus_queue.cc:260] T b3d23555ae5b496aba60f5c4eb870a97 P 69e53c2920c448878fff23f5fbca3690 [NON_LEADER]: Queue going to NON_LEADER mode. State: All replicated index: 0, Majority replicated index: 0, Committed index: 0, Last appended: 0.0, Last appended by leader: 0, Current term: 0, Majority size: -1, State: 0, Mode: NON_LEADER, active raft config: opid_index: -1 OBSOLETE_local: false peers { permanent_uuid: "fb4a1a5713c64286b6c0d9e3b3f5dce4" member_type: VOTER last_known_addr { host: "127.0.107.193" port: 35677 } } peers { permanent_uuid: "69e53c2920c448878fff23f5fbca3690" member_type: VOTER last_known_addr { host: "127.0.107.194" port: 39127 } } peers { permanent_uuid: "649b962b8441447ab521224965a16874" member_type: VOTER last_known_addr { host: "127.0.107.195" port: 46481 } }
I20260709 12:57:16.588390  1781 tablet_bootstrap.cc:654] T 951d59e6b65b4e1787a6a6d6939cceba P fb4a1a5713c64286b6c0d9e3b3f5dce4: Neither blocks nor log segments found. Creating new log.
I20260709 12:57:16.589128  1780 ts_tablet_manager.cc:1434] T b3d23555ae5b496aba60f5c4eb870a97 P 69e53c2920c448878fff23f5fbca3690: Time spent starting tablet: real 0.007s	user 0.005s	sys 0.000s
I20260709 12:57:16.590081  1780 tablet_bootstrap.cc:492] T b3465bd4219744df8bf63e3c80478992 P 69e53c2920c448878fff23f5fbca3690: Bootstrap starting.
I20260709 12:57:16.581702  1779 ts_tablet_manager.cc:1434] T ba966ba1f1bf419c9fbf4c7155f423fc P 649b962b8441447ab521224965a16874: Time spent starting tablet: real 0.009s	user 0.002s	sys 0.003s
I20260709 12:57:16.595237  1738 tablet_service.cc:1917] Received RequestConsensusVote() RPC: tablet_id: "b4ec6a24c4cf4296b0034ebcbce6fa52" candidate_uuid: "69e53c2920c448878fff23f5fbca3690" candidate_term: 1 candidate_status { last_received { term: 0 index: 0 } } ignore_live_leader: false dest_uuid: "649b962b8441447ab521224965a16874" is_pre_election: true
I20260709 12:57:16.596953  1630 leader_election.cc:304] T b4ec6a24c4cf4296b0034ebcbce6fa52 P 69e53c2920c448878fff23f5fbca3690 [CANDIDATE]: Term 1 pre-election: Election decided. Result: candidate lost. Election summary: received 3 responses out of 3 voters: 1 yes votes; 2 no votes. yes voters: 69e53c2920c448878fff23f5fbca3690; no voters: 649b962b8441447ab521224965a16874, fb4a1a5713c64286b6c0d9e3b3f5dce4
I20260709 12:57:16.598011  1936 raft_consensus.cc:2749] T b4ec6a24c4cf4296b0034ebcbce6fa52 P 69e53c2920c448878fff23f5fbca3690 [term 0 FOLLOWER]: Leader pre-election lost for term 1. Reason: could not achieve majority
I20260709 12:57:16.598519  1779 tablet_bootstrap.cc:492] T 5105c643ce844450ab371c54c91dcf23 P 649b962b8441447ab521224965a16874: Bootstrap starting.
I20260709 12:57:16.603297  1781 tablet_bootstrap.cc:492] T 951d59e6b65b4e1787a6a6d6939cceba P fb4a1a5713c64286b6c0d9e3b3f5dce4: No bootstrap required, opened a new log
I20260709 12:57:16.603749  1781 ts_tablet_manager.cc:1403] T 951d59e6b65b4e1787a6a6d6939cceba P fb4a1a5713c64286b6c0d9e3b3f5dce4: Time spent bootstrapping tablet: real 0.024s	user 0.016s	sys 0.001s
I20260709 12:57:16.606042  1781 raft_consensus.cc:359] T 951d59e6b65b4e1787a6a6d6939cceba P fb4a1a5713c64286b6c0d9e3b3f5dce4 [term 0 FOLLOWER]: Replica starting. Triggering 0 pending ops. Active config: opid_index: -1 OBSOLETE_local: false peers { permanent_uuid: "fb4a1a5713c64286b6c0d9e3b3f5dce4" member_type: VOTER last_known_addr { host: "127.0.107.193" port: 35677 } } peers { permanent_uuid: "69e53c2920c448878fff23f5fbca3690" member_type: VOTER last_known_addr { host: "127.0.107.194" port: 39127 } } peers { permanent_uuid: "649b962b8441447ab521224965a16874" member_type: VOTER last_known_addr { host: "127.0.107.195" port: 46481 } }
I20260709 12:57:16.606650  1781 raft_consensus.cc:385] T 951d59e6b65b4e1787a6a6d6939cceba P fb4a1a5713c64286b6c0d9e3b3f5dce4 [term 0 FOLLOWER]: Consensus starting up: Expiring failure detector timer to make a prompt election more likely
I20260709 12:57:16.606904  1781 raft_consensus.cc:740] T 951d59e6b65b4e1787a6a6d6939cceba P fb4a1a5713c64286b6c0d9e3b3f5dce4 [term 0 FOLLOWER]: Becoming Follower/Learner. State: Replica: fb4a1a5713c64286b6c0d9e3b3f5dce4, State: Initialized, Role: FOLLOWER
I20260709 12:57:16.607743  1781 consensus_queue.cc:260] T 951d59e6b65b4e1787a6a6d6939cceba P fb4a1a5713c64286b6c0d9e3b3f5dce4 [NON_LEADER]: Queue going to NON_LEADER mode. State: All replicated index: 0, Majority replicated index: 0, Committed index: 0, Last appended: 0.0, Last appended by leader: 0, Current term: 0, Majority size: -1, State: 0, Mode: NON_LEADER, active raft config: opid_index: -1 OBSOLETE_local: false peers { permanent_uuid: "fb4a1a5713c64286b6c0d9e3b3f5dce4" member_type: VOTER last_known_addr { host: "127.0.107.193" port: 35677 } } peers { permanent_uuid: "69e53c2920c448878fff23f5fbca3690" member_type: VOTER last_known_addr { host: "127.0.107.194" port: 39127 } } peers { permanent_uuid: "649b962b8441447ab521224965a16874" member_type: VOTER last_known_addr { host: "127.0.107.195" port: 46481 } }
I20260709 12:57:16.610177  1779 tablet_bootstrap.cc:654] T 5105c643ce844450ab371c54c91dcf23 P 649b962b8441447ab521224965a16874: Neither blocks nor log segments found. Creating new log.
I20260709 12:57:16.609906  1781 ts_tablet_manager.cc:1434] T 951d59e6b65b4e1787a6a6d6939cceba P fb4a1a5713c64286b6c0d9e3b3f5dce4: Time spent starting tablet: real 0.006s	user 0.003s	sys 0.003s
I20260709 12:57:16.611660  1781 tablet_bootstrap.cc:492] T 4bdc734d16ae4b12a8d8844fd7170d24 P fb4a1a5713c64286b6c0d9e3b3f5dce4: Bootstrap starting.
I20260709 12:57:16.614506  1780 tablet_bootstrap.cc:654] T b3465bd4219744df8bf63e3c80478992 P 69e53c2920c448878fff23f5fbca3690: Neither blocks nor log segments found. Creating new log.
I20260709 12:57:16.625594  1781 tablet_bootstrap.cc:654] T 4bdc734d16ae4b12a8d8844fd7170d24 P fb4a1a5713c64286b6c0d9e3b3f5dce4: Neither blocks nor log segments found. Creating new log.
I20260709 12:57:16.635846  1781 tablet_bootstrap.cc:492] T 4bdc734d16ae4b12a8d8844fd7170d24 P fb4a1a5713c64286b6c0d9e3b3f5dce4: No bootstrap required, opened a new log
I20260709 12:57:16.636469  1781 ts_tablet_manager.cc:1403] T 4bdc734d16ae4b12a8d8844fd7170d24 P fb4a1a5713c64286b6c0d9e3b3f5dce4: Time spent bootstrapping tablet: real 0.025s	user 0.006s	sys 0.009s
I20260709 12:57:16.637400  1940 raft_consensus.cc:493] T 06ed2d2638c2462e8b7b28400ba49ef8 P 649b962b8441447ab521224965a16874 [term 0 FOLLOWER]: Starting pre-election (no leader contacted us within the election timeout)
I20260709 12:57:16.638500  1939 consensus_queue.cc:1048] T 231dbe926e1549c7bee5bcf79004e176 P 649b962b8441447ab521224965a16874 [LEADER]: Connected to new peer: Peer: permanent_uuid: "fb4a1a5713c64286b6c0d9e3b3f5dce4" member_type: VOTER last_known_addr { host: "127.0.107.193" port: 35677 }, Status: LMP_MISMATCH, Last received: 0.0, Next index: 1, Last known committed idx: 0, Time since last communication: 0.000s
I20260709 12:57:16.638011  1940 raft_consensus.cc:515] T 06ed2d2638c2462e8b7b28400ba49ef8 P 649b962b8441447ab521224965a16874 [term 0 FOLLOWER]: Starting pre-election with config: opid_index: -1 OBSOLETE_local: false peers { permanent_uuid: "fb4a1a5713c64286b6c0d9e3b3f5dce4" member_type: VOTER last_known_addr { host: "127.0.107.193" port: 35677 } } peers { permanent_uuid: "69e53c2920c448878fff23f5fbca3690" member_type: VOTER last_known_addr { host: "127.0.107.194" port: 39127 } } peers { permanent_uuid: "649b962b8441447ab521224965a16874" member_type: VOTER last_known_addr { host: "127.0.107.195" port: 46481 } }
I20260709 12:57:16.640183  1781 raft_consensus.cc:359] T 4bdc734d16ae4b12a8d8844fd7170d24 P fb4a1a5713c64286b6c0d9e3b3f5dce4 [term 0 FOLLOWER]: Replica starting. Triggering 0 pending ops. Active config: opid_index: -1 OBSOLETE_local: false peers { permanent_uuid: "fb4a1a5713c64286b6c0d9e3b3f5dce4" member_type: VOTER last_known_addr { host: "127.0.107.193" port: 35677 } } peers { permanent_uuid: "69e53c2920c448878fff23f5fbca3690" member_type: VOTER last_known_addr { host: "127.0.107.194" port: 39127 } } peers { permanent_uuid: "649b962b8441447ab521224965a16874" member_type: VOTER last_known_addr { host: "127.0.107.195" port: 46481 } }
I20260709 12:57:16.642707  1781 raft_consensus.cc:385] T 4bdc734d16ae4b12a8d8844fd7170d24 P fb4a1a5713c64286b6c0d9e3b3f5dce4 [term 0 FOLLOWER]: Consensus starting up: Expiring failure detector timer to make a prompt election more likely
I20260709 12:57:16.642899  1664 tablet_service.cc:1917] Received RequestConsensusVote() RPC: tablet_id: "06ed2d2638c2462e8b7b28400ba49ef8" candidate_uuid: "649b962b8441447ab521224965a16874" candidate_term: 1 candidate_status { last_received { term: 0 index: 0 } } ignore_live_leader: false dest_uuid: "69e53c2920c448878fff23f5fbca3690" is_pre_election: true
I20260709 12:57:16.643507  1781 raft_consensus.cc:740] T 4bdc734d16ae4b12a8d8844fd7170d24 P fb4a1a5713c64286b6c0d9e3b3f5dce4 [term 0 FOLLOWER]: Becoming Follower/Learner. State: Replica: fb4a1a5713c64286b6c0d9e3b3f5dce4, State: Initialized, Role: FOLLOWER
I20260709 12:57:16.643673  1664 raft_consensus.cc:2468] T 06ed2d2638c2462e8b7b28400ba49ef8 P 69e53c2920c448878fff23f5fbca3690 [term 0 FOLLOWER]: Leader pre-election vote request: Granting yes vote for candidate 649b962b8441447ab521224965a16874 in term 0.
I20260709 12:57:16.645188  1781 consensus_queue.cc:260] T 4bdc734d16ae4b12a8d8844fd7170d24 P fb4a1a5713c64286b6c0d9e3b3f5dce4 [NON_LEADER]: Queue going to NON_LEADER mode. State: All replicated index: 0, Majority replicated index: 0, Committed index: 0, Last appended: 0.0, Last appended by leader: 0, Current term: 0, Majority size: -1, State: 0, Mode: NON_LEADER, active raft config: opid_index: -1 OBSOLETE_local: false peers { permanent_uuid: "fb4a1a5713c64286b6c0d9e3b3f5dce4" member_type: VOTER last_known_addr { host: "127.0.107.193" port: 35677 } } peers { permanent_uuid: "69e53c2920c448878fff23f5fbca3690" member_type: VOTER last_known_addr { host: "127.0.107.194" port: 39127 } } peers { permanent_uuid: "649b962b8441447ab521224965a16874" member_type: VOTER last_known_addr { host: "127.0.107.195" port: 46481 } }
I20260709 12:57:16.645358  1703 leader_election.cc:304] T 06ed2d2638c2462e8b7b28400ba49ef8 P 649b962b8441447ab521224965a16874 [CANDIDATE]: Term 1 pre-election: Election decided. Result: candidate won. Election summary: received 2 responses out of 3 voters: 2 yes votes; 0 no votes. yes voters: 649b962b8441447ab521224965a16874, 69e53c2920c448878fff23f5fbca3690; no voters: 
I20260709 12:57:16.647631  1785 raft_consensus.cc:2804] T 06ed2d2638c2462e8b7b28400ba49ef8 P 649b962b8441447ab521224965a16874 [term 0 FOLLOWER]: Leader pre-election won for term 1
I20260709 12:57:16.648113  1785 raft_consensus.cc:493] T 06ed2d2638c2462e8b7b28400ba49ef8 P 649b962b8441447ab521224965a16874 [term 0 FOLLOWER]: Starting leader election (no leader contacted us within the election timeout)
I20260709 12:57:16.648551  1785 raft_consensus.cc:3060] T 06ed2d2638c2462e8b7b28400ba49ef8 P 649b962b8441447ab521224965a16874 [term 0 FOLLOWER]: Advancing to term 1
I20260709 12:57:16.649858  1781 ts_tablet_manager.cc:1434] T 4bdc734d16ae4b12a8d8844fd7170d24 P fb4a1a5713c64286b6c0d9e3b3f5dce4: Time spent starting tablet: real 0.013s	user 0.005s	sys 0.001s
I20260709 12:57:16.649938  1891 raft_consensus.cc:493] T a9bfdcb2ce1c47e096fa3627fc240e99 P fb4a1a5713c64286b6c0d9e3b3f5dce4 [term 0 FOLLOWER]: Starting pre-election (no leader contacted us within the election timeout)
I20260709 12:57:16.651722  1891 raft_consensus.cc:515] T a9bfdcb2ce1c47e096fa3627fc240e99 P fb4a1a5713c64286b6c0d9e3b3f5dce4 [term 0 FOLLOWER]: Starting pre-election with config: opid_index: -1 OBSOLETE_local: false peers { permanent_uuid: "fb4a1a5713c64286b6c0d9e3b3f5dce4" member_type: VOTER last_known_addr { host: "127.0.107.193" port: 35677 } } peers { permanent_uuid: "69e53c2920c448878fff23f5fbca3690" member_type: VOTER last_known_addr { host: "127.0.107.194" port: 39127 } } peers { permanent_uuid: "649b962b8441447ab521224965a16874" member_type: VOTER last_known_addr { host: "127.0.107.195" port: 46481 } }
I20260709 12:57:16.652422  1781 tablet_bootstrap.cc:492] T e022416610764db0801f385746823992 P fb4a1a5713c64286b6c0d9e3b3f5dce4: Bootstrap starting.
I20260709 12:57:16.654747  1891 leader_election.cc:290] T a9bfdcb2ce1c47e096fa3627fc240e99 P fb4a1a5713c64286b6c0d9e3b3f5dce4 [CANDIDATE]: Term 1 pre-election: Requested pre-vote from peers 69e53c2920c448878fff23f5fbca3690 (127.0.107.194:39127), 649b962b8441447ab521224965a16874 (127.0.107.195:46481)
I20260709 12:57:16.658267  1588 tablet_service.cc:1917] Received RequestConsensusVote() RPC: tablet_id: "06ed2d2638c2462e8b7b28400ba49ef8" candidate_uuid: "649b962b8441447ab521224965a16874" candidate_term: 1 candidate_status { last_received { term: 0 index: 0 } } ignore_live_leader: false dest_uuid: "fb4a1a5713c64286b6c0d9e3b3f5dce4" is_pre_election: true
I20260709 12:57:16.659196  1588 raft_consensus.cc:2468] T 06ed2d2638c2462e8b7b28400ba49ef8 P fb4a1a5713c64286b6c0d9e3b3f5dce4 [term 0 FOLLOWER]: Leader pre-election vote request: Granting yes vote for candidate 649b962b8441447ab521224965a16874 in term 0.
I20260709 12:57:16.645964  1940 leader_election.cc:290] T 06ed2d2638c2462e8b7b28400ba49ef8 P 649b962b8441447ab521224965a16874 [CANDIDATE]: Term 1 pre-election: Requested pre-vote from peers fb4a1a5713c64286b6c0d9e3b3f5dce4 (127.0.107.193:35677), 69e53c2920c448878fff23f5fbca3690 (127.0.107.194:39127)
I20260709 12:57:16.661259  1664 tablet_service.cc:1917] Received RequestConsensusVote() RPC: tablet_id: "a9bfdcb2ce1c47e096fa3627fc240e99" candidate_uuid: "fb4a1a5713c64286b6c0d9e3b3f5dce4" candidate_term: 1 candidate_status { last_received { term: 0 index: 0 } } ignore_live_leader: false dest_uuid: "69e53c2920c448878fff23f5fbca3690" is_pre_election: true
I20260709 12:57:16.662048  1664 raft_consensus.cc:2468] T a9bfdcb2ce1c47e096fa3627fc240e99 P 69e53c2920c448878fff23f5fbca3690 [term 0 FOLLOWER]: Leader pre-election vote request: Granting yes vote for candidate fb4a1a5713c64286b6c0d9e3b3f5dce4 in term 0.
I20260709 12:57:16.666932  1554 leader_election.cc:304] T a9bfdcb2ce1c47e096fa3627fc240e99 P fb4a1a5713c64286b6c0d9e3b3f5dce4 [CANDIDATE]: Term 1 pre-election: Election decided. Result: candidate won. Election summary: received 2 responses out of 3 voters: 2 yes votes; 0 no votes. yes voters: 69e53c2920c448878fff23f5fbca3690, fb4a1a5713c64286b6c0d9e3b3f5dce4; no voters: 
I20260709 12:57:16.668640  1787 raft_consensus.cc:2804] T a9bfdcb2ce1c47e096fa3627fc240e99 P fb4a1a5713c64286b6c0d9e3b3f5dce4 [term 0 FOLLOWER]: Leader pre-election won for term 1
I20260709 12:57:16.669152  1787 raft_consensus.cc:493] T a9bfdcb2ce1c47e096fa3627fc240e99 P fb4a1a5713c64286b6c0d9e3b3f5dce4 [term 0 FOLLOWER]: Starting leader election (no leader contacted us within the election timeout)
I20260709 12:57:16.669618  1787 raft_consensus.cc:3060] T a9bfdcb2ce1c47e096fa3627fc240e99 P fb4a1a5713c64286b6c0d9e3b3f5dce4 [term 0 FOLLOWER]: Advancing to term 1
I20260709 12:57:16.674185  1781 tablet_bootstrap.cc:654] T e022416610764db0801f385746823992 P fb4a1a5713c64286b6c0d9e3b3f5dce4: Neither blocks nor log segments found. Creating new log.
I20260709 12:57:16.685158  1734 tablet_service.cc:1917] Received RequestConsensusVote() RPC: tablet_id: "a9bfdcb2ce1c47e096fa3627fc240e99" candidate_uuid: "fb4a1a5713c64286b6c0d9e3b3f5dce4" candidate_term: 1 candidate_status { last_received { term: 0 index: 0 } } ignore_live_leader: false dest_uuid: "649b962b8441447ab521224965a16874" is_pre_election: true
I20260709 12:57:16.686147  1734 raft_consensus.cc:2468] T a9bfdcb2ce1c47e096fa3627fc240e99 P 649b962b8441447ab521224965a16874 [term 0 FOLLOWER]: Leader pre-election vote request: Granting yes vote for candidate fb4a1a5713c64286b6c0d9e3b3f5dce4 in term 0.
I20260709 12:57:16.687881  1936 raft_consensus.cc:493] T ba966ba1f1bf419c9fbf4c7155f423fc P 69e53c2920c448878fff23f5fbca3690 [term 0 FOLLOWER]: Starting pre-election (no leader contacted us within the election timeout)
I20260709 12:57:16.688587  1936 raft_consensus.cc:515] T ba966ba1f1bf419c9fbf4c7155f423fc P 69e53c2920c448878fff23f5fbca3690 [term 0 FOLLOWER]: Starting pre-election with config: opid_index: -1 OBSOLETE_local: false peers { permanent_uuid: "fb4a1a5713c64286b6c0d9e3b3f5dce4" member_type: VOTER last_known_addr { host: "127.0.107.193" port: 35677 } } peers { permanent_uuid: "69e53c2920c448878fff23f5fbca3690" member_type: VOTER last_known_addr { host: "127.0.107.194" port: 39127 } } peers { permanent_uuid: "649b962b8441447ab521224965a16874" member_type: VOTER last_known_addr { host: "127.0.107.195" port: 46481 } }
I20260709 12:57:16.699539  1588 tablet_service.cc:1917] Received RequestConsensusVote() RPC: tablet_id: "ba966ba1f1bf419c9fbf4c7155f423fc" candidate_uuid: "69e53c2920c448878fff23f5fbca3690" candidate_term: 1 candidate_status { last_received { term: 0 index: 0 } } ignore_live_leader: false dest_uuid: "fb4a1a5713c64286b6c0d9e3b3f5dce4" is_pre_election: true
I20260709 12:57:16.700519  1588 raft_consensus.cc:2468] T ba966ba1f1bf419c9fbf4c7155f423fc P fb4a1a5713c64286b6c0d9e3b3f5dce4 [term 0 FOLLOWER]: Leader pre-election vote request: Granting yes vote for candidate 69e53c2920c448878fff23f5fbca3690 in term 0.
I20260709 12:57:16.701928  1825 raft_consensus.cc:493] T 4bdc734d16ae4b12a8d8844fd7170d24 P fb4a1a5713c64286b6c0d9e3b3f5dce4 [term 0 FOLLOWER]: Starting pre-election (no leader contacted us within the election timeout)
