W20260709 13:03:04.526265 14943 consensus_peers.cc:597] T 98cabcab0f5c458486ae7f83f9212766 P 79d781715d1e44b98276e3900552c5c7 -> Peer b43e07c7fc0a49648ed9e92a9dae679d (127.13.219.193:43309): Couldn't send request to peer b43e07c7fc0a49648ed9e92a9dae679d. Status: Network error: Client connection negotiation failed: client connection to 127.13.219.193:43309: connect: Connection refused (error 111). This is attempt 1: this message will repeat every 5th retry.
I20260709 13:03:04.526994 14191 tablet_replica.cc:333] T 98cabcab0f5c458486ae7f83f9212766 P 79d781715d1e44b98276e3900552c5c7: stopping tablet replica
I20260709 13:03:04.527390 14191 raft_consensus.cc:2243] T 98cabcab0f5c458486ae7f83f9212766 P 79d781715d1e44b98276e3900552c5c7 [term 4 LEADER]: Raft consensus shutting down.
I20260709 13:03:04.527961 14191 raft_consensus.cc:2272] T 98cabcab0f5c458486ae7f83f9212766 P 79d781715d1e44b98276e3900552c5c7 [term 4 FOLLOWER]: Raft consensus is shut down!
I20260709 13:03:04.556067 14191 tablet_server.cc:196] TabletServer@127.13.219.195:0 shutdown complete.
I20260709 13:03:04.573791 14191 master.cc:562] Master@127.13.219.254:44451 shutting down...
I20260709 13:03:04.590464 14191 raft_consensus.cc:2243] T 00000000000000000000000000000000 P 7caaaec39c33485b93bcd156b3e1c380 [term 1 LEADER]: Raft consensus shutting down.
I20260709 13:03:04.590957 14191 raft_consensus.cc:2272] T 00000000000000000000000000000000 P 7caaaec39c33485b93bcd156b3e1c380 [term 1 FOLLOWER]: Raft consensus is shut down!
I20260709 13:03:04.591224 14191 tablet_replica.cc:333] T 00000000000000000000000000000000 P 7caaaec39c33485b93bcd156b3e1c380: stopping tablet replica
I20260709 13:03:04.610643 14191 master.cc:584] Master@127.13.219.254:44451 shutdown complete.
79d781715d1e44b98276e3900552c5c7  1
99cb4af685214d478379c7ecd04352a8  4
b43e07c7fc0a49648ed9e92a9dae679d  5
[       OK ] LeaderRebalancerTest.FunctionalTestForNotDivided (10458 ms)
[ RUN      ] LeaderRebalancerTest.AddTserver
I20260709 13:03:04.646418 14191 internal_mini_cluster.cc:156] Creating distributed mini masters. Addrs: 127.13.219.254:45589
I20260709 13:03:04.647502 14191 file_cache.cc:504] Constructed file cache file cache with capacity 419430
W20260709 13:03:04.652806 15186 instance_detector.cc:116] could not retrieve Azure instance metadata: Network error: curl error: HTTP response code said error: The requested URL returned error: 404
W20260709 13:03:04.652853 15185 instance_detector.cc:116] could not retrieve AWS instance metadata: Network error: curl error: HTTP response code said error: The requested URL returned error: 404
W20260709 13:03:04.653963 15188 instance_detector.cc:116] could not retrieve OpenStack instance metadata: Network error: curl error: HTTP response code said error: The requested URL returned error: 404
I20260709 13:03:04.654424 14191 server_base.cc:1061] running on GCE node
I20260709 13:03:04.655174 14191 hybrid_clock.cc:584] initializing the hybrid clock with 'system_unsync' time source
W20260709 13:03:04.655355 14191 system_unsync_time.cc:38] NTP support is disabled. Clock error bounds will not be accurate. This configuration is not suitable for distributed clusters.
I20260709 13:03:04.655501 14191 hybrid_clock.cc:648] HybridClock initialized: now 1783602184655483 us; error 0 us; skew 500 ppm
I20260709 13:03:04.656006 14191 server_base.cc:861] Flag tcmalloc_max_total_thread_cache_bytes is not working since tcmalloc is not enabled.
I20260709 13:03:04.658347 14191 webserver.cc:533] Webserver started at http://127.13.219.254:42923/ using document root <none> and password file <none>
I20260709 13:03:04.658804 14191 fs_manager.cc:362] Metadata directory not provided
I20260709 13:03:04.658967 14191 fs_manager.cc:368] Using write-ahead log directory (fs_wal_dir) as metadata directory
I20260709 13:03:04.659226 14191 server_base.cc:909] This appears to be a new deployment of Kudu; creating new FS layout
I20260709 13:03:04.660298 14191 fs_manager.cc:1068] Generated new instance metadata in path /tmp/dist-test-task6IZhXW/test-tmp/auto_leader_rebalancer-test.0.LeaderRebalancerTest.AddTserver.1783602161320582-14191-0/minicluster-data/master-0-root/instance:
uuid: "fe81833049974deea2a6bdd38f290d26"
format_stamp: "Formatted at 2026-07-09 13:03:04 on dist-test-slave-jw7x"
I20260709 13:03:04.664603 14191 fs_manager.cc:696] Time spent creating directory manager: real 0.004s	user 0.006s	sys 0.000s
I20260709 13:03:04.667889 15193 log_block_manager.cc:4127] Time spent loading block containers with low live blocks: real 0.000s	user 0.000s	sys 0.000s
I20260709 13:03:04.668596 14191 fs_manager.cc:730] Time spent opening block manager: real 0.002s	user 0.002s	sys 0.000s
I20260709 13:03:04.668869 14191 fs_manager.cc:647] Opened local filesystem: /tmp/dist-test-task6IZhXW/test-tmp/auto_leader_rebalancer-test.0.LeaderRebalancerTest.AddTserver.1783602161320582-14191-0/minicluster-data/master-0-root
uuid: "fe81833049974deea2a6bdd38f290d26"
format_stamp: "Formatted at 2026-07-09 13:03:04 on dist-test-slave-jw7x"
I20260709 13:03:04.669127 14191 fs_report.cc:389] FS layout report
--------------------
wal directory: /tmp/dist-test-task6IZhXW/test-tmp/auto_leader_rebalancer-test.0.LeaderRebalancerTest.AddTserver.1783602161320582-14191-0/minicluster-data/master-0-root
metadata directory: /tmp/dist-test-task6IZhXW/test-tmp/auto_leader_rebalancer-test.0.LeaderRebalancerTest.AddTserver.1783602161320582-14191-0/minicluster-data/master-0-root
1 data directories: /tmp/dist-test-task6IZhXW/test-tmp/auto_leader_rebalancer-test.0.LeaderRebalancerTest.AddTserver.1783602161320582-14191-0/minicluster-data/master-0-root/data
Total live blocks: 0
Total live bytes: 0
Total live bytes (after alignment): 0
Total number of LBM containers: 0 (0 full)
Did not check for missing blocks
Did not check for orphaned blocks
Total full LBM containers with extra space: 0 (0 repaired)
Total full LBM container extra space in bytes: 0 (0 repaired)
Total incomplete LBM containers: 0 (0 repaired)
Total LBM partial records: 0 (0 repaired)
Total corrupted LBM metadata records in RocksDB: 0 (0 repaired)
I20260709 13:03:04.684790 14191 rpc_server.cc:225] running with OpenSSL 1.1.1  11 Sep 2018
I20260709 13:03:04.686071 14191 kserver.cc:163] Server-wide thread pool size limit: 3276
I20260709 13:03:04.722236 14191 rpc_server.cc:307] RPC server started. Bound to: 127.13.219.254:45589
I20260709 13:03:04.722327 15244 acceptor_pool.cc:272] collecting diagnostics on the listening RPC socket 127.13.219.254:45589 every 8 connection(s)
I20260709 13:03:04.726079 15245 data_dirs.cc:400] Could only allocate 1 dirs of requested 3 for tablet 00000000000000000000000000000000. 1 dirs total, 0 dirs full, 0 dirs failed
I20260709 13:03:04.735709 15245 tablet_bootstrap.cc:492] T 00000000000000000000000000000000 P fe81833049974deea2a6bdd38f290d26: Bootstrap starting.
I20260709 13:03:04.740207 15245 tablet_bootstrap.cc:654] T 00000000000000000000000000000000 P fe81833049974deea2a6bdd38f290d26: Neither blocks nor log segments found. Creating new log.
I20260709 13:03:04.744208 15245 tablet_bootstrap.cc:492] T 00000000000000000000000000000000 P fe81833049974deea2a6bdd38f290d26: No bootstrap required, opened a new log
I20260709 13:03:04.746282 15245 raft_consensus.cc:359] T 00000000000000000000000000000000 P fe81833049974deea2a6bdd38f290d26 [term 0 FOLLOWER]: Replica starting. Triggering 0 pending ops. Active config: opid_index: -1 OBSOLETE_local: true peers { permanent_uuid: "fe81833049974deea2a6bdd38f290d26" member_type: VOTER }
I20260709 13:03:04.746663 15245 raft_consensus.cc:385] T 00000000000000000000000000000000 P fe81833049974deea2a6bdd38f290d26 [term 0 FOLLOWER]: Consensus starting up: Expiring failure detector timer to make a prompt election more likely
I20260709 13:03:04.746834 15245 raft_consensus.cc:740] T 00000000000000000000000000000000 P fe81833049974deea2a6bdd38f290d26 [term 0 FOLLOWER]: Becoming Follower/Learner. State: Replica: fe81833049974deea2a6bdd38f290d26, State: Initialized, Role: FOLLOWER
I20260709 13:03:04.747362 15245 consensus_queue.cc:260] T 00000000000000000000000000000000 P fe81833049974deea2a6bdd38f290d26 [NON_LEADER]: Queue going to NON_LEADER mode. State: All replicated index: 0, Majority replicated index: 0, Committed index: 0, Last appended: 0.0, Last appended by leader: 0, Current term: 0, Majority size: -1, State: 0, Mode: NON_LEADER, active raft config: opid_index: -1 OBSOLETE_local: true peers { permanent_uuid: "fe81833049974deea2a6bdd38f290d26" member_type: VOTER }
I20260709 13:03:04.747797 15245 raft_consensus.cc:399] T 00000000000000000000000000000000 P fe81833049974deea2a6bdd38f290d26 [term 0 FOLLOWER]: Only one voter in the Raft config. Triggering election immediately
I20260709 13:03:04.747988 15245 raft_consensus.cc:493] T 00000000000000000000000000000000 P fe81833049974deea2a6bdd38f290d26 [term 0 FOLLOWER]: Starting leader election (initial election of a single-replica configuration)
I20260709 13:03:04.748198 15245 raft_consensus.cc:3060] T 00000000000000000000000000000000 P fe81833049974deea2a6bdd38f290d26 [term 0 FOLLOWER]: Advancing to term 1
I20260709 13:03:04.752282 15245 raft_consensus.cc:515] T 00000000000000000000000000000000 P fe81833049974deea2a6bdd38f290d26 [term 1 FOLLOWER]: Starting leader election with config: opid_index: -1 OBSOLETE_local: true peers { permanent_uuid: "fe81833049974deea2a6bdd38f290d26" member_type: VOTER }
I20260709 13:03:04.752758 15245 leader_election.cc:304] T 00000000000000000000000000000000 P fe81833049974deea2a6bdd38f290d26 [CANDIDATE]: Term 1 election: Election decided. Result: candidate won. Election summary: received 1 responses out of 1 voters: 1 yes votes; 0 no votes. yes voters: fe81833049974deea2a6bdd38f290d26; no voters: 
I20260709 13:03:04.753852 15245 leader_election.cc:290] T 00000000000000000000000000000000 P fe81833049974deea2a6bdd38f290d26 [CANDIDATE]: Term 1 election: Requested vote from peers 
I20260709 13:03:04.754220 15248 raft_consensus.cc:2804] T 00000000000000000000000000000000 P fe81833049974deea2a6bdd38f290d26 [term 1 FOLLOWER]: Leader election won for term 1
I20260709 13:03:04.755472 15248 raft_consensus.cc:697] T 00000000000000000000000000000000 P fe81833049974deea2a6bdd38f290d26 [term 1 LEADER]: Becoming Leader. State: Replica: fe81833049974deea2a6bdd38f290d26, State: Running, Role: LEADER
I20260709 13:03:04.756040 15248 consensus_queue.cc:237] T 00000000000000000000000000000000 P fe81833049974deea2a6bdd38f290d26 [LEADER]: Queue going to LEADER mode. State: All replicated index: 0, Majority replicated index: 0, Committed index: 0, Last appended: 0.0, Last appended by leader: 0, Current term: 1, Majority size: 1, State: 0, Mode: LEADER, active raft config: opid_index: -1 OBSOLETE_local: true peers { permanent_uuid: "fe81833049974deea2a6bdd38f290d26" member_type: VOTER }
I20260709 13:03:04.756587 15245 sys_catalog.cc:565] T 00000000000000000000000000000000 P fe81833049974deea2a6bdd38f290d26 [sys.catalog]: configured and running, proceeding with master startup.
I20260709 13:03:04.760258 15250 sys_catalog.cc:455] T 00000000000000000000000000000000 P fe81833049974deea2a6bdd38f290d26 [sys.catalog]: SysCatalogTable state changed. Reason: New leader fe81833049974deea2a6bdd38f290d26. Latest consensus state: current_term: 1 leader_uuid: "fe81833049974deea2a6bdd38f290d26" committed_config { opid_index: -1 OBSOLETE_local: true peers { permanent_uuid: "fe81833049974deea2a6bdd38f290d26" member_type: VOTER } }
I20260709 13:03:04.760824 15250 sys_catalog.cc:458] T 00000000000000000000000000000000 P fe81833049974deea2a6bdd38f290d26 [sys.catalog]: This master's current role is: LEADER
I20260709 13:03:04.762111 15249 sys_catalog.cc:455] T 00000000000000000000000000000000 P fe81833049974deea2a6bdd38f290d26 [sys.catalog]: SysCatalogTable state changed. Reason: RaftConsensus started. Latest consensus state: current_term: 1 leader_uuid: "fe81833049974deea2a6bdd38f290d26" committed_config { opid_index: -1 OBSOLETE_local: true peers { permanent_uuid: "fe81833049974deea2a6bdd38f290d26" member_type: VOTER } }
I20260709 13:03:04.762648 15254 catalog_manager.cc:1511] Loading table and tablet metadata into memory...
I20260709 13:03:04.762720 15249 sys_catalog.cc:458] T 00000000000000000000000000000000 P fe81833049974deea2a6bdd38f290d26 [sys.catalog]: This master's current role is: LEADER
I20260709 13:03:04.767520 15254 catalog_manager.cc:1520] Initializing Kudu cluster ID...
I20260709 13:03:04.771900 14191 internal_mini_cluster.cc:184] Waiting to initialize catalog manager on master 0
I20260709 13:03:04.776662 15254 catalog_manager.cc:1383] Generated new cluster ID: 7a759a6a1b844f49b501fb879b820d98
I20260709 13:03:04.776914 15254 catalog_manager.cc:1531] Initializing Kudu internal certificate authority...
I20260709 13:03:04.794457 15254 catalog_manager.cc:1406] Generated new certificate authority record
I20260709 13:03:04.795708 15254 catalog_manager.cc:1540] Loading token signing keys...
I20260709 13:03:04.812680 15254 catalog_manager.cc:6070] T 00000000000000000000000000000000 P fe81833049974deea2a6bdd38f290d26: Generated new TSK 0
I20260709 13:03:04.813380 15254 catalog_manager.cc:1550] Initializing in-progress tserver states...
I20260709 13:03:04.838817 14191 file_cache.cc:504] Constructed file cache file cache with capacity 419430
W20260709 13:03:04.844503 15266 instance_detector.cc:116] could not retrieve AWS instance metadata: Network error: curl error: HTTP response code said error: The requested URL returned error: 404
W20260709 13:03:04.845500 15267 instance_detector.cc:116] could not retrieve Azure instance metadata: Network error: curl error: HTTP response code said error: The requested URL returned error: 404
I20260709 13:03:04.847420 14191 server_base.cc:1061] running on GCE node
W20260709 13:03:04.847997 15269 instance_detector.cc:116] could not retrieve OpenStack instance metadata: Network error: curl error: HTTP response code said error: The requested URL returned error: 404
I20260709 13:03:04.848882 14191 hybrid_clock.cc:584] initializing the hybrid clock with 'system_unsync' time source
W20260709 13:03:04.849076 14191 system_unsync_time.cc:38] NTP support is disabled. Clock error bounds will not be accurate. This configuration is not suitable for distributed clusters.
I20260709 13:03:04.849196 14191 hybrid_clock.cc:648] HybridClock initialized: now 1783602184849185 us; error 0 us; skew 500 ppm
I20260709 13:03:04.849701 14191 server_base.cc:861] Flag tcmalloc_max_total_thread_cache_bytes is not working since tcmalloc is not enabled.
I20260709 13:03:04.851971 14191 webserver.cc:533] Webserver started at http://127.13.219.193:44531/ using document root <none> and password file <none>
I20260709 13:03:04.852406 14191 fs_manager.cc:362] Metadata directory not provided
I20260709 13:03:04.852558 14191 fs_manager.cc:368] Using write-ahead log directory (fs_wal_dir) as metadata directory
I20260709 13:03:04.852766 14191 server_base.cc:909] This appears to be a new deployment of Kudu; creating new FS layout
I20260709 13:03:04.853842 14191 fs_manager.cc:1068] Generated new instance metadata in path /tmp/dist-test-task6IZhXW/test-tmp/auto_leader_rebalancer-test.0.LeaderRebalancerTest.AddTserver.1783602161320582-14191-0/minicluster-data/ts-0-root/instance:
uuid: "14740c8a44c4487d9f778f2af46bc6c6"
format_stamp: "Formatted at 2026-07-09 13:03:04 on dist-test-slave-jw7x"
I20260709 13:03:04.858191 14191 fs_manager.cc:696] Time spent creating directory manager: real 0.004s	user 0.004s	sys 0.000s
I20260709 13:03:04.861348 15274 log_block_manager.cc:4127] Time spent loading block containers with low live blocks: real 0.000s	user 0.000s	sys 0.000s
I20260709 13:03:04.862090 14191 fs_manager.cc:730] Time spent opening block manager: real 0.002s	user 0.003s	sys 0.000s
I20260709 13:03:04.862358 14191 fs_manager.cc:647] Opened local filesystem: /tmp/dist-test-task6IZhXW/test-tmp/auto_leader_rebalancer-test.0.LeaderRebalancerTest.AddTserver.1783602161320582-14191-0/minicluster-data/ts-0-root
uuid: "14740c8a44c4487d9f778f2af46bc6c6"
format_stamp: "Formatted at 2026-07-09 13:03:04 on dist-test-slave-jw7x"
I20260709 13:03:04.862622 14191 fs_report.cc:389] FS layout report
--------------------
wal directory: /tmp/dist-test-task6IZhXW/test-tmp/auto_leader_rebalancer-test.0.LeaderRebalancerTest.AddTserver.1783602161320582-14191-0/minicluster-data/ts-0-root
metadata directory: /tmp/dist-test-task6IZhXW/test-tmp/auto_leader_rebalancer-test.0.LeaderRebalancerTest.AddTserver.1783602161320582-14191-0/minicluster-data/ts-0-root
1 data directories: /tmp/dist-test-task6IZhXW/test-tmp/auto_leader_rebalancer-test.0.LeaderRebalancerTest.AddTserver.1783602161320582-14191-0/minicluster-data/ts-0-root/data
Total live blocks: 0
Total live bytes: 0
Total live bytes (after alignment): 0
Total number of LBM containers: 0 (0 full)
Did not check for missing blocks
Did not check for orphaned blocks
Total full LBM containers with extra space: 0 (0 repaired)
Total full LBM container extra space in bytes: 0 (0 repaired)
Total incomplete LBM containers: 0 (0 repaired)
Total LBM partial records: 0 (0 repaired)
Total corrupted LBM metadata records in RocksDB: 0 (0 repaired)
I20260709 13:03:04.874044 14191 rpc_server.cc:225] running with OpenSSL 1.1.1  11 Sep 2018
I20260709 13:03:04.875319 14191 kserver.cc:163] Server-wide thread pool size limit: 3276
I20260709 13:03:04.876796 14191 txn_system_client.cc:432] TxnSystemClient initialization is disabled...
I20260709 13:03:04.879106 14191 ts_tablet_manager.cc:585] Loaded tablet metadata (0 total tablets, 0 live tablets)
I20260709 13:03:04.879323 14191 ts_tablet_manager.cc:531] Time spent load tablet metadata: real 0.000s	user 0.000s	sys 0.000s
I20260709 13:03:04.879544 14191 ts_tablet_manager.cc:616] Registered 0 tablets
I20260709 13:03:04.879710 14191 ts_tablet_manager.cc:595] Time spent register tablets: real 0.000s	user 0.000s	sys 0.000s
I20260709 13:03:04.917714 14191 rpc_server.cc:307] RPC server started. Bound to: 127.13.219.193:41727
I20260709 13:03:04.917809 15336 acceptor_pool.cc:272] collecting diagnostics on the listening RPC socket 127.13.219.193:41727 every 8 connection(s)
I20260709 13:03:04.922410 14191 file_cache.cc:504] Constructed file cache file cache with capacity 419430
W20260709 13:03:04.928984 15341 instance_detector.cc:116] could not retrieve AWS instance metadata: Network error: curl error: HTTP response code said error: The requested URL returned error: 404
W20260709 13:03:04.931382 15342 instance_detector.cc:116] could not retrieve Azure instance metadata: Network error: curl error: HTTP response code said error: The requested URL returned error: 404
W20260709 13:03:04.932109 15344 instance_detector.cc:116] could not retrieve OpenStack instance metadata: Network error: curl error: HTTP response code said error: The requested URL returned error: 404
I20260709 13:03:04.932360 14191 server_base.cc:1061] running on GCE node
I20260709 13:03:04.933499 14191 hybrid_clock.cc:584] initializing the hybrid clock with 'system_unsync' time source
W20260709 13:03:04.933735 14191 system_unsync_time.cc:38] NTP support is disabled. Clock error bounds will not be accurate. This configuration is not suitable for distributed clusters.
I20260709 13:03:04.933887 14191 hybrid_clock.cc:648] HybridClock initialized: now 1783602184933871 us; error 0 us; skew 500 ppm
I20260709 13:03:04.934453 14191 server_base.cc:861] Flag tcmalloc_max_total_thread_cache_bytes is not working since tcmalloc is not enabled.
I20260709 13:03:04.937320 14191 webserver.cc:533] Webserver started at http://127.13.219.194:34575/ using document root <none> and password file <none>
I20260709 13:03:04.937377 15337 heartbeater.cc:344] Connected to a master server at 127.13.219.254:45589
I20260709 13:03:04.937773 15337 heartbeater.cc:461] Registering TS with master...
I20260709 13:03:04.937887 14191 fs_manager.cc:362] Metadata directory not provided
I20260709 13:03:04.938122 14191 fs_manager.cc:368] Using write-ahead log directory (fs_wal_dir) as metadata directory
I20260709 13:03:04.938448 14191 server_base.cc:909] This appears to be a new deployment of Kudu; creating new FS layout
I20260709 13:03:04.938661 15337 heartbeater.cc:507] Master 127.13.219.254:45589 requested a full tablet report, sending...
I20260709 13:03:04.939654 14191 fs_manager.cc:1068] Generated new instance metadata in path /tmp/dist-test-task6IZhXW/test-tmp/auto_leader_rebalancer-test.0.LeaderRebalancerTest.AddTserver.1783602161320582-14191-0/minicluster-data/ts-1-root/instance:
uuid: "f5dcb023202f4f729dc5238f1f9a9616"
format_stamp: "Formatted at 2026-07-09 13:03:04 on dist-test-slave-jw7x"
I20260709 13:03:04.940838 15210 ts_manager.cc:194] Registered new tserver with Master: 14740c8a44c4487d9f778f2af46bc6c6 (127.13.219.193:41727)
I20260709 13:03:04.942605 15210 master_service.cc:502] Signed X509 certificate for tserver {username='slave'} at 127.0.0.1:40860
I20260709 13:03:04.944515 14191 fs_manager.cc:696] Time spent creating directory manager: real 0.004s	user 0.006s	sys 0.000s
I20260709 13:03:04.947947 15349 log_block_manager.cc:4127] Time spent loading block containers with low live blocks: real 0.000s	user 0.000s	sys 0.000s
I20260709 13:03:04.948659 14191 fs_manager.cc:730] Time spent opening block manager: real 0.002s	user 0.002s	sys 0.000s
I20260709 13:03:04.948915 14191 fs_manager.cc:647] Opened local filesystem: /tmp/dist-test-task6IZhXW/test-tmp/auto_leader_rebalancer-test.0.LeaderRebalancerTest.AddTserver.1783602161320582-14191-0/minicluster-data/ts-1-root
uuid: "f5dcb023202f4f729dc5238f1f9a9616"
format_stamp: "Formatted at 2026-07-09 13:03:04 on dist-test-slave-jw7x"
I20260709 13:03:04.949167 14191 fs_report.cc:389] FS layout report
--------------------
wal directory: /tmp/dist-test-task6IZhXW/test-tmp/auto_leader_rebalancer-test.0.LeaderRebalancerTest.AddTserver.1783602161320582-14191-0/minicluster-data/ts-1-root
metadata directory: /tmp/dist-test-task6IZhXW/test-tmp/auto_leader_rebalancer-test.0.LeaderRebalancerTest.AddTserver.1783602161320582-14191-0/minicluster-data/ts-1-root
1 data directories: /tmp/dist-test-task6IZhXW/test-tmp/auto_leader_rebalancer-test.0.LeaderRebalancerTest.AddTserver.1783602161320582-14191-0/minicluster-data/ts-1-root/data
Total live blocks: 0
Total live bytes: 0
Total live bytes (after alignment): 0
Total number of LBM containers: 0 (0 full)
Did not check for missing blocks
Did not check for orphaned blocks
Total full LBM containers with extra space: 0 (0 repaired)
Total full LBM container extra space in bytes: 0 (0 repaired)
Total incomplete LBM containers: 0 (0 repaired)
Total LBM partial records: 0 (0 repaired)
Total corrupted LBM metadata records in RocksDB: 0 (0 repaired)
I20260709 13:03:04.976061 14191 rpc_server.cc:225] running with OpenSSL 1.1.1  11 Sep 2018
I20260709 13:03:04.977738 14191 kserver.cc:163] Server-wide thread pool size limit: 3276
I20260709 13:03:04.979578 14191 txn_system_client.cc:432] TxnSystemClient initialization is disabled...
I20260709 13:03:04.982769 14191 ts_tablet_manager.cc:585] Loaded tablet metadata (0 total tablets, 0 live tablets)
I20260709 13:03:04.983036 14191 ts_tablet_manager.cc:531] Time spent load tablet metadata: real 0.000s	user 0.000s	sys 0.000s
I20260709 13:03:04.983317 14191 ts_tablet_manager.cc:616] Registered 0 tablets
I20260709 13:03:04.983520 14191 ts_tablet_manager.cc:595] Time spent register tablets: real 0.000s	user 0.000s	sys 0.000s
I20260709 13:03:05.025453 14191 rpc_server.cc:307] RPC server started. Bound to: 127.13.219.194:37633
I20260709 13:03:05.025539 15411 acceptor_pool.cc:272] collecting diagnostics on the listening RPC socket 127.13.219.194:37633 every 8 connection(s)
I20260709 13:03:05.030031 14191 file_cache.cc:504] Constructed file cache file cache with capacity 419430
W20260709 13:03:05.036613 15415 instance_detector.cc:116] could not retrieve AWS instance metadata: Network error: curl error: HTTP response code said error: The requested URL returned error: 404
W20260709 13:03:05.038573 15416 instance_detector.cc:116] could not retrieve Azure instance metadata: Network error: curl error: HTTP response code said error: The requested URL returned error: 404
I20260709 13:03:05.039590 14191 server_base.cc:1061] running on GCE node
W20260709 13:03:05.040202 15418 instance_detector.cc:116] could not retrieve OpenStack instance metadata: Network error: curl error: HTTP response code said error: The requested URL returned error: 404
I20260709 13:03:05.041679 15412 heartbeater.cc:344] Connected to a master server at 127.13.219.254:45589
I20260709 13:03:05.041857 14191 hybrid_clock.cc:584] initializing the hybrid clock with 'system_unsync' time source
I20260709 13:03:05.042009 15412 heartbeater.cc:461] Registering TS with master...
W20260709 13:03:05.042125 14191 system_unsync_time.cc:38] NTP support is disabled. Clock error bounds will not be accurate. This configuration is not suitable for distributed clusters.
I20260709 13:03:05.042356 14191 hybrid_clock.cc:648] HybridClock initialized: now 1783602185042338 us; error 0 us; skew 500 ppm
I20260709 13:03:05.042840 15412 heartbeater.cc:507] Master 127.13.219.254:45589 requested a full tablet report, sending...
I20260709 13:03:05.042914 14191 server_base.cc:861] Flag tcmalloc_max_total_thread_cache_bytes is not working since tcmalloc is not enabled.
I20260709 13:03:05.044919 15210 ts_manager.cc:194] Registered new tserver with Master: f5dcb023202f4f729dc5238f1f9a9616 (127.13.219.194:37633)
I20260709 13:03:05.045428 14191 webserver.cc:533] Webserver started at http://127.13.219.195:37687/ using document root <none> and password file <none>
I20260709 13:03:05.045936 14191 fs_manager.cc:362] Metadata directory not provided
I20260709 13:03:05.046128 14191 fs_manager.cc:368] Using write-ahead log directory (fs_wal_dir) as metadata directory
I20260709 13:03:05.046357 14191 server_base.cc:909] This appears to be a new deployment of Kudu; creating new FS layout
I20260709 13:03:05.046393 15210 master_service.cc:502] Signed X509 certificate for tserver {username='slave'} at 127.0.0.1:40876
I20260709 13:03:05.047592 14191 fs_manager.cc:1068] Generated new instance metadata in path /tmp/dist-test-task6IZhXW/test-tmp/auto_leader_rebalancer-test.0.LeaderRebalancerTest.AddTserver.1783602161320582-14191-0/minicluster-data/ts-2-root/instance:
uuid: "17b5d7e1cc1e4c7a93c61e56ac59ecd1"
format_stamp: "Formatted at 2026-07-09 13:03:05 on dist-test-slave-jw7x"
I20260709 13:03:05.051910 14191 fs_manager.cc:696] Time spent creating directory manager: real 0.004s	user 0.005s	sys 0.000s
I20260709 13:03:05.055316 15423 log_block_manager.cc:4127] Time spent loading block containers with low live blocks: real 0.000s	user 0.000s	sys 0.000s
I20260709 13:03:05.055984 14191 fs_manager.cc:730] Time spent opening block manager: real 0.002s	user 0.000s	sys 0.001s
I20260709 13:03:05.056252 14191 fs_manager.cc:647] Opened local filesystem: /tmp/dist-test-task6IZhXW/test-tmp/auto_leader_rebalancer-test.0.LeaderRebalancerTest.AddTserver.1783602161320582-14191-0/minicluster-data/ts-2-root
uuid: "17b5d7e1cc1e4c7a93c61e56ac59ecd1"
format_stamp: "Formatted at 2026-07-09 13:03:05 on dist-test-slave-jw7x"
I20260709 13:03:05.056507 14191 fs_report.cc:389] FS layout report
--------------------
wal directory: /tmp/dist-test-task6IZhXW/test-tmp/auto_leader_rebalancer-test.0.LeaderRebalancerTest.AddTserver.1783602161320582-14191-0/minicluster-data/ts-2-root
metadata directory: /tmp/dist-test-task6IZhXW/test-tmp/auto_leader_rebalancer-test.0.LeaderRebalancerTest.AddTserver.1783602161320582-14191-0/minicluster-data/ts-2-root
1 data directories: /tmp/dist-test-task6IZhXW/test-tmp/auto_leader_rebalancer-test.0.LeaderRebalancerTest.AddTserver.1783602161320582-14191-0/minicluster-data/ts-2-root/data
Total live blocks: 0
Total live bytes: 0
Total live bytes (after alignment): 0
Total number of LBM containers: 0 (0 full)
Did not check for missing blocks
Did not check for orphaned blocks
Total full LBM containers with extra space: 0 (0 repaired)
Total full LBM container extra space in bytes: 0 (0 repaired)
Total incomplete LBM containers: 0 (0 repaired)
Total LBM partial records: 0 (0 repaired)
Total corrupted LBM metadata records in RocksDB: 0 (0 repaired)
I20260709 13:03:05.069383 14191 rpc_server.cc:225] running with OpenSSL 1.1.1  11 Sep 2018
I20260709 13:03:05.070555 14191 kserver.cc:163] Server-wide thread pool size limit: 3276
I20260709 13:03:05.072005 14191 txn_system_client.cc:432] TxnSystemClient initialization is disabled...
I20260709 13:03:05.074292 14191 ts_tablet_manager.cc:585] Loaded tablet metadata (0 total tablets, 0 live tablets)
I20260709 13:03:05.074489 14191 ts_tablet_manager.cc:531] Time spent load tablet metadata: real 0.000s	user 0.000s	sys 0.000s
I20260709 13:03:05.074715 14191 ts_tablet_manager.cc:616] Registered 0 tablets
I20260709 13:03:05.074865 14191 ts_tablet_manager.cc:595] Time spent register tablets: real 0.000s	user 0.000s	sys 0.000s
I20260709 13:03:05.111974 14191 rpc_server.cc:307] RPC server started. Bound to: 127.13.219.195:36893
I20260709 13:03:05.112063 15485 acceptor_pool.cc:272] collecting diagnostics on the listening RPC socket 127.13.219.195:36893 every 8 connection(s)
I20260709 13:03:05.125010 15486 heartbeater.cc:344] Connected to a master server at 127.13.219.254:45589
I20260709 13:03:05.125352 15486 heartbeater.cc:461] Registering TS with master...
I20260709 13:03:05.126099 15486 heartbeater.cc:507] Master 127.13.219.254:45589 requested a full tablet report, sending...
I20260709 13:03:05.127928 15210 ts_manager.cc:194] Registered new tserver with Master: 17b5d7e1cc1e4c7a93c61e56ac59ecd1 (127.13.219.195:36893)
I20260709 13:03:05.128927 14191 internal_mini_cluster.cc:371] 3 TS(s) registered with all masters after 0.014077961s
I20260709 13:03:05.129204 15210 master_service.cc:502] Signed X509 certificate for tserver {username='slave'} at 127.0.0.1:40882
I20260709 13:03:05.153728 15210 catalog_manager.cc:2283] Servicing CreateTable request from {username='slave'} at 127.0.0.1:40892:
name: "test-workload"
schema {
  columns {
    name: "key"
    type: INT32
    is_key: true
    is_nullable: false
    encoding: AUTO_ENCODING
    compression: DEFAULT_COMPRESSION
    cfile_block_size: 0
    immutable: false
  }
  columns {
    name: "int_val"
    type: INT32
    is_key: false
    is_nullable: false
    encoding: AUTO_ENCODING
    compression: DEFAULT_COMPRESSION
    cfile_block_size: 0
    immutable: false
  }
  columns {
    name: "string_val"
    type: STRING
    is_key: false
    is_nullable: true
    encoding: AUTO_ENCODING
    compression: DEFAULT_COMPRESSION
    cfile_block_size: 0
    immutable: false
  }
}
num_replicas: 3
split_rows_range_bounds {
  rows: "\004\001\000\313c+\002\004\001\000\226\307V\004\004\001\000a+\202\006\004\001\000,\217\255\010\004\001\000\367\362\330\n\004\001\000\302V\004\r\004\001\000\215\272/\017\004\001\000X\036[\021\004\001\000#\202\206\023\004\001\000\356\345\261\025\004\001\000\271I\335\027\004\001\000\204\255\010\032\004\001\000O\0214\034\004\001\000\032u_\036\004\001\000\345\330\212 \004\001\000\260<\266\"\004\001\000{\240\341$\004\001\000F\004\r\'\004\001\000\021h8)\004\001\000\334\313c+\004\001\000\247/\217-\004\001\000r\223\272/\004\001\000=\367\3451\004\001\000\010[\0214\004\001\000\323\276<6\004\001\000\236\"h8\004\001\000i\206\223:\004\001\0004\352\276<\004\001\000\377M\352>\004\001\000\312\261\025A\004\001\000\225\025AC\004\001\000`ylE\004\001\000+\335\227G\004\001\000\366@\303I\004\001\000\301\244\356K\004\001\000\214\010\032N\004\001\000WlEP\004\001\000\"\320pR\004\001\000\3553\234T\004\001\000\270\227\307V\004\001\000\203\373\362X\004\001\000N_\036[\004\001\000\031\303I]\004\001\000\344&u_\004\001\000\257\212\240a\004\001\000z\356\313c\004\001\000ER\367e\004\001\000\020\266\"h\004\001\000\333\031Nj\004\001\000\246}yl\004\001\000q\341\244n\004\001\000<E\320p\004\001\000\007\251\373r\004\001\000\322\014\'u\004\001\000\235pRw\004\001\000h\324}y\004\001\00038\251{\004\001\000\376\233\324}""\004\001\000\313c+\002\004\001\000\226\307V\004\004\001\000a+\202\006\004\001\000,\217\255\010\004\001\000\367\362\330\n\004\001\000\302V\004\r\004\001\000\215\272/\017\004\001\000X\036[\021\004\001\000#\202\206\023\004\001\000\356\345\261\025\004\001\000\271I\335\027\004\001\000\204\255\010\032\004\001\000O\0214\034\004\001\000\032u_\036\004\001\000\345\330\212 \004\001\000\260<\266\"\004\001\000{\240\341$\004\001\000F\004\r\'\004\001\000\021h8)\004\001\000\334\313c+\004\001\000\247/\217-\004\001\000r\223\272/\004\001\000=\367\3451\004\001\000\010[\0214\004\001\000\323\276<6\004\001\000\236\"h8\004\001\000i\206\223:\004\001\0004\352\276<\004\001\000\377M\352>\004\001\000\312\261\025A\004\001\000\225\025AC\004\001\000`ylE\004\001\000+\335\227G\004\001\000\366@\303I\004\001\000\301\244\356K\004\001\000\214\010\032N\004\001\000WlEP\004\001\000\"\320pR\004\001\000\3553\234T\004\001\000\270\227\307V\004\001\000\203\373\362X\004\001\000N_\036[\004\001\000\031\303I]\004\001\000\344&u_\004\001\000\257\212\240a\004\001\000z\356\313c\004\001\000ER\367e\004\001\000\020\266\"h\004\001\000\333\031Nj\004\001\000\246}yl\004\001\000q\341\244n\004\001\000<E\320p\004\001\000\007\251\373r\004\001\000\322\014\'u\004\001\000\235pRw\004\001\000h\324}y\004\001\00038\251{\004\001\000\376\233\324}"
  indirect_data: """"
}
partition_schema {
  range_schema {
    columns {
      name: "key"
    }
  }
}
W20260709 13:03:05.159896 15210 catalog_manager.cc:7077] The number of live tablet servers is not enough to re-replicate a tablet replica of the newly created table test-workload in case of a server failure: 4 tablet servers would be needed, 3 are available. Consider bringing up more tablet servers.
I20260709 13:03:05.346318 15451 tablet_service.cc:1511] Processing CreateTablet for tablet 58c57395e05f406391aa3570195493c8 (DEFAULT_TABLE table=test-workload [id=1a9eaeed198142e2b288804296bad14e]), partition=RANGE (key) PARTITION VALUES < 36398027
I20260709 13:03:05.347841 15451 data_dirs.cc:400] Could only allocate 1 dirs of requested 3 for tablet 58c57395e05f406391aa3570195493c8. 1 dirs total, 0 dirs full, 0 dirs failed
I20260709 13:03:05.350689 15450 tablet_service.cc:1511] Processing CreateTablet for tablet d27d8ee8e2e44365ba5fcbb3f9eeab9f (DEFAULT_TABLE table=test-workload [id=1a9eaeed198142e2b288804296bad14e]), partition=RANGE (key) PARTITION 36398027 <= VALUES < 72796054
I20260709 13:03:05.352273 15450 data_dirs.cc:400] Could only allocate 1 dirs of requested 3 for tablet d27d8ee8e2e44365ba5fcbb3f9eeab9f. 1 dirs total, 0 dirs full, 0 dirs failed
I20260709 13:03:05.354743 15449 tablet_service.cc:1511] Processing CreateTablet for tablet e35460e3b2a44388b1842eef3074d9cb (DEFAULT_TABLE table=test-workload [id=1a9eaeed198142e2b288804296bad14e]), partition=RANGE (key) PARTITION 72796054 <= VALUES < 109194081
I20260709 13:03:05.356159 15449 data_dirs.cc:400] Could only allocate 1 dirs of requested 3 for tablet e35460e3b2a44388b1842eef3074d9cb. 1 dirs total, 0 dirs full, 0 dirs failed
I20260709 13:03:05.357569 15377 tablet_service.cc:1511] Processing CreateTablet for tablet 58c57395e05f406391aa3570195493c8 (DEFAULT_TABLE table=test-workload [id=1a9eaeed198142e2b288804296bad14e]), partition=RANGE (key) PARTITION VALUES < 36398027
I20260709 13:03:05.358876 15377 data_dirs.cc:400] Could only allocate 1 dirs of requested 3 for tablet 58c57395e05f406391aa3570195493c8. 1 dirs total, 0 dirs full, 0 dirs failed
I20260709 13:03:05.362735 15446 tablet_service.cc:1511] Processing CreateTablet for tablet f714058465ce453f9a5115a0fe636989 (DEFAULT_TABLE table=test-workload [id=1a9eaeed198142e2b288804296bad14e]), partition=RANGE (key) PARTITION 181990135 <= VALUES < 218388162
I20260709 13:03:05.364073 15446 data_dirs.cc:400] Could only allocate 1 dirs of requested 3 for tablet f714058465ce453f9a5115a0fe636989. 1 dirs total, 0 dirs full, 0 dirs failed
I20260709 13:03:05.366550 15445 tablet_service.cc:1511] Processing CreateTablet for tablet 9c59ae957cfe4b5f831ce693513bd16a (DEFAULT_TABLE table=test-workload [id=1a9eaeed198142e2b288804296bad14e]), partition=RANGE (key) PARTITION 218388162 <= VALUES < 254786189
I20260709 13:03:05.368697 15302 tablet_service.cc:1511] Processing CreateTablet for tablet 58c57395e05f406391aa3570195493c8 (DEFAULT_TABLE table=test-workload [id=1a9eaeed198142e2b288804296bad14e]), partition=RANGE (key) PARTITION VALUES < 36398027
I20260709 13:03:05.368908 15376 tablet_service.cc:1511] Processing CreateTablet for tablet d27d8ee8e2e44365ba5fcbb3f9eeab9f (DEFAULT_TABLE table=test-workload [id=1a9eaeed198142e2b288804296bad14e]), partition=RANGE (key) PARTITION 36398027 <= VALUES < 72796054
I20260709 13:03:05.370105 15376 data_dirs.cc:400] Could only allocate 1 dirs of requested 3 for tablet d27d8ee8e2e44365ba5fcbb3f9eeab9f. 1 dirs total, 0 dirs full, 0 dirs failed
I20260709 13:03:05.370714 15301 tablet_service.cc:1511] Processing CreateTablet for tablet d27d8ee8e2e44365ba5fcbb3f9eeab9f (DEFAULT_TABLE table=test-workload [id=1a9eaeed198142e2b288804296bad14e]), partition=RANGE (key) PARTITION 36398027 <= VALUES < 72796054
I20260709 13:03:05.372645 15300 tablet_service.cc:1511] Processing CreateTablet for tablet e35460e3b2a44388b1842eef3074d9cb (DEFAULT_TABLE table=test-workload [id=1a9eaeed198142e2b288804296bad14e]), partition=RANGE (key) PARTITION 72796054 <= VALUES < 109194081
I20260709 13:03:05.374501 15299 tablet_service.cc:1511] Processing CreateTablet for tablet b969a5c733bc4a089f2224ffddcbcb27 (DEFAULT_TABLE table=test-workload [id=1a9eaeed198142e2b288804296bad14e]), partition=RANGE (key) PARTITION 109194081 <= VALUES < 145592108
I20260709 13:03:05.376334 15298 tablet_service.cc:1511] Processing CreateTablet for tablet d80ed8362327423bbeefce03732f067b (DEFAULT_TABLE table=test-workload [id=1a9eaeed198142e2b288804296bad14e]), partition=RANGE (key) PARTITION 145592108 <= VALUES < 181990135
I20260709 13:03:05.378647 15296 tablet_service.cc:1511] Processing CreateTablet for tablet 9c59ae957cfe4b5f831ce693513bd16a (DEFAULT_TABLE table=test-workload [id=1a9eaeed198142e2b288804296bad14e]), partition=RANGE (key) PARTITION 218388162 <= VALUES < 254786189
I20260709 13:03:05.380445 15295 tablet_service.cc:1511] Processing CreateTablet for tablet 34a1d158c7a843a983583be98efe83be (DEFAULT_TABLE table=test-workload [id=1a9eaeed198142e2b288804296bad14e]), partition=RANGE (key) PARTITION 254786189 <= VALUES < 291184216
I20260709 13:03:05.382263 15294 tablet_service.cc:1511] Processing CreateTablet for tablet 37b1067e1ad549f38667de7ee3a8e4b5 (DEFAULT_TABLE table=test-workload [id=1a9eaeed198142e2b288804296bad14e]), partition=RANGE (key) PARTITION 291184216 <= VALUES < 327582243
I20260709 13:03:05.383383 15375 tablet_service.cc:1511] Processing CreateTablet for tablet e35460e3b2a44388b1842eef3074d9cb (DEFAULT_TABLE table=test-workload [id=1a9eaeed198142e2b288804296bad14e]), partition=RANGE (key) PARTITION 72796054 <= VALUES < 109194081
I20260709 13:03:05.384081 15293 tablet_service.cc:1511] Processing CreateTablet for tablet 13d0cb80e26148638819c41b5a781d06 (DEFAULT_TABLE table=test-workload [id=1a9eaeed198142e2b288804296bad14e]), partition=RANGE (key) PARTITION 327582243 <= VALUES < 363980270
I20260709 13:03:05.384742 15375 data_dirs.cc:400] Could only allocate 1 dirs of requested 3 for tablet e35460e3b2a44388b1842eef3074d9cb. 1 dirs total, 0 dirs full, 0 dirs failed
I20260709 13:03:05.386233 15297 tablet_service.cc:1511] Processing CreateTablet for tablet f714058465ce453f9a5115a0fe636989 (DEFAULT_TABLE table=test-workload [id=1a9eaeed198142e2b288804296bad14e]), partition=RANGE (key) PARTITION 181990135 <= VALUES < 218388162
I20260709 13:03:05.388082 15447 tablet_service.cc:1511] Processing CreateTablet for tablet d80ed8362327423bbeefce03732f067b (DEFAULT_TABLE table=test-workload [id=1a9eaeed198142e2b288804296bad14e]), partition=RANGE (key) PARTITION 145592108 <= VALUES < 181990135
I20260709 13:03:05.389387 15447 data_dirs.cc:400] Could only allocate 1 dirs of requested 3 for tablet d80ed8362327423bbeefce03732f067b. 1 dirs total, 0 dirs full, 0 dirs failed
I20260709 13:03:05.361322 15448 tablet_service.cc:1511] Processing CreateTablet for tablet b969a5c733bc4a089f2224ffddcbcb27 (DEFAULT_TABLE table=test-workload [id=1a9eaeed198142e2b288804296bad14e]), partition=RANGE (key) PARTITION 109194081 <= VALUES < 145592108
I20260709 13:03:05.391131 15302 data_dirs.cc:400] Could only allocate 1 dirs of requested 3 for tablet 58c57395e05f406391aa3570195493c8. 1 dirs total, 0 dirs full, 0 dirs failed
I20260709 13:03:05.392132 15374 tablet_service.cc:1511] Processing CreateTablet for tablet b969a5c733bc4a089f2224ffddcbcb27 (DEFAULT_TABLE table=test-workload [id=1a9eaeed198142e2b288804296bad14e]), partition=RANGE (key) PARTITION 109194081 <= VALUES < 145592108
I20260709 13:03:05.393375 15374 data_dirs.cc:400] Could only allocate 1 dirs of requested 3 for tablet b969a5c733bc4a089f2224ffddcbcb27. 1 dirs total, 0 dirs full, 0 dirs failed
I20260709 13:03:05.394868 15296 data_dirs.cc:400] Could only allocate 1 dirs of requested 3 for tablet 9c59ae957cfe4b5f831ce693513bd16a. 1 dirs total, 0 dirs full, 0 dirs failed
I20260709 13:03:05.394752 15373 tablet_service.cc:1511] Processing CreateTablet for tablet d80ed8362327423bbeefce03732f067b (DEFAULT_TABLE table=test-workload [id=1a9eaeed198142e2b288804296bad14e]), partition=RANGE (key) PARTITION 145592108 <= VALUES < 181990135
I20260709 13:03:05.396967 15372 tablet_service.cc:1511] Processing CreateTablet for tablet f714058465ce453f9a5115a0fe636989 (DEFAULT_TABLE table=test-workload [id=1a9eaeed198142e2b288804296bad14e]), partition=RANGE (key) PARTITION 181990135 <= VALUES < 218388162
I20260709 13:03:05.398277 15297 data_dirs.cc:400] Could only allocate 1 dirs of requested 3 for tablet f714058465ce453f9a5115a0fe636989. 1 dirs total, 0 dirs full, 0 dirs failed
I20260709 13:03:05.399230 15371 tablet_service.cc:1511] Processing CreateTablet for tablet 9c59ae957cfe4b5f831ce693513bd16a (DEFAULT_TABLE table=test-workload [id=1a9eaeed198142e2b288804296bad14e]), partition=RANGE (key) PARTITION 218388162 <= VALUES < 254786189
I20260709 13:03:05.401513 15370 tablet_service.cc:1511] Processing CreateTablet for tablet 34a1d158c7a843a983583be98efe83be (DEFAULT_TABLE table=test-workload [id=1a9eaeed198142e2b288804296bad14e]), partition=RANGE (key) PARTITION 254786189 <= VALUES < 291184216
I20260709 13:03:05.402251 15293 data_dirs.cc:400] Could only allocate 1 dirs of requested 3 for tablet 13d0cb80e26148638819c41b5a781d06. 1 dirs total, 0 dirs full, 0 dirs failed
I20260709 13:03:05.404943 15373 data_dirs.cc:400] Could only allocate 1 dirs of requested 3 for tablet d80ed8362327423bbeefce03732f067b. 1 dirs total, 0 dirs full, 0 dirs failed
I20260709 13:03:05.406165 15301 data_dirs.cc:400] Could only allocate 1 dirs of requested 3 for tablet d27d8ee8e2e44365ba5fcbb3f9eeab9f. 1 dirs total, 0 dirs full, 0 dirs failed
I20260709 13:03:05.408468 15295 data_dirs.cc:400] Could only allocate 1 dirs of requested 3 for tablet 34a1d158c7a843a983583be98efe83be. 1 dirs total, 0 dirs full, 0 dirs failed
I20260709 13:03:05.410035 15371 data_dirs.cc:400] Could only allocate 1 dirs of requested 3 for tablet 9c59ae957cfe4b5f831ce693513bd16a. 1 dirs total, 0 dirs full, 0 dirs failed
I20260709 13:03:05.414031 15370 data_dirs.cc:400] Could only allocate 1 dirs of requested 3 for tablet 34a1d158c7a843a983583be98efe83be. 1 dirs total, 0 dirs full, 0 dirs failed
I20260709 13:03:05.414181 15294 data_dirs.cc:400] Could only allocate 1 dirs of requested 3 for tablet 37b1067e1ad549f38667de7ee3a8e4b5. 1 dirs total, 0 dirs full, 0 dirs failed
I20260709 13:03:05.415194 15372 data_dirs.cc:400] Could only allocate 1 dirs of requested 3 for tablet f714058465ce453f9a5115a0fe636989. 1 dirs total, 0 dirs full, 0 dirs failed
I20260709 13:03:05.418186 15298 data_dirs.cc:400] Could only allocate 1 dirs of requested 3 for tablet d80ed8362327423bbeefce03732f067b. 1 dirs total, 0 dirs full, 0 dirs failed
I20260709 13:03:05.419116 15376 tablet_service.cc:1511] Processing CreateTablet for tablet 37b1067e1ad549f38667de7ee3a8e4b5 (DEFAULT_TABLE table=test-workload [id=1a9eaeed198142e2b288804296bad14e]), partition=RANGE (key) PARTITION 291184216 <= VALUES < 327582243
I20260709 13:03:05.420382 15376 data_dirs.cc:400] Could only allocate 1 dirs of requested 3 for tablet 37b1067e1ad549f38667de7ee3a8e4b5. 1 dirs total, 0 dirs full, 0 dirs failed
I20260709 13:03:05.422216 15299 data_dirs.cc:400] Could only allocate 1 dirs of requested 3 for tablet b969a5c733bc4a089f2224ffddcbcb27. 1 dirs total, 0 dirs full, 0 dirs failed
I20260709 13:03:05.423592 15300 data_dirs.cc:400] Could only allocate 1 dirs of requested 3 for tablet e35460e3b2a44388b1842eef3074d9cb. 1 dirs total, 0 dirs full, 0 dirs failed
I20260709 13:03:05.423381 15369 tablet_service.cc:1511] Processing CreateTablet for tablet 13d0cb80e26148638819c41b5a781d06 (DEFAULT_TABLE table=test-workload [id=1a9eaeed198142e2b288804296bad14e]), partition=RANGE (key) PARTITION 327582243 <= VALUES < 363980270
I20260709 13:03:05.425073 15369 data_dirs.cc:400] Could only allocate 1 dirs of requested 3 for tablet 13d0cb80e26148638819c41b5a781d06. 1 dirs total, 0 dirs full, 0 dirs failed
I20260709 13:03:05.426306 15444 tablet_service.cc:1511] Processing CreateTablet for tablet 34a1d158c7a843a983583be98efe83be (DEFAULT_TABLE table=test-workload [id=1a9eaeed198142e2b288804296bad14e]), partition=RANGE (key) PARTITION 254786189 <= VALUES < 291184216
I20260709 13:03:05.426615 15443 tablet_service.cc:1511] Processing CreateTablet for tablet 37b1067e1ad549f38667de7ee3a8e4b5 (DEFAULT_TABLE table=test-workload [id=1a9eaeed198142e2b288804296bad14e]), partition=RANGE (key) PARTITION 291184216 <= VALUES < 327582243
I20260709 13:03:05.430680 15442 tablet_service.cc:1511] Processing CreateTablet for tablet 13d0cb80e26148638819c41b5a781d06 (DEFAULT_TABLE table=test-workload [id=1a9eaeed198142e2b288804296bad14e]), partition=RANGE (key) PARTITION 327582243 <= VALUES < 363980270
I20260709 13:03:05.432868 15442 data_dirs.cc:400] Could only allocate 1 dirs of requested 3 for tablet 13d0cb80e26148638819c41b5a781d06. 1 dirs total, 0 dirs full, 0 dirs failed
I20260709 13:03:05.442412 15368 tablet_service.cc:1511] Processing CreateTablet for tablet b4b3a1523f8d4e0f82de61289458c30e (DEFAULT_TABLE table=test-workload [id=1a9eaeed198142e2b288804296bad14e]), partition=RANGE (key) PARTITION 363980270 <= VALUES < 400378297
I20260709 13:03:05.443876 15368 data_dirs.cc:400] Could only allocate 1 dirs of requested 3 for tablet b4b3a1523f8d4e0f82de61289458c30e. 1 dirs total, 0 dirs full, 0 dirs failed
I20260709 13:03:05.461716 15451 tablet_service.cc:1511] Processing CreateTablet for tablet b4b3a1523f8d4e0f82de61289458c30e (DEFAULT_TABLE table=test-workload [id=1a9eaeed198142e2b288804296bad14e]), partition=RANGE (key) PARTITION 363980270 <= VALUES < 400378297
I20260709 13:03:05.462309 15442 tablet_service.cc:1511] Processing CreateTablet for tablet 2fed8e29638e454888badb22610a4a2c (DEFAULT_TABLE table=test-workload [id=1a9eaeed198142e2b288804296bad14e]), partition=RANGE (key) PARTITION 400378297 <= VALUES < 436776324
I20260709 13:03:05.472632 15449 tablet_service.cc:1511] Processing CreateTablet for tablet 55c16760df74424aa0ab3173ea650afb (DEFAULT_TABLE table=test-workload [id=1a9eaeed198142e2b288804296bad14e]), partition=RANGE (key) PARTITION 436776324 <= VALUES < 473174351
I20260709 13:03:05.475183 15368 tablet_service.cc:1511] Processing CreateTablet for tablet 2fed8e29638e454888badb22610a4a2c (DEFAULT_TABLE table=test-workload [id=1a9eaeed198142e2b288804296bad14e]), partition=RANGE (key) PARTITION 400378297 <= VALUES < 436776324
I20260709 13:03:05.476522 15368 data_dirs.cc:400] Could only allocate 1 dirs of requested 3 for tablet 2fed8e29638e454888badb22610a4a2c. 1 dirs total, 0 dirs full, 0 dirs failed
I20260709 13:03:05.492242 15368 tablet_service.cc:1511] Processing CreateTablet for tablet 55c16760df74424aa0ab3173ea650afb (DEFAULT_TABLE table=test-workload [id=1a9eaeed198142e2b288804296bad14e]), partition=RANGE (key) PARTITION 436776324 <= VALUES < 473174351
I20260709 13:03:05.493659 15368 data_dirs.cc:400] Could only allocate 1 dirs of requested 3 for tablet 55c16760df74424aa0ab3173ea650afb. 1 dirs total, 0 dirs full, 0 dirs failed
I20260709 13:03:05.511103 15444 data_dirs.cc:400] Could only allocate 1 dirs of requested 3 for tablet 34a1d158c7a843a983583be98efe83be. 1 dirs total, 0 dirs full, 0 dirs failed
I20260709 13:03:05.511786 15442 data_dirs.cc:400] Could only allocate 1 dirs of requested 3 for tablet 2fed8e29638e454888badb22610a4a2c. 1 dirs total, 0 dirs full, 0 dirs failed
I20260709 13:03:05.512454 15443 data_dirs.cc:400] Could only allocate 1 dirs of requested 3 for tablet 37b1067e1ad549f38667de7ee3a8e4b5. 1 dirs total, 0 dirs full, 0 dirs failed
I20260709 13:03:05.513993 15445 data_dirs.cc:400] Could only allocate 1 dirs of requested 3 for tablet 9c59ae957cfe4b5f831ce693513bd16a. 1 dirs total, 0 dirs full, 0 dirs failed
I20260709 13:03:05.514635 15451 data_dirs.cc:400] Could only allocate 1 dirs of requested 3 for tablet b4b3a1523f8d4e0f82de61289458c30e. 1 dirs total, 0 dirs full, 0 dirs failed
I20260709 13:03:05.518002 15448 data_dirs.cc:400] Could only allocate 1 dirs of requested 3 for tablet b969a5c733bc4a089f2224ffddcbcb27. 1 dirs total, 0 dirs full, 0 dirs failed
I20260709 13:03:05.519701 15501 tablet_bootstrap.cc:492] T 58c57395e05f406391aa3570195493c8 P f5dcb023202f4f729dc5238f1f9a9616: Bootstrap starting.
I20260709 13:03:05.513402 15377 tablet_service.cc:1511] Processing CreateTablet for tablet 07cabf788b1b45a4a71b1de75b4bf8e4 (DEFAULT_TABLE table=test-workload [id=1a9eaeed198142e2b288804296bad14e]), partition=RANGE (key) PARTITION 473174351 <= VALUES < 509572378
I20260709 13:03:05.520759 15377 data_dirs.cc:400] Could only allocate 1 dirs of requested 3 for tablet 07cabf788b1b45a4a71b1de75b4bf8e4. 1 dirs total, 0 dirs full, 0 dirs failed
