I20260709 13:03:00.276743 11869 consensus_queue.cc:260] T b9bdc9d045c34758abe1d4fae5ad1bd5 P 8205f6a62e174c6eb32d8c8c1e5b31f4 [NON_LEADER]: Queue going to NON_LEADER mode. State: All replicated index: 0, Majority replicated index: 2, Committed index: 2, Last appended: 2.2, Last appended by leader: 2, Current term: 2, Majority size: -1, State: 0, Mode: NON_LEADER, active raft config: opid_index: -1 OBSOLETE_local: false peers { permanent_uuid: "8205f6a62e174c6eb32d8c8c1e5b31f4" member_type: VOTER last_known_addr { host: "127.10.244.193" port: 41263 } } peers { permanent_uuid: "94fe4708b60e4b99b47a3677db4dbeaa" member_type: VOTER last_known_addr { host: "127.10.244.194" port: 41815 } } peers { permanent_uuid: "eb74036d3de3494180f0f0bb606cadfe" member_type: VOTER last_known_addr { host: "127.10.244.195" port: 37277 } }
I20260709 13:03:00.277706 11869 raft_consensus.cc:3060] T b9bdc9d045c34758abe1d4fae5ad1bd5 P 8205f6a62e174c6eb32d8c8c1e5b31f4 [term 2 FOLLOWER]: Advancing to term 3
I20260709 13:03:00.280471 11945 raft_consensus.cc:2468] T b9bdc9d045c34758abe1d4fae5ad1bd5 P 94fe4708b60e4b99b47a3677db4dbeaa [term 3 FOLLOWER]: Leader election vote request: Granting yes vote for candidate eb74036d3de3494180f0f0bb606cadfe in term 3.
I20260709 13:03:00.281472 11985 leader_election.cc:304] T b9bdc9d045c34758abe1d4fae5ad1bd5 P eb74036d3de3494180f0f0bb606cadfe [CANDIDATE]: Term 3 election: Election decided. Result: candidate won. Election summary: received 2 responses out of 3 voters: 2 yes votes; 0 no votes. yes voters: 94fe4708b60e4b99b47a3677db4dbeaa, eb74036d3de3494180f0f0bb606cadfe; no voters: 
I20260709 13:03:00.282284 12152 raft_consensus.cc:2804] T b9bdc9d045c34758abe1d4fae5ad1bd5 P eb74036d3de3494180f0f0bb606cadfe [term 3 FOLLOWER]: Leader election won for term 3
I20260709 13:03:00.282868 12152 raft_consensus.cc:697] T b9bdc9d045c34758abe1d4fae5ad1bd5 P eb74036d3de3494180f0f0bb606cadfe [term 3 LEADER]: Becoming Leader. State: Replica: eb74036d3de3494180f0f0bb606cadfe, State: Running, Role: LEADER
I20260709 13:03:00.284114 11869 raft_consensus.cc:2468] T b9bdc9d045c34758abe1d4fae5ad1bd5 P 8205f6a62e174c6eb32d8c8c1e5b31f4 [term 3 FOLLOWER]: Leader election vote request: Granting yes vote for candidate eb74036d3de3494180f0f0bb606cadfe in term 3.
I20260709 13:03:00.284938 12152 consensus_queue.cc:237] T b9bdc9d045c34758abe1d4fae5ad1bd5 P eb74036d3de3494180f0f0bb606cadfe [LEADER]: Queue going to LEADER mode. State: All replicated index: 0, Majority replicated index: 2, Committed index: 2, Last appended: 2.2, Last appended by leader: 2, Current term: 3, Majority size: 2, State: 0, Mode: LEADER, active raft config: opid_index: -1 OBSOLETE_local: false peers { permanent_uuid: "8205f6a62e174c6eb32d8c8c1e5b31f4" member_type: VOTER last_known_addr { host: "127.10.244.193" port: 41263 } } peers { permanent_uuid: "94fe4708b60e4b99b47a3677db4dbeaa" member_type: VOTER last_known_addr { host: "127.10.244.194" port: 41815 } } peers { permanent_uuid: "eb74036d3de3494180f0f0bb606cadfe" member_type: VOTER last_known_addr { host: "127.10.244.195" port: 37277 } }
I20260709 13:03:00.292775 11765 catalog_manager.cc:5697] T b9bdc9d045c34758abe1d4fae5ad1bd5 P eb74036d3de3494180f0f0bb606cadfe reported cstate change: term changed from 2 to 3, leader changed from 8205f6a62e174c6eb32d8c8c1e5b31f4 (127.10.244.193) to eb74036d3de3494180f0f0bb606cadfe (127.10.244.195). New cstate: current_term: 3 leader_uuid: "eb74036d3de3494180f0f0bb606cadfe" committed_config { opid_index: -1 OBSOLETE_local: false peers { permanent_uuid: "8205f6a62e174c6eb32d8c8c1e5b31f4" member_type: VOTER last_known_addr { host: "127.10.244.193" port: 41263 } health_report { overall_health: UNKNOWN } } peers { permanent_uuid: "94fe4708b60e4b99b47a3677db4dbeaa" member_type: VOTER last_known_addr { host: "127.10.244.194" port: 41815 } health_report { overall_health: UNKNOWN } } peers { permanent_uuid: "eb74036d3de3494180f0f0bb606cadfe" member_type: VOTER last_known_addr { host: "127.10.244.195" port: 37277 } health_report { overall_health: HEALTHY } } }
I20260709 13:03:00.362125 11945 raft_consensus.cc:1275] T 3873a73e335b4f109f0eb899b10022ac P 94fe4708b60e4b99b47a3677db4dbeaa [term 3 FOLLOWER]: Refusing update from remote peer eb74036d3de3494180f0f0bb606cadfe: Log matching property violated. Preceding OpId in replica: term: 2 index: 2. Preceding OpId from leader: term: 3 index: 3. (index mismatch)
I20260709 13:03:00.363494 12152 consensus_queue.cc:1048] T 3873a73e335b4f109f0eb899b10022ac P eb74036d3de3494180f0f0bb606cadfe [LEADER]: Connected to new peer: Peer: permanent_uuid: "94fe4708b60e4b99b47a3677db4dbeaa" member_type: VOTER last_known_addr { host: "127.10.244.194" port: 41815 }, Status: LMP_MISMATCH, Last received: 0.0, Next index: 3, Last known committed idx: 2, Time since last communication: 0.000s
I20260709 13:03:00.373378 11869 raft_consensus.cc:1275] T 3873a73e335b4f109f0eb899b10022ac P 8205f6a62e174c6eb32d8c8c1e5b31f4 [term 3 FOLLOWER]: Refusing update from remote peer eb74036d3de3494180f0f0bb606cadfe: Log matching property violated. Preceding OpId in replica: term: 2 index: 2. Preceding OpId from leader: term: 3 index: 3. (index mismatch)
I20260709 13:03:00.376230 12157 consensus_queue.cc:1048] T 3873a73e335b4f109f0eb899b10022ac P eb74036d3de3494180f0f0bb606cadfe [LEADER]: Connected to new peer: Peer: permanent_uuid: "8205f6a62e174c6eb32d8c8c1e5b31f4" member_type: VOTER last_known_addr { host: "127.10.244.193" port: 41263 }, Status: LMP_MISMATCH, Last received: 0.0, Next index: 3, Last known committed idx: 2, Time since last communication: 0.000s
I20260709 13:03:00.695215 11945 raft_consensus.cc:1275] T b9bdc9d045c34758abe1d4fae5ad1bd5 P 94fe4708b60e4b99b47a3677db4dbeaa [term 3 FOLLOWER]: Refusing update from remote peer eb74036d3de3494180f0f0bb606cadfe: Log matching property violated. Preceding OpId in replica: term: 2 index: 2. Preceding OpId from leader: term: 3 index: 3. (index mismatch)
I20260709 13:03:00.696447 12157 consensus_queue.cc:1048] T b9bdc9d045c34758abe1d4fae5ad1bd5 P eb74036d3de3494180f0f0bb606cadfe [LEADER]: Connected to new peer: Peer: permanent_uuid: "94fe4708b60e4b99b47a3677db4dbeaa" member_type: VOTER last_known_addr { host: "127.10.244.194" port: 41815 }, Status: LMP_MISMATCH, Last received: 0.0, Next index: 3, Last known committed idx: 2, Time since last communication: 0.000s
I20260709 13:03:00.706889 11869 raft_consensus.cc:1275] T b9bdc9d045c34758abe1d4fae5ad1bd5 P 8205f6a62e174c6eb32d8c8c1e5b31f4 [term 3 FOLLOWER]: Refusing update from remote peer eb74036d3de3494180f0f0bb606cadfe: Log matching property violated. Preceding OpId in replica: term: 2 index: 2. Preceding OpId from leader: term: 3 index: 3. (index mismatch)
I20260709 13:03:00.708850 12152 consensus_queue.cc:1048] T b9bdc9d045c34758abe1d4fae5ad1bd5 P eb74036d3de3494180f0f0bb606cadfe [LEADER]: Connected to new peer: Peer: permanent_uuid: "8205f6a62e174c6eb32d8c8c1e5b31f4" member_type: VOTER last_known_addr { host: "127.10.244.193" port: 41263 }, Status: LMP_MISMATCH, Last received: 0.0, Next index: 3, Last known committed idx: 2, Time since last communication: 0.001s
I20260709 13:03:00.846167 11219 auto_leader_rebalancer.cc:141] leader rebalance for table test-workload
I20260709 13:03:00.860544 12017 tablet_service.cc:2072] Received LeaderStepDown RPC: tablet_id: "3873a73e335b4f109f0eb899b10022ac"
dest_uuid: "eb74036d3de3494180f0f0bb606cadfe"
mode: GRACEFUL
new_leader_uuid: "8205f6a62e174c6eb32d8c8c1e5b31f4"
 from {username='slave'} at 127.0.0.1:33670
I20260709 13:03:00.861392 12017 raft_consensus.cc:606] T 3873a73e335b4f109f0eb899b10022ac P eb74036d3de3494180f0f0bb606cadfe [term 3 LEADER]: Received request to transfer leadership to TS 8205f6a62e174c6eb32d8c8c1e5b31f4
I20260709 13:03:00.873796 12017 tablet_service.cc:2072] Received LeaderStepDown RPC: tablet_id: "b9bdc9d045c34758abe1d4fae5ad1bd5"
dest_uuid: "eb74036d3de3494180f0f0bb606cadfe"
mode: GRACEFUL
new_leader_uuid: "8205f6a62e174c6eb32d8c8c1e5b31f4"
 from {username='slave'} at 127.0.0.1:33670
I20260709 13:03:00.874390 12017 raft_consensus.cc:606] T b9bdc9d045c34758abe1d4fae5ad1bd5 P eb74036d3de3494180f0f0bb606cadfe [term 3 LEADER]: Received request to transfer leadership to TS 8205f6a62e174c6eb32d8c8c1e5b31f4
I20260709 13:03:00.883656 11945 tablet_service.cc:2072] Received LeaderStepDown RPC: tablet_id: "d8d87d9192d44ceabfcd1a0344f1aae8"
dest_uuid: "94fe4708b60e4b99b47a3677db4dbeaa"
mode: GRACEFUL
new_leader_uuid: "8205f6a62e174c6eb32d8c8c1e5b31f4"
 from {username='slave'} at 127.0.0.1:38068
I20260709 13:03:00.884452 11945 raft_consensus.cc:606] T d8d87d9192d44ceabfcd1a0344f1aae8 P 94fe4708b60e4b99b47a3677db4dbeaa [term 1 LEADER]: Received request to transfer leadership to TS 8205f6a62e174c6eb32d8c8c1e5b31f4
I20260709 13:03:00.890498 11945 tablet_service.cc:2072] Received LeaderStepDown RPC: tablet_id: "f24a7adfafba4171b440458dfe1e40b9"
dest_uuid: "94fe4708b60e4b99b47a3677db4dbeaa"
mode: GRACEFUL
new_leader_uuid: "8205f6a62e174c6eb32d8c8c1e5b31f4"
 from {username='slave'} at 127.0.0.1:38068
I20260709 13:03:00.890959 11945 raft_consensus.cc:606] T f24a7adfafba4171b440458dfe1e40b9 P 94fe4708b60e4b99b47a3677db4dbeaa [term 2 LEADER]: Received request to transfer leadership to TS 8205f6a62e174c6eb32d8c8c1e5b31f4
I20260709 13:03:00.896013 11945 tablet_service.cc:2072] Received LeaderStepDown RPC: tablet_id: "7ac5b87244d74ef49a7afa247c52e256"
dest_uuid: "94fe4708b60e4b99b47a3677db4dbeaa"
mode: GRACEFUL
new_leader_uuid: "8205f6a62e174c6eb32d8c8c1e5b31f4"
 from {username='slave'} at 127.0.0.1:38068
I20260709 13:03:00.896524 11945 raft_consensus.cc:606] T 7ac5b87244d74ef49a7afa247c52e256 P 94fe4708b60e4b99b47a3677db4dbeaa [term 1 LEADER]: Received request to transfer leadership to TS 8205f6a62e174c6eb32d8c8c1e5b31f4
I20260709 13:03:00.902959 12171 raft_consensus.cc:993] T 3873a73e335b4f109f0eb899b10022ac P eb74036d3de3494180f0f0bb606cadfe: : Instructing follower 8205f6a62e174c6eb32d8c8c1e5b31f4 to start an election
I20260709 13:03:00.903641 12152 raft_consensus.cc:1081] T 3873a73e335b4f109f0eb899b10022ac P eb74036d3de3494180f0f0bb606cadfe [term 3 LEADER]: Signalling peer 8205f6a62e174c6eb32d8c8c1e5b31f4 to start an election
I20260709 13:03:00.905921 11869 tablet_service.cc:2044] Received Run Leader Election RPC: tablet_id: "3873a73e335b4f109f0eb899b10022ac"
dest_uuid: "8205f6a62e174c6eb32d8c8c1e5b31f4"
 from {username='slave'} at 127.0.0.1:49898
I20260709 13:03:00.906541 11869 raft_consensus.cc:493] T 3873a73e335b4f109f0eb899b10022ac P 8205f6a62e174c6eb32d8c8c1e5b31f4 [term 3 FOLLOWER]: Starting forced leader election (received explicit request)
I20260709 13:03:00.906970 11869 raft_consensus.cc:3060] T 3873a73e335b4f109f0eb899b10022ac P 8205f6a62e174c6eb32d8c8c1e5b31f4 [term 3 FOLLOWER]: Advancing to term 4
I20260709 13:03:00.913745 11869 raft_consensus.cc:515] T 3873a73e335b4f109f0eb899b10022ac P 8205f6a62e174c6eb32d8c8c1e5b31f4 [term 4 FOLLOWER]: Starting forced leader election with config: opid_index: -1 OBSOLETE_local: false peers { permanent_uuid: "94fe4708b60e4b99b47a3677db4dbeaa" member_type: VOTER last_known_addr { host: "127.10.244.194" port: 41815 } } peers { permanent_uuid: "8205f6a62e174c6eb32d8c8c1e5b31f4" member_type: VOTER last_known_addr { host: "127.10.244.193" port: 41263 } } peers { permanent_uuid: "eb74036d3de3494180f0f0bb606cadfe" member_type: VOTER last_known_addr { host: "127.10.244.195" port: 37277 } }
I20260709 13:03:00.915390 11869 leader_election.cc:290] T 3873a73e335b4f109f0eb899b10022ac P 8205f6a62e174c6eb32d8c8c1e5b31f4 [CANDIDATE]: Term 4 election: Requested vote from peers 94fe4708b60e4b99b47a3677db4dbeaa (127.10.244.194:41815), eb74036d3de3494180f0f0bb606cadfe (127.10.244.195:37277)
I20260709 13:03:00.916517 12017 tablet_service.cc:1917] Received RequestConsensusVote() RPC: tablet_id: "3873a73e335b4f109f0eb899b10022ac" candidate_uuid: "8205f6a62e174c6eb32d8c8c1e5b31f4" candidate_term: 4 candidate_status { last_received { term: 3 index: 3 } } ignore_live_leader: true dest_uuid: "eb74036d3de3494180f0f0bb606cadfe"
I20260709 13:03:00.916440 11945 tablet_service.cc:1917] Received RequestConsensusVote() RPC: tablet_id: "3873a73e335b4f109f0eb899b10022ac" candidate_uuid: "8205f6a62e174c6eb32d8c8c1e5b31f4" candidate_term: 4 candidate_status { last_received { term: 3 index: 3 } } ignore_live_leader: true dest_uuid: "94fe4708b60e4b99b47a3677db4dbeaa"
I20260709 13:03:00.917182 12017 raft_consensus.cc:3055] T 3873a73e335b4f109f0eb899b10022ac P eb74036d3de3494180f0f0bb606cadfe [term 3 LEADER]: Stepping down as leader of term 3
I20260709 13:03:00.917236 11945 raft_consensus.cc:3060] T 3873a73e335b4f109f0eb899b10022ac P 94fe4708b60e4b99b47a3677db4dbeaa [term 3 FOLLOWER]: Advancing to term 4
I20260709 13:03:00.917536 12017 raft_consensus.cc:740] T 3873a73e335b4f109f0eb899b10022ac P eb74036d3de3494180f0f0bb606cadfe [term 3 LEADER]: Becoming Follower/Learner. State: Replica: eb74036d3de3494180f0f0bb606cadfe, State: Running, Role: LEADER
I20260709 13:03:00.918541 12017 consensus_queue.cc:260] T 3873a73e335b4f109f0eb899b10022ac P eb74036d3de3494180f0f0bb606cadfe [NON_LEADER]: Queue going to NON_LEADER mode. State: All replicated index: 0, Majority replicated index: 3, Committed index: 3, Last appended: 3.3, Last appended by leader: 3, Current term: 3, Majority size: -1, State: 0, Mode: NON_LEADER, active raft config: opid_index: -1 OBSOLETE_local: false peers { permanent_uuid: "94fe4708b60e4b99b47a3677db4dbeaa" member_type: VOTER last_known_addr { host: "127.10.244.194" port: 41815 } } peers { permanent_uuid: "8205f6a62e174c6eb32d8c8c1e5b31f4" member_type: VOTER last_known_addr { host: "127.10.244.193" port: 41263 } } peers { permanent_uuid: "eb74036d3de3494180f0f0bb606cadfe" member_type: VOTER last_known_addr { host: "127.10.244.195" port: 37277 } }
I20260709 13:03:00.919647 12017 raft_consensus.cc:3060] T 3873a73e335b4f109f0eb899b10022ac P eb74036d3de3494180f0f0bb606cadfe [term 3 FOLLOWER]: Advancing to term 4
I20260709 13:03:00.922562 11945 raft_consensus.cc:2468] T 3873a73e335b4f109f0eb899b10022ac P 94fe4708b60e4b99b47a3677db4dbeaa [term 4 FOLLOWER]: Leader election vote request: Granting yes vote for candidate 8205f6a62e174c6eb32d8c8c1e5b31f4 in term 4.
I20260709 13:03:00.923607 11836 leader_election.cc:304] T 3873a73e335b4f109f0eb899b10022ac P 8205f6a62e174c6eb32d8c8c1e5b31f4 [CANDIDATE]: Term 4 election: Election decided. Result: candidate won. Election summary: received 2 responses out of 3 voters: 2 yes votes; 0 no votes. yes voters: 8205f6a62e174c6eb32d8c8c1e5b31f4, 94fe4708b60e4b99b47a3677db4dbeaa; no voters: 
I20260709 13:03:00.924486 12119 raft_consensus.cc:2804] T 3873a73e335b4f109f0eb899b10022ac P 8205f6a62e174c6eb32d8c8c1e5b31f4 [term 4 FOLLOWER]: Leader election won for term 4
I20260709 13:03:00.925539 12119 raft_consensus.cc:697] T 3873a73e335b4f109f0eb899b10022ac P 8205f6a62e174c6eb32d8c8c1e5b31f4 [term 4 LEADER]: Becoming Leader. State: Replica: 8205f6a62e174c6eb32d8c8c1e5b31f4, State: Running, Role: LEADER
I20260709 13:03:00.926622 12017 raft_consensus.cc:2468] T 3873a73e335b4f109f0eb899b10022ac P eb74036d3de3494180f0f0bb606cadfe [term 4 FOLLOWER]: Leader election vote request: Granting yes vote for candidate 8205f6a62e174c6eb32d8c8c1e5b31f4 in term 4.
I20260709 13:03:00.926719 12119 consensus_queue.cc:237] T 3873a73e335b4f109f0eb899b10022ac P 8205f6a62e174c6eb32d8c8c1e5b31f4 [LEADER]: Queue going to LEADER mode. State: All replicated index: 0, Majority replicated index: 3, Committed index: 3, Last appended: 3.3, Last appended by leader: 3, Current term: 4, Majority size: 2, State: 0, Mode: LEADER, active raft config: opid_index: -1 OBSOLETE_local: false peers { permanent_uuid: "94fe4708b60e4b99b47a3677db4dbeaa" member_type: VOTER last_known_addr { host: "127.10.244.194" port: 41815 } } peers { permanent_uuid: "8205f6a62e174c6eb32d8c8c1e5b31f4" member_type: VOTER last_known_addr { host: "127.10.244.193" port: 41263 } } peers { permanent_uuid: "eb74036d3de3494180f0f0bb606cadfe" member_type: VOTER last_known_addr { host: "127.10.244.195" port: 37277 } }
I20260709 13:03:00.933214 11767 catalog_manager.cc:5697] T 3873a73e335b4f109f0eb899b10022ac P 8205f6a62e174c6eb32d8c8c1e5b31f4 reported cstate change: term changed from 3 to 4, leader changed from eb74036d3de3494180f0f0bb606cadfe (127.10.244.195) to 8205f6a62e174c6eb32d8c8c1e5b31f4 (127.10.244.193). New cstate: current_term: 4 leader_uuid: "8205f6a62e174c6eb32d8c8c1e5b31f4" committed_config { opid_index: -1 OBSOLETE_local: false peers { permanent_uuid: "94fe4708b60e4b99b47a3677db4dbeaa" member_type: VOTER last_known_addr { host: "127.10.244.194" port: 41815 } health_report { overall_health: UNKNOWN } } peers { permanent_uuid: "8205f6a62e174c6eb32d8c8c1e5b31f4" member_type: VOTER last_known_addr { host: "127.10.244.193" port: 41263 } health_report { overall_health: HEALTHY } } peers { permanent_uuid: "eb74036d3de3494180f0f0bb606cadfe" member_type: VOTER last_known_addr { host: "127.10.244.195" port: 37277 } health_report { overall_health: UNKNOWN } } }
I20260709 13:03:00.973035 12087 raft_consensus.cc:993] T d8d87d9192d44ceabfcd1a0344f1aae8 P 94fe4708b60e4b99b47a3677db4dbeaa: : Instructing follower 8205f6a62e174c6eb32d8c8c1e5b31f4 to start an election
I20260709 13:03:00.973534 12087 raft_consensus.cc:1081] T d8d87d9192d44ceabfcd1a0344f1aae8 P 94fe4708b60e4b99b47a3677db4dbeaa [term 1 LEADER]: Signalling peer 8205f6a62e174c6eb32d8c8c1e5b31f4 to start an election
I20260709 13:03:00.975075 11869 tablet_service.cc:2044] Received Run Leader Election RPC: tablet_id: "d8d87d9192d44ceabfcd1a0344f1aae8"
dest_uuid: "8205f6a62e174c6eb32d8c8c1e5b31f4"
 from {username='slave'} at 127.0.0.1:49900
I20260709 13:03:00.975488 11869 raft_consensus.cc:493] T d8d87d9192d44ceabfcd1a0344f1aae8 P 8205f6a62e174c6eb32d8c8c1e5b31f4 [term 1 FOLLOWER]: Starting forced leader election (received explicit request)
I20260709 13:03:00.975733 11869 raft_consensus.cc:3060] T d8d87d9192d44ceabfcd1a0344f1aae8 P 8205f6a62e174c6eb32d8c8c1e5b31f4 [term 1 FOLLOWER]: Advancing to term 2
I20260709 13:03:00.979866 11869 raft_consensus.cc:515] T d8d87d9192d44ceabfcd1a0344f1aae8 P 8205f6a62e174c6eb32d8c8c1e5b31f4 [term 2 FOLLOWER]: Starting forced leader election with config: opid_index: -1 OBSOLETE_local: false peers { permanent_uuid: "8205f6a62e174c6eb32d8c8c1e5b31f4" member_type: VOTER last_known_addr { host: "127.10.244.193" port: 41263 } } peers { permanent_uuid: "94fe4708b60e4b99b47a3677db4dbeaa" member_type: VOTER last_known_addr { host: "127.10.244.194" port: 41815 } } peers { permanent_uuid: "eb74036d3de3494180f0f0bb606cadfe" member_type: VOTER last_known_addr { host: "127.10.244.195" port: 37277 } }
I20260709 13:03:00.981178 11869 leader_election.cc:290] T d8d87d9192d44ceabfcd1a0344f1aae8 P 8205f6a62e174c6eb32d8c8c1e5b31f4 [CANDIDATE]: Term 2 election: Requested vote from peers 94fe4708b60e4b99b47a3677db4dbeaa (127.10.244.194:41815), eb74036d3de3494180f0f0bb606cadfe (127.10.244.195:37277)
I20260709 13:03:00.982160 11945 tablet_service.cc:1917] Received RequestConsensusVote() RPC: tablet_id: "d8d87d9192d44ceabfcd1a0344f1aae8" candidate_uuid: "8205f6a62e174c6eb32d8c8c1e5b31f4" candidate_term: 2 candidate_status { last_received { term: 1 index: 1 } } ignore_live_leader: true dest_uuid: "94fe4708b60e4b99b47a3677db4dbeaa"
I20260709 13:03:00.982724 12017 tablet_service.cc:1917] Received RequestConsensusVote() RPC: tablet_id: "d8d87d9192d44ceabfcd1a0344f1aae8" candidate_uuid: "8205f6a62e174c6eb32d8c8c1e5b31f4" candidate_term: 2 candidate_status { last_received { term: 1 index: 1 } } ignore_live_leader: true dest_uuid: "eb74036d3de3494180f0f0bb606cadfe"
I20260709 13:03:00.982976 11945 raft_consensus.cc:3055] T d8d87d9192d44ceabfcd1a0344f1aae8 P 94fe4708b60e4b99b47a3677db4dbeaa [term 1 LEADER]: Stepping down as leader of term 1
I20260709 13:03:00.983470 11945 raft_consensus.cc:740] T d8d87d9192d44ceabfcd1a0344f1aae8 P 94fe4708b60e4b99b47a3677db4dbeaa [term 1 LEADER]: Becoming Follower/Learner. State: Replica: 94fe4708b60e4b99b47a3677db4dbeaa, State: Running, Role: LEADER
I20260709 13:03:00.983637 12017 raft_consensus.cc:3060] T d8d87d9192d44ceabfcd1a0344f1aae8 P eb74036d3de3494180f0f0bb606cadfe [term 1 FOLLOWER]: Advancing to term 2
I20260709 13:03:00.984452 11945 consensus_queue.cc:260] T d8d87d9192d44ceabfcd1a0344f1aae8 P 94fe4708b60e4b99b47a3677db4dbeaa [NON_LEADER]: Queue going to NON_LEADER mode. State: All replicated index: 0, Majority replicated index: 1, Committed index: 1, Last appended: 1.1, Last appended by leader: 1, Current term: 1, Majority size: -1, State: 0, Mode: NON_LEADER, active raft config: opid_index: -1 OBSOLETE_local: false peers { permanent_uuid: "8205f6a62e174c6eb32d8c8c1e5b31f4" member_type: VOTER last_known_addr { host: "127.10.244.193" port: 41263 } } peers { permanent_uuid: "94fe4708b60e4b99b47a3677db4dbeaa" member_type: VOTER last_known_addr { host: "127.10.244.194" port: 41815 } } peers { permanent_uuid: "eb74036d3de3494180f0f0bb606cadfe" member_type: VOTER last_known_addr { host: "127.10.244.195" port: 37277 } }
I20260709 13:03:00.986225 11945 raft_consensus.cc:3060] T d8d87d9192d44ceabfcd1a0344f1aae8 P 94fe4708b60e4b99b47a3677db4dbeaa [term 1 FOLLOWER]: Advancing to term 2
I20260709 13:03:00.992244 12017 raft_consensus.cc:2468] T d8d87d9192d44ceabfcd1a0344f1aae8 P eb74036d3de3494180f0f0bb606cadfe [term 2 FOLLOWER]: Leader election vote request: Granting yes vote for candidate 8205f6a62e174c6eb32d8c8c1e5b31f4 in term 2.
I20260709 13:03:00.993381 11945 raft_consensus.cc:2468] T d8d87d9192d44ceabfcd1a0344f1aae8 P 94fe4708b60e4b99b47a3677db4dbeaa [term 2 FOLLOWER]: Leader election vote request: Granting yes vote for candidate 8205f6a62e174c6eb32d8c8c1e5b31f4 in term 2.
I20260709 13:03:00.993577 11834 leader_election.cc:304] T d8d87d9192d44ceabfcd1a0344f1aae8 P 8205f6a62e174c6eb32d8c8c1e5b31f4 [CANDIDATE]: Term 2 election: Election decided. Result: candidate won. Election summary: received 2 responses out of 3 voters: 2 yes votes; 0 no votes. yes voters: 8205f6a62e174c6eb32d8c8c1e5b31f4, eb74036d3de3494180f0f0bb606cadfe; no voters: 
I20260709 13:03:00.994452 12119 raft_consensus.cc:2804] T d8d87d9192d44ceabfcd1a0344f1aae8 P 8205f6a62e174c6eb32d8c8c1e5b31f4 [term 2 FOLLOWER]: Leader election won for term 2
I20260709 13:03:00.995030 12119 raft_consensus.cc:697] T d8d87d9192d44ceabfcd1a0344f1aae8 P 8205f6a62e174c6eb32d8c8c1e5b31f4 [term 2 LEADER]: Becoming Leader. State: Replica: 8205f6a62e174c6eb32d8c8c1e5b31f4, State: Running, Role: LEADER
I20260709 13:03:00.995868 12119 consensus_queue.cc:237] T d8d87d9192d44ceabfcd1a0344f1aae8 P 8205f6a62e174c6eb32d8c8c1e5b31f4 [LEADER]: Queue going to LEADER mode. State: All replicated index: 0, Majority replicated index: 1, Committed index: 1, Last appended: 1.1, Last appended by leader: 1, Current term: 2, Majority size: 2, State: 0, Mode: LEADER, active raft config: opid_index: -1 OBSOLETE_local: false peers { permanent_uuid: "8205f6a62e174c6eb32d8c8c1e5b31f4" member_type: VOTER last_known_addr { host: "127.10.244.193" port: 41263 } } peers { permanent_uuid: "94fe4708b60e4b99b47a3677db4dbeaa" member_type: VOTER last_known_addr { host: "127.10.244.194" port: 41815 } } peers { permanent_uuid: "eb74036d3de3494180f0f0bb606cadfe" member_type: VOTER last_known_addr { host: "127.10.244.195" port: 37277 } }
I20260709 13:03:01.003991 11767 catalog_manager.cc:5697] T d8d87d9192d44ceabfcd1a0344f1aae8 P 8205f6a62e174c6eb32d8c8c1e5b31f4 reported cstate change: term changed from 1 to 2, leader changed from 94fe4708b60e4b99b47a3677db4dbeaa (127.10.244.194) to 8205f6a62e174c6eb32d8c8c1e5b31f4 (127.10.244.193). New cstate: current_term: 2 leader_uuid: "8205f6a62e174c6eb32d8c8c1e5b31f4" committed_config { opid_index: -1 OBSOLETE_local: false peers { permanent_uuid: "8205f6a62e174c6eb32d8c8c1e5b31f4" member_type: VOTER last_known_addr { host: "127.10.244.193" port: 41263 } health_report { overall_health: HEALTHY } } peers { permanent_uuid: "94fe4708b60e4b99b47a3677db4dbeaa" member_type: VOTER last_known_addr { host: "127.10.244.194" port: 41815 } health_report { overall_health: UNKNOWN } } peers { permanent_uuid: "eb74036d3de3494180f0f0bb606cadfe" member_type: VOTER last_known_addr { host: "127.10.244.195" port: 37277 } health_report { overall_health: UNKNOWN } } }
I20260709 13:03:01.155231 12178 raft_consensus.cc:993] T 7ac5b87244d74ef49a7afa247c52e256 P 94fe4708b60e4b99b47a3677db4dbeaa: : Instructing follower 8205f6a62e174c6eb32d8c8c1e5b31f4 to start an election
I20260709 13:03:01.155754 12178 raft_consensus.cc:1081] T 7ac5b87244d74ef49a7afa247c52e256 P 94fe4708b60e4b99b47a3677db4dbeaa [term 1 LEADER]: Signalling peer 8205f6a62e174c6eb32d8c8c1e5b31f4 to start an election
I20260709 13:03:01.157250 11869 tablet_service.cc:2044] Received Run Leader Election RPC: tablet_id: "7ac5b87244d74ef49a7afa247c52e256"
dest_uuid: "8205f6a62e174c6eb32d8c8c1e5b31f4"
 from {username='slave'} at 127.0.0.1:49900
I20260709 13:03:01.157703 11869 raft_consensus.cc:493] T 7ac5b87244d74ef49a7afa247c52e256 P 8205f6a62e174c6eb32d8c8c1e5b31f4 [term 1 FOLLOWER]: Starting forced leader election (received explicit request)
I20260709 13:03:01.157984 11869 raft_consensus.cc:3060] T 7ac5b87244d74ef49a7afa247c52e256 P 8205f6a62e174c6eb32d8c8c1e5b31f4 [term 1 FOLLOWER]: Advancing to term 2
I20260709 13:03:01.162231 11869 raft_consensus.cc:515] T 7ac5b87244d74ef49a7afa247c52e256 P 8205f6a62e174c6eb32d8c8c1e5b31f4 [term 2 FOLLOWER]: Starting forced leader election with config: opid_index: -1 OBSOLETE_local: false peers { permanent_uuid: "8205f6a62e174c6eb32d8c8c1e5b31f4" member_type: VOTER last_known_addr { host: "127.10.244.193" port: 41263 } } peers { permanent_uuid: "94fe4708b60e4b99b47a3677db4dbeaa" member_type: VOTER last_known_addr { host: "127.10.244.194" port: 41815 } } peers { permanent_uuid: "eb74036d3de3494180f0f0bb606cadfe" member_type: VOTER last_known_addr { host: "127.10.244.195" port: 37277 } }
I20260709 13:03:01.163858 11869 leader_election.cc:290] T 7ac5b87244d74ef49a7afa247c52e256 P 8205f6a62e174c6eb32d8c8c1e5b31f4 [CANDIDATE]: Term 2 election: Requested vote from peers 94fe4708b60e4b99b47a3677db4dbeaa (127.10.244.194:41815), eb74036d3de3494180f0f0bb606cadfe (127.10.244.195:37277)
I20260709 13:03:01.164713 11945 tablet_service.cc:1917] Received RequestConsensusVote() RPC: tablet_id: "7ac5b87244d74ef49a7afa247c52e256" candidate_uuid: "8205f6a62e174c6eb32d8c8c1e5b31f4" candidate_term: 2 candidate_status { last_received { term: 1 index: 1 } } ignore_live_leader: true dest_uuid: "94fe4708b60e4b99b47a3677db4dbeaa"
I20260709 13:03:01.164991 12017 tablet_service.cc:1917] Received RequestConsensusVote() RPC: tablet_id: "7ac5b87244d74ef49a7afa247c52e256" candidate_uuid: "8205f6a62e174c6eb32d8c8c1e5b31f4" candidate_term: 2 candidate_status { last_received { term: 1 index: 1 } } ignore_live_leader: true dest_uuid: "eb74036d3de3494180f0f0bb606cadfe"
I20260709 13:03:01.165258 11945 raft_consensus.cc:3055] T 7ac5b87244d74ef49a7afa247c52e256 P 94fe4708b60e4b99b47a3677db4dbeaa [term 1 LEADER]: Stepping down as leader of term 1
I20260709 13:03:01.165498 12017 raft_consensus.cc:3060] T 7ac5b87244d74ef49a7afa247c52e256 P eb74036d3de3494180f0f0bb606cadfe [term 1 FOLLOWER]: Advancing to term 2
I20260709 13:03:01.165584 11945 raft_consensus.cc:740] T 7ac5b87244d74ef49a7afa247c52e256 P 94fe4708b60e4b99b47a3677db4dbeaa [term 1 LEADER]: Becoming Follower/Learner. State: Replica: 94fe4708b60e4b99b47a3677db4dbeaa, State: Running, Role: LEADER
I20260709 13:03:01.166415 11945 consensus_queue.cc:260] T 7ac5b87244d74ef49a7afa247c52e256 P 94fe4708b60e4b99b47a3677db4dbeaa [NON_LEADER]: Queue going to NON_LEADER mode. State: All replicated index: 0, Majority replicated index: 1, Committed index: 1, Last appended: 1.1, Last appended by leader: 1, Current term: 1, Majority size: -1, State: 0, Mode: NON_LEADER, active raft config: opid_index: -1 OBSOLETE_local: false peers { permanent_uuid: "8205f6a62e174c6eb32d8c8c1e5b31f4" member_type: VOTER last_known_addr { host: "127.10.244.193" port: 41263 } } peers { permanent_uuid: "94fe4708b60e4b99b47a3677db4dbeaa" member_type: VOTER last_known_addr { host: "127.10.244.194" port: 41815 } } peers { permanent_uuid: "eb74036d3de3494180f0f0bb606cadfe" member_type: VOTER last_known_addr { host: "127.10.244.195" port: 37277 } }
I20260709 13:03:01.167549 11945 raft_consensus.cc:3060] T 7ac5b87244d74ef49a7afa247c52e256 P 94fe4708b60e4b99b47a3677db4dbeaa [term 1 FOLLOWER]: Advancing to term 2
I20260709 13:03:01.172098 12017 raft_consensus.cc:2468] T 7ac5b87244d74ef49a7afa247c52e256 P eb74036d3de3494180f0f0bb606cadfe [term 2 FOLLOWER]: Leader election vote request: Granting yes vote for candidate 8205f6a62e174c6eb32d8c8c1e5b31f4 in term 2.
I20260709 13:03:01.173442 11834 leader_election.cc:304] T 7ac5b87244d74ef49a7afa247c52e256 P 8205f6a62e174c6eb32d8c8c1e5b31f4 [CANDIDATE]: Term 2 election: Election decided. Result: candidate won. Election summary: received 2 responses out of 3 voters: 2 yes votes; 0 no votes. yes voters: 8205f6a62e174c6eb32d8c8c1e5b31f4, eb74036d3de3494180f0f0bb606cadfe; no voters: 
I20260709 13:03:01.173550 11945 raft_consensus.cc:2468] T 7ac5b87244d74ef49a7afa247c52e256 P 94fe4708b60e4b99b47a3677db4dbeaa [term 2 FOLLOWER]: Leader election vote request: Granting yes vote for candidate 8205f6a62e174c6eb32d8c8c1e5b31f4 in term 2.
I20260709 13:03:01.174230 12119 raft_consensus.cc:2804] T 7ac5b87244d74ef49a7afa247c52e256 P 8205f6a62e174c6eb32d8c8c1e5b31f4 [term 2 FOLLOWER]: Leader election won for term 2
I20260709 13:03:01.174717 12119 raft_consensus.cc:697] T 7ac5b87244d74ef49a7afa247c52e256 P 8205f6a62e174c6eb32d8c8c1e5b31f4 [term 2 LEADER]: Becoming Leader. State: Replica: 8205f6a62e174c6eb32d8c8c1e5b31f4, State: Running, Role: LEADER
I20260709 13:03:01.175535 12119 consensus_queue.cc:237] T 7ac5b87244d74ef49a7afa247c52e256 P 8205f6a62e174c6eb32d8c8c1e5b31f4 [LEADER]: Queue going to LEADER mode. State: All replicated index: 0, Majority replicated index: 1, Committed index: 1, Last appended: 1.1, Last appended by leader: 1, Current term: 2, Majority size: 2, State: 0, Mode: LEADER, active raft config: opid_index: -1 OBSOLETE_local: false peers { permanent_uuid: "8205f6a62e174c6eb32d8c8c1e5b31f4" member_type: VOTER last_known_addr { host: "127.10.244.193" port: 41263 } } peers { permanent_uuid: "94fe4708b60e4b99b47a3677db4dbeaa" member_type: VOTER last_known_addr { host: "127.10.244.194" port: 41815 } } peers { permanent_uuid: "eb74036d3de3494180f0f0bb606cadfe" member_type: VOTER last_known_addr { host: "127.10.244.195" port: 37277 } }
I20260709 13:03:01.182443 11767 catalog_manager.cc:5697] T 7ac5b87244d74ef49a7afa247c52e256 P 8205f6a62e174c6eb32d8c8c1e5b31f4 reported cstate change: term changed from 1 to 2, leader changed from 94fe4708b60e4b99b47a3677db4dbeaa (127.10.244.194) to 8205f6a62e174c6eb32d8c8c1e5b31f4 (127.10.244.193). New cstate: current_term: 2 leader_uuid: "8205f6a62e174c6eb32d8c8c1e5b31f4" committed_config { opid_index: -1 OBSOLETE_local: false peers { permanent_uuid: "8205f6a62e174c6eb32d8c8c1e5b31f4" member_type: VOTER last_known_addr { host: "127.10.244.193" port: 41263 } health_report { overall_health: HEALTHY } } peers { permanent_uuid: "94fe4708b60e4b99b47a3677db4dbeaa" member_type: VOTER last_known_addr { host: "127.10.244.194" port: 41815 } health_report { overall_health: UNKNOWN } } peers { permanent_uuid: "eb74036d3de3494180f0f0bb606cadfe" member_type: VOTER last_known_addr { host: "127.10.244.195" port: 37277 } health_report { overall_health: UNKNOWN } } }
I20260709 13:03:01.211627 12170 raft_consensus.cc:993] T b9bdc9d045c34758abe1d4fae5ad1bd5 P eb74036d3de3494180f0f0bb606cadfe: : Instructing follower 8205f6a62e174c6eb32d8c8c1e5b31f4 to start an election
I20260709 13:03:01.212167 12152 raft_consensus.cc:1081] T b9bdc9d045c34758abe1d4fae5ad1bd5 P eb74036d3de3494180f0f0bb606cadfe [term 3 LEADER]: Signalling peer 8205f6a62e174c6eb32d8c8c1e5b31f4 to start an election
I20260709 13:03:01.213845 11869 tablet_service.cc:2044] Received Run Leader Election RPC: tablet_id: "b9bdc9d045c34758abe1d4fae5ad1bd5"
dest_uuid: "8205f6a62e174c6eb32d8c8c1e5b31f4"
 from {username='slave'} at 127.0.0.1:49898
I20260709 13:03:01.214455 11869 raft_consensus.cc:493] T b9bdc9d045c34758abe1d4fae5ad1bd5 P 8205f6a62e174c6eb32d8c8c1e5b31f4 [term 3 FOLLOWER]: Starting forced leader election (received explicit request)
I20260709 13:03:01.214911 11869 raft_consensus.cc:3060] T b9bdc9d045c34758abe1d4fae5ad1bd5 P 8205f6a62e174c6eb32d8c8c1e5b31f4 [term 3 FOLLOWER]: Advancing to term 4
I20260709 13:03:01.220144 11869 raft_consensus.cc:515] T b9bdc9d045c34758abe1d4fae5ad1bd5 P 8205f6a62e174c6eb32d8c8c1e5b31f4 [term 4 FOLLOWER]: Starting forced leader election with config: opid_index: -1 OBSOLETE_local: false peers { permanent_uuid: "8205f6a62e174c6eb32d8c8c1e5b31f4" member_type: VOTER last_known_addr { host: "127.10.244.193" port: 41263 } } peers { permanent_uuid: "94fe4708b60e4b99b47a3677db4dbeaa" member_type: VOTER last_known_addr { host: "127.10.244.194" port: 41815 } } peers { permanent_uuid: "eb74036d3de3494180f0f0bb606cadfe" member_type: VOTER last_known_addr { host: "127.10.244.195" port: 37277 } }
I20260709 13:03:01.221841 11869 leader_election.cc:290] T b9bdc9d045c34758abe1d4fae5ad1bd5 P 8205f6a62e174c6eb32d8c8c1e5b31f4 [CANDIDATE]: Term 4 election: Requested vote from peers 94fe4708b60e4b99b47a3677db4dbeaa (127.10.244.194:41815), eb74036d3de3494180f0f0bb606cadfe (127.10.244.195:37277)
I20260709 13:03:01.222645 11945 tablet_service.cc:1917] Received RequestConsensusVote() RPC: tablet_id: "b9bdc9d045c34758abe1d4fae5ad1bd5" candidate_uuid: "8205f6a62e174c6eb32d8c8c1e5b31f4" candidate_term: 4 candidate_status { last_received { term: 3 index: 3 } } ignore_live_leader: true dest_uuid: "94fe4708b60e4b99b47a3677db4dbeaa"
I20260709 13:03:01.222934 12017 tablet_service.cc:1917] Received RequestConsensusVote() RPC: tablet_id: "b9bdc9d045c34758abe1d4fae5ad1bd5" candidate_uuid: "8205f6a62e174c6eb32d8c8c1e5b31f4" candidate_term: 4 candidate_status { last_received { term: 3 index: 3 } } ignore_live_leader: true dest_uuid: "eb74036d3de3494180f0f0bb606cadfe"
I20260709 13:03:01.223109 11945 raft_consensus.cc:3060] T b9bdc9d045c34758abe1d4fae5ad1bd5 P 94fe4708b60e4b99b47a3677db4dbeaa [term 3 FOLLOWER]: Advancing to term 4
I20260709 13:03:01.223461 12017 raft_consensus.cc:3055] T b9bdc9d045c34758abe1d4fae5ad1bd5 P eb74036d3de3494180f0f0bb606cadfe [term 3 LEADER]: Stepping down as leader of term 3
I20260709 13:03:01.223737 12017 raft_consensus.cc:740] T b9bdc9d045c34758abe1d4fae5ad1bd5 P eb74036d3de3494180f0f0bb606cadfe [term 3 LEADER]: Becoming Follower/Learner. State: Replica: eb74036d3de3494180f0f0bb606cadfe, State: Running, Role: LEADER
I20260709 13:03:01.224411 12017 consensus_queue.cc:260] T b9bdc9d045c34758abe1d4fae5ad1bd5 P eb74036d3de3494180f0f0bb606cadfe [NON_LEADER]: Queue going to NON_LEADER mode. State: All replicated index: 0, Majority replicated index: 3, Committed index: 3, Last appended: 3.3, Last appended by leader: 3, Current term: 3, Majority size: -1, State: 0, Mode: NON_LEADER, active raft config: opid_index: -1 OBSOLETE_local: false peers { permanent_uuid: "8205f6a62e174c6eb32d8c8c1e5b31f4" member_type: VOTER last_known_addr { host: "127.10.244.193" port: 41263 } } peers { permanent_uuid: "94fe4708b60e4b99b47a3677db4dbeaa" member_type: VOTER last_known_addr { host: "127.10.244.194" port: 41815 } } peers { permanent_uuid: "eb74036d3de3494180f0f0bb606cadfe" member_type: VOTER last_known_addr { host: "127.10.244.195" port: 37277 } }
I20260709 13:03:01.225275 12017 raft_consensus.cc:3060] T b9bdc9d045c34758abe1d4fae5ad1bd5 P eb74036d3de3494180f0f0bb606cadfe [term 3 FOLLOWER]: Advancing to term 4
I20260709 13:03:01.227640 11945 raft_consensus.cc:2468] T b9bdc9d045c34758abe1d4fae5ad1bd5 P 94fe4708b60e4b99b47a3677db4dbeaa [term 4 FOLLOWER]: Leader election vote request: Granting yes vote for candidate 8205f6a62e174c6eb32d8c8c1e5b31f4 in term 4.
I20260709 13:03:01.228677 11836 leader_election.cc:304] T b9bdc9d045c34758abe1d4fae5ad1bd5 P 8205f6a62e174c6eb32d8c8c1e5b31f4 [CANDIDATE]: Term 4 election: Election decided. Result: candidate won. Election summary: received 2 responses out of 3 voters: 2 yes votes; 0 no votes. yes voters: 8205f6a62e174c6eb32d8c8c1e5b31f4, 94fe4708b60e4b99b47a3677db4dbeaa; no voters: 
I20260709 13:03:01.229398 12119 raft_consensus.cc:2804] T b9bdc9d045c34758abe1d4fae5ad1bd5 P 8205f6a62e174c6eb32d8c8c1e5b31f4 [term 4 FOLLOWER]: Leader election won for term 4
I20260709 13:03:01.229867 12119 raft_consensus.cc:697] T b9bdc9d045c34758abe1d4fae5ad1bd5 P 8205f6a62e174c6eb32d8c8c1e5b31f4 [term 4 LEADER]: Becoming Leader. State: Replica: 8205f6a62e174c6eb32d8c8c1e5b31f4, State: Running, Role: LEADER
I20260709 13:03:01.230283 12017 raft_consensus.cc:2468] T b9bdc9d045c34758abe1d4fae5ad1bd5 P eb74036d3de3494180f0f0bb606cadfe [term 4 FOLLOWER]: Leader election vote request: Granting yes vote for candidate 8205f6a62e174c6eb32d8c8c1e5b31f4 in term 4.
I20260709 13:03:01.230859 12119 consensus_queue.cc:237] T b9bdc9d045c34758abe1d4fae5ad1bd5 P 8205f6a62e174c6eb32d8c8c1e5b31f4 [LEADER]: Queue going to LEADER mode. State: All replicated index: 0, Majority replicated index: 3, Committed index: 3, Last appended: 3.3, Last appended by leader: 3, Current term: 4, Majority size: 2, State: 0, Mode: LEADER, active raft config: opid_index: -1 OBSOLETE_local: false peers { permanent_uuid: "8205f6a62e174c6eb32d8c8c1e5b31f4" member_type: VOTER last_known_addr { host: "127.10.244.193" port: 41263 } } peers { permanent_uuid: "94fe4708b60e4b99b47a3677db4dbeaa" member_type: VOTER last_known_addr { host: "127.10.244.194" port: 41815 } } peers { permanent_uuid: "eb74036d3de3494180f0f0bb606cadfe" member_type: VOTER last_known_addr { host: "127.10.244.195" port: 37277 } }
I20260709 13:03:01.237352 11767 catalog_manager.cc:5697] T b9bdc9d045c34758abe1d4fae5ad1bd5 P 8205f6a62e174c6eb32d8c8c1e5b31f4 reported cstate change: term changed from 3 to 4, leader changed from eb74036d3de3494180f0f0bb606cadfe (127.10.244.195) to 8205f6a62e174c6eb32d8c8c1e5b31f4 (127.10.244.193). New cstate: current_term: 4 leader_uuid: "8205f6a62e174c6eb32d8c8c1e5b31f4" committed_config { opid_index: -1 OBSOLETE_local: false peers { permanent_uuid: "8205f6a62e174c6eb32d8c8c1e5b31f4" member_type: VOTER last_known_addr { host: "127.10.244.193" port: 41263 } health_report { overall_health: HEALTHY } } peers { permanent_uuid: "94fe4708b60e4b99b47a3677db4dbeaa" member_type: VOTER last_known_addr { host: "127.10.244.194" port: 41815 } health_report { overall_health: UNKNOWN } } peers { permanent_uuid: "eb74036d3de3494180f0f0bb606cadfe" member_type: VOTER last_known_addr { host: "127.10.244.195" port: 37277 } health_report { overall_health: UNKNOWN } } }
I20260709 13:03:01.321346 12087 raft_consensus.cc:993] T f24a7adfafba4171b440458dfe1e40b9 P 94fe4708b60e4b99b47a3677db4dbeaa: : Instructing follower 8205f6a62e174c6eb32d8c8c1e5b31f4 to start an election
I20260709 13:03:01.321835 12178 raft_consensus.cc:1081] T f24a7adfafba4171b440458dfe1e40b9 P 94fe4708b60e4b99b47a3677db4dbeaa [term 2 LEADER]: Signalling peer 8205f6a62e174c6eb32d8c8c1e5b31f4 to start an election
I20260709 13:03:01.323568 11869 tablet_service.cc:2044] Received Run Leader Election RPC: tablet_id: "f24a7adfafba4171b440458dfe1e40b9"
dest_uuid: "8205f6a62e174c6eb32d8c8c1e5b31f4"
 from {username='slave'} at 127.0.0.1:49900
I20260709 13:03:01.324060 11869 raft_consensus.cc:493] T f24a7adfafba4171b440458dfe1e40b9 P 8205f6a62e174c6eb32d8c8c1e5b31f4 [term 2 FOLLOWER]: Starting forced leader election (received explicit request)
I20260709 13:03:01.324333 11869 raft_consensus.cc:3060] T f24a7adfafba4171b440458dfe1e40b9 P 8205f6a62e174c6eb32d8c8c1e5b31f4 [term 2 FOLLOWER]: Advancing to term 3
I20260709 13:03:01.328958 11869 raft_consensus.cc:515] T f24a7adfafba4171b440458dfe1e40b9 P 8205f6a62e174c6eb32d8c8c1e5b31f4 [term 3 FOLLOWER]: Starting forced leader election with config: opid_index: -1 OBSOLETE_local: false peers { permanent_uuid: "8205f6a62e174c6eb32d8c8c1e5b31f4" member_type: VOTER last_known_addr { host: "127.10.244.193" port: 41263 } } peers { permanent_uuid: "94fe4708b60e4b99b47a3677db4dbeaa" member_type: VOTER last_known_addr { host: "127.10.244.194" port: 41815 } } peers { permanent_uuid: "eb74036d3de3494180f0f0bb606cadfe" member_type: VOTER last_known_addr { host: "127.10.244.195" port: 37277 } }
I20260709 13:03:01.330658 11869 leader_election.cc:290] T f24a7adfafba4171b440458dfe1e40b9 P 8205f6a62e174c6eb32d8c8c1e5b31f4 [CANDIDATE]: Term 3 election: Requested vote from peers 94fe4708b60e4b99b47a3677db4dbeaa (127.10.244.194:41815), eb74036d3de3494180f0f0bb606cadfe (127.10.244.195:37277)
I20260709 13:03:01.331421 11945 tablet_service.cc:1917] Received RequestConsensusVote() RPC: tablet_id: "f24a7adfafba4171b440458dfe1e40b9" candidate_uuid: "8205f6a62e174c6eb32d8c8c1e5b31f4" candidate_term: 3 candidate_status { last_received { term: 2 index: 2 } } ignore_live_leader: true dest_uuid: "94fe4708b60e4b99b47a3677db4dbeaa"
I20260709 13:03:01.331670 12017 tablet_service.cc:1917] Received RequestConsensusVote() RPC: tablet_id: "f24a7adfafba4171b440458dfe1e40b9" candidate_uuid: "8205f6a62e174c6eb32d8c8c1e5b31f4" candidate_term: 3 candidate_status { last_received { term: 2 index: 2 } } ignore_live_leader: true dest_uuid: "eb74036d3de3494180f0f0bb606cadfe"
I20260709 13:03:01.332048 11945 raft_consensus.cc:3055] T f24a7adfafba4171b440458dfe1e40b9 P 94fe4708b60e4b99b47a3677db4dbeaa [term 2 LEADER]: Stepping down as leader of term 2
I20260709 13:03:01.332252 12017 raft_consensus.cc:3060] T f24a7adfafba4171b440458dfe1e40b9 P eb74036d3de3494180f0f0bb606cadfe [term 2 FOLLOWER]: Advancing to term 3
I20260709 13:03:01.332456 11945 raft_consensus.cc:740] T f24a7adfafba4171b440458dfe1e40b9 P 94fe4708b60e4b99b47a3677db4dbeaa [term 2 LEADER]: Becoming Follower/Learner. State: Replica: 94fe4708b60e4b99b47a3677db4dbeaa, State: Running, Role: LEADER
I20260709 13:03:01.333379 11945 consensus_queue.cc:260] T f24a7adfafba4171b440458dfe1e40b9 P 94fe4708b60e4b99b47a3677db4dbeaa [NON_LEADER]: Queue going to NON_LEADER mode. State: All replicated index: 0, Majority replicated index: 2, Committed index: 2, Last appended: 2.2, Last appended by leader: 2, Current term: 2, Majority size: -1, State: 0, Mode: NON_LEADER, active raft config: opid_index: -1 OBSOLETE_local: false peers { permanent_uuid: "8205f6a62e174c6eb32d8c8c1e5b31f4" member_type: VOTER last_known_addr { host: "127.10.244.193" port: 41263 } } peers { permanent_uuid: "94fe4708b60e4b99b47a3677db4dbeaa" member_type: VOTER last_known_addr { host: "127.10.244.194" port: 41815 } } peers { permanent_uuid: "eb74036d3de3494180f0f0bb606cadfe" member_type: VOTER last_known_addr { host: "127.10.244.195" port: 37277 } }
I20260709 13:03:01.334615 11945 raft_consensus.cc:3060] T f24a7adfafba4171b440458dfe1e40b9 P 94fe4708b60e4b99b47a3677db4dbeaa [term 2 FOLLOWER]: Advancing to term 3
I20260709 13:03:01.337930 12017 raft_consensus.cc:2468] T f24a7adfafba4171b440458dfe1e40b9 P eb74036d3de3494180f0f0bb606cadfe [term 3 FOLLOWER]: Leader election vote request: Granting yes vote for candidate 8205f6a62e174c6eb32d8c8c1e5b31f4 in term 3.
I20260709 13:03:01.338789 11945 raft_consensus.cc:2468] T f24a7adfafba4171b440458dfe1e40b9 P 94fe4708b60e4b99b47a3677db4dbeaa [term 3 FOLLOWER]: Leader election vote request: Granting yes vote for candidate 8205f6a62e174c6eb32d8c8c1e5b31f4 in term 3.
I20260709 13:03:01.339031 11834 leader_election.cc:304] T f24a7adfafba4171b440458dfe1e40b9 P 8205f6a62e174c6eb32d8c8c1e5b31f4 [CANDIDATE]: Term 3 election: Election decided. Result: candidate won. Election summary: received 2 responses out of 3 voters: 2 yes votes; 0 no votes. yes voters: 8205f6a62e174c6eb32d8c8c1e5b31f4, eb74036d3de3494180f0f0bb606cadfe; no voters: 
I20260709 13:03:01.340085 12119 raft_consensus.cc:2804] T f24a7adfafba4171b440458dfe1e40b9 P 8205f6a62e174c6eb32d8c8c1e5b31f4 [term 3 FOLLOWER]: Leader election won for term 3
I20260709 13:03:01.340602 12119 raft_consensus.cc:697] T f24a7adfafba4171b440458dfe1e40b9 P 8205f6a62e174c6eb32d8c8c1e5b31f4 [term 3 LEADER]: Becoming Leader. State: Replica: 8205f6a62e174c6eb32d8c8c1e5b31f4, State: Running, Role: LEADER
I20260709 13:03:01.341327 12119 consensus_queue.cc:237] T f24a7adfafba4171b440458dfe1e40b9 P 8205f6a62e174c6eb32d8c8c1e5b31f4 [LEADER]: Queue going to LEADER mode. State: All replicated index: 0, Majority replicated index: 2, Committed index: 2, Last appended: 2.2, Last appended by leader: 2, Current term: 3, Majority size: 2, State: 0, Mode: LEADER, active raft config: opid_index: -1 OBSOLETE_local: false peers { permanent_uuid: "8205f6a62e174c6eb32d8c8c1e5b31f4" member_type: VOTER last_known_addr { host: "127.10.244.193" port: 41263 } } peers { permanent_uuid: "94fe4708b60e4b99b47a3677db4dbeaa" member_type: VOTER last_known_addr { host: "127.10.244.194" port: 41815 } } peers { permanent_uuid: "eb74036d3de3494180f0f0bb606cadfe" member_type: VOTER last_known_addr { host: "127.10.244.195" port: 37277 } }
I20260709 13:03:01.348392 11767 catalog_manager.cc:5697] T f24a7adfafba4171b440458dfe1e40b9 P 8205f6a62e174c6eb32d8c8c1e5b31f4 reported cstate change: term changed from 2 to 3, leader changed from 94fe4708b60e4b99b47a3677db4dbeaa (127.10.244.194) to 8205f6a62e174c6eb32d8c8c1e5b31f4 (127.10.244.193). New cstate: current_term: 3 leader_uuid: "8205f6a62e174c6eb32d8c8c1e5b31f4" committed_config { opid_index: -1 OBSOLETE_local: false peers { permanent_uuid: "8205f6a62e174c6eb32d8c8c1e5b31f4" member_type: VOTER last_known_addr { host: "127.10.244.193" port: 41263 } health_report { overall_health: HEALTHY } } peers { permanent_uuid: "94fe4708b60e4b99b47a3677db4dbeaa" member_type: VOTER last_known_addr { host: "127.10.244.194" port: 41815 } health_report { overall_health: UNKNOWN } } peers { permanent_uuid: "eb74036d3de3494180f0f0bb606cadfe" member_type: VOTER last_known_addr { host: "127.10.244.195" port: 37277 } health_report { overall_health: UNKNOWN } } }
I20260709 13:03:01.442087 12017 raft_consensus.cc:1275] T 3873a73e335b4f109f0eb899b10022ac P eb74036d3de3494180f0f0bb606cadfe [term 4 FOLLOWER]: Refusing update from remote peer 8205f6a62e174c6eb32d8c8c1e5b31f4: Log matching property violated. Preceding OpId in replica: term: 3 index: 3. Preceding OpId from leader: term: 4 index: 4. (index mismatch)
I20260709 13:03:01.443568 12119 consensus_queue.cc:1048] T 3873a73e335b4f109f0eb899b10022ac P 8205f6a62e174c6eb32d8c8c1e5b31f4 [LEADER]: Connected to new peer: Peer: permanent_uuid: "eb74036d3de3494180f0f0bb606cadfe" member_type: VOTER last_known_addr { host: "127.10.244.195" port: 37277 }, Status: LMP_MISMATCH, Last received: 0.0, Next index: 4, Last known committed idx: 3, Time since last communication: 0.000s
I20260709 13:03:01.453022 11945 raft_consensus.cc:1275] T 3873a73e335b4f109f0eb899b10022ac P 94fe4708b60e4b99b47a3677db4dbeaa [term 4 FOLLOWER]: Refusing update from remote peer 8205f6a62e174c6eb32d8c8c1e5b31f4: Log matching property violated. Preceding OpId in replica: term: 3 index: 3. Preceding OpId from leader: term: 4 index: 4. (index mismatch)
I20260709 13:03:01.454634 12174 consensus_queue.cc:1048] T 3873a73e335b4f109f0eb899b10022ac P 8205f6a62e174c6eb32d8c8c1e5b31f4 [LEADER]: Connected to new peer: Peer: permanent_uuid: "94fe4708b60e4b99b47a3677db4dbeaa" member_type: VOTER last_known_addr { host: "127.10.244.194" port: 41815 }, Status: LMP_MISMATCH, Last received: 0.0, Next index: 4, Last known committed idx: 3, Time since last communication: 0.001s
I20260709 13:03:01.518139 12017 raft_consensus.cc:1275] T d8d87d9192d44ceabfcd1a0344f1aae8 P eb74036d3de3494180f0f0bb606cadfe [term 2 FOLLOWER]: Refusing update from remote peer 8205f6a62e174c6eb32d8c8c1e5b31f4: Log matching property violated. Preceding OpId in replica: term: 1 index: 1. Preceding OpId from leader: term: 2 index: 2. (index mismatch)
I20260709 13:03:01.519479 12174 consensus_queue.cc:1048] T d8d87d9192d44ceabfcd1a0344f1aae8 P 8205f6a62e174c6eb32d8c8c1e5b31f4 [LEADER]: Connected to new peer: Peer: permanent_uuid: "eb74036d3de3494180f0f0bb606cadfe" member_type: VOTER last_known_addr { host: "127.10.244.195" port: 37277 }, Status: LMP_MISMATCH, Last received: 0.0, Next index: 2, Last known committed idx: 1, Time since last communication: 0.000s
I20260709 13:03:01.529385 11945 raft_consensus.cc:1275] T d8d87d9192d44ceabfcd1a0344f1aae8 P 94fe4708b60e4b99b47a3677db4dbeaa [term 2 FOLLOWER]: Refusing update from remote peer 8205f6a62e174c6eb32d8c8c1e5b31f4: Log matching property violated. Preceding OpId in replica: term: 1 index: 1. Preceding OpId from leader: term: 2 index: 2. (index mismatch)
I20260709 13:03:01.530853 12174 consensus_queue.cc:1048] T d8d87d9192d44ceabfcd1a0344f1aae8 P 8205f6a62e174c6eb32d8c8c1e5b31f4 [LEADER]: Connected to new peer: Peer: permanent_uuid: "94fe4708b60e4b99b47a3677db4dbeaa" member_type: VOTER last_known_addr { host: "127.10.244.194" port: 41815 }, Status: LMP_MISMATCH, Last received: 0.0, Next index: 2, Last known committed idx: 1, Time since last communication: 0.000s
I20260709 13:03:01.615249 11944 raft_consensus.cc:1275] T 7ac5b87244d74ef49a7afa247c52e256 P 94fe4708b60e4b99b47a3677db4dbeaa [term 2 FOLLOWER]: Refusing update from remote peer 8205f6a62e174c6eb32d8c8c1e5b31f4: Log matching property violated. Preceding OpId in replica: term: 1 index: 1. Preceding OpId from leader: term: 2 index: 2. (index mismatch)
I20260709 13:03:01.616636 12174 consensus_queue.cc:1048] T 7ac5b87244d74ef49a7afa247c52e256 P 8205f6a62e174c6eb32d8c8c1e5b31f4 [LEADER]: Connected to new peer: Peer: permanent_uuid: "94fe4708b60e4b99b47a3677db4dbeaa" member_type: VOTER last_known_addr { host: "127.10.244.194" port: 41815 }, Status: LMP_MISMATCH, Last received: 0.0, Next index: 2, Last known committed idx: 1, Time since last communication: 0.000s
