I20260709 13:03:07.061691  8343 tablet_bootstrap.cc:492] T 1c801642ae3242e8b65d7da66757abbd P 91dfedfcba1542d993efbd71f89bc11d: No bootstrap required, opened a new log
I20260709 13:03:07.062176  8343 ts_tablet_manager.cc:1403] T 1c801642ae3242e8b65d7da66757abbd P 91dfedfcba1542d993efbd71f89bc11d: Time spent bootstrapping tablet: real 0.026s	user 0.016s	sys 0.008s
I20260709 13:03:07.065636  8343 raft_consensus.cc:359] T 1c801642ae3242e8b65d7da66757abbd P 91dfedfcba1542d993efbd71f89bc11d [term 0 FOLLOWER]: Replica starting. Triggering 0 pending ops. Active config: opid_index: -1 OBSOLETE_local: false peers { permanent_uuid: "7070cb3c68544efeb9a5a844e782b8f6" member_type: VOTER last_known_addr { host: "127.6.226.193" port: 38869 } } peers { permanent_uuid: "91dfedfcba1542d993efbd71f89bc11d" member_type: VOTER last_known_addr { host: "127.6.226.194" port: 41531 } } peers { permanent_uuid: "8ce113138a1e4a629c4624cf4a8ce2b6" member_type: VOTER last_known_addr { host: "127.6.226.195" port: 39743 } }
I20260709 13:03:07.066522  8343 raft_consensus.cc:385] T 1c801642ae3242e8b65d7da66757abbd P 91dfedfcba1542d993efbd71f89bc11d [term 0 FOLLOWER]: Consensus starting up: Expiring failure detector timer to make a prompt election more likely
I20260709 13:03:07.066895  8343 raft_consensus.cc:740] T 1c801642ae3242e8b65d7da66757abbd P 91dfedfcba1542d993efbd71f89bc11d [term 0 FOLLOWER]: Becoming Follower/Learner. State: Replica: 91dfedfcba1542d993efbd71f89bc11d, State: Initialized, Role: FOLLOWER
I20260709 13:03:07.067927  8343 consensus_queue.cc:260] T 1c801642ae3242e8b65d7da66757abbd P 91dfedfcba1542d993efbd71f89bc11d [NON_LEADER]: Queue going to NON_LEADER mode. State: All replicated index: 0, Majority replicated index: 0, Committed index: 0, Last appended: 0.0, Last appended by leader: 0, Current term: 0, Majority size: -1, State: 0, Mode: NON_LEADER, active raft config: opid_index: -1 OBSOLETE_local: false peers { permanent_uuid: "7070cb3c68544efeb9a5a844e782b8f6" member_type: VOTER last_known_addr { host: "127.6.226.193" port: 38869 } } peers { permanent_uuid: "91dfedfcba1542d993efbd71f89bc11d" member_type: VOTER last_known_addr { host: "127.6.226.194" port: 41531 } } peers { permanent_uuid: "8ce113138a1e4a629c4624cf4a8ce2b6" member_type: VOTER last_known_addr { host: "127.6.226.195" port: 39743 } }
I20260709 13:03:07.070818  8343 ts_tablet_manager.cc:1434] T 1c801642ae3242e8b65d7da66757abbd P 91dfedfcba1542d993efbd71f89bc11d: Time spent starting tablet: real 0.008s	user 0.009s	sys 0.001s
I20260709 13:03:07.071767  8343 tablet_bootstrap.cc:492] T b461400bbe844810ac573fd04d0ba2de P 91dfedfcba1542d993efbd71f89bc11d: Bootstrap starting.
I20260709 13:03:07.072166  8347 tablet_bootstrap.cc:492] T b461400bbe844810ac573fd04d0ba2de P 8ce113138a1e4a629c4624cf4a8ce2b6: No bootstrap required, opened a new log
I20260709 13:03:07.072681  8347 ts_tablet_manager.cc:1403] T b461400bbe844810ac573fd04d0ba2de P 8ce113138a1e4a629c4624cf4a8ce2b6: Time spent bootstrapping tablet: real 0.022s	user 0.005s	sys 0.015s
I20260709 13:03:07.075599  8347 raft_consensus.cc:359] T b461400bbe844810ac573fd04d0ba2de P 8ce113138a1e4a629c4624cf4a8ce2b6 [term 0 FOLLOWER]: Replica starting. Triggering 0 pending ops. Active config: opid_index: -1 OBSOLETE_local: false peers { permanent_uuid: "7070cb3c68544efeb9a5a844e782b8f6" member_type: VOTER last_known_addr { host: "127.6.226.193" port: 38869 } } peers { permanent_uuid: "91dfedfcba1542d993efbd71f89bc11d" member_type: VOTER last_known_addr { host: "127.6.226.194" port: 41531 } } peers { permanent_uuid: "8ce113138a1e4a629c4624cf4a8ce2b6" member_type: VOTER last_known_addr { host: "127.6.226.195" port: 39743 } }
I20260709 13:03:07.076452  8347 raft_consensus.cc:385] T b461400bbe844810ac573fd04d0ba2de P 8ce113138a1e4a629c4624cf4a8ce2b6 [term 0 FOLLOWER]: Consensus starting up: Expiring failure detector timer to make a prompt election more likely
I20260709 13:03:07.076795  8347 raft_consensus.cc:740] T b461400bbe844810ac573fd04d0ba2de P 8ce113138a1e4a629c4624cf4a8ce2b6 [term 0 FOLLOWER]: Becoming Follower/Learner. State: Replica: 8ce113138a1e4a629c4624cf4a8ce2b6, State: Initialized, Role: FOLLOWER
I20260709 13:03:07.078001  8343 tablet_bootstrap.cc:654] T b461400bbe844810ac573fd04d0ba2de P 91dfedfcba1542d993efbd71f89bc11d: Neither blocks nor log segments found. Creating new log.
I20260709 13:03:07.077630  8347 consensus_queue.cc:260] T b461400bbe844810ac573fd04d0ba2de P 8ce113138a1e4a629c4624cf4a8ce2b6 [NON_LEADER]: Queue going to NON_LEADER mode. State: All replicated index: 0, Majority replicated index: 0, Committed index: 0, Last appended: 0.0, Last appended by leader: 0, Current term: 0, Majority size: -1, State: 0, Mode: NON_LEADER, active raft config: opid_index: -1 OBSOLETE_local: false peers { permanent_uuid: "7070cb3c68544efeb9a5a844e782b8f6" member_type: VOTER last_known_addr { host: "127.6.226.193" port: 38869 } } peers { permanent_uuid: "91dfedfcba1542d993efbd71f89bc11d" member_type: VOTER last_known_addr { host: "127.6.226.194" port: 41531 } } peers { permanent_uuid: "8ce113138a1e4a629c4624cf4a8ce2b6" member_type: VOTER last_known_addr { host: "127.6.226.195" port: 39743 } }
I20260709 13:03:07.080407  8347 ts_tablet_manager.cc:1434] T b461400bbe844810ac573fd04d0ba2de P 8ce113138a1e4a629c4624cf4a8ce2b6: Time spent starting tablet: real 0.007s	user 0.005s	sys 0.000s
I20260709 13:03:07.081676  8347 tablet_bootstrap.cc:492] T d25b8a9e62dd4674b661876d1a051515 P 8ce113138a1e4a629c4624cf4a8ce2b6: Bootstrap starting.
I20260709 13:03:07.093076  8347 tablet_bootstrap.cc:654] T d25b8a9e62dd4674b661876d1a051515 P 8ce113138a1e4a629c4624cf4a8ce2b6: Neither blocks nor log segments found. Creating new log.
I20260709 13:03:07.094064  8345 tablet_bootstrap.cc:492] T c1774d128fea4c3d8638ef03fb152b7f P 7070cb3c68544efeb9a5a844e782b8f6: No bootstrap required, opened a new log
I20260709 13:03:07.094488  8345 ts_tablet_manager.cc:1403] T c1774d128fea4c3d8638ef03fb152b7f P 7070cb3c68544efeb9a5a844e782b8f6: Time spent bootstrapping tablet: real 0.084s	user 0.023s	sys 0.028s
I20260709 13:03:07.094549  8343 tablet_bootstrap.cc:492] T b461400bbe844810ac573fd04d0ba2de P 91dfedfcba1542d993efbd71f89bc11d: No bootstrap required, opened a new log
I20260709 13:03:07.095088  8343 ts_tablet_manager.cc:1403] T b461400bbe844810ac573fd04d0ba2de P 91dfedfcba1542d993efbd71f89bc11d: Time spent bootstrapping tablet: real 0.023s	user 0.016s	sys 0.001s
I20260709 13:03:07.097170  8347 tablet_bootstrap.cc:492] T d25b8a9e62dd4674b661876d1a051515 P 8ce113138a1e4a629c4624cf4a8ce2b6: No bootstrap required, opened a new log
I20260709 13:03:07.097723  8347 ts_tablet_manager.cc:1403] T d25b8a9e62dd4674b661876d1a051515 P 8ce113138a1e4a629c4624cf4a8ce2b6: Time spent bootstrapping tablet: real 0.016s	user 0.008s	sys 0.004s
I20260709 13:03:07.097133  8345 raft_consensus.cc:359] T c1774d128fea4c3d8638ef03fb152b7f P 7070cb3c68544efeb9a5a844e782b8f6 [term 0 FOLLOWER]: Replica starting. Triggering 0 pending ops. Active config: opid_index: -1 OBSOLETE_local: false peers { permanent_uuid: "7070cb3c68544efeb9a5a844e782b8f6" member_type: VOTER last_known_addr { host: "127.6.226.193" port: 38869 } } peers { permanent_uuid: "91dfedfcba1542d993efbd71f89bc11d" member_type: VOTER last_known_addr { host: "127.6.226.194" port: 41531 } } peers { permanent_uuid: "8ce113138a1e4a629c4624cf4a8ce2b6" member_type: VOTER last_known_addr { host: "127.6.226.195" port: 39743 } }
I20260709 13:03:07.097291  8343 raft_consensus.cc:359] T b461400bbe844810ac573fd04d0ba2de P 91dfedfcba1542d993efbd71f89bc11d [term 0 FOLLOWER]: Replica starting. Triggering 0 pending ops. Active config: opid_index: -1 OBSOLETE_local: false peers { permanent_uuid: "7070cb3c68544efeb9a5a844e782b8f6" member_type: VOTER last_known_addr { host: "127.6.226.193" port: 38869 } } peers { permanent_uuid: "91dfedfcba1542d993efbd71f89bc11d" member_type: VOTER last_known_addr { host: "127.6.226.194" port: 41531 } } peers { permanent_uuid: "8ce113138a1e4a629c4624cf4a8ce2b6" member_type: VOTER last_known_addr { host: "127.6.226.195" port: 39743 } }
I20260709 13:03:07.098097  8345 raft_consensus.cc:385] T c1774d128fea4c3d8638ef03fb152b7f P 7070cb3c68544efeb9a5a844e782b8f6 [term 0 FOLLOWER]: Consensus starting up: Expiring failure detector timer to make a prompt election more likely
I20260709 13:03:07.098142  8343 raft_consensus.cc:385] T b461400bbe844810ac573fd04d0ba2de P 91dfedfcba1542d993efbd71f89bc11d [term 0 FOLLOWER]: Consensus starting up: Expiring failure detector timer to make a prompt election more likely
I20260709 13:03:07.098502  8345 raft_consensus.cc:740] T c1774d128fea4c3d8638ef03fb152b7f P 7070cb3c68544efeb9a5a844e782b8f6 [term 0 FOLLOWER]: Becoming Follower/Learner. State: Replica: 7070cb3c68544efeb9a5a844e782b8f6, State: Initialized, Role: FOLLOWER
I20260709 13:03:07.098542  8343 raft_consensus.cc:740] T b461400bbe844810ac573fd04d0ba2de P 91dfedfcba1542d993efbd71f89bc11d [term 0 FOLLOWER]: Becoming Follower/Learner. State: Replica: 91dfedfcba1542d993efbd71f89bc11d, State: Initialized, Role: FOLLOWER
I20260709 13:03:07.099293  8345 consensus_queue.cc:260] T c1774d128fea4c3d8638ef03fb152b7f P 7070cb3c68544efeb9a5a844e782b8f6 [NON_LEADER]: Queue going to NON_LEADER mode. State: All replicated index: 0, Majority replicated index: 0, Committed index: 0, Last appended: 0.0, Last appended by leader: 0, Current term: 0, Majority size: -1, State: 0, Mode: NON_LEADER, active raft config: opid_index: -1 OBSOLETE_local: false peers { permanent_uuid: "7070cb3c68544efeb9a5a844e782b8f6" member_type: VOTER last_known_addr { host: "127.6.226.193" port: 38869 } } peers { permanent_uuid: "91dfedfcba1542d993efbd71f89bc11d" member_type: VOTER last_known_addr { host: "127.6.226.194" port: 41531 } } peers { permanent_uuid: "8ce113138a1e4a629c4624cf4a8ce2b6" member_type: VOTER last_known_addr { host: "127.6.226.195" port: 39743 } }
I20260709 13:03:07.099406  8343 consensus_queue.cc:260] T b461400bbe844810ac573fd04d0ba2de P 91dfedfcba1542d993efbd71f89bc11d [NON_LEADER]: Queue going to NON_LEADER mode. State: All replicated index: 0, Majority replicated index: 0, Committed index: 0, Last appended: 0.0, Last appended by leader: 0, Current term: 0, Majority size: -1, State: 0, Mode: NON_LEADER, active raft config: opid_index: -1 OBSOLETE_local: false peers { permanent_uuid: "7070cb3c68544efeb9a5a844e782b8f6" member_type: VOTER last_known_addr { host: "127.6.226.193" port: 38869 } } peers { permanent_uuid: "91dfedfcba1542d993efbd71f89bc11d" member_type: VOTER last_known_addr { host: "127.6.226.194" port: 41531 } } peers { permanent_uuid: "8ce113138a1e4a629c4624cf4a8ce2b6" member_type: VOTER last_known_addr { host: "127.6.226.195" port: 39743 } }
I20260709 13:03:07.099804  8347 raft_consensus.cc:359] T d25b8a9e62dd4674b661876d1a051515 P 8ce113138a1e4a629c4624cf4a8ce2b6 [term 0 FOLLOWER]: Replica starting. Triggering 0 pending ops. Active config: opid_index: -1 OBSOLETE_local: false peers { permanent_uuid: "7070cb3c68544efeb9a5a844e782b8f6" member_type: VOTER last_known_addr { host: "127.6.226.193" port: 38869 } } peers { permanent_uuid: "91dfedfcba1542d993efbd71f89bc11d" member_type: VOTER last_known_addr { host: "127.6.226.194" port: 41531 } } peers { permanent_uuid: "8ce113138a1e4a629c4624cf4a8ce2b6" member_type: VOTER last_known_addr { host: "127.6.226.195" port: 39743 } }
I20260709 13:03:07.100430  8347 raft_consensus.cc:385] T d25b8a9e62dd4674b661876d1a051515 P 8ce113138a1e4a629c4624cf4a8ce2b6 [term 0 FOLLOWER]: Consensus starting up: Expiring failure detector timer to make a prompt election more likely
I20260709 13:03:07.100682  8347 raft_consensus.cc:740] T d25b8a9e62dd4674b661876d1a051515 P 8ce113138a1e4a629c4624cf4a8ce2b6 [term 0 FOLLOWER]: Becoming Follower/Learner. State: Replica: 8ce113138a1e4a629c4624cf4a8ce2b6, State: Initialized, Role: FOLLOWER
I20260709 13:03:07.101258  8347 consensus_queue.cc:260] T d25b8a9e62dd4674b661876d1a051515 P 8ce113138a1e4a629c4624cf4a8ce2b6 [NON_LEADER]: Queue going to NON_LEADER mode. State: All replicated index: 0, Majority replicated index: 0, Committed index: 0, Last appended: 0.0, Last appended by leader: 0, Current term: 0, Majority size: -1, State: 0, Mode: NON_LEADER, active raft config: opid_index: -1 OBSOLETE_local: false peers { permanent_uuid: "7070cb3c68544efeb9a5a844e782b8f6" member_type: VOTER last_known_addr { host: "127.6.226.193" port: 38869 } } peers { permanent_uuid: "91dfedfcba1542d993efbd71f89bc11d" member_type: VOTER last_known_addr { host: "127.6.226.194" port: 41531 } } peers { permanent_uuid: "8ce113138a1e4a629c4624cf4a8ce2b6" member_type: VOTER last_known_addr { host: "127.6.226.195" port: 39743 } }
I20260709 13:03:07.102648  8347 ts_tablet_manager.cc:1434] T d25b8a9e62dd4674b661876d1a051515 P 8ce113138a1e4a629c4624cf4a8ce2b6: Time spent starting tablet: real 0.005s	user 0.001s	sys 0.000s
I20260709 13:03:07.103446  8347 tablet_bootstrap.cc:492] T 47eb9fb05d6f4a249576a912ac66f19a P 8ce113138a1e4a629c4624cf4a8ce2b6: Bootstrap starting.
I20260709 13:03:07.104035  8345 ts_tablet_manager.cc:1434] T c1774d128fea4c3d8638ef03fb152b7f P 7070cb3c68544efeb9a5a844e782b8f6: Time spent starting tablet: real 0.009s	user 0.004s	sys 0.003s
I20260709 13:03:07.104490  8343 ts_tablet_manager.cc:1434] T b461400bbe844810ac573fd04d0ba2de P 91dfedfcba1542d993efbd71f89bc11d: Time spent starting tablet: real 0.009s	user 0.005s	sys 0.000s
I20260709 13:03:07.104856  8345 tablet_bootstrap.cc:492] T 1c801642ae3242e8b65d7da66757abbd P 7070cb3c68544efeb9a5a844e782b8f6: Bootstrap starting.
I20260709 13:03:07.105291  8343 tablet_bootstrap.cc:492] T d25b8a9e62dd4674b661876d1a051515 P 91dfedfcba1542d993efbd71f89bc11d: Bootstrap starting.
I20260709 13:03:07.108800  8347 tablet_bootstrap.cc:654] T 47eb9fb05d6f4a249576a912ac66f19a P 8ce113138a1e4a629c4624cf4a8ce2b6: Neither blocks nor log segments found. Creating new log.
I20260709 13:03:07.110440  8345 tablet_bootstrap.cc:654] T 1c801642ae3242e8b65d7da66757abbd P 7070cb3c68544efeb9a5a844e782b8f6: Neither blocks nor log segments found. Creating new log.
I20260709 13:03:07.110615  8343 tablet_bootstrap.cc:654] T d25b8a9e62dd4674b661876d1a051515 P 91dfedfcba1542d993efbd71f89bc11d: Neither blocks nor log segments found. Creating new log.
I20260709 13:03:07.114567  8366 raft_consensus.cc:493] T d25b8a9e62dd4674b661876d1a051515 P 8ce113138a1e4a629c4624cf4a8ce2b6 [term 0 FOLLOWER]: Starting pre-election (no leader contacted us within the election timeout)
I20260709 13:03:07.115155  8366 raft_consensus.cc:515] T d25b8a9e62dd4674b661876d1a051515 P 8ce113138a1e4a629c4624cf4a8ce2b6 [term 0 FOLLOWER]: Starting pre-election with config: opid_index: -1 OBSOLETE_local: false peers { permanent_uuid: "7070cb3c68544efeb9a5a844e782b8f6" member_type: VOTER last_known_addr { host: "127.6.226.193" port: 38869 } } peers { permanent_uuid: "91dfedfcba1542d993efbd71f89bc11d" member_type: VOTER last_known_addr { host: "127.6.226.194" port: 41531 } } peers { permanent_uuid: "8ce113138a1e4a629c4624cf4a8ce2b6" member_type: VOTER last_known_addr { host: "127.6.226.195" port: 39743 } }
I20260709 13:03:07.119047  8154 tablet_service.cc:1917] Received RequestConsensusVote() RPC: tablet_id: "d25b8a9e62dd4674b661876d1a051515" candidate_uuid: "8ce113138a1e4a629c4624cf4a8ce2b6" candidate_term: 1 candidate_status { last_received { term: 0 index: 0 } } ignore_live_leader: false dest_uuid: "7070cb3c68544efeb9a5a844e782b8f6" is_pre_election: true
I20260709 13:03:07.119851  8154 raft_consensus.cc:2468] T d25b8a9e62dd4674b661876d1a051515 P 7070cb3c68544efeb9a5a844e782b8f6 [term 0 FOLLOWER]: Leader pre-election vote request: Granting yes vote for candidate 8ce113138a1e4a629c4624cf4a8ce2b6 in term 0.
I20260709 13:03:07.120791  8349 raft_consensus.cc:493] T 5d320451cc5943b28c722f64ff5578e0 P 7070cb3c68544efeb9a5a844e782b8f6 [term 0 FOLLOWER]: Starting pre-election (no leader contacted us within the election timeout)
I20260709 13:03:07.121420  8349 raft_consensus.cc:515] T 5d320451cc5943b28c722f64ff5578e0 P 7070cb3c68544efeb9a5a844e782b8f6 [term 0 FOLLOWER]: Starting pre-election with config: opid_index: -1 OBSOLETE_local: false peers { permanent_uuid: "7070cb3c68544efeb9a5a844e782b8f6" member_type: VOTER last_known_addr { host: "127.6.226.193" port: 38869 } } peers { permanent_uuid: "91dfedfcba1542d993efbd71f89bc11d" member_type: VOTER last_known_addr { host: "127.6.226.194" port: 41531 } } peers { permanent_uuid: "8ce113138a1e4a629c4624cf4a8ce2b6" member_type: VOTER last_known_addr { host: "127.6.226.195" port: 39743 } }
I20260709 13:03:07.124905  8229 tablet_service.cc:1917] Received RequestConsensusVote() RPC: tablet_id: "5d320451cc5943b28c722f64ff5578e0" candidate_uuid: "7070cb3c68544efeb9a5a844e782b8f6" candidate_term: 1 candidate_status { last_received { term: 0 index: 0 } } ignore_live_leader: false dest_uuid: "91dfedfcba1542d993efbd71f89bc11d" is_pre_election: true
I20260709 13:03:07.125718  8229 raft_consensus.cc:2468] T 5d320451cc5943b28c722f64ff5578e0 P 91dfedfcba1542d993efbd71f89bc11d [term 0 FOLLOWER]: Leader pre-election vote request: Granting yes vote for candidate 7070cb3c68544efeb9a5a844e782b8f6 in term 0.
I20260709 13:03:07.128345  8361 raft_consensus.cc:493] T 5d320451cc5943b28c722f64ff5578e0 P 8ce113138a1e4a629c4624cf4a8ce2b6 [term 0 FOLLOWER]: Starting pre-election (no leader contacted us within the election timeout)
I20260709 13:03:07.128935  8361 raft_consensus.cc:515] T 5d320451cc5943b28c722f64ff5578e0 P 8ce113138a1e4a629c4624cf4a8ce2b6 [term 0 FOLLOWER]: Starting pre-election with config: opid_index: -1 OBSOLETE_local: false peers { permanent_uuid: "7070cb3c68544efeb9a5a844e782b8f6" member_type: VOTER last_known_addr { host: "127.6.226.193" port: 38869 } } peers { permanent_uuid: "91dfedfcba1542d993efbd71f89bc11d" member_type: VOTER last_known_addr { host: "127.6.226.194" port: 41531 } } peers { permanent_uuid: "8ce113138a1e4a629c4624cf4a8ce2b6" member_type: VOTER last_known_addr { host: "127.6.226.195" port: 39743 } }
I20260709 13:03:07.131486  8303 tablet_service.cc:1917] Received RequestConsensusVote() RPC: tablet_id: "5d320451cc5943b28c722f64ff5578e0" candidate_uuid: "7070cb3c68544efeb9a5a844e782b8f6" candidate_term: 1 candidate_status { last_received { term: 0 index: 0 } } ignore_live_leader: false dest_uuid: "8ce113138a1e4a629c4624cf4a8ce2b6" is_pre_election: true
I20260709 13:03:07.132256  8303 raft_consensus.cc:2468] T 5d320451cc5943b28c722f64ff5578e0 P 8ce113138a1e4a629c4624cf4a8ce2b6 [term 0 FOLLOWER]: Leader pre-election vote request: Granting yes vote for candidate 7070cb3c68544efeb9a5a844e782b8f6 in term 0.
I20260709 13:03:07.134224  8349 leader_election.cc:290] T 5d320451cc5943b28c722f64ff5578e0 P 7070cb3c68544efeb9a5a844e782b8f6 [CANDIDATE]: Term 1 pre-election: Requested pre-vote from peers 91dfedfcba1542d993efbd71f89bc11d (127.6.226.194:41531), 8ce113138a1e4a629c4624cf4a8ce2b6 (127.6.226.195:39743)
I20260709 13:03:07.134238  8118 leader_election.cc:304] T 5d320451cc5943b28c722f64ff5578e0 P 7070cb3c68544efeb9a5a844e782b8f6 [CANDIDATE]: Term 1 pre-election: Election decided. Result: candidate won. Election summary: received 2 responses out of 3 voters: 2 yes votes; 0 no votes. yes voters: 7070cb3c68544efeb9a5a844e782b8f6, 91dfedfcba1542d993efbd71f89bc11d; no voters: 
I20260709 13:03:07.136099  8267 leader_election.cc:304] T d25b8a9e62dd4674b661876d1a051515 P 8ce113138a1e4a629c4624cf4a8ce2b6 [CANDIDATE]: Term 1 pre-election: Election decided. Result: candidate won. Election summary: received 2 responses out of 3 voters: 2 yes votes; 0 no votes. yes voters: 7070cb3c68544efeb9a5a844e782b8f6, 8ce113138a1e4a629c4624cf4a8ce2b6; no voters: 
I20260709 13:03:07.138585  8154 tablet_service.cc:1917] Received RequestConsensusVote() RPC: tablet_id: "5d320451cc5943b28c722f64ff5578e0" candidate_uuid: "8ce113138a1e4a629c4624cf4a8ce2b6" candidate_term: 1 candidate_status { last_received { term: 0 index: 0 } } ignore_live_leader: false dest_uuid: "7070cb3c68544efeb9a5a844e782b8f6" is_pre_election: true
I20260709 13:03:07.139411  8154 raft_consensus.cc:2468] T 5d320451cc5943b28c722f64ff5578e0 P 7070cb3c68544efeb9a5a844e782b8f6 [term 0 FOLLOWER]: Leader pre-election vote request: Granting yes vote for candidate 8ce113138a1e4a629c4624cf4a8ce2b6 in term 0.
I20260709 13:03:07.139721  8366 leader_election.cc:290] T d25b8a9e62dd4674b661876d1a051515 P 8ce113138a1e4a629c4624cf4a8ce2b6 [CANDIDATE]: Term 1 pre-election: Requested pre-vote from peers 7070cb3c68544efeb9a5a844e782b8f6 (127.6.226.193:38869), 91dfedfcba1542d993efbd71f89bc11d (127.6.226.194:41531)
I20260709 13:03:07.140436  8366 raft_consensus.cc:2804] T d25b8a9e62dd4674b661876d1a051515 P 8ce113138a1e4a629c4624cf4a8ce2b6 [term 0 FOLLOWER]: Leader pre-election won for term 1
I20260709 13:03:07.140878  8366 raft_consensus.cc:493] T d25b8a9e62dd4674b661876d1a051515 P 8ce113138a1e4a629c4624cf4a8ce2b6 [term 0 FOLLOWER]: Starting leader election (no leader contacted us within the election timeout)
I20260709 13:03:07.141891  8366 raft_consensus.cc:3060] T d25b8a9e62dd4674b661876d1a051515 P 8ce113138a1e4a629c4624cf4a8ce2b6 [term 0 FOLLOWER]: Advancing to term 1
I20260709 13:03:07.138728  8361 leader_election.cc:290] T 5d320451cc5943b28c722f64ff5578e0 P 8ce113138a1e4a629c4624cf4a8ce2b6 [CANDIDATE]: Term 1 pre-election: Requested pre-vote from peers 7070cb3c68544efeb9a5a844e782b8f6 (127.6.226.193:38869), 91dfedfcba1542d993efbd71f89bc11d (127.6.226.194:41531)
I20260709 13:03:07.147245  8349 raft_consensus.cc:2804] T 5d320451cc5943b28c722f64ff5578e0 P 7070cb3c68544efeb9a5a844e782b8f6 [term 0 FOLLOWER]: Leader pre-election won for term 1
I20260709 13:03:07.147763  8349 raft_consensus.cc:493] T 5d320451cc5943b28c722f64ff5578e0 P 7070cb3c68544efeb9a5a844e782b8f6 [term 0 FOLLOWER]: Starting leader election (no leader contacted us within the election timeout)
I20260709 13:03:07.148231  8349 raft_consensus.cc:3060] T 5d320451cc5943b28c722f64ff5578e0 P 7070cb3c68544efeb9a5a844e782b8f6 [term 0 FOLLOWER]: Advancing to term 1
I20260709 13:03:07.152238  8366 raft_consensus.cc:515] T d25b8a9e62dd4674b661876d1a051515 P 8ce113138a1e4a629c4624cf4a8ce2b6 [term 1 FOLLOWER]: Starting leader election with config: opid_index: -1 OBSOLETE_local: false peers { permanent_uuid: "7070cb3c68544efeb9a5a844e782b8f6" member_type: VOTER last_known_addr { host: "127.6.226.193" port: 38869 } } peers { permanent_uuid: "91dfedfcba1542d993efbd71f89bc11d" member_type: VOTER last_known_addr { host: "127.6.226.194" port: 41531 } } peers { permanent_uuid: "8ce113138a1e4a629c4624cf4a8ce2b6" member_type: VOTER last_known_addr { host: "127.6.226.195" port: 39743 } }
I20260709 13:03:07.154801  8366 leader_election.cc:290] T d25b8a9e62dd4674b661876d1a051515 P 8ce113138a1e4a629c4624cf4a8ce2b6 [CANDIDATE]: Term 1 election: Requested vote from peers 7070cb3c68544efeb9a5a844e782b8f6 (127.6.226.193:38869), 91dfedfcba1542d993efbd71f89bc11d (127.6.226.194:41531)
I20260709 13:03:07.163110  8267 leader_election.cc:304] T 5d320451cc5943b28c722f64ff5578e0 P 8ce113138a1e4a629c4624cf4a8ce2b6 [CANDIDATE]: Term 1 pre-election: Election decided. Result: candidate won. Election summary: received 2 responses out of 3 voters: 2 yes votes; 0 no votes. yes voters: 7070cb3c68544efeb9a5a844e782b8f6, 8ce113138a1e4a629c4624cf4a8ce2b6; no voters: 
I20260709 13:03:07.163417  8228 tablet_service.cc:1917] Received RequestConsensusVote() RPC: tablet_id: "d25b8a9e62dd4674b661876d1a051515" candidate_uuid: "8ce113138a1e4a629c4624cf4a8ce2b6" candidate_term: 1 candidate_status { last_received { term: 0 index: 0 } } ignore_live_leader: false dest_uuid: "91dfedfcba1542d993efbd71f89bc11d" is_pre_election: true
I20260709 13:03:07.163654  8229 tablet_service.cc:1917] Received RequestConsensusVote() RPC: tablet_id: "5d320451cc5943b28c722f64ff5578e0" candidate_uuid: "8ce113138a1e4a629c4624cf4a8ce2b6" candidate_term: 1 candidate_status { last_received { term: 0 index: 0 } } ignore_live_leader: false dest_uuid: "91dfedfcba1542d993efbd71f89bc11d" is_pre_election: true
I20260709 13:03:07.164273  8229 raft_consensus.cc:2468] T 5d320451cc5943b28c722f64ff5578e0 P 91dfedfcba1542d993efbd71f89bc11d [term 0 FOLLOWER]: Leader pre-election vote request: Granting yes vote for candidate 8ce113138a1e4a629c4624cf4a8ce2b6 in term 0.
I20260709 13:03:07.164671  8400 raft_consensus.cc:2804] T 5d320451cc5943b28c722f64ff5578e0 P 8ce113138a1e4a629c4624cf4a8ce2b6 [term 0 FOLLOWER]: Leader pre-election won for term 1
I20260709 13:03:07.164942  8227 tablet_service.cc:1917] Received RequestConsensusVote() RPC: tablet_id: "d25b8a9e62dd4674b661876d1a051515" candidate_uuid: "8ce113138a1e4a629c4624cf4a8ce2b6" candidate_term: 1 candidate_status { last_received { term: 0 index: 0 } } ignore_live_leader: false dest_uuid: "91dfedfcba1542d993efbd71f89bc11d"
I20260709 13:03:07.165607  8154 tablet_service.cc:1917] Received RequestConsensusVote() RPC: tablet_id: "d25b8a9e62dd4674b661876d1a051515" candidate_uuid: "8ce113138a1e4a629c4624cf4a8ce2b6" candidate_term: 1 candidate_status { last_received { term: 0 index: 0 } } ignore_live_leader: false dest_uuid: "7070cb3c68544efeb9a5a844e782b8f6"
I20260709 13:03:07.165261  8400 raft_consensus.cc:493] T 5d320451cc5943b28c722f64ff5578e0 P 8ce113138a1e4a629c4624cf4a8ce2b6 [term 0 FOLLOWER]: Starting leader election (no leader contacted us within the election timeout)
I20260709 13:03:07.166266  8154 raft_consensus.cc:3060] T d25b8a9e62dd4674b661876d1a051515 P 7070cb3c68544efeb9a5a844e782b8f6 [term 0 FOLLOWER]: Advancing to term 1
I20260709 13:03:07.168205  8349 raft_consensus.cc:515] T 5d320451cc5943b28c722f64ff5578e0 P 7070cb3c68544efeb9a5a844e782b8f6 [term 1 FOLLOWER]: Starting leader election with config: opid_index: -1 OBSOLETE_local: false peers { permanent_uuid: "7070cb3c68544efeb9a5a844e782b8f6" member_type: VOTER last_known_addr { host: "127.6.226.193" port: 38869 } } peers { permanent_uuid: "91dfedfcba1542d993efbd71f89bc11d" member_type: VOTER last_known_addr { host: "127.6.226.194" port: 41531 } } peers { permanent_uuid: "8ce113138a1e4a629c4624cf4a8ce2b6" member_type: VOTER last_known_addr { host: "127.6.226.195" port: 39743 } }
I20260709 13:03:07.171922  8343 tablet_bootstrap.cc:492] T d25b8a9e62dd4674b661876d1a051515 P 91dfedfcba1542d993efbd71f89bc11d: No bootstrap required, opened a new log
I20260709 13:03:07.166445  8400 raft_consensus.cc:3060] T 5d320451cc5943b28c722f64ff5578e0 P 8ce113138a1e4a629c4624cf4a8ce2b6 [term 0 FOLLOWER]: Advancing to term 1
I20260709 13:03:07.172389  8343 ts_tablet_manager.cc:1403] T d25b8a9e62dd4674b661876d1a051515 P 91dfedfcba1542d993efbd71f89bc11d: Time spent bootstrapping tablet: real 0.067s	user 0.011s	sys 0.025s
I20260709 13:03:07.172942  8372 raft_consensus.cc:493] T e35b95b8213f4bbf83ff46e2c3cfefbc P 7070cb3c68544efeb9a5a844e782b8f6 [term 0 FOLLOWER]: Starting pre-election (no leader contacted us within the election timeout)
I20260709 13:03:07.173478  8372 raft_consensus.cc:515] T e35b95b8213f4bbf83ff46e2c3cfefbc P 7070cb3c68544efeb9a5a844e782b8f6 [term 0 FOLLOWER]: Starting pre-election with config: opid_index: -1 OBSOLETE_local: false peers { permanent_uuid: "7070cb3c68544efeb9a5a844e782b8f6" member_type: VOTER last_known_addr { host: "127.6.226.193" port: 38869 } } peers { permanent_uuid: "91dfedfcba1542d993efbd71f89bc11d" member_type: VOTER last_known_addr { host: "127.6.226.194" port: 41531 } } peers { permanent_uuid: "8ce113138a1e4a629c4624cf4a8ce2b6" member_type: VOTER last_known_addr { host: "127.6.226.195" port: 39743 } }
I20260709 13:03:07.175120  8343 raft_consensus.cc:359] T d25b8a9e62dd4674b661876d1a051515 P 91dfedfcba1542d993efbd71f89bc11d [term 0 FOLLOWER]: Replica starting. Triggering 0 pending ops. Active config: opid_index: -1 OBSOLETE_local: false peers { permanent_uuid: "7070cb3c68544efeb9a5a844e782b8f6" member_type: VOTER last_known_addr { host: "127.6.226.193" port: 38869 } } peers { permanent_uuid: "91dfedfcba1542d993efbd71f89bc11d" member_type: VOTER last_known_addr { host: "127.6.226.194" port: 41531 } } peers { permanent_uuid: "8ce113138a1e4a629c4624cf4a8ce2b6" member_type: VOTER last_known_addr { host: "127.6.226.195" port: 39743 } }
I20260709 13:03:07.175951  8343 raft_consensus.cc:385] T d25b8a9e62dd4674b661876d1a051515 P 91dfedfcba1542d993efbd71f89bc11d [term 0 FOLLOWER]: Consensus starting up: Expiring failure detector timer to make a prompt election more likely
I20260709 13:03:07.176251  8343 raft_consensus.cc:740] T d25b8a9e62dd4674b661876d1a051515 P 91dfedfcba1542d993efbd71f89bc11d [term 0 FOLLOWER]: Becoming Follower/Learner. State: Replica: 91dfedfcba1542d993efbd71f89bc11d, State: Initialized, Role: FOLLOWER
I20260709 13:03:07.176862  8154 raft_consensus.cc:2468] T d25b8a9e62dd4674b661876d1a051515 P 7070cb3c68544efeb9a5a844e782b8f6 [term 1 FOLLOWER]: Leader election vote request: Granting yes vote for candidate 8ce113138a1e4a629c4624cf4a8ce2b6 in term 1.
I20260709 13:03:07.177186  8349 leader_election.cc:290] T 5d320451cc5943b28c722f64ff5578e0 P 7070cb3c68544efeb9a5a844e782b8f6 [CANDIDATE]: Term 1 election: Requested vote from peers 91dfedfcba1542d993efbd71f89bc11d (127.6.226.194:41531), 8ce113138a1e4a629c4624cf4a8ce2b6 (127.6.226.195:39743)
I20260709 13:03:07.179847  8229 tablet_service.cc:1917] Received RequestConsensusVote() RPC: tablet_id: "5d320451cc5943b28c722f64ff5578e0" candidate_uuid: "7070cb3c68544efeb9a5a844e782b8f6" candidate_term: 1 candidate_status { last_received { term: 0 index: 0 } } ignore_live_leader: false dest_uuid: "91dfedfcba1542d993efbd71f89bc11d"
I20260709 13:03:07.178042  8267 leader_election.cc:304] T d25b8a9e62dd4674b661876d1a051515 P 8ce113138a1e4a629c4624cf4a8ce2b6 [CANDIDATE]: Term 1 election: Election decided. Result: candidate won. Election summary: received 2 responses out of 3 voters: 2 yes votes; 0 no votes. yes voters: 7070cb3c68544efeb9a5a844e782b8f6, 8ce113138a1e4a629c4624cf4a8ce2b6; no voters: 
I20260709 13:03:07.182879  8229 raft_consensus.cc:3060] T 5d320451cc5943b28c722f64ff5578e0 P 91dfedfcba1542d993efbd71f89bc11d [term 0 FOLLOWER]: Advancing to term 1
I20260709 13:03:07.180019  8227 tablet_service.cc:1917] Received RequestConsensusVote() RPC: tablet_id: "e35b95b8213f4bbf83ff46e2c3cfefbc" candidate_uuid: "7070cb3c68544efeb9a5a844e782b8f6" candidate_term: 1 candidate_status { last_received { term: 0 index: 0 } } ignore_live_leader: false dest_uuid: "91dfedfcba1542d993efbd71f89bc11d" is_pre_election: true
I20260709 13:03:07.183687  8227 raft_consensus.cc:2468] T e35b95b8213f4bbf83ff46e2c3cfefbc P 91dfedfcba1542d993efbd71f89bc11d [term 0 FOLLOWER]: Leader pre-election vote request: Granting yes vote for candidate 7070cb3c68544efeb9a5a844e782b8f6 in term 0.
W20260709 13:03:07.184082  8267 leader_election.cc:343] T d25b8a9e62dd4674b661876d1a051515 P 8ce113138a1e4a629c4624cf4a8ce2b6 [CANDIDATE]: Term 1 pre-election: Tablet error from VoteRequest() call to peer 91dfedfcba1542d993efbd71f89bc11d (127.6.226.194:41531): Illegal state: must be running to vote when last-logged opid is not known
I20260709 13:03:07.184649  8361 raft_consensus.cc:2804] T d25b8a9e62dd4674b661876d1a051515 P 8ce113138a1e4a629c4624cf4a8ce2b6 [term 1 FOLLOWER]: Leader election won for term 1
I20260709 13:03:07.185374  8345 tablet_bootstrap.cc:492] T 1c801642ae3242e8b65d7da66757abbd P 7070cb3c68544efeb9a5a844e782b8f6: No bootstrap required, opened a new log
W20260709 13:03:07.185421  8267 leader_election.cc:343] T d25b8a9e62dd4674b661876d1a051515 P 8ce113138a1e4a629c4624cf4a8ce2b6 [CANDIDATE]: Term 1 election: Tablet error from VoteRequest() call to peer 91dfedfcba1542d993efbd71f89bc11d (127.6.226.194:41531): Illegal state: must be running to vote when last-logged opid is not known
I20260709 13:03:07.186018  8345 ts_tablet_manager.cc:1403] T 1c801642ae3242e8b65d7da66757abbd P 7070cb3c68544efeb9a5a844e782b8f6: Time spent bootstrapping tablet: real 0.081s	user 0.017s	sys 0.052s
I20260709 13:03:07.186173  8118 leader_election.cc:304] T e35b95b8213f4bbf83ff46e2c3cfefbc P 7070cb3c68544efeb9a5a844e782b8f6 [CANDIDATE]: Term 1 pre-election: Election decided. Result: candidate won. Election summary: received 2 responses out of 3 voters: 2 yes votes; 0 no votes. yes voters: 7070cb3c68544efeb9a5a844e782b8f6, 91dfedfcba1542d993efbd71f89bc11d; no voters: 
I20260709 13:03:07.180338  8372 leader_election.cc:290] T e35b95b8213f4bbf83ff46e2c3cfefbc P 7070cb3c68544efeb9a5a844e782b8f6 [CANDIDATE]: Term 1 pre-election: Requested pre-vote from peers 91dfedfcba1542d993efbd71f89bc11d (127.6.226.194:41531), 8ce113138a1e4a629c4624cf4a8ce2b6 (127.6.226.195:39743)
I20260709 13:03:07.186988  8349 raft_consensus.cc:2804] T e35b95b8213f4bbf83ff46e2c3cfefbc P 7070cb3c68544efeb9a5a844e782b8f6 [term 0 FOLLOWER]: Leader pre-election won for term 1
I20260709 13:03:07.187707  8302 tablet_service.cc:1917] Received RequestConsensusVote() RPC: tablet_id: "e35b95b8213f4bbf83ff46e2c3cfefbc" candidate_uuid: "7070cb3c68544efeb9a5a844e782b8f6" candidate_term: 1 candidate_status { last_received { term: 0 index: 0 } } ignore_live_leader: false dest_uuid: "8ce113138a1e4a629c4624cf4a8ce2b6" is_pre_election: true
I20260709 13:03:07.186333  8366 raft_consensus.cc:493] T fc85990ae99e4ccbb562137b062fa051 P 8ce113138a1e4a629c4624cf4a8ce2b6 [term 0 FOLLOWER]: Starting pre-election (no leader contacted us within the election timeout)
I20260709 13:03:07.189148  8366 raft_consensus.cc:515] T fc85990ae99e4ccbb562137b062fa051 P 8ce113138a1e4a629c4624cf4a8ce2b6 [term 0 FOLLOWER]: Starting pre-election with config: opid_index: -1 OBSOLETE_local: false peers { permanent_uuid: "7070cb3c68544efeb9a5a844e782b8f6" member_type: VOTER last_known_addr { host: "127.6.226.193" port: 38869 } } peers { permanent_uuid: "91dfedfcba1542d993efbd71f89bc11d" member_type: VOTER last_known_addr { host: "127.6.226.194" port: 41531 } } peers { permanent_uuid: "8ce113138a1e4a629c4624cf4a8ce2b6" member_type: VOTER last_known_addr { host: "127.6.226.195" port: 39743 } }
I20260709 13:03:07.189924  8229 raft_consensus.cc:2468] T 5d320451cc5943b28c722f64ff5578e0 P 91dfedfcba1542d993efbd71f89bc11d [term 1 FOLLOWER]: Leader election vote request: Granting yes vote for candidate 7070cb3c68544efeb9a5a844e782b8f6 in term 1.
I20260709 13:03:07.190187  8345 raft_consensus.cc:359] T 1c801642ae3242e8b65d7da66757abbd P 7070cb3c68544efeb9a5a844e782b8f6 [term 0 FOLLOWER]: Replica starting. Triggering 0 pending ops. Active config: opid_index: -1 OBSOLETE_local: false peers { permanent_uuid: "7070cb3c68544efeb9a5a844e782b8f6" member_type: VOTER last_known_addr { host: "127.6.226.193" port: 38869 } } peers { permanent_uuid: "91dfedfcba1542d993efbd71f89bc11d" member_type: VOTER last_known_addr { host: "127.6.226.194" port: 41531 } } peers { permanent_uuid: "8ce113138a1e4a629c4624cf4a8ce2b6" member_type: VOTER last_known_addr { host: "127.6.226.195" port: 39743 } }
I20260709 13:03:07.190958  8345 raft_consensus.cc:385] T 1c801642ae3242e8b65d7da66757abbd P 7070cb3c68544efeb9a5a844e782b8f6 [term 0 FOLLOWER]: Consensus starting up: Expiring failure detector timer to make a prompt election more likely
I20260709 13:03:07.191098  8118 leader_election.cc:304] T 5d320451cc5943b28c722f64ff5578e0 P 7070cb3c68544efeb9a5a844e782b8f6 [CANDIDATE]: Term 1 election: Election decided. Result: candidate won. Election summary: received 2 responses out of 3 voters: 2 yes votes; 0 no votes. yes voters: 7070cb3c68544efeb9a5a844e782b8f6, 91dfedfcba1542d993efbd71f89bc11d; no voters: 
I20260709 13:03:07.191349  8345 raft_consensus.cc:740] T 1c801642ae3242e8b65d7da66757abbd P 7070cb3c68544efeb9a5a844e782b8f6 [term 0 FOLLOWER]: Becoming Follower/Learner. State: Replica: 7070cb3c68544efeb9a5a844e782b8f6, State: Initialized, Role: FOLLOWER
I20260709 13:03:07.191534  8366 leader_election.cc:290] T fc85990ae99e4ccbb562137b062fa051 P 8ce113138a1e4a629c4624cf4a8ce2b6 [CANDIDATE]: Term 1 pre-election: Requested pre-vote from peers 7070cb3c68544efeb9a5a844e782b8f6 (127.6.226.193:38869), 91dfedfcba1542d993efbd71f89bc11d (127.6.226.194:41531)
I20260709 13:03:07.176883  8343 consensus_queue.cc:260] T d25b8a9e62dd4674b661876d1a051515 P 91dfedfcba1542d993efbd71f89bc11d [NON_LEADER]: Queue going to NON_LEADER mode. State: All replicated index: 0, Majority replicated index: 0, Committed index: 0, Last appended: 0.0, Last appended by leader: 0, Current term: 0, Majority size: -1, State: 0, Mode: NON_LEADER, active raft config: opid_index: -1 OBSOLETE_local: false peers { permanent_uuid: "7070cb3c68544efeb9a5a844e782b8f6" member_type: VOTER last_known_addr { host: "127.6.226.193" port: 38869 } } peers { permanent_uuid: "91dfedfcba1542d993efbd71f89bc11d" member_type: VOTER last_known_addr { host: "127.6.226.194" port: 41531 } } peers { permanent_uuid: "8ce113138a1e4a629c4624cf4a8ce2b6" member_type: VOTER last_known_addr { host: "127.6.226.195" port: 39743 } }
I20260709 13:03:07.191972  8372 raft_consensus.cc:2804] T 5d320451cc5943b28c722f64ff5578e0 P 7070cb3c68544efeb9a5a844e782b8f6 [term 1 FOLLOWER]: Leader election won for term 1
I20260709 13:03:07.186888  8303 tablet_service.cc:1917] Received RequestConsensusVote() RPC: tablet_id: "5d320451cc5943b28c722f64ff5578e0" candidate_uuid: "7070cb3c68544efeb9a5a844e782b8f6" candidate_term: 1 candidate_status { last_received { term: 0 index: 0 } } ignore_live_leader: false dest_uuid: "8ce113138a1e4a629c4624cf4a8ce2b6"
I20260709 13:03:07.192310  8345 consensus_queue.cc:260] T 1c801642ae3242e8b65d7da66757abbd P 7070cb3c68544efeb9a5a844e782b8f6 [NON_LEADER]: Queue going to NON_LEADER mode. State: All replicated index: 0, Majority replicated index: 0, Committed index: 0, Last appended: 0.0, Last appended by leader: 0, Current term: 0, Majority size: -1, State: 0, Mode: NON_LEADER, active raft config: opid_index: -1 OBSOLETE_local: false peers { permanent_uuid: "7070cb3c68544efeb9a5a844e782b8f6" member_type: VOTER last_known_addr { host: "127.6.226.193" port: 38869 } } peers { permanent_uuid: "91dfedfcba1542d993efbd71f89bc11d" member_type: VOTER last_known_addr { host: "127.6.226.194" port: 41531 } } peers { permanent_uuid: "8ce113138a1e4a629c4624cf4a8ce2b6" member_type: VOTER last_known_addr { host: "127.6.226.195" port: 39743 } }
I20260709 13:03:07.193444  8343 ts_tablet_manager.cc:1434] T d25b8a9e62dd4674b661876d1a051515 P 91dfedfcba1542d993efbd71f89bc11d: Time spent starting tablet: real 0.021s	user 0.005s	sys 0.001s
I20260709 13:03:07.194495  8154 tablet_service.cc:1917] Received RequestConsensusVote() RPC: tablet_id: "fc85990ae99e4ccbb562137b062fa051" candidate_uuid: "8ce113138a1e4a629c4624cf4a8ce2b6" candidate_term: 1 candidate_status { last_received { term: 0 index: 0 } } ignore_live_leader: false dest_uuid: "7070cb3c68544efeb9a5a844e782b8f6" is_pre_election: true
I20260709 13:03:07.195549  8154 raft_consensus.cc:2393] T fc85990ae99e4ccbb562137b062fa051 P 7070cb3c68544efeb9a5a844e782b8f6 [term 1 FOLLOWER]: Leader pre-election vote request: Denying vote to candidate 8ce113138a1e4a629c4624cf4a8ce2b6 in current term 1: Already voted for candidate 91dfedfcba1542d993efbd71f89bc11d in this term.
W20260709 13:03:07.194648  8120 leader_election.cc:343] T e35b95b8213f4bbf83ff46e2c3cfefbc P 7070cb3c68544efeb9a5a844e782b8f6 [CANDIDATE]: Term 1 pre-election: Tablet error from VoteRequest() call to peer 8ce113138a1e4a629c4624cf4a8ce2b6 (127.6.226.195:39743): Illegal state: must be running to vote when last-logged opid is not known
I20260709 13:03:07.187683  8349 raft_consensus.cc:493] T e35b95b8213f4bbf83ff46e2c3cfefbc P 7070cb3c68544efeb9a5a844e782b8f6 [term 0 FOLLOWER]: Starting leader election (no leader contacted us within the election timeout)
I20260709 13:03:07.179646  8347 tablet_bootstrap.cc:492] T 47eb9fb05d6f4a249576a912ac66f19a P 8ce113138a1e4a629c4624cf4a8ce2b6: No bootstrap required, opened a new log
I20260709 13:03:07.199119  8349 raft_consensus.cc:3060] T e35b95b8213f4bbf83ff46e2c3cfefbc P 7070cb3c68544efeb9a5a844e782b8f6 [term 0 FOLLOWER]: Advancing to term 1
I20260709 13:03:07.199553  8347 ts_tablet_manager.cc:1403] T 47eb9fb05d6f4a249576a912ac66f19a P 8ce113138a1e4a629c4624cf4a8ce2b6: Time spent bootstrapping tablet: real 0.096s	user 0.023s	sys 0.016s
I20260709 13:03:07.200145  8361 raft_consensus.cc:697] T d25b8a9e62dd4674b661876d1a051515 P 8ce113138a1e4a629c4624cf4a8ce2b6 [term 1 LEADER]: Becoming Leader. State: Replica: 8ce113138a1e4a629c4624cf4a8ce2b6, State: Running, Role: LEADER
I20260709 13:03:07.200997  8361 consensus_queue.cc:237] T d25b8a9e62dd4674b661876d1a051515 P 8ce113138a1e4a629c4624cf4a8ce2b6 [LEADER]: Queue going to LEADER mode. State: All replicated index: 0, Majority replicated index: 0, Committed index: 0, Last appended: 0.0, Last appended by leader: 0, Current term: 1, Majority size: 2, State: 0, Mode: LEADER, active raft config: opid_index: -1 OBSOLETE_local: false peers { permanent_uuid: "7070cb3c68544efeb9a5a844e782b8f6" member_type: VOTER last_known_addr { host: "127.6.226.193" port: 38869 } } peers { permanent_uuid: "91dfedfcba1542d993efbd71f89bc11d" member_type: VOTER last_known_addr { host: "127.6.226.194" port: 41531 } } peers { permanent_uuid: "8ce113138a1e4a629c4624cf4a8ce2b6" member_type: VOTER last_known_addr { host: "127.6.226.195" port: 39743 } }
I20260709 13:03:07.181926  8400 raft_consensus.cc:515] T 5d320451cc5943b28c722f64ff5578e0 P 8ce113138a1e4a629c4624cf4a8ce2b6 [term 1 FOLLOWER]: Starting leader election with config: opid_index: -1 OBSOLETE_local: false peers { permanent_uuid: "7070cb3c68544efeb9a5a844e782b8f6" member_type: VOTER last_known_addr { host: "127.6.226.193" port: 38869 } } peers { permanent_uuid: "91dfedfcba1542d993efbd71f89bc11d" member_type: VOTER last_known_addr { host: "127.6.226.194" port: 41531 } } peers { permanent_uuid: "8ce113138a1e4a629c4624cf4a8ce2b6" member_type: VOTER last_known_addr { host: "127.6.226.195" port: 39743 } }
I20260709 13:03:07.203814  8303 raft_consensus.cc:2393] T 5d320451cc5943b28c722f64ff5578e0 P 8ce113138a1e4a629c4624cf4a8ce2b6 [term 1 FOLLOWER]: Leader election vote request: Denying vote to candidate 7070cb3c68544efeb9a5a844e782b8f6 in current term 1: Already voted for candidate 8ce113138a1e4a629c4624cf4a8ce2b6 in this term.
I20260709 13:03:07.203774  8227 tablet_service.cc:1917] Received RequestConsensusVote() RPC: tablet_id: "fc85990ae99e4ccbb562137b062fa051" candidate_uuid: "8ce113138a1e4a629c4624cf4a8ce2b6" candidate_term: 1 candidate_status { last_received { term: 0 index: 0 } } ignore_live_leader: false dest_uuid: "91dfedfcba1542d993efbd71f89bc11d" is_pre_election: true
I20260709 13:03:07.205410  8267 leader_election.cc:304] T fc85990ae99e4ccbb562137b062fa051 P 8ce113138a1e4a629c4624cf4a8ce2b6 [CANDIDATE]: Term 1 pre-election: Election decided. Result: candidate lost. Election summary: received 3 responses out of 3 voters: 1 yes votes; 2 no votes. yes voters: 8ce113138a1e4a629c4624cf4a8ce2b6; no voters: 7070cb3c68544efeb9a5a844e782b8f6, 91dfedfcba1542d993efbd71f89bc11d
I20260709 13:03:07.206384  8343 tablet_bootstrap.cc:492] T ba5b99877a17428dbf1e7261d40f0185 P 91dfedfcba1542d993efbd71f89bc11d: Bootstrap starting.
I20260709 13:03:07.207036  8400 leader_election.cc:290] T 5d320451cc5943b28c722f64ff5578e0 P 8ce113138a1e4a629c4624cf4a8ce2b6 [CANDIDATE]: Term 1 election: Requested vote from peers 7070cb3c68544efeb9a5a844e782b8f6 (127.6.226.193:38869), 91dfedfcba1542d993efbd71f89bc11d (127.6.226.194:41531)
I20260709 13:03:07.209743  8227 tablet_service.cc:1917] Received RequestConsensusVote() RPC: tablet_id: "5d320451cc5943b28c722f64ff5578e0" candidate_uuid: "8ce113138a1e4a629c4624cf4a8ce2b6" candidate_term: 1 candidate_status { last_received { term: 0 index: 0 } } ignore_live_leader: false dest_uuid: "91dfedfcba1542d993efbd71f89bc11d"
I20260709 13:03:07.209707  8153 tablet_service.cc:1917] Received RequestConsensusVote() RPC: tablet_id: "5d320451cc5943b28c722f64ff5578e0" candidate_uuid: "8ce113138a1e4a629c4624cf4a8ce2b6" candidate_term: 1 candidate_status { last_received { term: 0 index: 0 } } ignore_live_leader: false dest_uuid: "7070cb3c68544efeb9a5a844e782b8f6"
I20260709 13:03:07.210525  8227 raft_consensus.cc:2393] T 5d320451cc5943b28c722f64ff5578e0 P 91dfedfcba1542d993efbd71f89bc11d [term 1 FOLLOWER]: Leader election vote request: Denying vote to candidate 8ce113138a1e4a629c4624cf4a8ce2b6 in current term 1: Already voted for candidate 7070cb3c68544efeb9a5a844e782b8f6 in this term.
I20260709 13:03:07.212589  8400 raft_consensus.cc:3060] T fc85990ae99e4ccbb562137b062fa051 P 8ce113138a1e4a629c4624cf4a8ce2b6 [term 0 FOLLOWER]: Advancing to term 1
I20260709 13:03:07.212494  8390 consensus_queue.cc:1048] T fc85990ae99e4ccbb562137b062fa051 P 91dfedfcba1542d993efbd71f89bc11d [LEADER]: Connected to new peer: Peer: permanent_uuid: "7070cb3c68544efeb9a5a844e782b8f6" member_type: VOTER last_known_addr { host: "127.6.226.193" port: 38869 }, Status: LMP_MISMATCH, Last received: 0.0, Next index: 1, Last known committed idx: 0, Time since last communication: 0.001s
I20260709 13:03:07.213117  8349 raft_consensus.cc:515] T e35b95b8213f4bbf83ff46e2c3cfefbc P 7070cb3c68544efeb9a5a844e782b8f6 [term 1 FOLLOWER]: Starting leader election with config: opid_index: -1 OBSOLETE_local: false peers { permanent_uuid: "7070cb3c68544efeb9a5a844e782b8f6" member_type: VOTER last_known_addr { host: "127.6.226.193" port: 38869 } } peers { permanent_uuid: "91dfedfcba1542d993efbd71f89bc11d" member_type: VOTER last_known_addr { host: "127.6.226.194" port: 41531 } } peers { permanent_uuid: "8ce113138a1e4a629c4624cf4a8ce2b6" member_type: VOTER last_known_addr { host: "127.6.226.195" port: 39743 } }
I20260709 13:03:07.214484  8372 raft_consensus.cc:697] T 5d320451cc5943b28c722f64ff5578e0 P 7070cb3c68544efeb9a5a844e782b8f6 [term 1 LEADER]: Becoming Leader. State: Replica: 7070cb3c68544efeb9a5a844e782b8f6, State: Running, Role: LEADER
I20260709 13:03:07.215368  8372 consensus_queue.cc:237] T 5d320451cc5943b28c722f64ff5578e0 P 7070cb3c68544efeb9a5a844e782b8f6 [LEADER]: Queue going to LEADER mode. State: All replicated index: 0, Majority replicated index: 0, Committed index: 0, Last appended: 0.0, Last appended by leader: 0, Current term: 1, Majority size: 2, State: 0, Mode: LEADER, active raft config: opid_index: -1 OBSOLETE_local: false peers { permanent_uuid: "7070cb3c68544efeb9a5a844e782b8f6" member_type: VOTER last_known_addr { host: "127.6.226.193" port: 38869 } } peers { permanent_uuid: "91dfedfcba1542d993efbd71f89bc11d" member_type: VOTER last_known_addr { host: "127.6.226.194" port: 41531 } } peers { permanent_uuid: "8ce113138a1e4a629c4624cf4a8ce2b6" member_type: VOTER last_known_addr { host: "127.6.226.195" port: 39743 } }
I20260709 13:03:07.202898  8347 raft_consensus.cc:359] T 47eb9fb05d6f4a249576a912ac66f19a P 8ce113138a1e4a629c4624cf4a8ce2b6 [term 0 FOLLOWER]: Replica starting. Triggering 0 pending ops. Active config: opid_index: -1 OBSOLETE_local: false peers { permanent_uuid: "7070cb3c68544efeb9a5a844e782b8f6" member_type: VOTER last_known_addr { host: "127.6.226.193" port: 38869 } } peers { permanent_uuid: "91dfedfcba1542d993efbd71f89bc11d" member_type: VOTER last_known_addr { host: "127.6.226.194" port: 41531 } } peers { permanent_uuid: "8ce113138a1e4a629c4624cf4a8ce2b6" member_type: VOTER last_known_addr { host: "127.6.226.195" port: 39743 } }
I20260709 13:03:07.218421  8347 raft_consensus.cc:385] T 47eb9fb05d6f4a249576a912ac66f19a P 8ce113138a1e4a629c4624cf4a8ce2b6 [term 0 FOLLOWER]: Consensus starting up: Expiring failure detector timer to make a prompt election more likely
I20260709 13:03:07.218710  8347 raft_consensus.cc:740] T 47eb9fb05d6f4a249576a912ac66f19a P 8ce113138a1e4a629c4624cf4a8ce2b6 [term 0 FOLLOWER]: Becoming Follower/Learner. State: Replica: 8ce113138a1e4a629c4624cf4a8ce2b6, State: Initialized, Role: FOLLOWER
I20260709 13:03:07.219563  8347 consensus_queue.cc:260] T 47eb9fb05d6f4a249576a912ac66f19a P 8ce113138a1e4a629c4624cf4a8ce2b6 [NON_LEADER]: Queue going to NON_LEADER mode. State: All replicated index: 0, Majority replicated index: 0, Committed index: 0, Last appended: 0.0, Last appended by leader: 0, Current term: 0, Majority size: -1, State: 0, Mode: NON_LEADER, active raft config: opid_index: -1 OBSOLETE_local: false peers { permanent_uuid: "7070cb3c68544efeb9a5a844e782b8f6" member_type: VOTER last_known_addr { host: "127.6.226.193" port: 38869 } } peers { permanent_uuid: "91dfedfcba1542d993efbd71f89bc11d" member_type: VOTER last_known_addr { host: "127.6.226.194" port: 41531 } } peers { permanent_uuid: "8ce113138a1e4a629c4624cf4a8ce2b6" member_type: VOTER last_known_addr { host: "127.6.226.195" port: 39743 } }
I20260709 13:03:07.223687  8349 leader_election.cc:290] T e35b95b8213f4bbf83ff46e2c3cfefbc P 7070cb3c68544efeb9a5a844e782b8f6 [CANDIDATE]: Term 1 election: Requested vote from peers 91dfedfcba1542d993efbd71f89bc11d (127.6.226.194:41531), 8ce113138a1e4a629c4624cf4a8ce2b6 (127.6.226.195:39743)
I20260709 13:03:07.224632  8227 tablet_service.cc:1917] Received RequestConsensusVote() RPC: tablet_id: "e35b95b8213f4bbf83ff46e2c3cfefbc" candidate_uuid: "7070cb3c68544efeb9a5a844e782b8f6" candidate_term: 1 candidate_status { last_received { term: 0 index: 0 } } ignore_live_leader: false dest_uuid: "91dfedfcba1542d993efbd71f89bc11d"
I20260709 13:03:07.224768  8303 tablet_service.cc:1917] Received RequestConsensusVote() RPC: tablet_id: "e35b95b8213f4bbf83ff46e2c3cfefbc" candidate_uuid: "7070cb3c68544efeb9a5a844e782b8f6" candidate_term: 1 candidate_status { last_received { term: 0 index: 0 } } ignore_live_leader: false dest_uuid: "8ce113138a1e4a629c4624cf4a8ce2b6"
I20260709 13:03:07.225409  8227 raft_consensus.cc:3060] T e35b95b8213f4bbf83ff46e2c3cfefbc P 91dfedfcba1542d993efbd71f89bc11d [term 0 FOLLOWER]: Advancing to term 1
W20260709 13:03:07.226194  8120 leader_election.cc:343] T e35b95b8213f4bbf83ff46e2c3cfefbc P 7070cb3c68544efeb9a5a844e782b8f6 [CANDIDATE]: Term 1 election: Tablet error from VoteRequest() call to peer 8ce113138a1e4a629c4624cf4a8ce2b6 (127.6.226.195:39743): Illegal state: must be running to vote when last-logged opid is not known
