I20260709 13:02:56.964435  9093 raft_consensus.cc:740] T ebeecec815f3469e81d1a01ec9e59be0 P b768719b38a546e69403264b5fc955b1 [term 0 FOLLOWER]: Becoming Follower/Learner. State: Replica: b768719b38a546e69403264b5fc955b1, State: Initialized, Role: FOLLOWER
I20260709 13:02:56.964998  9050 tablet_service.cc:1917] Received RequestConsensusVote() RPC: tablet_id: "40ea3ef91dc84ee58dab49fe238149a0" candidate_uuid: "c1938439896a4dc5a78676b2adbe732f" candidate_term: 1 candidate_status { last_received { term: 0 index: 0 } } ignore_live_leader: false dest_uuid: "b768719b38a546e69403264b5fc955b1" is_pre_election: true
I20260709 13:02:56.965303  9093 consensus_queue.cc:260] T ebeecec815f3469e81d1a01ec9e59be0 P b768719b38a546e69403264b5fc955b1 [NON_LEADER]: Queue going to NON_LEADER mode. State: All replicated index: 0, Majority replicated index: 0, Committed index: 0, Last appended: 0.0, Last appended by leader: 0, Current term: 0, Majority size: -1, State: 0, Mode: NON_LEADER, active raft config: opid_index: -1 OBSOLETE_local: false peers { permanent_uuid: "c1938439896a4dc5a78676b2adbe732f" member_type: VOTER last_known_addr { host: "127.7.151.65" port: 33591 } } peers { permanent_uuid: "6badfb47da4e491c806f97471378e5e7" member_type: VOTER last_known_addr { host: "127.7.151.66" port: 40665 } } peers { permanent_uuid: "b768719b38a546e69403264b5fc955b1" member_type: VOTER last_known_addr { host: "127.7.151.67" port: 42649 } }
W20260709 13:02:56.966320  8867 leader_election.cc:343] T 40ea3ef91dc84ee58dab49fe238149a0 P c1938439896a4dc5a78676b2adbe732f [CANDIDATE]: Term 1 pre-election: Tablet error from VoteRequest() call to peer b768719b38a546e69403264b5fc955b1 (127.7.151.67:42649): Illegal state: must be running to vote when last-logged opid is not known
I20260709 13:02:56.966180  8885 tablet_service.cc:1511] Processing CreateTablet for tablet 9140364367ee4be3aa00eda5feb73ae8 (DEFAULT_TABLE table=test-workload [id=ff36a7c035d74c8090990ba8dff93e27]), partition=RANGE (key) PARTITION 1201134891 <= VALUES < 1237532918
W20260709 13:02:56.966794  8864 leader_election.cc:343] T 40ea3ef91dc84ee58dab49fe238149a0 P c1938439896a4dc5a78676b2adbe732f [CANDIDATE]: Term 1 pre-election: Tablet error from VoteRequest() call to peer 6badfb47da4e491c806f97471378e5e7 (127.7.151.66:40665): Illegal state: must be running to vote when last-logged opid is not known
I20260709 13:02:56.967257  8864 leader_election.cc:304] T 40ea3ef91dc84ee58dab49fe238149a0 P c1938439896a4dc5a78676b2adbe732f [CANDIDATE]: Term 1 pre-election: Election decided. Result: candidate lost. Election summary: received 3 responses out of 3 voters: 1 yes votes; 2 no votes. yes voters: c1938439896a4dc5a78676b2adbe732f; no voters: 6badfb47da4e491c806f97471378e5e7, b768719b38a546e69403264b5fc955b1
I20260709 13:02:56.967710  9093 ts_tablet_manager.cc:1434] T ebeecec815f3469e81d1a01ec9e59be0 P b768719b38a546e69403264b5fc955b1: Time spent starting tablet: real 0.007s	user 0.008s	sys 0.000s
I20260709 13:02:56.967494  8885 data_dirs.cc:400] Could only allocate 1 dirs of requested 3 for tablet 9140364367ee4be3aa00eda5feb73ae8. 1 dirs total, 0 dirs full, 0 dirs failed
I20260709 13:02:56.968007  9097 raft_consensus.cc:2749] T 40ea3ef91dc84ee58dab49fe238149a0 P c1938439896a4dc5a78676b2adbe732f [term 0 FOLLOWER]: Leader pre-election lost for term 1. Reason: could not achieve majority
I20260709 13:02:56.968688  9093 tablet_bootstrap.cc:492] T 767d091167ce4b5a88b55a6cf35dba5a P b768719b38a546e69403264b5fc955b1: Bootstrap starting.
I20260709 13:02:56.974222  9093 tablet_bootstrap.cc:654] T 767d091167ce4b5a88b55a6cf35dba5a P b768719b38a546e69403264b5fc955b1: Neither blocks nor log segments found. Creating new log.
I20260709 13:02:56.974277  8963 tablet_service.cc:1511] Processing CreateTablet for tablet 9140364367ee4be3aa00eda5feb73ae8 (DEFAULT_TABLE table=test-workload [id=ff36a7c035d74c8090990ba8dff93e27]), partition=RANGE (key) PARTITION 1201134891 <= VALUES < 1237532918
I20260709 13:02:56.976856  9090 tablet_bootstrap.cc:492] T 7667f9982dd64bb7baf2b6f65cd76d9e P 6badfb47da4e491c806f97471378e5e7: No bootstrap required, opened a new log
I20260709 13:02:56.984846  9090 ts_tablet_manager.cc:1403] T 7667f9982dd64bb7baf2b6f65cd76d9e P 6badfb47da4e491c806f97471378e5e7: Time spent bootstrapping tablet: real 0.322s	user 0.019s	sys 0.006s
I20260709 13:02:56.981906  8963 data_dirs.cc:400] Could only allocate 1 dirs of requested 3 for tablet 9140364367ee4be3aa00eda5feb73ae8. 1 dirs total, 0 dirs full, 0 dirs failed
I20260709 13:02:56.993230  9090 raft_consensus.cc:359] T 7667f9982dd64bb7baf2b6f65cd76d9e P 6badfb47da4e491c806f97471378e5e7 [term 0 FOLLOWER]: Replica starting. Triggering 0 pending ops. Active config: opid_index: -1 OBSOLETE_local: false peers { permanent_uuid: "c1938439896a4dc5a78676b2adbe732f" member_type: VOTER last_known_addr { host: "127.7.151.65" port: 33591 } } peers { permanent_uuid: "6badfb47da4e491c806f97471378e5e7" member_type: VOTER last_known_addr { host: "127.7.151.66" port: 40665 } } peers { permanent_uuid: "b768719b38a546e69403264b5fc955b1" member_type: VOTER last_known_addr { host: "127.7.151.67" port: 42649 } }
I20260709 13:02:57.002744  9100 raft_consensus.cc:493] T d44c106b1fea4a4591cc3edde73f8392 P b768719b38a546e69403264b5fc955b1 [term 0 FOLLOWER]: Starting pre-election (no leader contacted us within the election timeout)
I20260709 13:02:57.003391  9100 raft_consensus.cc:515] T d44c106b1fea4a4591cc3edde73f8392 P b768719b38a546e69403264b5fc955b1 [term 0 FOLLOWER]: Starting pre-election with config: opid_index: -1 OBSOLETE_local: false peers { permanent_uuid: "6badfb47da4e491c806f97471378e5e7" member_type: VOTER last_known_addr { host: "127.7.151.66" port: 40665 } } peers { permanent_uuid: "c1938439896a4dc5a78676b2adbe732f" member_type: VOTER last_known_addr { host: "127.7.151.65" port: 33591 } } peers { permanent_uuid: "b768719b38a546e69403264b5fc955b1" member_type: VOTER last_known_addr { host: "127.7.151.67" port: 42649 } }
I20260709 13:02:57.008570  9100 leader_election.cc:290] T d44c106b1fea4a4591cc3edde73f8392 P b768719b38a546e69403264b5fc955b1 [CANDIDATE]: Term 1 pre-election: Requested pre-vote from peers 6badfb47da4e491c806f97471378e5e7 (127.7.151.66:40665), c1938439896a4dc5a78676b2adbe732f (127.7.151.65:33591)
I20260709 13:02:57.001622  9090 raft_consensus.cc:385] T 7667f9982dd64bb7baf2b6f65cd76d9e P 6badfb47da4e491c806f97471378e5e7 [term 0 FOLLOWER]: Consensus starting up: Expiring failure detector timer to make a prompt election more likely
I20260709 13:02:57.015172  9090 raft_consensus.cc:740] T 7667f9982dd64bb7baf2b6f65cd76d9e P 6badfb47da4e491c806f97471378e5e7 [term 0 FOLLOWER]: Becoming Follower/Learner. State: Replica: 6badfb47da4e491c806f97471378e5e7, State: Initialized, Role: FOLLOWER
I20260709 13:02:57.017278  9090 consensus_queue.cc:260] T 7667f9982dd64bb7baf2b6f65cd76d9e P 6badfb47da4e491c806f97471378e5e7 [NON_LEADER]: Queue going to NON_LEADER mode. State: All replicated index: 0, Majority replicated index: 0, Committed index: 0, Last appended: 0.0, Last appended by leader: 0, Current term: 0, Majority size: -1, State: 0, Mode: NON_LEADER, active raft config: opid_index: -1 OBSOLETE_local: false peers { permanent_uuid: "c1938439896a4dc5a78676b2adbe732f" member_type: VOTER last_known_addr { host: "127.7.151.65" port: 33591 } } peers { permanent_uuid: "6badfb47da4e491c806f97471378e5e7" member_type: VOTER last_known_addr { host: "127.7.151.66" port: 40665 } } peers { permanent_uuid: "b768719b38a546e69403264b5fc955b1" member_type: VOTER last_known_addr { host: "127.7.151.67" port: 42649 } }
I20260709 13:02:57.021670  9040 tablet_service.cc:1511] Processing CreateTablet for tablet 9140364367ee4be3aa00eda5feb73ae8 (DEFAULT_TABLE table=test-workload [id=ff36a7c035d74c8090990ba8dff93e27]), partition=RANGE (key) PARTITION 1201134891 <= VALUES < 1237532918
I20260709 13:02:57.023010  8891 tablet_service.cc:1511] Processing CreateTablet for tablet 4bac1815d58e4e3ea10ca354e0fe43d3 (DEFAULT_TABLE table=test-workload [id=ff36a7c035d74c8090990ba8dff93e27]), partition=RANGE (key) PARTITION 1273930945 <= VALUES < 1310328972
I20260709 13:02:57.023443  9040 data_dirs.cc:400] Could only allocate 1 dirs of requested 3 for tablet 9140364367ee4be3aa00eda5feb73ae8. 1 dirs total, 0 dirs full, 0 dirs failed
I20260709 13:02:57.018832  8885 tablet_service.cc:1511] Processing CreateTablet for tablet 4dd6beb5fb534806bd8ad572add76248 (DEFAULT_TABLE table=test-workload [id=ff36a7c035d74c8090990ba8dff93e27]), partition=RANGE (key) PARTITION 1237532918 <= VALUES < 1273930945
I20260709 13:02:57.024325  8964 tablet_service.cc:1511] Processing CreateTablet for tablet 4bac1815d58e4e3ea10ca354e0fe43d3 (DEFAULT_TABLE table=test-workload [id=ff36a7c035d74c8090990ba8dff93e27]), partition=RANGE (key) PARTITION 1273930945 <= VALUES < 1310328972
I20260709 13:02:57.024333  8891 data_dirs.cc:400] Could only allocate 1 dirs of requested 3 for tablet 4bac1815d58e4e3ea10ca354e0fe43d3. 1 dirs total, 0 dirs full, 0 dirs failed
I20260709 13:02:57.025570  8964 data_dirs.cc:400] Could only allocate 1 dirs of requested 3 for tablet 4bac1815d58e4e3ea10ca354e0fe43d3. 1 dirs total, 0 dirs full, 0 dirs failed
I20260709 13:02:57.025949  8885 data_dirs.cc:400] Could only allocate 1 dirs of requested 3 for tablet 4dd6beb5fb534806bd8ad572add76248. 1 dirs total, 0 dirs full, 0 dirs failed
I20260709 13:02:57.031502  9091 tablet_bootstrap.cc:654] T f3bdb2443e464d698c15760378892cab P c1938439896a4dc5a78676b2adbe732f: Neither blocks nor log segments found. Creating new log.
I20260709 13:02:57.033290  9035 tablet_service.cc:1511] Processing CreateTablet for tablet 4dd6beb5fb534806bd8ad572add76248 (DEFAULT_TABLE table=test-workload [id=ff36a7c035d74c8090990ba8dff93e27]), partition=RANGE (key) PARTITION 1237532918 <= VALUES < 1273930945
I20260709 13:02:57.034548  9035 data_dirs.cc:400] Could only allocate 1 dirs of requested 3 for tablet 4dd6beb5fb534806bd8ad572add76248. 1 dirs total, 0 dirs full, 0 dirs failed
I20260709 13:02:57.039315  8888 tablet_service.cc:1511] Processing CreateTablet for tablet fb39e38817c648ee976ffbfd79592cb5 (DEFAULT_TABLE table=test-workload [id=ff36a7c035d74c8090990ba8dff93e27]), partition=RANGE (key) PARTITION 1310328972 <= VALUES < 1346726999
I20260709 13:02:57.040566  8888 data_dirs.cc:400] Could only allocate 1 dirs of requested 3 for tablet fb39e38817c648ee976ffbfd79592cb5. 1 dirs total, 0 dirs full, 0 dirs failed
I20260709 13:02:57.044188  8966 tablet_service.cc:1511] Processing CreateTablet for tablet fb39e38817c648ee976ffbfd79592cb5 (DEFAULT_TABLE table=test-workload [id=ff36a7c035d74c8090990ba8dff93e27]), partition=RANGE (key) PARTITION 1310328972 <= VALUES < 1346726999
I20260709 13:02:57.045420  8966 data_dirs.cc:400] Could only allocate 1 dirs of requested 3 for tablet fb39e38817c648ee976ffbfd79592cb5. 1 dirs total, 0 dirs full, 0 dirs failed
I20260709 13:02:57.046350  8976 tablet_service.cc:1917] Received RequestConsensusVote() RPC: tablet_id: "d44c106b1fea4a4591cc3edde73f8392" candidate_uuid: "b768719b38a546e69403264b5fc955b1" candidate_term: 1 candidate_status { last_received { term: 0 index: 0 } } ignore_live_leader: false dest_uuid: "6badfb47da4e491c806f97471378e5e7" is_pre_election: true
I20260709 13:02:57.046381  9034 tablet_service.cc:1511] Processing CreateTablet for tablet 4bac1815d58e4e3ea10ca354e0fe43d3 (DEFAULT_TABLE table=test-workload [id=ff36a7c035d74c8090990ba8dff93e27]), partition=RANGE (key) PARTITION 1273930945 <= VALUES < 1310328972
I20260709 13:02:57.048527  9034 data_dirs.cc:400] Could only allocate 1 dirs of requested 3 for tablet 4bac1815d58e4e3ea10ca354e0fe43d3. 1 dirs total, 0 dirs full, 0 dirs failed
I20260709 13:02:57.049659  8884 tablet_service.cc:1511] Processing CreateTablet for tablet ba000e8cdbbb4ac0a56fe4f099bdb630 (DEFAULT_TABLE table=test-workload [id=ff36a7c035d74c8090990ba8dff93e27]), partition=RANGE (key) PARTITION 1346726999 <= VALUES < 1383125026
I20260709 13:02:57.050829  8884 data_dirs.cc:400] Could only allocate 1 dirs of requested 3 for tablet ba000e8cdbbb4ac0a56fe4f099bdb630. 1 dirs total, 0 dirs full, 0 dirs failed
I20260709 13:02:57.051591  8901 tablet_service.cc:1917] Received RequestConsensusVote() RPC: tablet_id: "d44c106b1fea4a4591cc3edde73f8392" candidate_uuid: "b768719b38a546e69403264b5fc955b1" candidate_term: 1 candidate_status { last_received { term: 0 index: 0 } } ignore_live_leader: false dest_uuid: "c1938439896a4dc5a78676b2adbe732f" is_pre_election: true
I20260709 13:02:57.052083  8962 tablet_service.cc:1511] Processing CreateTablet for tablet ba000e8cdbbb4ac0a56fe4f099bdb630 (DEFAULT_TABLE table=test-workload [id=ff36a7c035d74c8090990ba8dff93e27]), partition=RANGE (key) PARTITION 1346726999 <= VALUES < 1383125026
I20260709 13:02:57.052419  8901 raft_consensus.cc:2468] T d44c106b1fea4a4591cc3edde73f8392 P c1938439896a4dc5a78676b2adbe732f [term 0 FOLLOWER]: Leader pre-election vote request: Granting yes vote for candidate b768719b38a546e69403264b5fc955b1 in term 0.
I20260709 13:02:57.053272  8962 data_dirs.cc:400] Could only allocate 1 dirs of requested 3 for tablet ba000e8cdbbb4ac0a56fe4f099bdb630. 1 dirs total, 0 dirs full, 0 dirs failed
I20260709 13:02:57.053977  9016 leader_election.cc:304] T d44c106b1fea4a4591cc3edde73f8392 P b768719b38a546e69403264b5fc955b1 [CANDIDATE]: Term 1 pre-election: Election decided. Result: candidate won. Election summary: received 2 responses out of 3 voters: 2 yes votes; 0 no votes. yes voters: b768719b38a546e69403264b5fc955b1, c1938439896a4dc5a78676b2adbe732f; no voters: 
I20260709 13:02:57.054883  9100 raft_consensus.cc:2804] T d44c106b1fea4a4591cc3edde73f8392 P b768719b38a546e69403264b5fc955b1 [term 0 FOLLOWER]: Leader pre-election won for term 1
I20260709 13:02:57.055250  9100 raft_consensus.cc:493] T d44c106b1fea4a4591cc3edde73f8392 P b768719b38a546e69403264b5fc955b1 [term 0 FOLLOWER]: Starting leader election (no leader contacted us within the election timeout)
I20260709 13:02:57.055624  9100 raft_consensus.cc:3060] T d44c106b1fea4a4591cc3edde73f8392 P b768719b38a546e69403264b5fc955b1 [term 0 FOLLOWER]: Advancing to term 1
I20260709 13:02:57.056023  8964 tablet_service.cc:1511] Processing CreateTablet for tablet 6ef0ab1f7e484b48964f05e121050601 (DEFAULT_TABLE table=test-workload [id=ff36a7c035d74c8090990ba8dff93e27]), partition=RANGE (key) PARTITION 1383125026 <= VALUES < 1419523053
I20260709 13:02:57.057214  8964 data_dirs.cc:400] Could only allocate 1 dirs of requested 3 for tablet 6ef0ab1f7e484b48964f05e121050601. 1 dirs total, 0 dirs full, 0 dirs failed
I20260709 13:02:57.058280  8887 tablet_service.cc:1511] Processing CreateTablet for tablet 6ef0ab1f7e484b48964f05e121050601 (DEFAULT_TABLE table=test-workload [id=ff36a7c035d74c8090990ba8dff93e27]), partition=RANGE (key) PARTITION 1383125026 <= VALUES < 1419523053
I20260709 13:02:57.059538  8887 data_dirs.cc:400] Could only allocate 1 dirs of requested 3 for tablet 6ef0ab1f7e484b48964f05e121050601. 1 dirs total, 0 dirs full, 0 dirs failed
W20260709 13:02:57.056584  9013 leader_election.cc:343] T d44c106b1fea4a4591cc3edde73f8392 P b768719b38a546e69403264b5fc955b1 [CANDIDATE]: Term 1 pre-election: Tablet error from VoteRequest() call to peer 6badfb47da4e491c806f97471378e5e7 (127.7.151.66:40665): Illegal state: must be running to vote when last-logged opid is not known
I20260709 13:02:57.065085  9036 tablet_service.cc:1511] Processing CreateTablet for tablet ba000e8cdbbb4ac0a56fe4f099bdb630 (DEFAULT_TABLE table=test-workload [id=ff36a7c035d74c8090990ba8dff93e27]), partition=RANGE (key) PARTITION 1346726999 <= VALUES < 1383125026
I20260709 13:02:57.066331  9036 data_dirs.cc:400] Could only allocate 1 dirs of requested 3 for tablet ba000e8cdbbb4ac0a56fe4f099bdb630. 1 dirs total, 0 dirs full, 0 dirs failed
I20260709 13:02:57.057310  9039 tablet_service.cc:1511] Processing CreateTablet for tablet fb39e38817c648ee976ffbfd79592cb5 (DEFAULT_TABLE table=test-workload [id=ff36a7c035d74c8090990ba8dff93e27]), partition=RANGE (key) PARTITION 1310328972 <= VALUES < 1346726999
I20260709 13:02:57.068425  9039 data_dirs.cc:400] Could only allocate 1 dirs of requested 3 for tablet fb39e38817c648ee976ffbfd79592cb5. 1 dirs total, 0 dirs full, 0 dirs failed
I20260709 13:02:57.085320  9090 ts_tablet_manager.cc:1434] T 7667f9982dd64bb7baf2b6f65cd76d9e P 6badfb47da4e491c806f97471378e5e7: Time spent starting tablet: real 0.100s	user 0.008s	sys 0.000s
I20260709 13:02:57.098356  8882 tablet_service.cc:1511] Processing CreateTablet for tablet c841c4b78197408fb4647c7b7a81eda5 (DEFAULT_TABLE table=test-workload [id=ff36a7c035d74c8090990ba8dff93e27]), partition=RANGE (key) PARTITION 1419523053 <= VALUES < 1455921080
I20260709 13:02:57.099694  8882 data_dirs.cc:400] Could only allocate 1 dirs of requested 3 for tablet c841c4b78197408fb4647c7b7a81eda5. 1 dirs total, 0 dirs full, 0 dirs failed
I20260709 13:02:57.096122  9098 raft_consensus.cc:493] T 7667f9982dd64bb7baf2b6f65cd76d9e P 6badfb47da4e491c806f97471378e5e7 [term 0 FOLLOWER]: Starting pre-election (no leader contacted us within the election timeout)
I20260709 13:02:57.102290  9098 raft_consensus.cc:515] T 7667f9982dd64bb7baf2b6f65cd76d9e P 6badfb47da4e491c806f97471378e5e7 [term 0 FOLLOWER]: Starting pre-election with config: opid_index: -1 OBSOLETE_local: false peers { permanent_uuid: "c1938439896a4dc5a78676b2adbe732f" member_type: VOTER last_known_addr { host: "127.7.151.65" port: 33591 } } peers { permanent_uuid: "6badfb47da4e491c806f97471378e5e7" member_type: VOTER last_known_addr { host: "127.7.151.66" port: 40665 } } peers { permanent_uuid: "b768719b38a546e69403264b5fc955b1" member_type: VOTER last_known_addr { host: "127.7.151.67" port: 42649 } }
I20260709 13:02:57.104692  9098 leader_election.cc:290] T 7667f9982dd64bb7baf2b6f65cd76d9e P 6badfb47da4e491c806f97471378e5e7 [CANDIDATE]: Term 1 pre-election: Requested pre-vote from peers c1938439896a4dc5a78676b2adbe732f (127.7.151.65:33591), b768719b38a546e69403264b5fc955b1 (127.7.151.67:42649)
I20260709 13:02:57.105248  9093 tablet_bootstrap.cc:492] T 767d091167ce4b5a88b55a6cf35dba5a P b768719b38a546e69403264b5fc955b1: No bootstrap required, opened a new log
I20260709 13:02:57.105751  9093 ts_tablet_manager.cc:1403] T 767d091167ce4b5a88b55a6cf35dba5a P b768719b38a546e69403264b5fc955b1: Time spent bootstrapping tablet: real 0.137s	user 0.018s	sys 0.036s
I20260709 13:02:57.113545  8963 tablet_service.cc:1511] Processing CreateTablet for tablet c841c4b78197408fb4647c7b7a81eda5 (DEFAULT_TABLE table=test-workload [id=ff36a7c035d74c8090990ba8dff93e27]), partition=RANGE (key) PARTITION 1419523053 <= VALUES < 1455921080
I20260709 13:02:57.106618  8901 tablet_service.cc:1917] Received RequestConsensusVote() RPC: tablet_id: "7667f9982dd64bb7baf2b6f65cd76d9e" candidate_uuid: "6badfb47da4e491c806f97471378e5e7" candidate_term: 1 candidate_status { last_received { term: 0 index: 0 } } ignore_live_leader: false dest_uuid: "c1938439896a4dc5a78676b2adbe732f" is_pre_election: true
I20260709 13:02:57.114876  8901 raft_consensus.cc:2468] T 7667f9982dd64bb7baf2b6f65cd76d9e P c1938439896a4dc5a78676b2adbe732f [term 0 FOLLOWER]: Leader pre-election vote request: Granting yes vote for candidate 6badfb47da4e491c806f97471378e5e7 in term 0.
I20260709 13:02:57.116283  8942 leader_election.cc:304] T 7667f9982dd64bb7baf2b6f65cd76d9e P 6badfb47da4e491c806f97471378e5e7 [CANDIDATE]: Term 1 pre-election: Election decided. Result: candidate won. Election summary: received 2 responses out of 3 voters: 2 yes votes; 0 no votes. yes voters: 6badfb47da4e491c806f97471378e5e7, c1938439896a4dc5a78676b2adbe732f; no voters: 
I20260709 13:02:57.117633  9098 raft_consensus.cc:2804] T 7667f9982dd64bb7baf2b6f65cd76d9e P 6badfb47da4e491c806f97471378e5e7 [term 0 FOLLOWER]: Leader pre-election won for term 1
I20260709 13:02:57.117992  9098 raft_consensus.cc:493] T 7667f9982dd64bb7baf2b6f65cd76d9e P 6badfb47da4e491c806f97471378e5e7 [term 0 FOLLOWER]: Starting leader election (no leader contacted us within the election timeout)
I20260709 13:02:57.118359  9098 raft_consensus.cc:3060] T 7667f9982dd64bb7baf2b6f65cd76d9e P 6badfb47da4e491c806f97471378e5e7 [term 0 FOLLOWER]: Advancing to term 1
I20260709 13:02:57.113888  9093 raft_consensus.cc:359] T 767d091167ce4b5a88b55a6cf35dba5a P b768719b38a546e69403264b5fc955b1 [term 0 FOLLOWER]: Replica starting. Triggering 0 pending ops. Active config: opid_index: -1 OBSOLETE_local: false peers { permanent_uuid: "c1938439896a4dc5a78676b2adbe732f" member_type: VOTER last_known_addr { host: "127.7.151.65" port: 33591 } } peers { permanent_uuid: "6badfb47da4e491c806f97471378e5e7" member_type: VOTER last_known_addr { host: "127.7.151.66" port: 40665 } } peers { permanent_uuid: "b768719b38a546e69403264b5fc955b1" member_type: VOTER last_known_addr { host: "127.7.151.67" port: 42649 } }
I20260709 13:02:57.121325  9093 raft_consensus.cc:385] T 767d091167ce4b5a88b55a6cf35dba5a P b768719b38a546e69403264b5fc955b1 [term 0 FOLLOWER]: Consensus starting up: Expiring failure detector timer to make a prompt election more likely
I20260709 13:02:57.122061  9093 raft_consensus.cc:740] T 767d091167ce4b5a88b55a6cf35dba5a P b768719b38a546e69403264b5fc955b1 [term 0 FOLLOWER]: Becoming Follower/Learner. State: Replica: b768719b38a546e69403264b5fc955b1, State: Initialized, Role: FOLLOWER
I20260709 13:02:57.123318  8957 tablet_service.cc:1511] Processing CreateTablet for tablet 4dd6beb5fb534806bd8ad572add76248 (DEFAULT_TABLE table=test-workload [id=ff36a7c035d74c8090990ba8dff93e27]), partition=RANGE (key) PARTITION 1237532918 <= VALUES < 1273930945
I20260709 13:02:57.124444  9093 consensus_queue.cc:260] T 767d091167ce4b5a88b55a6cf35dba5a P b768719b38a546e69403264b5fc955b1 [NON_LEADER]: Queue going to NON_LEADER mode. State: All replicated index: 0, Majority replicated index: 0, Committed index: 0, Last appended: 0.0, Last appended by leader: 0, Current term: 0, Majority size: -1, State: 0, Mode: NON_LEADER, active raft config: opid_index: -1 OBSOLETE_local: false peers { permanent_uuid: "c1938439896a4dc5a78676b2adbe732f" member_type: VOTER last_known_addr { host: "127.7.151.65" port: 33591 } } peers { permanent_uuid: "6badfb47da4e491c806f97471378e5e7" member_type: VOTER last_known_addr { host: "127.7.151.66" port: 40665 } } peers { permanent_uuid: "b768719b38a546e69403264b5fc955b1" member_type: VOTER last_known_addr { host: "127.7.151.67" port: 42649 } }
I20260709 13:02:57.107750  9050 tablet_service.cc:1917] Received RequestConsensusVote() RPC: tablet_id: "7667f9982dd64bb7baf2b6f65cd76d9e" candidate_uuid: "6badfb47da4e491c806f97471378e5e7" candidate_term: 1 candidate_status { last_received { term: 0 index: 0 } } ignore_live_leader: false dest_uuid: "b768719b38a546e69403264b5fc955b1" is_pre_election: true
W20260709 13:02:57.130172  8942 leader_election.cc:343] T 7667f9982dd64bb7baf2b6f65cd76d9e P 6badfb47da4e491c806f97471378e5e7 [CANDIDATE]: Term 1 pre-election: Tablet error from VoteRequest() call to peer b768719b38a546e69403264b5fc955b1 (127.7.151.67:42649): Illegal state: must be running to vote when last-logged opid is not known
I20260709 13:02:57.130573  8963 data_dirs.cc:400] Could only allocate 1 dirs of requested 3 for tablet c841c4b78197408fb4647c7b7a81eda5. 1 dirs total, 0 dirs full, 0 dirs failed
I20260709 13:02:57.132179  8957 data_dirs.cc:400] Could only allocate 1 dirs of requested 3 for tablet 4dd6beb5fb534806bd8ad572add76248. 1 dirs total, 0 dirs full, 0 dirs failed
I20260709 13:02:57.125485  9098 raft_consensus.cc:515] T 7667f9982dd64bb7baf2b6f65cd76d9e P 6badfb47da4e491c806f97471378e5e7 [term 1 FOLLOWER]: Starting leader election with config: opid_index: -1 OBSOLETE_local: false peers { permanent_uuid: "c1938439896a4dc5a78676b2adbe732f" member_type: VOTER last_known_addr { host: "127.7.151.65" port: 33591 } } peers { permanent_uuid: "6badfb47da4e491c806f97471378e5e7" member_type: VOTER last_known_addr { host: "127.7.151.66" port: 40665 } } peers { permanent_uuid: "b768719b38a546e69403264b5fc955b1" member_type: VOTER last_known_addr { host: "127.7.151.67" port: 42649 } }
I20260709 13:02:57.107549  9090 tablet_bootstrap.cc:492] T 229d54168eb3415981bd78035bc8175e P 6badfb47da4e491c806f97471378e5e7: Bootstrap starting.
I20260709 13:02:57.128296  9117 raft_consensus.cc:493] T 92a66498fa22487b8895f98795426069 P b768719b38a546e69403264b5fc955b1 [term 0 FOLLOWER]: Starting pre-election (no leader contacted us within the election timeout)
I20260709 13:02:57.138299  9091 tablet_bootstrap.cc:492] T f3bdb2443e464d698c15760378892cab P c1938439896a4dc5a78676b2adbe732f: No bootstrap required, opened a new log
I20260709 13:02:57.138851  9091 ts_tablet_manager.cc:1403] T f3bdb2443e464d698c15760378892cab P c1938439896a4dc5a78676b2adbe732f: Time spent bootstrapping tablet: real 0.184s	user 0.015s	sys 0.006s
I20260709 13:02:57.138893  8888 tablet_service.cc:1511] Processing CreateTablet for tablet e2145e1a2c9c4794b0356c1dbef7cd18 (DEFAULT_TABLE table=test-workload [id=ff36a7c035d74c8090990ba8dff93e27]), partition=RANGE (key) PARTITION 1455921080 <= VALUES < 1492319107
I20260709 13:02:57.140381  8888 data_dirs.cc:400] Could only allocate 1 dirs of requested 3 for tablet e2145e1a2c9c4794b0356c1dbef7cd18. 1 dirs total, 0 dirs full, 0 dirs failed
I20260709 13:02:57.141798  9091 raft_consensus.cc:359] T f3bdb2443e464d698c15760378892cab P c1938439896a4dc5a78676b2adbe732f [term 0 FOLLOWER]: Replica starting. Triggering 0 pending ops. Active config: opid_index: -1 OBSOLETE_local: false peers { permanent_uuid: "c1938439896a4dc5a78676b2adbe732f" member_type: VOTER last_known_addr { host: "127.7.151.65" port: 33591 } } peers { permanent_uuid: "6badfb47da4e491c806f97471378e5e7" member_type: VOTER last_known_addr { host: "127.7.151.66" port: 40665 } } peers { permanent_uuid: "b768719b38a546e69403264b5fc955b1" member_type: VOTER last_known_addr { host: "127.7.151.67" port: 42649 } }
I20260709 13:02:57.142493  9090 tablet_bootstrap.cc:654] T 229d54168eb3415981bd78035bc8175e P 6badfb47da4e491c806f97471378e5e7: Neither blocks nor log segments found. Creating new log.
I20260709 13:02:57.142567  9091 raft_consensus.cc:385] T f3bdb2443e464d698c15760378892cab P c1938439896a4dc5a78676b2adbe732f [term 0 FOLLOWER]: Consensus starting up: Expiring failure detector timer to make a prompt election more likely
I20260709 13:02:57.142988  9091 raft_consensus.cc:740] T f3bdb2443e464d698c15760378892cab P c1938439896a4dc5a78676b2adbe732f [term 0 FOLLOWER]: Becoming Follower/Learner. State: Replica: c1938439896a4dc5a78676b2adbe732f, State: Initialized, Role: FOLLOWER
I20260709 13:02:57.130149  9100 raft_consensus.cc:515] T d44c106b1fea4a4591cc3edde73f8392 P b768719b38a546e69403264b5fc955b1 [term 1 FOLLOWER]: Starting leader election with config: opid_index: -1 OBSOLETE_local: false peers { permanent_uuid: "6badfb47da4e491c806f97471378e5e7" member_type: VOTER last_known_addr { host: "127.7.151.66" port: 40665 } } peers { permanent_uuid: "c1938439896a4dc5a78676b2adbe732f" member_type: VOTER last_known_addr { host: "127.7.151.65" port: 33591 } } peers { permanent_uuid: "b768719b38a546e69403264b5fc955b1" member_type: VOTER last_known_addr { host: "127.7.151.67" port: 42649 } }
I20260709 13:02:57.143743  9117 raft_consensus.cc:515] T 92a66498fa22487b8895f98795426069 P b768719b38a546e69403264b5fc955b1 [term 0 FOLLOWER]: Starting pre-election with config: opid_index: -1 OBSOLETE_local: false peers { permanent_uuid: "c1938439896a4dc5a78676b2adbe732f" member_type: VOTER last_known_addr { host: "127.7.151.65" port: 33591 } } peers { permanent_uuid: "6badfb47da4e491c806f97471378e5e7" member_type: VOTER last_known_addr { host: "127.7.151.66" port: 40665 } } peers { permanent_uuid: "b768719b38a546e69403264b5fc955b1" member_type: VOTER last_known_addr { host: "127.7.151.67" port: 42649 } }
I20260709 13:02:57.145076  9100 leader_election.cc:290] T d44c106b1fea4a4591cc3edde73f8392 P b768719b38a546e69403264b5fc955b1 [CANDIDATE]: Term 1 election: Requested vote from peers 6badfb47da4e491c806f97471378e5e7 (127.7.151.66:40665), c1938439896a4dc5a78676b2adbe732f (127.7.151.65:33591)
I20260709 13:02:57.145828  9117 leader_election.cc:290] T 92a66498fa22487b8895f98795426069 P b768719b38a546e69403264b5fc955b1 [CANDIDATE]: Term 1 pre-election: Requested pre-vote from peers c1938439896a4dc5a78676b2adbe732f (127.7.151.65:33591), 6badfb47da4e491c806f97471378e5e7 (127.7.151.66:40665)
I20260709 13:02:57.147360  8901 tablet_service.cc:1917] Received RequestConsensusVote() RPC: tablet_id: "d44c106b1fea4a4591cc3edde73f8392" candidate_uuid: "b768719b38a546e69403264b5fc955b1" candidate_term: 1 candidate_status { last_received { term: 0 index: 0 } } ignore_live_leader: false dest_uuid: "c1938439896a4dc5a78676b2adbe732f"
I20260709 13:02:57.148032  8901 raft_consensus.cc:3060] T d44c106b1fea4a4591cc3edde73f8392 P c1938439896a4dc5a78676b2adbe732f [term 0 FOLLOWER]: Advancing to term 1
I20260709 13:02:57.147629  9091 consensus_queue.cc:260] T f3bdb2443e464d698c15760378892cab P c1938439896a4dc5a78676b2adbe732f [NON_LEADER]: Queue going to NON_LEADER mode. State: All replicated index: 0, Majority replicated index: 0, Committed index: 0, Last appended: 0.0, Last appended by leader: 0, Current term: 0, Majority size: -1, State: 0, Mode: NON_LEADER, active raft config: opid_index: -1 OBSOLETE_local: false peers { permanent_uuid: "c1938439896a4dc5a78676b2adbe732f" member_type: VOTER last_known_addr { host: "127.7.151.65" port: 33591 } } peers { permanent_uuid: "6badfb47da4e491c806f97471378e5e7" member_type: VOTER last_known_addr { host: "127.7.151.66" port: 40665 } } peers { permanent_uuid: "b768719b38a546e69403264b5fc955b1" member_type: VOTER last_known_addr { host: "127.7.151.67" port: 42649 } }
I20260709 13:02:57.151803  8900 tablet_service.cc:1917] Received RequestConsensusVote() RPC: tablet_id: "92a66498fa22487b8895f98795426069" candidate_uuid: "b768719b38a546e69403264b5fc955b1" candidate_term: 1 candidate_status { last_received { term: 0 index: 0 } } ignore_live_leader: false dest_uuid: "c1938439896a4dc5a78676b2adbe732f" is_pre_election: true
I20260709 13:02:57.152813  8976 tablet_service.cc:1917] Received RequestConsensusVote() RPC: tablet_id: "d44c106b1fea4a4591cc3edde73f8392" candidate_uuid: "b768719b38a546e69403264b5fc955b1" candidate_term: 1 candidate_status { last_received { term: 0 index: 0 } } ignore_live_leader: false dest_uuid: "6badfb47da4e491c806f97471378e5e7"
W20260709 13:02:57.154114  9016 leader_election.cc:343] T 92a66498fa22487b8895f98795426069 P b768719b38a546e69403264b5fc955b1 [CANDIDATE]: Term 1 pre-election: Tablet error from VoteRequest() call to peer c1938439896a4dc5a78676b2adbe732f (127.7.151.65:33591): Illegal state: must be running to vote when last-logged opid is not known
I20260709 13:02:57.154418  8891 tablet_service.cc:1511] Processing CreateTablet for tablet a12c4d025a5c4f62a00ca343571b6f25 (DEFAULT_TABLE table=test-workload [id=ff36a7c035d74c8090990ba8dff93e27]), partition=RANGE (key) PARTITION 1492319107 <= VALUES < 1528717134
I20260709 13:02:57.155071  8976 tablet_service.cc:1917] Received RequestConsensusVote() RPC: tablet_id: "92a66498fa22487b8895f98795426069" candidate_uuid: "b768719b38a546e69403264b5fc955b1" candidate_term: 1 candidate_status { last_received { term: 0 index: 0 } } ignore_live_leader: false dest_uuid: "6badfb47da4e491c806f97471378e5e7" is_pre_election: true
I20260709 13:02:57.155769  8891 data_dirs.cc:400] Could only allocate 1 dirs of requested 3 for tablet a12c4d025a5c4f62a00ca343571b6f25. 1 dirs total, 0 dirs full, 0 dirs failed
I20260709 13:02:57.156136  9035 tablet_service.cc:1511] Processing CreateTablet for tablet c841c4b78197408fb4647c7b7a81eda5 (DEFAULT_TABLE table=test-workload [id=ff36a7c035d74c8090990ba8dff93e27]), partition=RANGE (key) PARTITION 1419523053 <= VALUES < 1455921080
I20260709 13:02:57.159030  9035 data_dirs.cc:400] Could only allocate 1 dirs of requested 3 for tablet c841c4b78197408fb4647c7b7a81eda5. 1 dirs total, 0 dirs full, 0 dirs failed
W20260709 13:02:57.156515  9013 leader_election.cc:343] T d44c106b1fea4a4591cc3edde73f8392 P b768719b38a546e69403264b5fc955b1 [CANDIDATE]: Term 1 election: Tablet error from VoteRequest() call to peer 6badfb47da4e491c806f97471378e5e7 (127.7.151.66:40665): Illegal state: must be running to vote when last-logged opid is not known
I20260709 13:02:57.156760  8962 tablet_service.cc:1511] Processing CreateTablet for tablet a12c4d025a5c4f62a00ca343571b6f25 (DEFAULT_TABLE table=test-workload [id=ff36a7c035d74c8090990ba8dff93e27]), partition=RANGE (key) PARTITION 1492319107 <= VALUES < 1528717134
I20260709 13:02:57.160372  8962 data_dirs.cc:400] Could only allocate 1 dirs of requested 3 for tablet a12c4d025a5c4f62a00ca343571b6f25. 1 dirs total, 0 dirs full, 0 dirs failed
I20260709 13:02:57.157532  9034 tablet_service.cc:1511] Processing CreateTablet for tablet e2145e1a2c9c4794b0356c1dbef7cd18 (DEFAULT_TABLE table=test-workload [id=ff36a7c035d74c8090990ba8dff93e27]), partition=RANGE (key) PARTITION 1455921080 <= VALUES < 1492319107
I20260709 13:02:57.160961  9100 raft_consensus.cc:493] T 8ea0e3ff2714403f949e77f55de29017 P b768719b38a546e69403264b5fc955b1 [term 0 FOLLOWER]: Starting pre-election (no leader contacted us within the election timeout)
I20260709 13:02:57.164027  9093 ts_tablet_manager.cc:1434] T 767d091167ce4b5a88b55a6cf35dba5a P b768719b38a546e69403264b5fc955b1: Time spent starting tablet: real 0.053s	user 0.006s	sys 0.004s
I20260709 13:02:57.165099  9093 tablet_bootstrap.cc:492] T 237cb6cf581b4f20bc35006eb889a83d P b768719b38a546e69403264b5fc955b1: Bootstrap starting.
I20260709 13:02:57.165899  9091 ts_tablet_manager.cc:1434] T f3bdb2443e464d698c15760378892cab P c1938439896a4dc5a78676b2adbe732f: Time spent starting tablet: real 0.027s	user 0.005s	sys 0.002s
I20260709 13:02:57.169286  8964 tablet_service.cc:1511] Processing CreateTablet for tablet 44e4ce66e40640c9b97410f9ecb84c0a (DEFAULT_TABLE table=test-workload [id=ff36a7c035d74c8090990ba8dff93e27]), partition=RANGE (key) PARTITION 1528717134 <= VALUES < 1565115161
I20260709 13:02:57.174016  8964 data_dirs.cc:400] Could only allocate 1 dirs of requested 3 for tablet 44e4ce66e40640c9b97410f9ecb84c0a. 1 dirs total, 0 dirs full, 0 dirs failed
W20260709 13:02:57.175397  9013 leader_election.cc:343] T 92a66498fa22487b8895f98795426069 P b768719b38a546e69403264b5fc955b1 [CANDIDATE]: Term 1 pre-election: Tablet error from VoteRequest() call to peer 6badfb47da4e491c806f97471378e5e7 (127.7.151.66:40665): Illegal state: must be running to vote when last-logged opid is not known
I20260709 13:02:57.144713  8966 tablet_service.cc:1511] Processing CreateTablet for tablet e2145e1a2c9c4794b0356c1dbef7cd18 (DEFAULT_TABLE table=test-workload [id=ff36a7c035d74c8090990ba8dff93e27]), partition=RANGE (key) PARTITION 1455921080 <= VALUES < 1492319107
I20260709 13:02:57.175829  9013 leader_election.cc:304] T 92a66498fa22487b8895f98795426069 P b768719b38a546e69403264b5fc955b1 [CANDIDATE]: Term 1 pre-election: Election decided. Result: candidate lost. Election summary: received 3 responses out of 3 voters: 1 yes votes; 2 no votes. yes voters: b768719b38a546e69403264b5fc955b1; no voters: 6badfb47da4e491c806f97471378e5e7, c1938439896a4dc5a78676b2adbe732f
I20260709 13:02:57.176826  8966 data_dirs.cc:400] Could only allocate 1 dirs of requested 3 for tablet e2145e1a2c9c4794b0356c1dbef7cd18. 1 dirs total, 0 dirs full, 0 dirs failed
I20260709 13:02:57.176620  9100 raft_consensus.cc:515] T 8ea0e3ff2714403f949e77f55de29017 P b768719b38a546e69403264b5fc955b1 [term 0 FOLLOWER]: Starting pre-election with config: opid_index: -1 OBSOLETE_local: false peers { permanent_uuid: "c1938439896a4dc5a78676b2adbe732f" member_type: VOTER last_known_addr { host: "127.7.151.65" port: 33591 } } peers { permanent_uuid: "6badfb47da4e491c806f97471378e5e7" member_type: VOTER last_known_addr { host: "127.7.151.66" port: 40665 } } peers { permanent_uuid: "b768719b38a546e69403264b5fc955b1" member_type: VOTER last_known_addr { host: "127.7.151.67" port: 42649 } }
I20260709 13:02:57.169911  9034 data_dirs.cc:400] Could only allocate 1 dirs of requested 3 for tablet e2145e1a2c9c4794b0356c1dbef7cd18. 1 dirs total, 0 dirs full, 0 dirs failed
I20260709 13:02:57.179471  8900 tablet_service.cc:1917] Received RequestConsensusVote() RPC: tablet_id: "8ea0e3ff2714403f949e77f55de29017" candidate_uuid: "b768719b38a546e69403264b5fc955b1" candidate_term: 1 candidate_status { last_received { term: 0 index: 0 } } ignore_live_leader: false dest_uuid: "c1938439896a4dc5a78676b2adbe732f" is_pre_election: true
I20260709 13:02:57.169291  8882 tablet_service.cc:1511] Processing CreateTablet for tablet 44e4ce66e40640c9b97410f9ecb84c0a (DEFAULT_TABLE table=test-workload [id=ff36a7c035d74c8090990ba8dff93e27]), partition=RANGE (key) PARTITION 1528717134 <= VALUES < 1565115161
I20260709 13:02:57.180567  8899 tablet_service.cc:1917] Received RequestConsensusVote() RPC: tablet_id: "7667f9982dd64bb7baf2b6f65cd76d9e" candidate_uuid: "6badfb47da4e491c806f97471378e5e7" candidate_term: 1 candidate_status { last_received { term: 0 index: 0 } } ignore_live_leader: false dest_uuid: "c1938439896a4dc5a78676b2adbe732f"
I20260709 13:02:57.180747  8882 data_dirs.cc:400] Could only allocate 1 dirs of requested 3 for tablet 44e4ce66e40640c9b97410f9ecb84c0a. 1 dirs total, 0 dirs full, 0 dirs failed
W20260709 13:02:57.180845  9016 leader_election.cc:343] T 8ea0e3ff2714403f949e77f55de29017 P b768719b38a546e69403264b5fc955b1 [CANDIDATE]: Term 1 pre-election: Tablet error from VoteRequest() call to peer c1938439896a4dc5a78676b2adbe732f (127.7.151.65:33591): Illegal state: must be running to vote when last-logged opid is not known
I20260709 13:02:57.181165  8899 raft_consensus.cc:3060] T 7667f9982dd64bb7baf2b6f65cd76d9e P c1938439896a4dc5a78676b2adbe732f [term 0 FOLLOWER]: Advancing to term 1
I20260709 13:02:57.181536  9117 raft_consensus.cc:2749] T 92a66498fa22487b8895f98795426069 P b768719b38a546e69403264b5fc955b1 [term 0 FOLLOWER]: Leader pre-election lost for term 1. Reason: could not achieve majority
I20260709 13:02:57.184216  9039 tablet_service.cc:1511] Processing CreateTablet for tablet a12c4d025a5c4f62a00ca343571b6f25 (DEFAULT_TABLE table=test-workload [id=ff36a7c035d74c8090990ba8dff93e27]), partition=RANGE (key) PARTITION 1492319107 <= VALUES < 1528717134
I20260709 13:02:57.185626  9039 data_dirs.cc:400] Could only allocate 1 dirs of requested 3 for tablet a12c4d025a5c4f62a00ca343571b6f25. 1 dirs total, 0 dirs full, 0 dirs failed
I20260709 13:02:57.188728  9050 tablet_service.cc:1917] Received RequestConsensusVote() RPC: tablet_id: "7667f9982dd64bb7baf2b6f65cd76d9e" candidate_uuid: "6badfb47da4e491c806f97471378e5e7" candidate_term: 1 candidate_status { last_received { term: 0 index: 0 } } ignore_live_leader: false dest_uuid: "b768719b38a546e69403264b5fc955b1"
W20260709 13:02:57.190129  8942 leader_election.cc:343] T 7667f9982dd64bb7baf2b6f65cd76d9e P 6badfb47da4e491c806f97471378e5e7 [CANDIDATE]: Term 1 election: Tablet error from VoteRequest() call to peer b768719b38a546e69403264b5fc955b1 (127.7.151.67:42649): Illegal state: must be running to vote when last-logged opid is not known
I20260709 13:02:57.190671  9098 leader_election.cc:290] T 7667f9982dd64bb7baf2b6f65cd76d9e P 6badfb47da4e491c806f97471378e5e7 [CANDIDATE]: Term 1 election: Requested vote from peers c1938439896a4dc5a78676b2adbe732f (127.7.151.65:33591), b768719b38a546e69403264b5fc955b1 (127.7.151.67:42649)
I20260709 13:02:57.191725  9100 leader_election.cc:290] T 8ea0e3ff2714403f949e77f55de29017 P b768719b38a546e69403264b5fc955b1 [CANDIDATE]: Term 1 pre-election: Requested pre-vote from peers c1938439896a4dc5a78676b2adbe732f (127.7.151.65:33591), 6badfb47da4e491c806f97471378e5e7 (127.7.151.66:40665)
I20260709 13:02:57.193297  9093 tablet_bootstrap.cc:654] T 237cb6cf581b4f20bc35006eb889a83d P b768719b38a546e69403264b5fc955b1: Neither blocks nor log segments found. Creating new log.
I20260709 13:02:57.193243  8976 tablet_service.cc:1917] Received RequestConsensusVote() RPC: tablet_id: "8ea0e3ff2714403f949e77f55de29017" candidate_uuid: "b768719b38a546e69403264b5fc955b1" candidate_term: 1 candidate_status { last_received { term: 0 index: 0 } } ignore_live_leader: false dest_uuid: "6badfb47da4e491c806f97471378e5e7" is_pre_election: true
I20260709 13:02:57.194607  9091 tablet_bootstrap.cc:492] T 229d54168eb3415981bd78035bc8175e P c1938439896a4dc5a78676b2adbe732f: Bootstrap starting.
W20260709 13:02:57.194882  9013 leader_election.cc:343] T 8ea0e3ff2714403f949e77f55de29017 P b768719b38a546e69403264b5fc955b1 [CANDIDATE]: Term 1 pre-election: Tablet error from VoteRequest() call to peer 6badfb47da4e491c806f97471378e5e7 (127.7.151.66:40665): Illegal state: must be running to vote when last-logged opid is not known
I20260709 13:02:57.202811  9036 tablet_service.cc:1511] Processing CreateTablet for tablet 6ef0ab1f7e484b48964f05e121050601 (DEFAULT_TABLE table=test-workload [id=ff36a7c035d74c8090990ba8dff93e27]), partition=RANGE (key) PARTITION 1383125026 <= VALUES < 1419523053
I20260709 13:02:57.205427  9090 tablet_bootstrap.cc:492] T 229d54168eb3415981bd78035bc8175e P 6badfb47da4e491c806f97471378e5e7: No bootstrap required, opened a new log
I20260709 13:02:57.205909  9090 ts_tablet_manager.cc:1403] T 229d54168eb3415981bd78035bc8175e P 6badfb47da4e491c806f97471378e5e7: Time spent bootstrapping tablet: real 0.099s	user 0.014s	sys 0.003s
I20260709 13:02:57.202380  9013 leader_election.cc:304] T 8ea0e3ff2714403f949e77f55de29017 P b768719b38a546e69403264b5fc955b1 [CANDIDATE]: Term 1 pre-election: Election decided. Result: candidate lost. Election summary: received 3 responses out of 3 voters: 1 yes votes; 2 no votes. yes voters: b768719b38a546e69403264b5fc955b1; no voters: 6badfb47da4e491c806f97471378e5e7, c1938439896a4dc5a78676b2adbe732f
I20260709 13:02:57.202538  8901 raft_consensus.cc:2468] T d44c106b1fea4a4591cc3edde73f8392 P c1938439896a4dc5a78676b2adbe732f [term 1 FOLLOWER]: Leader election vote request: Granting yes vote for candidate b768719b38a546e69403264b5fc955b1 in term 1.
I20260709 13:02:57.208058  9118 raft_consensus.cc:2749] T 8ea0e3ff2714403f949e77f55de29017 P b768719b38a546e69403264b5fc955b1 [term 0 FOLLOWER]: Leader pre-election lost for term 1. Reason: could not achieve majority
I20260709 13:02:57.208518  9016 leader_election.cc:304] T d44c106b1fea4a4591cc3edde73f8392 P b768719b38a546e69403264b5fc955b1 [CANDIDATE]: Term 1 election: Election decided. Result: candidate won. Election summary: received 3 responses out of 3 voters: 2 yes votes; 1 no votes. yes voters: b768719b38a546e69403264b5fc955b1, c1938439896a4dc5a78676b2adbe732f; no voters: 6badfb47da4e491c806f97471378e5e7
I20260709 13:02:57.208833  9090 raft_consensus.cc:359] T 229d54168eb3415981bd78035bc8175e P 6badfb47da4e491c806f97471378e5e7 [term 0 FOLLOWER]: Replica starting. Triggering 0 pending ops. Active config: opid_index: -1 OBSOLETE_local: false peers { permanent_uuid: "c1938439896a4dc5a78676b2adbe732f" member_type: VOTER last_known_addr { host: "127.7.151.65" port: 33591 } } peers { permanent_uuid: "6badfb47da4e491c806f97471378e5e7" member_type: VOTER last_known_addr { host: "127.7.151.66" port: 40665 } } peers { permanent_uuid: "b768719b38a546e69403264b5fc955b1" member_type: VOTER last_known_addr { host: "127.7.151.67" port: 42649 } }
I20260709 13:02:57.209532  9090 raft_consensus.cc:385] T 229d54168eb3415981bd78035bc8175e P 6badfb47da4e491c806f97471378e5e7 [term 0 FOLLOWER]: Consensus starting up: Expiring failure detector timer to make a prompt election more likely
I20260709 13:02:57.209818  9090 raft_consensus.cc:740] T 229d54168eb3415981bd78035bc8175e P 6badfb47da4e491c806f97471378e5e7 [term 0 FOLLOWER]: Becoming Follower/Learner. State: Replica: 6badfb47da4e491c806f97471378e5e7, State: Initialized, Role: FOLLOWER
I20260709 13:02:57.210533  9090 consensus_queue.cc:260] T 229d54168eb3415981bd78035bc8175e P 6badfb47da4e491c806f97471378e5e7 [NON_LEADER]: Queue going to NON_LEADER mode. State: All replicated index: 0, Majority replicated index: 0, Committed index: 0, Last appended: 0.0, Last appended by leader: 0, Current term: 0, Majority size: -1, State: 0, Mode: NON_LEADER, active raft config: opid_index: -1 OBSOLETE_local: false peers { permanent_uuid: "c1938439896a4dc5a78676b2adbe732f" member_type: VOTER last_known_addr { host: "127.7.151.65" port: 33591 } } peers { permanent_uuid: "6badfb47da4e491c806f97471378e5e7" member_type: VOTER last_known_addr { host: "127.7.151.66" port: 40665 } } peers { permanent_uuid: "b768719b38a546e69403264b5fc955b1" member_type: VOTER last_known_addr { host: "127.7.151.67" port: 42649 } }
I20260709 13:02:57.212886  8899 raft_consensus.cc:2468] T 7667f9982dd64bb7baf2b6f65cd76d9e P c1938439896a4dc5a78676b2adbe732f [term 1 FOLLOWER]: Leader election vote request: Granting yes vote for candidate 6badfb47da4e491c806f97471378e5e7 in term 1.
I20260709 13:02:57.214095  8942 leader_election.cc:304] T 7667f9982dd64bb7baf2b6f65cd76d9e P 6badfb47da4e491c806f97471378e5e7 [CANDIDATE]: Term 1 election: Election decided. Result: candidate won. Election summary: received 3 responses out of 3 voters: 2 yes votes; 1 no votes. yes voters: 6badfb47da4e491c806f97471378e5e7, c1938439896a4dc5a78676b2adbe732f; no voters: b768719b38a546e69403264b5fc955b1
I20260709 13:02:57.213019  9090 ts_tablet_manager.cc:1434] T 229d54168eb3415981bd78035bc8175e P 6badfb47da4e491c806f97471378e5e7: Time spent starting tablet: real 0.007s	user 0.006s	sys 0.000s
I20260709 13:02:57.215694  9097 raft_consensus.cc:493] T f3bdb2443e464d698c15760378892cab P c1938439896a4dc5a78676b2adbe732f [term 0 FOLLOWER]: Starting pre-election (no leader contacted us within the election timeout)
I20260709 13:02:57.217113  9090 tablet_bootstrap.cc:492] T f3bdb2443e464d698c15760378892cab P 6badfb47da4e491c806f97471378e5e7: Bootstrap starting.
I20260709 13:02:57.216729  9097 raft_consensus.cc:515] T f3bdb2443e464d698c15760378892cab P c1938439896a4dc5a78676b2adbe732f [term 0 FOLLOWER]: Starting pre-election with config: opid_index: -1 OBSOLETE_local: false peers { permanent_uuid: "c1938439896a4dc5a78676b2adbe732f" member_type: VOTER last_known_addr { host: "127.7.151.65" port: 33591 } } peers { permanent_uuid: "6badfb47da4e491c806f97471378e5e7" member_type: VOTER last_known_addr { host: "127.7.151.66" port: 40665 } } peers { permanent_uuid: "b768719b38a546e69403264b5fc955b1" member_type: VOTER last_known_addr { host: "127.7.151.67" port: 42649 } }
I20260709 13:02:57.221680  9097 leader_election.cc:290] T f3bdb2443e464d698c15760378892cab P c1938439896a4dc5a78676b2adbe732f [CANDIDATE]: Term 1 pre-election: Requested pre-vote from peers 6badfb47da4e491c806f97471378e5e7 (127.7.151.66:40665), b768719b38a546e69403264b5fc955b1 (127.7.151.67:42649)
I20260709 13:02:57.223941  8976 tablet_service.cc:1917] Received RequestConsensusVote() RPC: tablet_id: "f3bdb2443e464d698c15760378892cab" candidate_uuid: "c1938439896a4dc5a78676b2adbe732f" candidate_term: 1 candidate_status { last_received { term: 0 index: 0 } } ignore_live_leader: false dest_uuid: "6badfb47da4e491c806f97471378e5e7" is_pre_election: true
W20260709 13:02:57.225397  8864 leader_election.cc:343] T f3bdb2443e464d698c15760378892cab P c1938439896a4dc5a78676b2adbe732f [CANDIDATE]: Term 1 pre-election: Tablet error from VoteRequest() call to peer 6badfb47da4e491c806f97471378e5e7 (127.7.151.66:40665): Illegal state: must be running to vote when last-logged opid is not known
I20260709 13:02:57.226605  9050 tablet_service.cc:1917] Received RequestConsensusVote() RPC: tablet_id: "f3bdb2443e464d698c15760378892cab" candidate_uuid: "c1938439896a4dc5a78676b2adbe732f" candidate_term: 1 candidate_status { last_received { term: 0 index: 0 } } ignore_live_leader: false dest_uuid: "b768719b38a546e69403264b5fc955b1" is_pre_election: true
I20260709 13:02:57.214804  9118 raft_consensus.cc:2804] T d44c106b1fea4a4591cc3edde73f8392 P b768719b38a546e69403264b5fc955b1 [term 1 FOLLOWER]: Leader election won for term 1
I20260709 13:02:57.204353  9036 data_dirs.cc:400] Could only allocate 1 dirs of requested 3 for tablet 6ef0ab1f7e484b48964f05e121050601. 1 dirs total, 0 dirs full, 0 dirs failed
I20260709 13:02:57.227125  9091 tablet_bootstrap.cc:654] T 229d54168eb3415981bd78035bc8175e P c1938439896a4dc5a78676b2adbe732f: Neither blocks nor log segments found. Creating new log.
W20260709 13:02:57.230469  8867 leader_election.cc:343] T f3bdb2443e464d698c15760378892cab P c1938439896a4dc5a78676b2adbe732f [CANDIDATE]: Term 1 pre-election: Tablet error from VoteRequest() call to peer b768719b38a546e69403264b5fc955b1 (127.7.151.67:42649): Illegal state: must be running to vote when last-logged opid is not known
I20260709 13:02:57.233326  8867 leader_election.cc:304] T f3bdb2443e464d698c15760378892cab P c1938439896a4dc5a78676b2adbe732f [CANDIDATE]: Term 1 pre-election: Election decided. Result: candidate lost. Election summary: received 3 responses out of 3 voters: 1 yes votes; 2 no votes. yes voters: c1938439896a4dc5a78676b2adbe732f; no voters: 6badfb47da4e491c806f97471378e5e7, b768719b38a546e69403264b5fc955b1
I20260709 13:02:57.233126  9117 raft_consensus.cc:493] T ebeecec815f3469e81d1a01ec9e59be0 P b768719b38a546e69403264b5fc955b1 [term 0 FOLLOWER]: Starting pre-election (no leader contacted us within the election timeout)
I20260709 13:02:57.234272  9117 raft_consensus.cc:515] T ebeecec815f3469e81d1a01ec9e59be0 P b768719b38a546e69403264b5fc955b1 [term 0 FOLLOWER]: Starting pre-election with config: opid_index: -1 OBSOLETE_local: false peers { permanent_uuid: "c1938439896a4dc5a78676b2adbe732f" member_type: VOTER last_known_addr { host: "127.7.151.65" port: 33591 } } peers { permanent_uuid: "6badfb47da4e491c806f97471378e5e7" member_type: VOTER last_known_addr { host: "127.7.151.66" port: 40665 } } peers { permanent_uuid: "b768719b38a546e69403264b5fc955b1" member_type: VOTER last_known_addr { host: "127.7.151.67" port: 42649 } }
